[INFO] fetching crate prole 1.3.1...
[INFO] testing prole-1.3.1 against 1.83.0 for beta-1.84.0-4-retry
[INFO] extracting crate prole 1.3.1 into /workspace/builds/worker-2-tc1/source
[INFO] validating manifest of crates.io crate prole 1.3.1 on toolchain 1.83.0
[INFO] running `Command { std: CARGO_HOME="/workspace/cargo-home" RUSTUP_HOME="/workspace/rustup-home" "/workspace/cargo-home/bin/cargo" "+1.83.0" "metadata" "--manifest-path" "Cargo.toml" "--no-deps", kill_on_drop: false }`
[INFO] started tweaking crates.io crate prole 1.3.1
[INFO] finished tweaking crates.io crate prole 1.3.1
[INFO] tweaked toml for crates.io crate prole 1.3.1 written to /workspace/builds/worker-2-tc1/source/Cargo.toml
[INFO] running `Command { std: CARGO_HOME="/workspace/cargo-home" RUSTUP_HOME="/workspace/rustup-home" "/workspace/cargo-home/bin/cargo" "+1.83.0" "generate-lockfile" "--manifest-path" "Cargo.toml", kill_on_drop: false }`
[INFO] [stderr]     Updating crates.io index
[INFO] [stderr]      Locking 134 packages to latest compatible versions
[INFO] [stderr]       Adding bio v1.6.0 (available: v2.0.3)
[INFO] [stderr]       Adding derive_more v0.99.18 (available: v1.0.0)
[INFO] [stderr]       Adding env_logger v0.10.2 (available: v0.11.5)
[INFO] running `Command { std: CARGO_HOME="/workspace/cargo-home" RUSTUP_HOME="/workspace/rustup-home" "/workspace/cargo-home/bin/cargo" "+1.83.0" "fetch" "--manifest-path" "Cargo.toml", kill_on_drop: false }`
[INFO] running `Command { std: "docker" "create" "-v" "/var/lib/crater-agent-workspace/builds/worker-2-tc1/target:/opt/rustwide/target:rw,Z" "-v" "/var/lib/crater-agent-workspace/builds/worker-2-tc1/source:/opt/rustwide/workdir:ro,Z" "-v" "/var/lib/crater-agent-workspace/cargo-home:/opt/rustwide/cargo-home:ro,Z" "-v" "/var/lib/crater-agent-workspace/rustup-home:/opt/rustwide/rustup-home:ro,Z" "-e" "SOURCE_DIR=/opt/rustwide/workdir" "-e" "CARGO_TARGET_DIR=/opt/rustwide/target" "-e" "CARGO_HOME=/opt/rustwide/cargo-home" "-e" "RUSTUP_HOME=/opt/rustwide/rustup-home" "-w" "/opt/rustwide/workdir" "-m" "1610612736" "--user" "0:0" "--network" "none" "ghcr.io/rust-lang/crates-build-env/linux@sha256:f3a9d4ad9d972b27faf3965f35b62e55ba32bbce8f20bc8fe909558a86702fde" "/opt/rustwide/cargo-home/bin/cargo" "+1.83.0" "metadata" "--no-deps" "--format-version=1", kill_on_drop: false }`
[INFO] [stdout] db8c16f91b49eb9e77ac01d82a1dcec4d0130446494099d40d7ce96da6ff2b89
[INFO] running `Command { std: "docker" "start" "-a" "db8c16f91b49eb9e77ac01d82a1dcec4d0130446494099d40d7ce96da6ff2b89", kill_on_drop: false }`
[INFO] running `Command { std: "docker" "inspect" "db8c16f91b49eb9e77ac01d82a1dcec4d0130446494099d40d7ce96da6ff2b89", kill_on_drop: false }`
[INFO] running `Command { std: "docker" "rm" "-f" "db8c16f91b49eb9e77ac01d82a1dcec4d0130446494099d40d7ce96da6ff2b89", kill_on_drop: false }`
[INFO] [stdout] db8c16f91b49eb9e77ac01d82a1dcec4d0130446494099d40d7ce96da6ff2b89
[INFO] running `Command { std: "docker" "create" "-v" "/var/lib/crater-agent-workspace/builds/worker-2-tc1/target:/opt/rustwide/target:rw,Z" "-v" "/var/lib/crater-agent-workspace/builds/worker-2-tc1/source:/opt/rustwide/workdir:ro,Z" "-v" "/var/lib/crater-agent-workspace/cargo-home:/opt/rustwide/cargo-home:ro,Z" "-v" "/var/lib/crater-agent-workspace/rustup-home:/opt/rustwide/rustup-home:ro,Z" "-e" "SOURCE_DIR=/opt/rustwide/workdir" "-e" "CARGO_TARGET_DIR=/opt/rustwide/target" "-e" "CARGO_INCREMENTAL=0" "-e" "RUST_BACKTRACE=full" "-e" "RUSTFLAGS=--cap-lints=warn" "-e" "RUSTDOCFLAGS=--cap-lints=warn" "-e" "CARGO_HOME=/opt/rustwide/cargo-home" "-e" "RUSTUP_HOME=/opt/rustwide/rustup-home" "-w" "/opt/rustwide/workdir" "-m" "1610612736" "--user" "0:0" "--network" "none" "ghcr.io/rust-lang/crates-build-env/linux@sha256:f3a9d4ad9d972b27faf3965f35b62e55ba32bbce8f20bc8fe909558a86702fde" "/opt/rustwide/cargo-home/bin/cargo" "+1.83.0" "build" "--frozen" "--message-format=json", kill_on_drop: false }`
[INFO] [stdout] 55777134fc5c4c1fde06a762755ff55af6a0f92ec23b3ebf72cff715abaffa37
[INFO] running `Command { std: "docker" "start" "-a" "55777134fc5c4c1fde06a762755ff55af6a0f92ec23b3ebf72cff715abaffa37", kill_on_drop: false }`
[INFO] [stderr]    Compiling proc-macro2 v1.0.92
[INFO] [stderr]    Compiling unicode-ident v1.0.14
[INFO] [stderr]    Compiling autocfg v1.4.0
[INFO] [stderr]    Compiling libm v0.2.11
[INFO] [stderr]    Compiling libc v0.2.168
[INFO] [stderr]    Compiling cfg-if v1.0.0
[INFO] [stderr]    Compiling byteorder v1.5.0
[INFO] [stderr]    Compiling memchr v2.7.4
[INFO] [stderr]    Compiling serde v1.0.216
[INFO] [stderr]    Compiling bytemuck v1.20.0
[INFO] [stderr]    Compiling rustversion v1.0.18
[INFO] [stderr]    Compiling syn v1.0.109
[INFO] [stderr]    Compiling paste v1.0.15
[INFO] [stderr]    Compiling typenum v1.17.0
[INFO] [stderr]    Compiling semver v0.1.20
[INFO] [stderr]    Compiling regex-syntax v0.8.5
[INFO] [stderr]    Compiling rawpointer v0.2.1
[INFO] [stderr]    Compiling thiserror v1.0.69
[INFO] [stderr]    Compiling feature-probe v0.1.1
[INFO] [stderr]    Compiling equivalent v1.0.1
[INFO] [stderr]    Compiling safe_arch v0.7.2
[INFO] [stderr]    Compiling anyhow v1.0.94
[INFO] [stderr]    Compiling bv v0.11.1
[INFO] [stderr]    Compiling rustc_version v0.1.7
[INFO] [stderr]    Compiling heck v0.5.0
[INFO] [stderr]    Compiling lazy_static v1.5.0
[INFO] [stderr]    Compiling rustix v0.38.42
[INFO] [stderr]    Compiling newtype_derive v0.1.6
[INFO] [stderr]    Compiling hashbrown v0.15.2
[INFO] [stderr]    Compiling num-traits v0.2.19
[INFO] [stderr]    Compiling matrixmultiply v0.3.9
[INFO] [stderr]    Compiling aho-corasick v1.1.3
[INFO] [stderr]    Compiling wide v0.7.30
[INFO] [stderr]    Compiling csv-core v0.1.11
[INFO] [stderr]    Compiling adler2 v2.0.0
[INFO] [stderr]    Compiling bit-vec v0.6.3
[INFO] [stderr]    Compiling fixedbitset v0.4.2
[INFO] [stderr]    Compiling heck v0.4.1
[INFO] [stderr]    Compiling ryu v1.0.18
[INFO] [stderr]    Compiling itoa v1.0.14
[INFO] [stderr]    Compiling quote v1.0.37
[INFO] [stderr]    Compiling either v1.13.0
[INFO] [stderr]    Compiling bitflags v2.6.0
[INFO] [stderr]    Compiling linux-raw-sys v0.4.14
[INFO] [stderr]    Compiling bit-set v0.5.3
[INFO] [stderr]    Compiling miniz_oxide v0.8.0
[INFO] [stderr]    Compiling syn v2.0.90
[INFO] [stderr]    Compiling indexmap v2.7.0
[INFO] [stderr]    Compiling getrandom v0.2.15
[INFO] [stderr]    Compiling itertools v0.11.0
[INFO] [stderr]    Compiling is-terminal v0.4.13
[INFO] [stderr]    Compiling fxhash v0.2.1
[INFO] [stderr]    Compiling crc32fast v1.4.2
[INFO] [stderr]    Compiling once_cell v1.20.2
[INFO] [stderr]    Compiling rand_core v0.6.4
[INFO] [stderr]    Compiling termcolor v1.4.1
[INFO] [stderr]    Compiling editdistancek v1.0.2
[INFO] [stderr]    Compiling fastrand v2.3.0
[INFO] [stderr]    Compiling triple_accel v0.4.0
[INFO] [stderr]    Compiling log v0.4.22
[INFO] [stderr]    Compiling convert_case v0.4.0
[INFO] [stderr]    Compiling num-complex v0.4.6
[INFO] [stderr]    Compiling num-integer v0.1.46
[INFO] [stderr]    Compiling approx v0.5.1
[INFO] [stderr]    Compiling itertools-num v0.1.3
[INFO] [stderr]    Compiling ordered-float v3.9.2
[INFO] [stderr]    Compiling num-rational v0.4.2
[INFO] [stderr]    Compiling custom_derive v0.1.7
[INFO] [stderr]    Compiling iana-time-zone v0.1.61
[INFO] [stderr]    Compiling strum v0.25.0
[INFO] [stderr]    Compiling humantime v2.1.0
[INFO] [stderr]    Compiling bytecount v0.6.8
[INFO] [stderr]    Compiling petgraph v0.6.5
[INFO] [stderr]    Compiling flate2 v1.0.35
[INFO] [stderr]    Compiling simba v0.6.0
[INFO] [stderr]    Compiling ndarray v0.15.6
[INFO] [stderr]    Compiling chrono v0.4.39
[INFO] [stderr]    Compiling regex-automata v0.4.9
[INFO] [stderr]    Compiling tempfile v3.14.0
[INFO] [stderr]    Compiling zerocopy-derive v0.7.35
[INFO] [stderr]    Compiling serde_derive v1.0.216
[INFO] [stderr]    Compiling thiserror-impl v1.0.69
[INFO] [stderr]    Compiling strum_macros v0.26.4
[INFO] [stderr]    Compiling derive-new v0.6.0
[INFO] [stderr]    Compiling enum-map-derive v0.17.0
[INFO] [stderr]    Compiling strum_macros v0.25.3
[INFO] [stderr]    Compiling derive_more v0.99.18
[INFO] [stderr]    Compiling enum-map v2.7.3
[INFO] [stderr]    Compiling zerocopy v0.7.35
[INFO] [stderr]    Compiling nalgebra-macros v0.1.0
[INFO] [stderr]    Compiling regex v1.11.1
[INFO] [stderr]    Compiling ppv-lite86 v0.2.20
[INFO] [stderr]    Compiling bio-types v1.0.4
[INFO] [stderr]    Compiling env_logger v0.10.2
[INFO] [stderr]    Compiling rand_chacha v0.3.1
[INFO] [stderr]    Compiling rand v0.8.5
[INFO] [stderr]    Compiling rand_distr v0.4.3
[INFO] [stderr]    Compiling nalgebra v0.29.0
[INFO] [stderr]    Compiling csv v1.3.1
[INFO] [stderr]    Compiling vec_map v0.8.2
[INFO] [stderr]    Compiling multimap v0.9.1
[INFO] [stderr]    Compiling statrs v0.16.1
[INFO] [stderr]    Compiling bio v1.6.0
[INFO] [stderr]    Compiling prole v1.3.1 (/opt/rustwide/workdir)
[INFO] [stderr]     Finished `dev` profile [unoptimized + debuginfo] target(s) in 53.61s
[INFO] running `Command { std: "docker" "inspect" "55777134fc5c4c1fde06a762755ff55af6a0f92ec23b3ebf72cff715abaffa37", kill_on_drop: false }`
[INFO] running `Command { std: "docker" "rm" "-f" "55777134fc5c4c1fde06a762755ff55af6a0f92ec23b3ebf72cff715abaffa37", kill_on_drop: false }`
[INFO] [stdout] 55777134fc5c4c1fde06a762755ff55af6a0f92ec23b3ebf72cff715abaffa37
[INFO] running `Command { std: "docker" "create" "-v" "/var/lib/crater-agent-workspace/builds/worker-2-tc1/target:/opt/rustwide/target:rw,Z" "-v" "/var/lib/crater-agent-workspace/builds/worker-2-tc1/source:/opt/rustwide/workdir:ro,Z" "-v" "/var/lib/crater-agent-workspace/cargo-home:/opt/rustwide/cargo-home:ro,Z" "-v" "/var/lib/crater-agent-workspace/rustup-home:/opt/rustwide/rustup-home:ro,Z" "-e" "SOURCE_DIR=/opt/rustwide/workdir" "-e" "CARGO_TARGET_DIR=/opt/rustwide/target" "-e" "CARGO_INCREMENTAL=0" "-e" "RUST_BACKTRACE=full" "-e" "RUSTFLAGS=--cap-lints=warn" "-e" "RUSTDOCFLAGS=--cap-lints=warn" "-e" "CARGO_HOME=/opt/rustwide/cargo-home" "-e" "RUSTUP_HOME=/opt/rustwide/rustup-home" "-w" "/opt/rustwide/workdir" "-m" "1610612736" "--user" "0:0" "--network" "none" "ghcr.io/rust-lang/crates-build-env/linux@sha256:f3a9d4ad9d972b27faf3965f35b62e55ba32bbce8f20bc8fe909558a86702fde" "/opt/rustwide/cargo-home/bin/cargo" "+1.83.0" "test" "--frozen" "--no-run" "--message-format=json", kill_on_drop: false }`
[INFO] [stdout] beb651a58953d4de6a24523052b874b78693de8f06ea9ae75f8f2316ddfa7372
[INFO] running `Command { std: "docker" "start" "-a" "beb651a58953d4de6a24523052b874b78693de8f06ea9ae75f8f2316ddfa7372", kill_on_drop: false }`
[INFO] [stderr]    Compiling prole v1.3.1 (/opt/rustwide/workdir)
[INFO] [stdout] warning: unused variable: `prot_expected`
[INFO] [stdout]   --> src/sequence/translate.rs:22:13
[INFO] [stdout]    |
[INFO] [stdout] 22 |         let prot_expected = "KNKNTTTTRSRSIIMIQHQHPPPPRRRRLLLLEDEDAAAAGGGGVVVV-Y-YSSSS-CWCLFLF";
[INFO] [stdout]    |             ^^^^^^^^^^^^^ help: if this is intentional, prefix it with an underscore: `_prot_expected`
[INFO] [stdout]    |
[INFO] [stdout]    = note: `#[warn(unused_variables)]` on by default
[INFO] [stdout] 
[INFO] [stdout] 
[INFO] [stdout] warning: unused variable: `prot`
[INFO] [stdout]   --> src/sequence/translate.rs:23:13
[INFO] [stdout]    |
[INFO] [stdout] 23 |         let prot = translate_sequence(dna, TranslationTable::T11);
[INFO] [stdout]    |             ^^^^ help: if this is intentional, prefix it with an underscore: `_prot`
[INFO] [stdout] 
[INFO] [stdout] 
[INFO] [stderr]     Finished `test` profile [unoptimized + debuginfo] target(s) in 3.39s
[INFO] running `Command { std: "docker" "inspect" "beb651a58953d4de6a24523052b874b78693de8f06ea9ae75f8f2316ddfa7372", kill_on_drop: false }`
[INFO] running `Command { std: "docker" "rm" "-f" "beb651a58953d4de6a24523052b874b78693de8f06ea9ae75f8f2316ddfa7372", kill_on_drop: false }`
[INFO] [stdout] beb651a58953d4de6a24523052b874b78693de8f06ea9ae75f8f2316ddfa7372
[INFO] running `Command { std: "docker" "create" "-v" "/var/lib/crater-agent-workspace/builds/worker-2-tc1/target:/opt/rustwide/target:rw,Z" "-v" "/var/lib/crater-agent-workspace/builds/worker-2-tc1/source:/opt/rustwide/workdir:ro,Z" "-v" "/var/lib/crater-agent-workspace/cargo-home:/opt/rustwide/cargo-home:ro,Z" "-v" "/var/lib/crater-agent-workspace/rustup-home:/opt/rustwide/rustup-home:ro,Z" "-e" "SOURCE_DIR=/opt/rustwide/workdir" "-e" "CARGO_TARGET_DIR=/opt/rustwide/target" "-e" "CARGO_INCREMENTAL=0" "-e" "RUST_BACKTRACE=full" "-e" "RUSTFLAGS=--cap-lints=warn" "-e" "RUSTDOCFLAGS=--cap-lints=warn" "-e" "CARGO_HOME=/opt/rustwide/cargo-home" "-e" "RUSTUP_HOME=/opt/rustwide/rustup-home" "-w" "/opt/rustwide/workdir" "-m" "1610612736" "--user" "0:0" "--network" "none" "ghcr.io/rust-lang/crates-build-env/linux@sha256:f3a9d4ad9d972b27faf3965f35b62e55ba32bbce8f20bc8fe909558a86702fde" "/opt/rustwide/cargo-home/bin/cargo" "+1.83.0" "test" "--frozen", kill_on_drop: false }`
[INFO] [stdout] d84797a969bc2a8382779c278e0c1e54c3601adb969d9d9860a6cf2a5ff7eeec
[INFO] running `Command { std: "docker" "start" "-a" "d84797a969bc2a8382779c278e0c1e54c3601adb969d9d9860a6cf2a5ff7eeec", kill_on_drop: false }`
[INFO] [stderr] warning: unused variable: `prot_expected`
[INFO] [stderr]   --> src/sequence/translate.rs:22:13
[INFO] [stderr]    |
[INFO] [stderr] 22 |         let prot_expected = "KNKNTTTTRSRSIIMIQHQHPPPPRRRRLLLLEDEDAAAAGGGGVVVV-Y-YSSSS-CWCLFLF";
[INFO] [stderr]    |             ^^^^^^^^^^^^^ help: if this is intentional, prefix it with an underscore: `_prot_expected`
[INFO] [stderr]    |
[INFO] [stderr]    = note: `#[warn(unused_variables)]` on by default
[INFO] [stderr] 
[INFO] [stderr] warning: unused variable: `prot`
[INFO] [stderr]   --> src/sequence/translate.rs:23:13
[INFO] [stderr]    |
[INFO] [stderr] 23 |         let prot = translate_sequence(dna, TranslationTable::T11);
[INFO] [stderr]    |             ^^^^ help: if this is intentional, prefix it with an underscore: `_prot`
[INFO] [stderr] 
[INFO] [stderr] warning: `prole` (lib test) generated 2 warnings
[INFO] [stderr]     Finished `test` profile [unoptimized + debuginfo] target(s) in 0.14s
[INFO] [stderr]      Running unittests src/lib.rs (/opt/rustwide/target/debug/deps/prole-6fd4ef065d9b80f4)
[INFO] [stdout] 
[INFO] [stdout] running 32 tests
[INFO] [stdout] test gtdb::metadata_r214::tests::test_from_string ... ok
[INFO] [stdout] test gtdb::taxonomy_rank::tests::test_higher_ranks_inclusive ... ok
[INFO] [stdout] test genome::fasta_file::tests::test_from_path_valid_file ... ok
[INFO] [stdout] test gtdb::genome_dirs_file::tests::test_from_path_valid_file ... ok
[INFO] [stdout] test gtdb::taxonomy::tests::test_from_string ... ok
[INFO] [stdout] test genome::fasta_file::tests::test_from_path_gz_valid_file ... ok
[INFO] [stdout] test gtdb::taxonomy_rank::tests::test_lower ... ok
[INFO] [stdout] test gtdb::taxonomy::tests::test_from_string_spaces ... ok
[INFO] [stdout] test gtdb::taxonomy_rank::tests::test_higher ... ok
[INFO] [stdout] test gtdb::taxonomy_rank::tests::test_lower_ranks_inclusive ... ok
[INFO] [stdout] test gtdb::taxonomy_rank::tests::test_lower_ranks ... ok
[INFO] [stdout] test gtdb::taxonomy_rank::tests::test_higher_ranks ... ok
[INFO] [stdout] test gtdb::taxonomy_rank::tests::test_prefix ... ok
[INFO] [stdout] test genome::genome_id::tests::test_to_canonical ... ok
[INFO] [stdout] test genome::genome_id::tests::test_to_short ... ok
[INFO] [stdout] test phylorank::red_dict::tests::test_get_rank ... ok
[INFO] [stdout] test hmm::pypfam_file::tests::test_from_path_gz_valid_file ... ok
[INFO] [stdout] test hmm::pypfam_file::tests::test_from_string_invalid_format ... ok
[INFO] [stdout] test hmm::pypfam_file::tests::test_from_path_valid_file ... ok
[INFO] [stdout] test hmm::pypfam_file::tests::test_from_string_empty ... ok
[INFO] [stdout] test hmm::hmmsearch_file::tests::test_from_string_empty ... ok
[INFO] [stdout] test hmm::hmmalign_file::tests::test_from_path_valid_file ... ok
[INFO] [stdout] test hmm::pypfam_file::tests::test_from_string_valid ... ok
[INFO] [stdout] test hmm::hmmsearch_file::tests::test_from_string_invalid_format ... ok
[INFO] [stdout] test hmm::pypfam_file::tests::test_from_path_invalid_file ... ok
[INFO] [stdout] test hmm::hmmsearch_file::tests::test_from_string_valid ... ok
[INFO] [stdout] test sequence::translate::tests::test_table_11 ... ok
[INFO] [stdout] test hmm::hmmsearch_file::tests::test_from_path_gz_valid_file ... ok
[INFO] [stdout] test hmm::hmmsearch_file::tests::test_from_path_invalid_file ... ok
[INFO] [stdout] test hmm::hmmsearch_file::tests::test_from_string_valid_2 ... ok
[INFO] [stdout] test hmm::hmmsearch_file::tests::test_from_path_valid_file ... ok
[INFO] [stdout] test phylorank::red_dict::tests::test_load ... ok
[INFO] [stderr]    Doc-tests prole
[INFO] [stdout] 
[INFO] [stdout] test result: ok. 32 passed; 0 failed; 0 ignored; 0 measured; 0 filtered out; finished in 0.07s
[INFO] [stdout] 
[INFO] [stdout] 
[INFO] [stdout] running 29 tests
[INFO] [stdout] test src/genome/fasta_file.rs - genome::fasta_file::FastaFile::from_bufreader (line 17) - compile ... ok
[INFO] [stdout] test src/gtdb/genome_dirs_file.rs - gtdb::genome_dirs_file::GenomeDirsFile::load (line 22) - compile ... ok
[INFO] [stdout] test src/genome/fasta_file.rs - genome::fasta_file::FastaFile::from_path_gz (line 61) - compile ... ok
[INFO] [stdout] test src/genome/fasta_file.rs - genome::fasta_file::FastaFile::from_path (line 46) - compile ... ok
[INFO] [stdout] test src/hmm/hmmalign_file.rs - hmm::hmmalign_file::HmmAlignFile::get_alignment (line 130) - compile ... ok
[INFO] [stdout] test src/hmm/hmmsearch_file.rs - hmm::hmmsearch_file::HmmSearchFile::from_bufreader (line 26) - compile ... ok
[INFO] [stdout] test src/hmm/hmmalign_file.rs - hmm::hmmalign_file::HmmAlignFile::from_bufreader (line 30) - compile ... ok
[INFO] [stdout] test src/hmm/hmmsearch_file.rs - hmm::hmmsearch_file::HmmSearchFile::from_path (line 48) - compile ... ok
[INFO] [stdout] test src/hmm/hmmalign_file.rs - hmm::hmmalign_file::HmmAlignFile::from_path (line 116) - compile ... ok
[INFO] [stdout] test src/hmm/hmmsearch_file.rs - hmm::hmmsearch_file::HmmSearchHit::from_string (line 137) - compile ... ok
[INFO] [stdout] test src/hmm/pypfam_file.rs - hmm::pypfam_file::PyPfamFile::from_bufreader (line 31) - compile ... ok
[INFO] [stdout] test src/hmm/hmmsearch_file.rs - hmm::hmmsearch_file::HmmSearchFile::from_path_gz (line 63) - compile ... ok
[INFO] [stdout] test src/hmm/pypfam_file.rs - hmm::pypfam_file::PyPfamFile::from_path (line 53) - compile ... ok
[INFO] [stdout] test src/hmm/pypfam_file.rs - hmm::pypfam_file::PyPfamFile::from_path_gz (line 68) - compile ... ok
[INFO] [stdout] test src/gtdb/taxonomy_rank.rs - gtdb::taxonomy_rank::TaxonomyRank::lower_ranks_inclusive (line 73) ... FAILED
[INFO] [stdout] test src/hmm/pypfam_file.rs - hmm::pypfam_file::PyPfamHit::from_string (line 124) - compile ... ok
[INFO] [stdout] test src/genome/genome_id.rs - genome::genome_id::GenomeId::to_canonical (line 26) ... FAILED
[INFO] [stdout] test src/genome/genome_id.rs - genome::genome_id::GenomeId::to_short (line 42) ... FAILED
[INFO] [stdout] test src/gtdb/taxon.rs - gtdb::taxon::Taxon (line 4) ... FAILED
[INFO] [stdout] test src/gtdb/taxonomy.rs - gtdb::taxonomy::Taxonomy::get (line 45) ... FAILED
[INFO] [stdout] test src/util/logging.rs - util::logging::init_logger (line 12) ... FAILED
[INFO] [stdout] test src/gtdb/taxonomy_rank.rs - gtdb::taxonomy_rank::TaxonomyRank::higher (line 86) ... ok
[INFO] [stdout] test src/gtdb/taxonomy.rs - gtdb::taxonomy::Taxonomy::from_string (line 19) ... ok
[INFO] [stdout] test src/genome/genome_id.rs - genome::genome_id::GenomeId (line 11) ... ok
[INFO] [stdout] test src/gtdb/taxonomy_rank.rs - gtdb::taxonomy_rank::TaxonomyRank::prefix (line 27) ... ok
[INFO] [stdout] test src/gtdb/taxonomy_rank.rs - gtdb::taxonomy_rank::TaxonomyRank::lower (line 46) ... ok
[INFO] [stdout] test src/gtdb/taxonomy_rank.rs - gtdb::taxonomy_rank::TaxonomyRank::higher_ranks (line 101) ... ok
[INFO] [stdout] test src/gtdb/taxonomy_rank.rs - gtdb::taxonomy_rank::TaxonomyRank::lower_ranks (line 60) ... ok
[INFO] [stdout] test src/gtdb/taxonomy_rank.rs - gtdb::taxonomy_rank::TaxonomyRank::higher_ranks_inclusive (line 118) ... ok
[INFO] [stdout] 
[INFO] [stdout] failures:
[INFO] [stdout] 
[INFO] [stdout] ---- src/gtdb/taxonomy_rank.rs - gtdb::taxonomy_rank::TaxonomyRank::lower_ranks_inclusive (line 73) stdout ----
[INFO] [stdout] error: linking with `cc` failed: exit status: 1
[INFO] [stdout]   |
[INFO] [stdout]   = note: LC_ALL="C" PATH="/opt/rustwide/rustup-home/toolchains/1.83.0-x86_64-unknown-linux-gnu/lib/rustlib/x86_64-unknown-linux-gnu/bin:/opt/rustwide/cargo-home/bin:/usr/local/sbin:/usr/local/bin:/usr/sbin:/usr/bin:/sbin:/bin" VSLANG="1033" "cc" "-m64" "/tmp/rustcXwrNEP/symbols.o" "/tmp/rustdoctest1otnxr/rust_out.rust_out.cb03291d53e4e161-cgu.0.rcgu.o" "/tmp/rustdoctest1otnxr/rust_out.1s7umcihpz0t7nkz1uc2ifee9.rcgu.o" "-Wl,--as-needed" "-Wl,-Bstatic" "/opt/rustwide/target/debug/deps/libprole-7b1c776bb2ded247.rlib" "/opt/rustwide/target/debug/deps/libbio-aae82588dc4f14c6.rlib" "/opt/rustwide/target/debug/deps/libstrum-7fae0c539596c298.rlib" "/opt/rustwide/target/debug/deps/libcsv-8e43da78f471b8c6.rlib" "/opt/rustwide/target/debug/deps/libryu-bba83beca99dd7c0.rlib" "/opt/rustwide/target/debug/deps/libitoa-e8776415c5fe0047.rlib" "/opt/rustwide/target/debug/deps/libcsv_core-cdbf344247ea3a91.rlib" "/opt/rustwide/target/debug/deps/libbytecount-61e67c5617096edf.rlib" "/opt/rustwide/target/debug/deps/libtriple_accel-1d13d69e2d9c3a94.rlib" "/opt/rustwide/target/debug/deps/libeditdistancek-34d3aaf5306c2731.rlib" "/opt/rustwide/target/debug/deps/libitertools_num-4e0763a838db82b6.rlib" "/opt/rustwide/target/debug/deps/libenum_map-1504ad760c4a4ae7.rlib" "/opt/rustwide/target/debug/deps/libstatrs-9a32c180c485e4e8.rlib" "/opt/rustwide/target/debug/deps/libnalgebra-2c088dda8833b8c4.rlib" "/opt/rustwide/target/debug/deps/librand_distr-f172ff8dc3e1af41.rlib" "/opt/rustwide/target/debug/deps/libnum_rational-263215fc8d963d9b.rlib" "/opt/rustwide/target/debug/deps/libtypenum-f8bcce2b4da82a7e.rlib" "/opt/rustwide/target/debug/deps/libsimba-3541a37ecf0d4103.rlib" "/opt/rustwide/target/debug/deps/libwide-8682a30a98141b4c.rlib" "/opt/rustwide/target/debug/deps/libsafe_arch-23f451ebf5a04c9d.rlib" "/opt/rustwide/target/debug/deps/libbytemuck-001c838fec11c0a7.rlib" "/opt/rustwide/target/debug/deps/librand-2aec9a77eb5cd268.rlib" "/opt/rustwide/target/debug/deps/librand_chacha-1adcb4d89e7b7625.rlib" "/opt/rustwide/target/debug/deps/libppv_lite86-b288be733870b116.rlib" "/opt/rustwide/target/debug/deps/libzerocopy-bcb2761bb30730ca.rlib" "/opt/rustwide/target/debug/deps/librand_core-1f8e996801df326c.rlib" "/opt/rustwide/target/debug/deps/libgetrandom-21e7353a01032e9e.rlib" "/opt/rustwide/target/debug/deps/libordered_float-0c0b60197340749d.rlib" "/opt/rustwide/target/debug/deps/libndarray-23eba57fea4fb8dd.rlib" "/opt/rustwide/target/debug/deps/libmatrixmultiply-af354398b1e88f90.rlib" "/opt/rustwide/target/debug/deps/libnum_complex-b244b8a441b1d26e.rlib" "/opt/rustwide/target/debug/deps/librawpointer-82a8acb23f770ede.rlib" "/opt/rustwide/target/debug/deps/libmultimap-a7644f2952c6fffe.rlib" "/opt/rustwide/target/debug/deps/libitertools-59665885b4776c81.rlib" "/opt/rustwide/target/debug/deps/libeither-41b3367888b49508.rlib" "/opt/rustwide/target/debug/deps/libanyhow-4802247df7882e71.rlib" "/opt/rustwide/target/debug/deps/libnum_integer-89f9ac6cf6b1b535.rlib" "/opt/rustwide/target/debug/deps/libbv-e75fa278acb949c7.rlib" "/opt/rustwide/target/debug/deps/libvec_map-cfe7caa19ef34a01.rlib" "/opt/rustwide/target/debug/deps/libserde-14962d9ef49311b7.rlib" "/opt/rustwide/target/debug/deps/libbit_set-8911b08f6852e6ba.rlib" "/opt/rustwide/target/debug/deps/libbit_vec-e5553d8f3d93cba3.rlib" "/opt/rustwide/target/debug/deps/libbio_types-0401f5b4e469e14f.rlib" "/opt/rustwide/target/debug/deps/libthiserror-ec9e1589dec1739b.rlib" "/opt/rustwide/target/debug/deps/libfxhash-17a7b64bed36dd98.rlib" "/opt/rustwide/target/debug/deps/libbyteorder-f47bc0e1adee4793.rlib" "/opt/rustwide/target/debug/deps/libpetgraph-fe770f53daa96308.rlib" "/opt/rustwide/target/debug/deps/libindexmap-10fc62c8bb74c388.rlib" "/opt/rustwide/target/debug/deps/libequivalent-4d5cfde55792e26d.rlib" "/opt/rustwide/target/debug/deps/libhashbrown-62cdb64ce3ed52bb.rlib" "/opt/rustwide/target/debug/deps/libfixedbitset-0a8c4c54ba30ea5e.rlib" "/opt/rustwide/target/debug/deps/libnewtype_derive-fa12c6711d63094c.rlib" "/opt/rustwide/target/debug/deps/libcustom_derive-4c2457097900efe5.rlib" "/opt/rustwide/target/debug/deps/libapprox-aff2d7addea0bdd1.rlib" "/opt/rustwide/target/debug/deps/liblazy_static-977f75dcedc2f7be.rlib" "/opt/rustwide/target/debug/deps/libflate2-ced89c5b21dca3b7.rlib" "/opt/rustwide/target/debug/deps/libminiz_oxide-dbe4d5c6b06aebd9.rlib" "/opt/rustwide/target/debug/deps/libadler2-e253e5013e39fbc6.rlib" "/opt/rustwide/target/debug/deps/libcrc32fast-6da0a50d86e2d24a.rlib" "/opt/rustwide/target/debug/deps/libcfg_if-8217498f8667ada9.rlib" "/opt/rustwide/target/debug/deps/libenv_logger-e9858103914853c6.rlib" "/opt/rustwide/target/debug/deps/libtermcolor-943bee2709ee6353.rlib" "/opt/rustwide/target/debug/deps/libis_terminal-2b0a17c430ac6e62.rlib" "/opt/rustwide/target/debug/deps/liblibc-48c07cb418e82d02.rlib" "/opt/rustwide/target/debug/deps/libhumantime-4077790961ce8912.rlib" "/opt/rustwide/target/debug/deps/liblog-6d50fe4853ae55d4.rlib" "/opt/rustwide/target/debug/deps/libregex-64f88d847001da0c.rlib" "/opt/rustwide/target/debug/deps/libregex_automata-be8c6f0bea44587d.rlib" "/opt/rustwide/target/debug/deps/libaho_corasick-7c62546353774bfd.rlib" "/opt/rustwide/target/debug/deps/libmemchr-6b84ce758acd6c63.rlib" "/opt/rustwide/target/debug/deps/libregex_syntax-155e812807b49638.rlib" "/opt/rustwide/target/debug/deps/libchrono-0d2a060a6fde4a1e.rlib" "/opt/rustwide/target/debug/deps/libnum_traits-fa7f7512062a9aed.rlib" "/opt/rustwide/target/debug/deps/libiana_time_zone-327d1375b89fcc29.rlib" "/opt/rustwide/rustup-home/toolchains/1.83.0-x86_64-unknown-linux-gnu/lib/rustlib/x86_64-unknown-linux-gnu/lib/libstd-ca74a2d9c5166d9f.rlib" "/opt/rustwide/rustup-home/toolchains/1.83.0-x86_64-unknown-linux-gnu/lib/rustlib/x86_64-unknown-linux-gnu/lib/libpanic_unwind-e31ab23316ed5080.rlib" "/opt/rustwide/rustup-home/toolchains/1.83.0-x86_64-unknown-linux-gnu/lib/rustlib/x86_64-unknown-linux-gnu/lib/libobject-27dc4aa955912662.rlib" "/opt/rustwide/rustup-home/toolchains/1.83.0-x86_64-unknown-linux-gnu/lib/rustlib/x86_64-unknown-linux-gnu/lib/libmemchr-bd0d6cccce077b99.rlib" "/opt/rustwide/rustup-home/toolchains/1.83.0-x86_64-unknown-linux-gnu/lib/rustlib/x86_64-unknown-linux-gnu/lib/libaddr2line-8d001680935b5e3c.rlib" "/opt/rustwide/rustup-home/toolchains/1.83.0-x86_64-unknown-linux-gnu/lib/rustlib/x86_64-unknown-linux-gnu/lib/libgimli-ba8ce71964f984f4.rlib" "/opt/rustwide/rustup-home/toolchains/1.83.0-x86_64-unknown-linux-gnu/lib/rustlib/x86_64-unknown-linux-gnu/lib/librustc_demangle-99a73526abcec14b.rlib" "/opt/rustwide/rustup-home/toolchains/1.83.0-x86_64-unknown-linux-gnu/lib/rustlib/x86_64-unknown-linux-gnu/lib/libstd_detect-63ac0d22cff92579.rlib" "/opt/rustwide/rustup-home/toolchains/1.83.0-x86_64-unknown-linux-gnu/lib/rustlib/x86_64-unknown-linux-gnu/lib/libhashbrown-9057355c92c922d5.rlib" "/opt/rustwide/rustup-home/toolchains/1.83.0-x86_64-unknown-linux-gnu/lib/rustlib/x86_64-unknown-linux-gnu/lib/librustc_std_workspace_alloc-358be9bc1f6bab04.rlib" "/opt/rustwide/rustup-home/toolchains/1.83.0-x86_64-unknown-linux-gnu/lib/rustlib/x86_64-unknown-linux-gnu/lib/libminiz_oxide-aca15549d5bff974.rlib" "/opt/rustwide/rustup-home/toolchains/1.83.0-x86_64-unknown-linux-gnu/lib/rustlib/x86_64-unknown-linux-gnu/lib/libadler-8251d2cef7072448.rlib" "/opt/rustwide/rustup-home/toolchains/1.83.0-x86_64-unknown-linux-gnu/lib/rustlib/x86_64-unknown-linux-gnu/lib/libunwind-7d50b86011c66411.rlib" "/opt/rustwide/rustup-home/toolchains/1.83.0-x86_64-unknown-linux-gnu/lib/rustlib/x86_64-unknown-linux-gnu/lib/libcfg_if-51ea098fce5006bf.rlib" "/opt/rustwide/rustup-home/toolchains/1.83.0-x86_64-unknown-linux-gnu/lib/rustlib/x86_64-unknown-linux-gnu/lib/liblibc-5a14e0d0b712e731.rlib" "/opt/rustwide/rustup-home/toolchains/1.83.0-x86_64-unknown-linux-gnu/lib/rustlib/x86_64-unknown-linux-gnu/lib/liballoc-8b83dbf3a7b8f999.rlib" "/opt/rustwide/rustup-home/toolchains/1.83.0-x86_64-unknown-linux-gnu/lib/rustlib/x86_64-unknown-linux-gnu/lib/librustc_std_workspace_core-c6fd227bdc7b39ff.rlib" "/opt/rustwide/rustup-home/toolchains/1.83.0-x86_64-unknown-linux-gnu/lib/rustlib/x86_64-unknown-linux-gnu/lib/libcore-959d3389fa3da8a5.rlib" "/opt/rustwide/rustup-home/toolchains/1.83.0-x86_64-unknown-linux-gnu/lib/rustlib/x86_64-unknown-linux-gnu/lib/libcompiler_builtins-abe05db089cc2c62.rlib" "-Wl,-Bdynamic" "-lgcc_s" "-lutil" "-lrt" "-lpthread" "-lm" "-ldl" "-lc" "-Wl,--eh-frame-hdr" "-Wl,-z,noexecstack" "-L" "/opt/rustwide/rustup-home/toolchains/1.83.0-x86_64-unknown-linux-gnu/lib/rustlib/x86_64-unknown-linux-gnu/lib" "-o" "/tmp/rustdoctest1otnxr/rust_out" "-Wl,--gc-sections" "-pie" "-Wl,-z,relro,-z,now" "-nodefaultlibs"
[INFO] [stdout]   = note: collect2: fatal error: ld terminated with signal 9 [Killed]
[INFO] [stdout]           compilation terminated.
[INFO] [stdout]           
[INFO] [stdout] 
[INFO] [stdout] error: aborting due to 1 previous error
[INFO] [stdout] 
[INFO] [stdout] Couldn't compile the test.
[INFO] [stdout] ---- src/genome/genome_id.rs - genome::genome_id::GenomeId::to_canonical (line 26) stdout ----
[INFO] [stdout] error: linking with `cc` failed: exit status: 1
[INFO] [stdout]   |
[INFO] [stdout]   = note: LC_ALL="C" PATH="/opt/rustwide/rustup-home/toolchains/1.83.0-x86_64-unknown-linux-gnu/lib/rustlib/x86_64-unknown-linux-gnu/bin:/opt/rustwide/cargo-home/bin:/usr/local/sbin:/usr/local/bin:/usr/sbin:/usr/bin:/sbin:/bin" VSLANG="1033" "cc" "-m64" "/tmp/rustc81hOhD/symbols.o" "/tmp/rustdoctestzw29UT/rust_out.rust_out.cb03291d53e4e161-cgu.0.rcgu.o" "/tmp/rustdoctestzw29UT/rust_out.1s7umcihpz0t7nkz1uc2ifee9.rcgu.o" "-Wl,--as-needed" "-Wl,-Bstatic" "/opt/rustwide/target/debug/deps/libprole-7b1c776bb2ded247.rlib" "/opt/rustwide/target/debug/deps/libbio-aae82588dc4f14c6.rlib" "/opt/rustwide/target/debug/deps/libstrum-7fae0c539596c298.rlib" "/opt/rustwide/target/debug/deps/libcsv-8e43da78f471b8c6.rlib" "/opt/rustwide/target/debug/deps/libryu-bba83beca99dd7c0.rlib" "/opt/rustwide/target/debug/deps/libitoa-e8776415c5fe0047.rlib" "/opt/rustwide/target/debug/deps/libcsv_core-cdbf344247ea3a91.rlib" "/opt/rustwide/target/debug/deps/libbytecount-61e67c5617096edf.rlib" "/opt/rustwide/target/debug/deps/libtriple_accel-1d13d69e2d9c3a94.rlib" "/opt/rustwide/target/debug/deps/libeditdistancek-34d3aaf5306c2731.rlib" "/opt/rustwide/target/debug/deps/libitertools_num-4e0763a838db82b6.rlib" "/opt/rustwide/target/debug/deps/libenum_map-1504ad760c4a4ae7.rlib" "/opt/rustwide/target/debug/deps/libstatrs-9a32c180c485e4e8.rlib" "/opt/rustwide/target/debug/deps/libnalgebra-2c088dda8833b8c4.rlib" "/opt/rustwide/target/debug/deps/librand_distr-f172ff8dc3e1af41.rlib" "/opt/rustwide/target/debug/deps/libnum_rational-263215fc8d963d9b.rlib" "/opt/rustwide/target/debug/deps/libtypenum-f8bcce2b4da82a7e.rlib" "/opt/rustwide/target/debug/deps/libsimba-3541a37ecf0d4103.rlib" "/opt/rustwide/target/debug/deps/libwide-8682a30a98141b4c.rlib" "/opt/rustwide/target/debug/deps/libsafe_arch-23f451ebf5a04c9d.rlib" "/opt/rustwide/target/debug/deps/libbytemuck-001c838fec11c0a7.rlib" "/opt/rustwide/target/debug/deps/librand-2aec9a77eb5cd268.rlib" "/opt/rustwide/target/debug/deps/librand_chacha-1adcb4d89e7b7625.rlib" "/opt/rustwide/target/debug/deps/libppv_lite86-b288be733870b116.rlib" "/opt/rustwide/target/debug/deps/libzerocopy-bcb2761bb30730ca.rlib" "/opt/rustwide/target/debug/deps/librand_core-1f8e996801df326c.rlib" "/opt/rustwide/target/debug/deps/libgetrandom-21e7353a01032e9e.rlib" "/opt/rustwide/target/debug/deps/libordered_float-0c0b60197340749d.rlib" "/opt/rustwide/target/debug/deps/libndarray-23eba57fea4fb8dd.rlib" "/opt/rustwide/target/debug/deps/libmatrixmultiply-af354398b1e88f90.rlib" "/opt/rustwide/target/debug/deps/libnum_complex-b244b8a441b1d26e.rlib" "/opt/rustwide/target/debug/deps/librawpointer-82a8acb23f770ede.rlib" "/opt/rustwide/target/debug/deps/libmultimap-a7644f2952c6fffe.rlib" "/opt/rustwide/target/debug/deps/libitertools-59665885b4776c81.rlib" "/opt/rustwide/target/debug/deps/libeither-41b3367888b49508.rlib" "/opt/rustwide/target/debug/deps/libanyhow-4802247df7882e71.rlib" "/opt/rustwide/target/debug/deps/libnum_integer-89f9ac6cf6b1b535.rlib" "/opt/rustwide/target/debug/deps/libbv-e75fa278acb949c7.rlib" "/opt/rustwide/target/debug/deps/libvec_map-cfe7caa19ef34a01.rlib" "/opt/rustwide/target/debug/deps/libserde-14962d9ef49311b7.rlib" "/opt/rustwide/target/debug/deps/libbit_set-8911b08f6852e6ba.rlib" "/opt/rustwide/target/debug/deps/libbit_vec-e5553d8f3d93cba3.rlib" "/opt/rustwide/target/debug/deps/libbio_types-0401f5b4e469e14f.rlib" "/opt/rustwide/target/debug/deps/libthiserror-ec9e1589dec1739b.rlib" "/opt/rustwide/target/debug/deps/libfxhash-17a7b64bed36dd98.rlib" "/opt/rustwide/target/debug/deps/libbyteorder-f47bc0e1adee4793.rlib" "/opt/rustwide/target/debug/deps/libpetgraph-fe770f53daa96308.rlib" "/opt/rustwide/target/debug/deps/libindexmap-10fc62c8bb74c388.rlib" "/opt/rustwide/target/debug/deps/libequivalent-4d5cfde55792e26d.rlib" "/opt/rustwide/target/debug/deps/libhashbrown-62cdb64ce3ed52bb.rlib" "/opt/rustwide/target/debug/deps/libfixedbitset-0a8c4c54ba30ea5e.rlib" "/opt/rustwide/target/debug/deps/libnewtype_derive-fa12c6711d63094c.rlib" "/opt/rustwide/target/debug/deps/libcustom_derive-4c2457097900efe5.rlib" "/opt/rustwide/target/debug/deps/libapprox-aff2d7addea0bdd1.rlib" "/opt/rustwide/target/debug/deps/liblazy_static-977f75dcedc2f7be.rlib" "/opt/rustwide/target/debug/deps/libflate2-ced89c5b21dca3b7.rlib" "/opt/rustwide/target/debug/deps/libminiz_oxide-dbe4d5c6b06aebd9.rlib" "/opt/rustwide/target/debug/deps/libadler2-e253e5013e39fbc6.rlib" "/opt/rustwide/target/debug/deps/libcrc32fast-6da0a50d86e2d24a.rlib" "/opt/rustwide/target/debug/deps/libcfg_if-8217498f8667ada9.rlib" "/opt/rustwide/target/debug/deps/libenv_logger-e9858103914853c6.rlib" "/opt/rustwide/target/debug/deps/libtermcolor-943bee2709ee6353.rlib" "/opt/rustwide/target/debug/deps/libis_terminal-2b0a17c430ac6e62.rlib" "/opt/rustwide/target/debug/deps/liblibc-48c07cb418e82d02.rlib" "/opt/rustwide/target/debug/deps/libhumantime-4077790961ce8912.rlib" "/opt/rustwide/target/debug/deps/liblog-6d50fe4853ae55d4.rlib" "/opt/rustwide/target/debug/deps/libregex-64f88d847001da0c.rlib" "/opt/rustwide/target/debug/deps/libregex_automata-be8c6f0bea44587d.rlib" "/opt/rustwide/target/debug/deps/libaho_corasick-7c62546353774bfd.rlib" "/opt/rustwide/target/debug/deps/libmemchr-6b84ce758acd6c63.rlib" "/opt/rustwide/target/debug/deps/libregex_syntax-155e812807b49638.rlib" "/opt/rustwide/target/debug/deps/libchrono-0d2a060a6fde4a1e.rlib" "/opt/rustwide/target/debug/deps/libnum_traits-fa7f7512062a9aed.rlib" "/opt/rustwide/target/debug/deps/libiana_time_zone-327d1375b89fcc29.rlib" "/opt/rustwide/rustup-home/toolchains/1.83.0-x86_64-unknown-linux-gnu/lib/rustlib/x86_64-unknown-linux-gnu/lib/libstd-ca74a2d9c5166d9f.rlib" "/opt/rustwide/rustup-home/toolchains/1.83.0-x86_64-unknown-linux-gnu/lib/rustlib/x86_64-unknown-linux-gnu/lib/libpanic_unwind-e31ab23316ed5080.rlib" "/opt/rustwide/rustup-home/toolchains/1.83.0-x86_64-unknown-linux-gnu/lib/rustlib/x86_64-unknown-linux-gnu/lib/libobject-27dc4aa955912662.rlib" "/opt/rustwide/rustup-home/toolchains/1.83.0-x86_64-unknown-linux-gnu/lib/rustlib/x86_64-unknown-linux-gnu/lib/libmemchr-bd0d6cccce077b99.rlib" "/opt/rustwide/rustup-home/toolchains/1.83.0-x86_64-unknown-linux-gnu/lib/rustlib/x86_64-unknown-linux-gnu/lib/libaddr2line-8d001680935b5e3c.rlib" "/opt/rustwide/rustup-home/toolchains/1.83.0-x86_64-unknown-linux-gnu/lib/rustlib/x86_64-unknown-linux-gnu/lib/libgimli-ba8ce71964f984f4.rlib" "/opt/rustwide/rustup-home/toolchains/1.83.0-x86_64-unknown-linux-gnu/lib/rustlib/x86_64-unknown-linux-gnu/lib/librustc_demangle-99a73526abcec14b.rlib" "/opt/rustwide/rustup-home/toolchains/1.83.0-x86_64-unknown-linux-gnu/lib/rustlib/x86_64-unknown-linux-gnu/lib/libstd_detect-63ac0d22cff92579.rlib" "/opt/rustwide/rustup-home/toolchains/1.83.0-x86_64-unknown-linux-gnu/lib/rustlib/x86_64-unknown-linux-gnu/lib/libhashbrown-9057355c92c922d5.rlib" "/opt/rustwide/rustup-home/toolchains/1.83.0-x86_64-unknown-linux-gnu/lib/rustlib/x86_64-unknown-linux-gnu/lib/librustc_std_workspace_alloc-358be9bc1f6bab04.rlib" "/opt/rustwide/rustup-home/toolchains/1.83.0-x86_64-unknown-linux-gnu/lib/rustlib/x86_64-unknown-linux-gnu/lib/libminiz_oxide-aca15549d5bff974.rlib" "/opt/rustwide/rustup-home/toolchains/1.83.0-x86_64-unknown-linux-gnu/lib/rustlib/x86_64-unknown-linux-gnu/lib/libadler-8251d2cef7072448.rlib" "/opt/rustwide/rustup-home/toolchains/1.83.0-x86_64-unknown-linux-gnu/lib/rustlib/x86_64-unknown-linux-gnu/lib/libunwind-7d50b86011c66411.rlib" "/opt/rustwide/rustup-home/toolchains/1.83.0-x86_64-unknown-linux-gnu/lib/rustlib/x86_64-unknown-linux-gnu/lib/libcfg_if-51ea098fce5006bf.rlib" "/opt/rustwide/rustup-home/toolchains/1.83.0-x86_64-unknown-linux-gnu/lib/rustlib/x86_64-unknown-linux-gnu/lib/liblibc-5a14e0d0b712e731.rlib" "/opt/rustwide/rustup-home/toolchains/1.83.0-x86_64-unknown-linux-gnu/lib/rustlib/x86_64-unknown-linux-gnu/lib/liballoc-8b83dbf3a7b8f999.rlib" "/opt/rustwide/rustup-home/toolchains/1.83.0-x86_64-unknown-linux-gnu/lib/rustlib/x86_64-unknown-linux-gnu/lib/librustc_std_workspace_core-c6fd227bdc7b39ff.rlib" "/opt/rustwide/rustup-home/toolchains/1.83.0-x86_64-unknown-linux-gnu/lib/rustlib/x86_64-unknown-linux-gnu/lib/libcore-959d3389fa3da8a5.rlib" "/opt/rustwide/rustup-home/toolchains/1.83.0-x86_64-unknown-linux-gnu/lib/rustlib/x86_64-unknown-linux-gnu/lib/libcompiler_builtins-abe05db089cc2c62.rlib" "-Wl,-Bdynamic" "-lgcc_s" "-lutil" "-lrt" "-lpthread" "-lm" "-ldl" "-lc" "-Wl,--eh-frame-hdr" "-Wl,-z,noexecstack" "-L" "/opt/rustwide/rustup-home/toolchains/1.83.0-x86_64-unknown-linux-gnu/lib/rustlib/x86_64-unknown-linux-gnu/lib" "-o" "/tmp/rustdoctestzw29UT/rust_out" "-Wl,--gc-sections" "-pie" "-Wl,-z,relro,-z,now" "-nodefaultlibs"
[INFO] [stdout]   = note: collect2: fatal error: ld terminated with signal 9 [Killed]
[INFO] [stdout]           compilation terminated.
[INFO] [stdout]           
[INFO] [stdout] 
[INFO] [stdout] error: aborting due to 1 previous error
[INFO] [stdout] 
[INFO] [stdout] Couldn't compile the test.
[INFO] [stdout] ---- src/genome/genome_id.rs - genome::genome_id::GenomeId::to_short (line 42) stdout ----
[INFO] [stdout] error: linking with `cc` failed: exit status: 1
[INFO] [stdout]   |
[INFO] [stdout]   = note: LC_ALL="C" PATH="/opt/rustwide/rustup-home/toolchains/1.83.0-x86_64-unknown-linux-gnu/lib/rustlib/x86_64-unknown-linux-gnu/bin:/opt/rustwide/cargo-home/bin:/usr/local/sbin:/usr/local/bin:/usr/sbin:/usr/bin:/sbin:/bin" VSLANG="1033" "cc" "-m64" "/tmp/rustcLp3RCD/symbols.o" "/tmp/rustdoctestdZNGmu/rust_out.rust_out.cb03291d53e4e161-cgu.0.rcgu.o" "/tmp/rustdoctestdZNGmu/rust_out.1s7umcihpz0t7nkz1uc2ifee9.rcgu.o" "-Wl,--as-needed" "-Wl,-Bstatic" "/opt/rustwide/target/debug/deps/libprole-7b1c776bb2ded247.rlib" "/opt/rustwide/target/debug/deps/libbio-aae82588dc4f14c6.rlib" "/opt/rustwide/target/debug/deps/libstrum-7fae0c539596c298.rlib" "/opt/rustwide/target/debug/deps/libcsv-8e43da78f471b8c6.rlib" "/opt/rustwide/target/debug/deps/libryu-bba83beca99dd7c0.rlib" "/opt/rustwide/target/debug/deps/libitoa-e8776415c5fe0047.rlib" "/opt/rustwide/target/debug/deps/libcsv_core-cdbf344247ea3a91.rlib" "/opt/rustwide/target/debug/deps/libbytecount-61e67c5617096edf.rlib" "/opt/rustwide/target/debug/deps/libtriple_accel-1d13d69e2d9c3a94.rlib" "/opt/rustwide/target/debug/deps/libeditdistancek-34d3aaf5306c2731.rlib" "/opt/rustwide/target/debug/deps/libitertools_num-4e0763a838db82b6.rlib" "/opt/rustwide/target/debug/deps/libenum_map-1504ad760c4a4ae7.rlib" "/opt/rustwide/target/debug/deps/libstatrs-9a32c180c485e4e8.rlib" "/opt/rustwide/target/debug/deps/libnalgebra-2c088dda8833b8c4.rlib" "/opt/rustwide/target/debug/deps/librand_distr-f172ff8dc3e1af41.rlib" "/opt/rustwide/target/debug/deps/libnum_rational-263215fc8d963d9b.rlib" "/opt/rustwide/target/debug/deps/libtypenum-f8bcce2b4da82a7e.rlib" "/opt/rustwide/target/debug/deps/libsimba-3541a37ecf0d4103.rlib" "/opt/rustwide/target/debug/deps/libwide-8682a30a98141b4c.rlib" "/opt/rustwide/target/debug/deps/libsafe_arch-23f451ebf5a04c9d.rlib" "/opt/rustwide/target/debug/deps/libbytemuck-001c838fec11c0a7.rlib" "/opt/rustwide/target/debug/deps/librand-2aec9a77eb5cd268.rlib" "/opt/rustwide/target/debug/deps/librand_chacha-1adcb4d89e7b7625.rlib" "/opt/rustwide/target/debug/deps/libppv_lite86-b288be733870b116.rlib" "/opt/rustwide/target/debug/deps/libzerocopy-bcb2761bb30730ca.rlib" "/opt/rustwide/target/debug/deps/librand_core-1f8e996801df326c.rlib" "/opt/rustwide/target/debug/deps/libgetrandom-21e7353a01032e9e.rlib" "/opt/rustwide/target/debug/deps/libordered_float-0c0b60197340749d.rlib" "/opt/rustwide/target/debug/deps/libndarray-23eba57fea4fb8dd.rlib" "/opt/rustwide/target/debug/deps/libmatrixmultiply-af354398b1e88f90.rlib" "/opt/rustwide/target/debug/deps/libnum_complex-b244b8a441b1d26e.rlib" "/opt/rustwide/target/debug/deps/librawpointer-82a8acb23f770ede.rlib" "/opt/rustwide/target/debug/deps/libmultimap-a7644f2952c6fffe.rlib" "/opt/rustwide/target/debug/deps/libitertools-59665885b4776c81.rlib" "/opt/rustwide/target/debug/deps/libeither-41b3367888b49508.rlib" "/opt/rustwide/target/debug/deps/libanyhow-4802247df7882e71.rlib" "/opt/rustwide/target/debug/deps/libnum_integer-89f9ac6cf6b1b535.rlib" "/opt/rustwide/target/debug/deps/libbv-e75fa278acb949c7.rlib" "/opt/rustwide/target/debug/deps/libvec_map-cfe7caa19ef34a01.rlib" "/opt/rustwide/target/debug/deps/libserde-14962d9ef49311b7.rlib" "/opt/rustwide/target/debug/deps/libbit_set-8911b08f6852e6ba.rlib" "/opt/rustwide/target/debug/deps/libbit_vec-e5553d8f3d93cba3.rlib" "/opt/rustwide/target/debug/deps/libbio_types-0401f5b4e469e14f.rlib" "/opt/rustwide/target/debug/deps/libthiserror-ec9e1589dec1739b.rlib" "/opt/rustwide/target/debug/deps/libfxhash-17a7b64bed36dd98.rlib" "/opt/rustwide/target/debug/deps/libbyteorder-f47bc0e1adee4793.rlib" "/opt/rustwide/target/debug/deps/libpetgraph-fe770f53daa96308.rlib" "/opt/rustwide/target/debug/deps/libindexmap-10fc62c8bb74c388.rlib" "/opt/rustwide/target/debug/deps/libequivalent-4d5cfde55792e26d.rlib" "/opt/rustwide/target/debug/deps/libhashbrown-62cdb64ce3ed52bb.rlib" "/opt/rustwide/target/debug/deps/libfixedbitset-0a8c4c54ba30ea5e.rlib" "/opt/rustwide/target/debug/deps/libnewtype_derive-fa12c6711d63094c.rlib" "/opt/rustwide/target/debug/deps/libcustom_derive-4c2457097900efe5.rlib" "/opt/rustwide/target/debug/deps/libapprox-aff2d7addea0bdd1.rlib" "/opt/rustwide/target/debug/deps/liblazy_static-977f75dcedc2f7be.rlib" "/opt/rustwide/target/debug/deps/libflate2-ced89c5b21dca3b7.rlib" "/opt/rustwide/target/debug/deps/libminiz_oxide-dbe4d5c6b06aebd9.rlib" "/opt/rustwide/target/debug/deps/libadler2-e253e5013e39fbc6.rlib" "/opt/rustwide/target/debug/deps/libcrc32fast-6da0a50d86e2d24a.rlib" "/opt/rustwide/target/debug/deps/libcfg_if-8217498f8667ada9.rlib" "/opt/rustwide/target/debug/deps/libenv_logger-e9858103914853c6.rlib" "/opt/rustwide/target/debug/deps/libtermcolor-943bee2709ee6353.rlib" "/opt/rustwide/target/debug/deps/libis_terminal-2b0a17c430ac6e62.rlib" "/opt/rustwide/target/debug/deps/liblibc-48c07cb418e82d02.rlib" "/opt/rustwide/target/debug/deps/libhumantime-4077790961ce8912.rlib" "/opt/rustwide/target/debug/deps/liblog-6d50fe4853ae55d4.rlib" "/opt/rustwide/target/debug/deps/libregex-64f88d847001da0c.rlib" "/opt/rustwide/target/debug/deps/libregex_automata-be8c6f0bea44587d.rlib" "/opt/rustwide/target/debug/deps/libaho_corasick-7c62546353774bfd.rlib" "/opt/rustwide/target/debug/deps/libmemchr-6b84ce758acd6c63.rlib" "/opt/rustwide/target/debug/deps/libregex_syntax-155e812807b49638.rlib" "/opt/rustwide/target/debug/deps/libchrono-0d2a060a6fde4a1e.rlib" "/opt/rustwide/target/debug/deps/libnum_traits-fa7f7512062a9aed.rlib" "/opt/rustwide/target/debug/deps/libiana_time_zone-327d1375b89fcc29.rlib" "/opt/rustwide/rustup-home/toolchains/1.83.0-x86_64-unknown-linux-gnu/lib/rustlib/x86_64-unknown-linux-gnu/lib/libstd-ca74a2d9c5166d9f.rlib" "/opt/rustwide/rustup-home/toolchains/1.83.0-x86_64-unknown-linux-gnu/lib/rustlib/x86_64-unknown-linux-gnu/lib/libpanic_unwind-e31ab23316ed5080.rlib" "/opt/rustwide/rustup-home/toolchains/1.83.0-x86_64-unknown-linux-gnu/lib/rustlib/x86_64-unknown-linux-gnu/lib/libobject-27dc4aa955912662.rlib" "/opt/rustwide/rustup-home/toolchains/1.83.0-x86_64-unknown-linux-gnu/lib/rustlib/x86_64-unknown-linux-gnu/lib/libmemchr-bd0d6cccce077b99.rlib" "/opt/rustwide/rustup-home/toolchains/1.83.0-x86_64-unknown-linux-gnu/lib/rustlib/x86_64-unknown-linux-gnu/lib/libaddr2line-8d001680935b5e3c.rlib" "/opt/rustwide/rustup-home/toolchains/1.83.0-x86_64-unknown-linux-gnu/lib/rustlib/x86_64-unknown-linux-gnu/lib/libgimli-ba8ce71964f984f4.rlib" "/opt/rustwide/rustup-home/toolchains/1.83.0-x86_64-unknown-linux-gnu/lib/rustlib/x86_64-unknown-linux-gnu/lib/librustc_demangle-99a73526abcec14b.rlib" "/opt/rustwide/rustup-home/toolchains/1.83.0-x86_64-unknown-linux-gnu/lib/rustlib/x86_64-unknown-linux-gnu/lib/libstd_detect-63ac0d22cff92579.rlib" "/opt/rustwide/rustup-home/toolchains/1.83.0-x86_64-unknown-linux-gnu/lib/rustlib/x86_64-unknown-linux-gnu/lib/libhashbrown-9057355c92c922d5.rlib" "/opt/rustwide/rustup-home/toolchains/1.83.0-x86_64-unknown-linux-gnu/lib/rustlib/x86_64-unknown-linux-gnu/lib/librustc_std_workspace_alloc-358be9bc1f6bab04.rlib" "/opt/rustwide/rustup-home/toolchains/1.83.0-x86_64-unknown-linux-gnu/lib/rustlib/x86_64-unknown-linux-gnu/lib/libminiz_oxide-aca15549d5bff974.rlib" "/opt/rustwide/rustup-home/toolchains/1.83.0-x86_64-unknown-linux-gnu/lib/rustlib/x86_64-unknown-linux-gnu/lib/libadler-8251d2cef7072448.rlib" "/opt/rustwide/rustup-home/toolchains/1.83.0-x86_64-unknown-linux-gnu/lib/rustlib/x86_64-unknown-linux-gnu/lib/libunwind-7d50b86011c66411.rlib" "/opt/rustwide/rustup-home/toolchains/1.83.0-x86_64-unknown-linux-gnu/lib/rustlib/x86_64-unknown-linux-gnu/lib/libcfg_if-51ea098fce5006bf.rlib" "/opt/rustwide/rustup-home/toolchains/1.83.0-x86_64-unknown-linux-gnu/lib/rustlib/x86_64-unknown-linux-gnu/lib/liblibc-5a14e0d0b712e731.rlib" "/opt/rustwide/rustup-home/toolchains/1.83.0-x86_64-unknown-linux-gnu/lib/rustlib/x86_64-unknown-linux-gnu/lib/liballoc-8b83dbf3a7b8f999.rlib" "/opt/rustwide/rustup-home/toolchains/1.83.0-x86_64-unknown-linux-gnu/lib/rustlib/x86_64-unknown-linux-gnu/lib/librustc_std_workspace_core-c6fd227bdc7b39ff.rlib" "/opt/rustwide/rustup-home/toolchains/1.83.0-x86_64-unknown-linux-gnu/lib/rustlib/x86_64-unknown-linux-gnu/lib/libcore-959d3389fa3da8a5.rlib" "/opt/rustwide/rustup-home/toolchains/1.83.0-x86_64-unknown-linux-gnu/lib/rustlib/x86_64-unknown-linux-gnu/lib/libcompiler_builtins-abe05db089cc2c62.rlib" "-Wl,-Bdynamic" "-lgcc_s" "-lutil" "-lrt" "-lpthread" "-lm" "-ldl" "-lc" "-Wl,--eh-frame-hdr" "-Wl,-z,noexecstack" "-L" "/opt/rustwide/rustup-home/toolchains/1.83.0-x86_64-unknown-linux-gnu/lib/rustlib/x86_64-unknown-linux-gnu/lib" "-o" "/tmp/rustdoctestdZNGmu/rust_out" "-Wl,--gc-sections" "-pie" "-Wl,-z,relro,-z,now" "-nodefaultlibs"
[INFO] [stdout]   = note: collect2: fatal error: ld terminated with signal 9 [Killed]
[INFO] [stdout]           compilation terminated.
[INFO] [stdout]           
[INFO] [stdout] 
[INFO] [stdout] error: aborting due to 1 previous error
[INFO] [stdout] 
[INFO] [stdout] Couldn't compile the test.
[INFO] [stdout] ---- src/gtdb/taxon.rs - gtdb::taxon::Taxon (line 4) stdout ----
[INFO] [stdout] error: linking with `cc` failed: exit status: 1
[INFO] [stdout]   |
[INFO] [stdout]   = note: LC_ALL="C" PATH="/opt/rustwide/rustup-home/toolchains/1.83.0-x86_64-unknown-linux-gnu/lib/rustlib/x86_64-unknown-linux-gnu/bin:/opt/rustwide/cargo-home/bin:/usr/local/sbin:/usr/local/bin:/usr/sbin:/usr/bin:/sbin:/bin" VSLANG="1033" "cc" "-m64" "/tmp/rustcbwMGsv/symbols.o" "/tmp/rustdoctestg9e7gG/rust_out.rust_out.cb03291d53e4e161-cgu.0.rcgu.o" "/tmp/rustdoctestg9e7gG/rust_out.1s7umcihpz0t7nkz1uc2ifee9.rcgu.o" "-Wl,--as-needed" "-Wl,-Bstatic" "/opt/rustwide/target/debug/deps/libprole-7b1c776bb2ded247.rlib" "/opt/rustwide/target/debug/deps/libbio-aae82588dc4f14c6.rlib" "/opt/rustwide/target/debug/deps/libstrum-7fae0c539596c298.rlib" "/opt/rustwide/target/debug/deps/libcsv-8e43da78f471b8c6.rlib" "/opt/rustwide/target/debug/deps/libryu-bba83beca99dd7c0.rlib" "/opt/rustwide/target/debug/deps/libitoa-e8776415c5fe0047.rlib" "/opt/rustwide/target/debug/deps/libcsv_core-cdbf344247ea3a91.rlib" "/opt/rustwide/target/debug/deps/libbytecount-61e67c5617096edf.rlib" "/opt/rustwide/target/debug/deps/libtriple_accel-1d13d69e2d9c3a94.rlib" "/opt/rustwide/target/debug/deps/libeditdistancek-34d3aaf5306c2731.rlib" "/opt/rustwide/target/debug/deps/libitertools_num-4e0763a838db82b6.rlib" "/opt/rustwide/target/debug/deps/libenum_map-1504ad760c4a4ae7.rlib" "/opt/rustwide/target/debug/deps/libstatrs-9a32c180c485e4e8.rlib" "/opt/rustwide/target/debug/deps/libnalgebra-2c088dda8833b8c4.rlib" "/opt/rustwide/target/debug/deps/librand_distr-f172ff8dc3e1af41.rlib" "/opt/rustwide/target/debug/deps/libnum_rational-263215fc8d963d9b.rlib" "/opt/rustwide/target/debug/deps/libtypenum-f8bcce2b4da82a7e.rlib" "/opt/rustwide/target/debug/deps/libsimba-3541a37ecf0d4103.rlib" "/opt/rustwide/target/debug/deps/libwide-8682a30a98141b4c.rlib" "/opt/rustwide/target/debug/deps/libsafe_arch-23f451ebf5a04c9d.rlib" "/opt/rustwide/target/debug/deps/libbytemuck-001c838fec11c0a7.rlib" "/opt/rustwide/target/debug/deps/librand-2aec9a77eb5cd268.rlib" "/opt/rustwide/target/debug/deps/librand_chacha-1adcb4d89e7b7625.rlib" "/opt/rustwide/target/debug/deps/libppv_lite86-b288be733870b116.rlib" "/opt/rustwide/target/debug/deps/libzerocopy-bcb2761bb30730ca.rlib" "/opt/rustwide/target/debug/deps/librand_core-1f8e996801df326c.rlib" "/opt/rustwide/target/debug/deps/libgetrandom-21e7353a01032e9e.rlib" "/opt/rustwide/target/debug/deps/libordered_float-0c0b60197340749d.rlib" "/opt/rustwide/target/debug/deps/libndarray-23eba57fea4fb8dd.rlib" "/opt/rustwide/target/debug/deps/libmatrixmultiply-af354398b1e88f90.rlib" "/opt/rustwide/target/debug/deps/libnum_complex-b244b8a441b1d26e.rlib" "/opt/rustwide/target/debug/deps/librawpointer-82a8acb23f770ede.rlib" "/opt/rustwide/target/debug/deps/libmultimap-a7644f2952c6fffe.rlib" "/opt/rustwide/target/debug/deps/libitertools-59665885b4776c81.rlib" "/opt/rustwide/target/debug/deps/libeither-41b3367888b49508.rlib" "/opt/rustwide/target/debug/deps/libanyhow-4802247df7882e71.rlib" "/opt/rustwide/target/debug/deps/libnum_integer-89f9ac6cf6b1b535.rlib" "/opt/rustwide/target/debug/deps/libbv-e75fa278acb949c7.rlib" "/opt/rustwide/target/debug/deps/libvec_map-cfe7caa19ef34a01.rlib" "/opt/rustwide/target/debug/deps/libserde-14962d9ef49311b7.rlib" "/opt/rustwide/target/debug/deps/libbit_set-8911b08f6852e6ba.rlib" "/opt/rustwide/target/debug/deps/libbit_vec-e5553d8f3d93cba3.rlib" "/opt/rustwide/target/debug/deps/libbio_types-0401f5b4e469e14f.rlib" "/opt/rustwide/target/debug/deps/libthiserror-ec9e1589dec1739b.rlib" "/opt/rustwide/target/debug/deps/libfxhash-17a7b64bed36dd98.rlib" "/opt/rustwide/target/debug/deps/libbyteorder-f47bc0e1adee4793.rlib" "/opt/rustwide/target/debug/deps/libpetgraph-fe770f53daa96308.rlib" "/opt/rustwide/target/debug/deps/libindexmap-10fc62c8bb74c388.rlib" "/opt/rustwide/target/debug/deps/libequivalent-4d5cfde55792e26d.rlib" "/opt/rustwide/target/debug/deps/libhashbrown-62cdb64ce3ed52bb.rlib" "/opt/rustwide/target/debug/deps/libfixedbitset-0a8c4c54ba30ea5e.rlib" "/opt/rustwide/target/debug/deps/libnewtype_derive-fa12c6711d63094c.rlib" "/opt/rustwide/target/debug/deps/libcustom_derive-4c2457097900efe5.rlib" "/opt/rustwide/target/debug/deps/libapprox-aff2d7addea0bdd1.rlib" "/opt/rustwide/target/debug/deps/liblazy_static-977f75dcedc2f7be.rlib" "/opt/rustwide/target/debug/deps/libflate2-ced89c5b21dca3b7.rlib" "/opt/rustwide/target/debug/deps/libminiz_oxide-dbe4d5c6b06aebd9.rlib" "/opt/rustwide/target/debug/deps/libadler2-e253e5013e39fbc6.rlib" "/opt/rustwide/target/debug/deps/libcrc32fast-6da0a50d86e2d24a.rlib" "/opt/rustwide/target/debug/deps/libcfg_if-8217498f8667ada9.rlib" "/opt/rustwide/target/debug/deps/libenv_logger-e9858103914853c6.rlib" "/opt/rustwide/target/debug/deps/libtermcolor-943bee2709ee6353.rlib" "/opt/rustwide/target/debug/deps/libis_terminal-2b0a17c430ac6e62.rlib" "/opt/rustwide/target/debug/deps/liblibc-48c07cb418e82d02.rlib" "/opt/rustwide/target/debug/deps/libhumantime-4077790961ce8912.rlib" "/opt/rustwide/target/debug/deps/liblog-6d50fe4853ae55d4.rlib" "/opt/rustwide/target/debug/deps/libregex-64f88d847001da0c.rlib" "/opt/rustwide/target/debug/deps/libregex_automata-be8c6f0bea44587d.rlib" "/opt/rustwide/target/debug/deps/libaho_corasick-7c62546353774bfd.rlib" "/opt/rustwide/target/debug/deps/libmemchr-6b84ce758acd6c63.rlib" "/opt/rustwide/target/debug/deps/libregex_syntax-155e812807b49638.rlib" "/opt/rustwide/target/debug/deps/libchrono-0d2a060a6fde4a1e.rlib" "/opt/rustwide/target/debug/deps/libnum_traits-fa7f7512062a9aed.rlib" "/opt/rustwide/target/debug/deps/libiana_time_zone-327d1375b89fcc29.rlib" "/opt/rustwide/rustup-home/toolchains/1.83.0-x86_64-unknown-linux-gnu/lib/rustlib/x86_64-unknown-linux-gnu/lib/libstd-ca74a2d9c5166d9f.rlib" "/opt/rustwide/rustup-home/toolchains/1.83.0-x86_64-unknown-linux-gnu/lib/rustlib/x86_64-unknown-linux-gnu/lib/libpanic_unwind-e31ab23316ed5080.rlib" "/opt/rustwide/rustup-home/toolchains/1.83.0-x86_64-unknown-linux-gnu/lib/rustlib/x86_64-unknown-linux-gnu/lib/libobject-27dc4aa955912662.rlib" "/opt/rustwide/rustup-home/toolchains/1.83.0-x86_64-unknown-linux-gnu/lib/rustlib/x86_64-unknown-linux-gnu/lib/libmemchr-bd0d6cccce077b99.rlib" "/opt/rustwide/rustup-home/toolchains/1.83.0-x86_64-unknown-linux-gnu/lib/rustlib/x86_64-unknown-linux-gnu/lib/libaddr2line-8d001680935b5e3c.rlib" "/opt/rustwide/rustup-home/toolchains/1.83.0-x86_64-unknown-linux-gnu/lib/rustlib/x86_64-unknown-linux-gnu/lib/libgimli-ba8ce71964f984f4.rlib" "/opt/rustwide/rustup-home/toolchains/1.83.0-x86_64-unknown-linux-gnu/lib/rustlib/x86_64-unknown-linux-gnu/lib/librustc_demangle-99a73526abcec14b.rlib" "/opt/rustwide/rustup-home/toolchains/1.83.0-x86_64-unknown-linux-gnu/lib/rustlib/x86_64-unknown-linux-gnu/lib/libstd_detect-63ac0d22cff92579.rlib" "/opt/rustwide/rustup-home/toolchains/1.83.0-x86_64-unknown-linux-gnu/lib/rustlib/x86_64-unknown-linux-gnu/lib/libhashbrown-9057355c92c922d5.rlib" "/opt/rustwide/rustup-home/toolchains/1.83.0-x86_64-unknown-linux-gnu/lib/rustlib/x86_64-unknown-linux-gnu/lib/librustc_std_workspace_alloc-358be9bc1f6bab04.rlib" "/opt/rustwide/rustup-home/toolchains/1.83.0-x86_64-unknown-linux-gnu/lib/rustlib/x86_64-unknown-linux-gnu/lib/libminiz_oxide-aca15549d5bff974.rlib" "/opt/rustwide/rustup-home/toolchains/1.83.0-x86_64-unknown-linux-gnu/lib/rustlib/x86_64-unknown-linux-gnu/lib/libadler-8251d2cef7072448.rlib" "/opt/rustwide/rustup-home/toolchains/1.83.0-x86_64-unknown-linux-gnu/lib/rustlib/x86_64-unknown-linux-gnu/lib/libunwind-7d50b86011c66411.rlib" "/opt/rustwide/rustup-home/toolchains/1.83.0-x86_64-unknown-linux-gnu/lib/rustlib/x86_64-unknown-linux-gnu/lib/libcfg_if-51ea098fce5006bf.rlib" "/opt/rustwide/rustup-home/toolchains/1.83.0-x86_64-unknown-linux-gnu/lib/rustlib/x86_64-unknown-linux-gnu/lib/liblibc-5a14e0d0b712e731.rlib" "/opt/rustwide/rustup-home/toolchains/1.83.0-x86_64-unknown-linux-gnu/lib/rustlib/x86_64-unknown-linux-gnu/lib/liballoc-8b83dbf3a7b8f999.rlib" "/opt/rustwide/rustup-home/toolchains/1.83.0-x86_64-unknown-linux-gnu/lib/rustlib/x86_64-unknown-linux-gnu/lib/librustc_std_workspace_core-c6fd227bdc7b39ff.rlib" "/opt/rustwide/rustup-home/toolchains/1.83.0-x86_64-unknown-linux-gnu/lib/rustlib/x86_64-unknown-linux-gnu/lib/libcore-959d3389fa3da8a5.rlib" "/opt/rustwide/rustup-home/toolchains/1.83.0-x86_64-unknown-linux-gnu/lib/rustlib/x86_64-unknown-linux-gnu/lib/libcompiler_builtins-abe05db089cc2c62.rlib" "-Wl,-Bdynamic" "-lgcc_s" "-lutil" "-lrt" "-lpthread" "-lm" "-ldl" "-lc" "-Wl,--eh-frame-hdr" "-Wl,-z,noexecstack" "-L" "/opt/rustwide/rustup-home/toolchains/1.83.0-x86_64-unknown-linux-gnu/lib/rustlib/x86_64-unknown-linux-gnu/lib" "-o" "/tmp/rustdoctestg9e7gG/rust_out" "-Wl,--gc-sections" "-pie" "-Wl,-z,relro,-z,now" "-nodefaultlibs"
[INFO] [stdout]   = note: collect2: fatal error: ld terminated with signal 9 [Killed]
[INFO] [stdout]           compilation terminated.
[INFO] [stdout]           
[INFO] [stdout] 
[INFO] [stdout] error: aborting due to 1 previous error
[INFO] [stdout] 
[INFO] [stdout] Couldn't compile the test.
[INFO] [stdout] ---- src/gtdb/taxonomy.rs - gtdb::taxonomy::Taxonomy::get (line 45) stdout ----
[INFO] [stdout] error: linking with `cc` failed: exit status: 1
[INFO] [stdout]   |
[INFO] [stdout]   = note: LC_ALL="C" PATH="/opt/rustwide/rustup-home/toolchains/1.83.0-x86_64-unknown-linux-gnu/lib/rustlib/x86_64-unknown-linux-gnu/bin:/opt/rustwide/cargo-home/bin:/usr/local/sbin:/usr/local/bin:/usr/sbin:/usr/bin:/sbin:/bin" VSLANG="1033" "cc" "-m64" "/tmp/rustcc6q32G/symbols.o" "/tmp/rustdoctesttcWmLC/rust_out.rust_out.cb03291d53e4e161-cgu.0.rcgu.o" "/tmp/rustdoctesttcWmLC/rust_out.1s7umcihpz0t7nkz1uc2ifee9.rcgu.o" "-Wl,--as-needed" "-Wl,-Bstatic" "/opt/rustwide/target/debug/deps/libprole-7b1c776bb2ded247.rlib" "/opt/rustwide/target/debug/deps/libbio-aae82588dc4f14c6.rlib" "/opt/rustwide/target/debug/deps/libstrum-7fae0c539596c298.rlib" "/opt/rustwide/target/debug/deps/libcsv-8e43da78f471b8c6.rlib" "/opt/rustwide/target/debug/deps/libryu-bba83beca99dd7c0.rlib" "/opt/rustwide/target/debug/deps/libitoa-e8776415c5fe0047.rlib" "/opt/rustwide/target/debug/deps/libcsv_core-cdbf344247ea3a91.rlib" "/opt/rustwide/target/debug/deps/libbytecount-61e67c5617096edf.rlib" "/opt/rustwide/target/debug/deps/libtriple_accel-1d13d69e2d9c3a94.rlib" "/opt/rustwide/target/debug/deps/libeditdistancek-34d3aaf5306c2731.rlib" "/opt/rustwide/target/debug/deps/libitertools_num-4e0763a838db82b6.rlib" "/opt/rustwide/target/debug/deps/libenum_map-1504ad760c4a4ae7.rlib" "/opt/rustwide/target/debug/deps/libstatrs-9a32c180c485e4e8.rlib" "/opt/rustwide/target/debug/deps/libnalgebra-2c088dda8833b8c4.rlib" "/opt/rustwide/target/debug/deps/librand_distr-f172ff8dc3e1af41.rlib" "/opt/rustwide/target/debug/deps/libnum_rational-263215fc8d963d9b.rlib" "/opt/rustwide/target/debug/deps/libtypenum-f8bcce2b4da82a7e.rlib" "/opt/rustwide/target/debug/deps/libsimba-3541a37ecf0d4103.rlib" "/opt/rustwide/target/debug/deps/libwide-8682a30a98141b4c.rlib" "/opt/rustwide/target/debug/deps/libsafe_arch-23f451ebf5a04c9d.rlib" "/opt/rustwide/target/debug/deps/libbytemuck-001c838fec11c0a7.rlib" "/opt/rustwide/target/debug/deps/librand-2aec9a77eb5cd268.rlib" "/opt/rustwide/target/debug/deps/librand_chacha-1adcb4d89e7b7625.rlib" "/opt/rustwide/target/debug/deps/libppv_lite86-b288be733870b116.rlib" "/opt/rustwide/target/debug/deps/libzerocopy-bcb2761bb30730ca.rlib" "/opt/rustwide/target/debug/deps/librand_core-1f8e996801df326c.rlib" "/opt/rustwide/target/debug/deps/libgetrandom-21e7353a01032e9e.rlib" "/opt/rustwide/target/debug/deps/libordered_float-0c0b60197340749d.rlib" "/opt/rustwide/target/debug/deps/libndarray-23eba57fea4fb8dd.rlib" "/opt/rustwide/target/debug/deps/libmatrixmultiply-af354398b1e88f90.rlib" "/opt/rustwide/target/debug/deps/libnum_complex-b244b8a441b1d26e.rlib" "/opt/rustwide/target/debug/deps/librawpointer-82a8acb23f770ede.rlib" "/opt/rustwide/target/debug/deps/libmultimap-a7644f2952c6fffe.rlib" "/opt/rustwide/target/debug/deps/libitertools-59665885b4776c81.rlib" "/opt/rustwide/target/debug/deps/libeither-41b3367888b49508.rlib" "/opt/rustwide/target/debug/deps/libanyhow-4802247df7882e71.rlib" "/opt/rustwide/target/debug/deps/libnum_integer-89f9ac6cf6b1b535.rlib" "/opt/rustwide/target/debug/deps/libbv-e75fa278acb949c7.rlib" "/opt/rustwide/target/debug/deps/libvec_map-cfe7caa19ef34a01.rlib" "/opt/rustwide/target/debug/deps/libserde-14962d9ef49311b7.rlib" "/opt/rustwide/target/debug/deps/libbit_set-8911b08f6852e6ba.rlib" "/opt/rustwide/target/debug/deps/libbit_vec-e5553d8f3d93cba3.rlib" "/opt/rustwide/target/debug/deps/libbio_types-0401f5b4e469e14f.rlib" "/opt/rustwide/target/debug/deps/libthiserror-ec9e1589dec1739b.rlib" "/opt/rustwide/target/debug/deps/libfxhash-17a7b64bed36dd98.rlib" "/opt/rustwide/target/debug/deps/libbyteorder-f47bc0e1adee4793.rlib" "/opt/rustwide/target/debug/deps/libpetgraph-fe770f53daa96308.rlib" "/opt/rustwide/target/debug/deps/libindexmap-10fc62c8bb74c388.rlib" "/opt/rustwide/target/debug/deps/libequivalent-4d5cfde55792e26d.rlib" "/opt/rustwide/target/debug/deps/libhashbrown-62cdb64ce3ed52bb.rlib" "/opt/rustwide/target/debug/deps/libfixedbitset-0a8c4c54ba30ea5e.rlib" "/opt/rustwide/target/debug/deps/libnewtype_derive-fa12c6711d63094c.rlib" "/opt/rustwide/target/debug/deps/libcustom_derive-4c2457097900efe5.rlib" "/opt/rustwide/target/debug/deps/libapprox-aff2d7addea0bdd1.rlib" "/opt/rustwide/target/debug/deps/liblazy_static-977f75dcedc2f7be.rlib" "/opt/rustwide/target/debug/deps/libflate2-ced89c5b21dca3b7.rlib" "/opt/rustwide/target/debug/deps/libminiz_oxide-dbe4d5c6b06aebd9.rlib" "/opt/rustwide/target/debug/deps/libadler2-e253e5013e39fbc6.rlib" "/opt/rustwide/target/debug/deps/libcrc32fast-6da0a50d86e2d24a.rlib" "/opt/rustwide/target/debug/deps/libcfg_if-8217498f8667ada9.rlib" "/opt/rustwide/target/debug/deps/libenv_logger-e9858103914853c6.rlib" "/opt/rustwide/target/debug/deps/libtermcolor-943bee2709ee6353.rlib" "/opt/rustwide/target/debug/deps/libis_terminal-2b0a17c430ac6e62.rlib" "/opt/rustwide/target/debug/deps/liblibc-48c07cb418e82d02.rlib" "/opt/rustwide/target/debug/deps/libhumantime-4077790961ce8912.rlib" "/opt/rustwide/target/debug/deps/liblog-6d50fe4853ae55d4.rlib" "/opt/rustwide/target/debug/deps/libregex-64f88d847001da0c.rlib" "/opt/rustwide/target/debug/deps/libregex_automata-be8c6f0bea44587d.rlib" "/opt/rustwide/target/debug/deps/libaho_corasick-7c62546353774bfd.rlib" "/opt/rustwide/target/debug/deps/libmemchr-6b84ce758acd6c63.rlib" "/opt/rustwide/target/debug/deps/libregex_syntax-155e812807b49638.rlib" "/opt/rustwide/target/debug/deps/libchrono-0d2a060a6fde4a1e.rlib" "/opt/rustwide/target/debug/deps/libnum_traits-fa7f7512062a9aed.rlib" "/opt/rustwide/target/debug/deps/libiana_time_zone-327d1375b89fcc29.rlib" "/opt/rustwide/rustup-home/toolchains/1.83.0-x86_64-unknown-linux-gnu/lib/rustlib/x86_64-unknown-linux-gnu/lib/libstd-ca74a2d9c5166d9f.rlib" "/opt/rustwide/rustup-home/toolchains/1.83.0-x86_64-unknown-linux-gnu/lib/rustlib/x86_64-unknown-linux-gnu/lib/libpanic_unwind-e31ab23316ed5080.rlib" "/opt/rustwide/rustup-home/toolchains/1.83.0-x86_64-unknown-linux-gnu/lib/rustlib/x86_64-unknown-linux-gnu/lib/libobject-27dc4aa955912662.rlib" "/opt/rustwide/rustup-home/toolchains/1.83.0-x86_64-unknown-linux-gnu/lib/rustlib/x86_64-unknown-linux-gnu/lib/libmemchr-bd0d6cccce077b99.rlib" "/opt/rustwide/rustup-home/toolchains/1.83.0-x86_64-unknown-linux-gnu/lib/rustlib/x86_64-unknown-linux-gnu/lib/libaddr2line-8d001680935b5e3c.rlib" "/opt/rustwide/rustup-home/toolchains/1.83.0-x86_64-unknown-linux-gnu/lib/rustlib/x86_64-unknown-linux-gnu/lib/libgimli-ba8ce71964f984f4.rlib" "/opt/rustwide/rustup-home/toolchains/1.83.0-x86_64-unknown-linux-gnu/lib/rustlib/x86_64-unknown-linux-gnu/lib/librustc_demangle-99a73526abcec14b.rlib" "/opt/rustwide/rustup-home/toolchains/1.83.0-x86_64-unknown-linux-gnu/lib/rustlib/x86_64-unknown-linux-gnu/lib/libstd_detect-63ac0d22cff92579.rlib" "/opt/rustwide/rustup-home/toolchains/1.83.0-x86_64-unknown-linux-gnu/lib/rustlib/x86_64-unknown-linux-gnu/lib/libhashbrown-9057355c92c922d5.rlib" "/opt/rustwide/rustup-home/toolchains/1.83.0-x86_64-unknown-linux-gnu/lib/rustlib/x86_64-unknown-linux-gnu/lib/librustc_std_workspace_alloc-358be9bc1f6bab04.rlib" "/opt/rustwide/rustup-home/toolchains/1.83.0-x86_64-unknown-linux-gnu/lib/rustlib/x86_64-unknown-linux-gnu/lib/libminiz_oxide-aca15549d5bff974.rlib" "/opt/rustwide/rustup-home/toolchains/1.83.0-x86_64-unknown-linux-gnu/lib/rustlib/x86_64-unknown-linux-gnu/lib/libadler-8251d2cef7072448.rlib" "/opt/rustwide/rustup-home/toolchains/1.83.0-x86_64-unknown-linux-gnu/lib/rustlib/x86_64-unknown-linux-gnu/lib/libunwind-7d50b86011c66411.rlib" "/opt/rustwide/rustup-home/toolchains/1.83.0-x86_64-unknown-linux-gnu/lib/rustlib/x86_64-unknown-linux-gnu/lib/libcfg_if-51ea098fce5006bf.rlib" "/opt/rustwide/rustup-home/toolchains/1.83.0-x86_64-unknown-linux-gnu/lib/rustlib/x86_64-unknown-linux-gnu/lib/liblibc-5a14e0d0b712e731.rlib" "/opt/rustwide/rustup-home/toolchains/1.83.0-x86_64-unknown-linux-gnu/lib/rustlib/x86_64-unknown-linux-gnu/lib/liballoc-8b83dbf3a7b8f999.rlib" "/opt/rustwide/rustup-home/toolchains/1.83.0-x86_64-unknown-linux-gnu/lib/rustlib/x86_64-unknown-linux-gnu/lib/librustc_std_workspace_core-c6fd227bdc7b39ff.rlib" "/opt/rustwide/rustup-home/toolchains/1.83.0-x86_64-unknown-linux-gnu/lib/rustlib/x86_64-unknown-linux-gnu/lib/libcore-959d3389fa3da8a5.rlib" "/opt/rustwide/rustup-home/toolchains/1.83.0-x86_64-unknown-linux-gnu/lib/rustlib/x86_64-unknown-linux-gnu/lib/libcompiler_builtins-abe05db089cc2c62.rlib" "-Wl,-Bdynamic" "-lgcc_s" "-lutil" "-lrt" "-lpthread" "-lm" "-ldl" "-lc" "-Wl,--eh-frame-hdr" "-Wl,-z,noexecstack" "-L" "/opt/rustwide/rustup-home/toolchains/1.83.0-x86_64-unknown-linux-gnu/lib/rustlib/x86_64-unknown-linux-gnu/lib" "-o" "/tmp/rustdoctesttcWmLC/rust_out" "-Wl,--gc-sections" "-pie" "-Wl,-z,relro,-z,now" "-nodefaultlibs"
[INFO] [stdout]   = note: collect2: fatal error: ld terminated with signal 9 [Killed]
[INFO] [stdout]           compilation terminated.
[INFO] [stdout]           
[INFO] [stdout] 
[INFO] [stdout] error: aborting due to 1 previous error
[INFO] [stdout] 
[INFO] [stdout] Couldn't compile the test.
[INFO] [stdout] ---- src/util/logging.rs - util::logging::init_logger (line 12) stdout ----
[INFO] [stdout] error: linking with `cc` failed: exit status: 1
[INFO] [stdout]   |
[INFO] [stdout]   = note: LC_ALL="C" PATH="/opt/rustwide/rustup-home/toolchains/1.83.0-x86_64-unknown-linux-gnu/lib/rustlib/x86_64-unknown-linux-gnu/bin:/opt/rustwide/cargo-home/bin:/usr/local/sbin:/usr/local/bin:/usr/sbin:/usr/bin:/sbin:/bin" VSLANG="1033" "cc" "-m64" "/tmp/rustcKeiuvN/symbols.o" "/tmp/rustdoctestzKw843/rust_out.rust_out.cb03291d53e4e161-cgu.0.rcgu.o" "/tmp/rustdoctestzKw843/rust_out.1s7umcihpz0t7nkz1uc2ifee9.rcgu.o" "-Wl,--as-needed" "-Wl,-Bstatic" "/opt/rustwide/target/debug/deps/libprole-7b1c776bb2ded247.rlib" "/opt/rustwide/target/debug/deps/libbio-aae82588dc4f14c6.rlib" "/opt/rustwide/target/debug/deps/libstrum-7fae0c539596c298.rlib" "/opt/rustwide/target/debug/deps/libcsv-8e43da78f471b8c6.rlib" "/opt/rustwide/target/debug/deps/libryu-bba83beca99dd7c0.rlib" "/opt/rustwide/target/debug/deps/libitoa-e8776415c5fe0047.rlib" "/opt/rustwide/target/debug/deps/libcsv_core-cdbf344247ea3a91.rlib" "/opt/rustwide/target/debug/deps/libbytecount-61e67c5617096edf.rlib" "/opt/rustwide/target/debug/deps/libtriple_accel-1d13d69e2d9c3a94.rlib" "/opt/rustwide/target/debug/deps/libeditdistancek-34d3aaf5306c2731.rlib" "/opt/rustwide/target/debug/deps/libitertools_num-4e0763a838db82b6.rlib" "/opt/rustwide/target/debug/deps/libenum_map-1504ad760c4a4ae7.rlib" "/opt/rustwide/target/debug/deps/libstatrs-9a32c180c485e4e8.rlib" "/opt/rustwide/target/debug/deps/libnalgebra-2c088dda8833b8c4.rlib" "/opt/rustwide/target/debug/deps/librand_distr-f172ff8dc3e1af41.rlib" "/opt/rustwide/target/debug/deps/libnum_rational-263215fc8d963d9b.rlib" "/opt/rustwide/target/debug/deps/libtypenum-f8bcce2b4da82a7e.rlib" "/opt/rustwide/target/debug/deps/libsimba-3541a37ecf0d4103.rlib" "/opt/rustwide/target/debug/deps/libwide-8682a30a98141b4c.rlib" "/opt/rustwide/target/debug/deps/libsafe_arch-23f451ebf5a04c9d.rlib" "/opt/rustwide/target/debug/deps/libbytemuck-001c838fec11c0a7.rlib" "/opt/rustwide/target/debug/deps/librand-2aec9a77eb5cd268.rlib" "/opt/rustwide/target/debug/deps/librand_chacha-1adcb4d89e7b7625.rlib" "/opt/rustwide/target/debug/deps/libppv_lite86-b288be733870b116.rlib" "/opt/rustwide/target/debug/deps/libzerocopy-bcb2761bb30730ca.rlib" "/opt/rustwide/target/debug/deps/librand_core-1f8e996801df326c.rlib" "/opt/rustwide/target/debug/deps/libgetrandom-21e7353a01032e9e.rlib" "/opt/rustwide/target/debug/deps/libordered_float-0c0b60197340749d.rlib" "/opt/rustwide/target/debug/deps/libndarray-23eba57fea4fb8dd.rlib" "/opt/rustwide/target/debug/deps/libmatrixmultiply-af354398b1e88f90.rlib" "/opt/rustwide/target/debug/deps/libnum_complex-b244b8a441b1d26e.rlib" "/opt/rustwide/target/debug/deps/librawpointer-82a8acb23f770ede.rlib" "/opt/rustwide/target/debug/deps/libmultimap-a7644f2952c6fffe.rlib" "/opt/rustwide/target/debug/deps/libitertools-59665885b4776c81.rlib" "/opt/rustwide/target/debug/deps/libeither-41b3367888b49508.rlib" "/opt/rustwide/target/debug/deps/libanyhow-4802247df7882e71.rlib" "/opt/rustwide/target/debug/deps/libnum_integer-89f9ac6cf6b1b535.rlib" "/opt/rustwide/target/debug/deps/libbv-e75fa278acb949c7.rlib" "/opt/rustwide/target/debug/deps/libvec_map-cfe7caa19ef34a01.rlib" "/opt/rustwide/target/debug/deps/libserde-14962d9ef49311b7.rlib" "/opt/rustwide/target/debug/deps/libbit_set-8911b08f6852e6ba.rlib" "/opt/rustwide/target/debug/deps/libbit_vec-e5553d8f3d93cba3.rlib" "/opt/rustwide/target/debug/deps/libbio_types-0401f5b4e469e14f.rlib" "/opt/rustwide/target/debug/deps/libthiserror-ec9e1589dec1739b.rlib" "/opt/rustwide/target/debug/deps/libfxhash-17a7b64bed36dd98.rlib" "/opt/rustwide/target/debug/deps/libbyteorder-f47bc0e1adee4793.rlib" "/opt/rustwide/target/debug/deps/libpetgraph-fe770f53daa96308.rlib" "/opt/rustwide/target/debug/deps/libindexmap-10fc62c8bb74c388.rlib" "/opt/rustwide/target/debug/deps/libequivalent-4d5cfde55792e26d.rlib" "/opt/rustwide/target/debug/deps/libhashbrown-62cdb64ce3ed52bb.rlib" "/opt/rustwide/target/debug/deps/libfixedbitset-0a8c4c54ba30ea5e.rlib" "/opt/rustwide/target/debug/deps/libnewtype_derive-fa12c6711d63094c.rlib" "/opt/rustwide/target/debug/deps/libcustom_derive-4c2457097900efe5.rlib" "/opt/rustwide/target/debug/deps/libapprox-aff2d7addea0bdd1.rlib" "/opt/rustwide/target/debug/deps/liblazy_static-977f75dcedc2f7be.rlib" "/opt/rustwide/target/debug/deps/libflate2-ced89c5b21dca3b7.rlib" "/opt/rustwide/target/debug/deps/libminiz_oxide-dbe4d5c6b06aebd9.rlib" "/opt/rustwide/target/debug/deps/libadler2-e253e5013e39fbc6.rlib" "/opt/rustwide/target/debug/deps/libcrc32fast-6da0a50d86e2d24a.rlib" "/opt/rustwide/target/debug/deps/libcfg_if-8217498f8667ada9.rlib" "/opt/rustwide/target/debug/deps/libenv_logger-e9858103914853c6.rlib" "/opt/rustwide/target/debug/deps/libtermcolor-943bee2709ee6353.rlib" "/opt/rustwide/target/debug/deps/libis_terminal-2b0a17c430ac6e62.rlib" "/opt/rustwide/target/debug/deps/liblibc-48c07cb418e82d02.rlib" "/opt/rustwide/target/debug/deps/libhumantime-4077790961ce8912.rlib" "/opt/rustwide/target/debug/deps/liblog-6d50fe4853ae55d4.rlib" "/opt/rustwide/target/debug/deps/libregex-64f88d847001da0c.rlib" "/opt/rustwide/target/debug/deps/libregex_automata-be8c6f0bea44587d.rlib" "/opt/rustwide/target/debug/deps/libaho_corasick-7c62546353774bfd.rlib" "/opt/rustwide/target/debug/deps/libmemchr-6b84ce758acd6c63.rlib" "/opt/rustwide/target/debug/deps/libregex_syntax-155e812807b49638.rlib" "/opt/rustwide/target/debug/deps/libchrono-0d2a060a6fde4a1e.rlib" "/opt/rustwide/target/debug/deps/libnum_traits-fa7f7512062a9aed.rlib" "/opt/rustwide/target/debug/deps/libiana_time_zone-327d1375b89fcc29.rlib" "/opt/rustwide/rustup-home/toolchains/1.83.0-x86_64-unknown-linux-gnu/lib/rustlib/x86_64-unknown-linux-gnu/lib/libstd-ca74a2d9c5166d9f.rlib" "/opt/rustwide/rustup-home/toolchains/1.83.0-x86_64-unknown-linux-gnu/lib/rustlib/x86_64-unknown-linux-gnu/lib/libpanic_unwind-e31ab23316ed5080.rlib" "/opt/rustwide/rustup-home/toolchains/1.83.0-x86_64-unknown-linux-gnu/lib/rustlib/x86_64-unknown-linux-gnu/lib/libobject-27dc4aa955912662.rlib" "/opt/rustwide/rustup-home/toolchains/1.83.0-x86_64-unknown-linux-gnu/lib/rustlib/x86_64-unknown-linux-gnu/lib/libmemchr-bd0d6cccce077b99.rlib" "/opt/rustwide/rustup-home/toolchains/1.83.0-x86_64-unknown-linux-gnu/lib/rustlib/x86_64-unknown-linux-gnu/lib/libaddr2line-8d001680935b5e3c.rlib" "/opt/rustwide/rustup-home/toolchains/1.83.0-x86_64-unknown-linux-gnu/lib/rustlib/x86_64-unknown-linux-gnu/lib/libgimli-ba8ce71964f984f4.rlib" "/opt/rustwide/rustup-home/toolchains/1.83.0-x86_64-unknown-linux-gnu/lib/rustlib/x86_64-unknown-linux-gnu/lib/librustc_demangle-99a73526abcec14b.rlib" "/opt/rustwide/rustup-home/toolchains/1.83.0-x86_64-unknown-linux-gnu/lib/rustlib/x86_64-unknown-linux-gnu/lib/libstd_detect-63ac0d22cff92579.rlib" "/opt/rustwide/rustup-home/toolchains/1.83.0-x86_64-unknown-linux-gnu/lib/rustlib/x86_64-unknown-linux-gnu/lib/libhashbrown-9057355c92c922d5.rlib" "/opt/rustwide/rustup-home/toolchains/1.83.0-x86_64-unknown-linux-gnu/lib/rustlib/x86_64-unknown-linux-gnu/lib/librustc_std_workspace_alloc-358be9bc1f6bab04.rlib" "/opt/rustwide/rustup-home/toolchains/1.83.0-x86_64-unknown-linux-gnu/lib/rustlib/x86_64-unknown-linux-gnu/lib/libminiz_oxide-aca15549d5bff974.rlib" "/opt/rustwide/rustup-home/toolchains/1.83.0-x86_64-unknown-linux-gnu/lib/rustlib/x86_64-unknown-linux-gnu/lib/libadler-8251d2cef7072448.rlib" "/opt/rustwide/rustup-home/toolchains/1.83.0-x86_64-unknown-linux-gnu/lib/rustlib/x86_64-unknown-linux-gnu/lib/libunwind-7d50b86011c66411.rlib" "/opt/rustwide/rustup-home/toolchains/1.83.0-x86_64-unknown-linux-gnu/lib/rustlib/x86_64-unknown-linux-gnu/lib/libcfg_if-51ea098fce5006bf.rlib" "/opt/rustwide/rustup-home/toolchains/1.83.0-x86_64-unknown-linux-gnu/lib/rustlib/x86_64-unknown-linux-gnu/lib/liblibc-5a14e0d0b712e731.rlib" "/opt/rustwide/rustup-home/toolchains/1.83.0-x86_64-unknown-linux-gnu/lib/rustlib/x86_64-unknown-linux-gnu/lib/liballoc-8b83dbf3a7b8f999.rlib" "/opt/rustwide/rustup-home/toolchains/1.83.0-x86_64-unknown-linux-gnu/lib/rustlib/x86_64-unknown-linux-gnu/lib/librustc_std_workspace_core-c6fd227bdc7b39ff.rlib" "/opt/rustwide/rustup-home/toolchains/1.83.0-x86_64-unknown-linux-gnu/lib/rustlib/x86_64-unknown-linux-gnu/lib/libcore-959d3389fa3da8a5.rlib" "/opt/rustwide/rustup-home/toolchains/1.83.0-x86_64-unknown-linux-gnu/lib/rustlib/x86_64-unknown-linux-gnu/lib/libcompiler_builtins-abe05db089cc2c62.rlib" "-Wl,-Bdynamic" "-lgcc_s" "-lutil" "-lrt" "-lpthread" "-lm" "-ldl" "-lc" "-Wl,--eh-frame-hdr" "-Wl,-z,noexecstack" "-L" "/opt/rustwide/rustup-home/toolchains/1.83.0-x86_64-unknown-linux-gnu/lib/rustlib/x86_64-unknown-linux-gnu/lib" "-o" "/tmp/rustdoctestzKw843/rust_out" "-Wl,--gc-sections" "-pie" "-Wl,-z,relro,-z,now" "-nodefaultlibs"
[INFO] [stdout]   = note: collect2: fatal error: ld terminated with signal 9 [Killed]
[INFO] [stdout]           compilation terminated.
[INFO] [stdout]           
[INFO] [stdout] 
[INFO] [stdout] error: aborting due to 1 previous error
[INFO] [stdout] 
[INFO] [stdout] Couldn't compile the test.
[INFO] [stdout] 
[INFO] [stdout] failures:
[INFO] [stdout]     src/genome/genome_id.rs - genome::genome_id::GenomeId::to_canonical (line 26)
[INFO] [stdout]     src/genome/genome_id.rs - genome::genome_id::GenomeId::to_short (line 42)
[INFO] [stdout]     src/gtdb/taxon.rs - gtdb::taxon::Taxon (line 4)
[INFO] [stdout]     src/gtdb/taxonomy.rs - gtdb::taxonomy::Taxonomy::get (line 45)
[INFO] [stdout]     src/gtdb/taxonomy_rank.rs - gtdb::taxonomy_rank::TaxonomyRank::lower_ranks_inclusive (line 73)
[INFO] [stdout]     src/util/logging.rs - util::logging::init_logger (line 12)
[INFO] [stdout] 
[INFO] [stdout] test result: FAILED. 23 passed; 6 failed; 0 ignored; 0 measured; 0 filtered out; finished in 4.94s
[INFO] [stdout] 
[INFO] [stderr] error: doctest failed, to rerun pass `--doc`
[INFO] running `Command { std: "docker" "inspect" "d84797a969bc2a8382779c278e0c1e54c3601adb969d9d9860a6cf2a5ff7eeec", kill_on_drop: false }`
[INFO] running `Command { std: "docker" "rm" "-f" "d84797a969bc2a8382779c278e0c1e54c3601adb969d9d9860a6cf2a5ff7eeec", kill_on_drop: false }`
[INFO] [stdout] d84797a969bc2a8382779c278e0c1e54c3601adb969d9d9860a6cf2a5ff7eeec
