[INFO] fetching crate project_ares_test 0.10.0...
[INFO] testing project_ares_test-0.10.0 against beta-2024-12-08 for beta-1.84.0-4-retry
[INFO] extracting crate project_ares_test 0.10.0 into /workspace/builds/worker-3-tc2/source
[INFO] validating manifest of crates.io crate project_ares_test 0.10.0 on toolchain beta-2024-12-08
[INFO] running `Command { std: CARGO_HOME="/workspace/cargo-home" RUSTUP_HOME="/workspace/rustup-home" "/workspace/cargo-home/bin/cargo" "+beta-2024-12-08" "metadata" "--manifest-path" "Cargo.toml" "--no-deps", kill_on_drop: false }`
[INFO] started tweaking crates.io crate project_ares_test 0.10.0
[INFO] finished tweaking crates.io crate project_ares_test 0.10.0
[INFO] tweaked toml for crates.io crate project_ares_test 0.10.0 written to /workspace/builds/worker-3-tc2/source/Cargo.toml
[INFO] crate crates.io crate project_ares_test 0.10.0 already has a lockfile, it will not be regenerated
[INFO] running `Command { std: CARGO_HOME="/workspace/cargo-home" RUSTUP_HOME="/workspace/rustup-home" "/workspace/cargo-home/bin/cargo" "+beta-2024-12-08" "fetch" "--manifest-path" "Cargo.toml", kill_on_drop: false }`
[INFO] [stderr]     Blocking waiting for file lock on package cache
[INFO] running `Command { std: "docker" "create" "-v" "/var/lib/crater-agent-workspace/builds/worker-3-tc2/target:/opt/rustwide/target:rw,Z" "-v" "/var/lib/crater-agent-workspace/builds/worker-3-tc2/source:/opt/rustwide/workdir:ro,Z" "-v" "/var/lib/crater-agent-workspace/cargo-home:/opt/rustwide/cargo-home:ro,Z" "-v" "/var/lib/crater-agent-workspace/rustup-home:/opt/rustwide/rustup-home:ro,Z" "-e" "SOURCE_DIR=/opt/rustwide/workdir" "-e" "CARGO_TARGET_DIR=/opt/rustwide/target" "-e" "CARGO_HOME=/opt/rustwide/cargo-home" "-e" "RUSTUP_HOME=/opt/rustwide/rustup-home" "-w" "/opt/rustwide/workdir" "-m" "1610612736" "--user" "0:0" "--network" "none" "ghcr.io/rust-lang/crates-build-env/linux@sha256:f3a9d4ad9d972b27faf3965f35b62e55ba32bbce8f20bc8fe909558a86702fde" "/opt/rustwide/cargo-home/bin/cargo" "+beta-2024-12-08" "metadata" "--no-deps" "--format-version=1", kill_on_drop: false }`
[INFO] [stdout] 6f7b5b062411e5264d50368f6cbd9c568f302af63e1f74d19245bc80a2a55e1c
[INFO] running `Command { std: "docker" "start" "-a" "6f7b5b062411e5264d50368f6cbd9c568f302af63e1f74d19245bc80a2a55e1c", kill_on_drop: false }`
[INFO] running `Command { std: "docker" "inspect" "6f7b5b062411e5264d50368f6cbd9c568f302af63e1f74d19245bc80a2a55e1c", kill_on_drop: false }`
[INFO] running `Command { std: "docker" "rm" "-f" "6f7b5b062411e5264d50368f6cbd9c568f302af63e1f74d19245bc80a2a55e1c", kill_on_drop: false }`
[INFO] [stdout] 6f7b5b062411e5264d50368f6cbd9c568f302af63e1f74d19245bc80a2a55e1c
[INFO] running `Command { std: "docker" "create" "-v" "/var/lib/crater-agent-workspace/builds/worker-3-tc2/target:/opt/rustwide/target:rw,Z" "-v" "/var/lib/crater-agent-workspace/builds/worker-3-tc2/source:/opt/rustwide/workdir:ro,Z" "-v" "/var/lib/crater-agent-workspace/cargo-home:/opt/rustwide/cargo-home:ro,Z" "-v" "/var/lib/crater-agent-workspace/rustup-home:/opt/rustwide/rustup-home:ro,Z" "-e" "SOURCE_DIR=/opt/rustwide/workdir" "-e" "CARGO_TARGET_DIR=/opt/rustwide/target" "-e" "CARGO_INCREMENTAL=0" "-e" "RUST_BACKTRACE=full" "-e" "RUSTFLAGS=--cap-lints=warn" "-e" "RUSTDOCFLAGS=--cap-lints=warn" "-e" "CARGO_HOME=/opt/rustwide/cargo-home" "-e" "RUSTUP_HOME=/opt/rustwide/rustup-home" "-w" "/opt/rustwide/workdir" "-m" "1610612736" "--user" "0:0" "--network" "none" "ghcr.io/rust-lang/crates-build-env/linux@sha256:f3a9d4ad9d972b27faf3965f35b62e55ba32bbce8f20bc8fe909558a86702fde" "/opt/rustwide/cargo-home/bin/cargo" "+beta-2024-12-08" "build" "--frozen" "--message-format=json", kill_on_drop: false }`
[INFO] [stdout] 553e9a83ac2c7bba271c6c18516d812a885f2af7e9bb304d053c9436b415b44b
[INFO] running `Command { std: "docker" "start" "-a" "553e9a83ac2c7bba271c6c18516d812a885f2af7e9bb304d053c9436b415b44b", kill_on_drop: false }`
[INFO] [stderr]    Compiling autocfg v1.1.0
[INFO] [stderr]    Compiling proc-macro2 v1.0.47
[INFO] [stderr]    Compiling unicode-ident v1.0.2
[INFO] [stderr]    Compiling quote v1.0.20
[INFO] [stderr]    Compiling libc v0.2.137
[INFO] [stderr]    Compiling syn v1.0.105
[INFO] [stderr]    Compiling cfg-if v1.0.0
[INFO] [stderr]    Compiling memchr v2.5.0
[INFO] [stderr]    Compiling once_cell v1.17.0
[INFO] [stderr]    Compiling scopeguard v1.1.0
[INFO] [stderr]    Compiling crossbeam-utils v0.8.11
[INFO] [stderr]    Compiling version_check v0.9.4
[INFO] [stderr]    Compiling regex-syntax v0.6.27
[INFO] [stderr]    Compiling serde_derive v1.0.140
[INFO] [stderr]    Compiling log v0.4.17
[INFO] [stderr]    Compiling serde v1.0.140
[INFO] [stderr]    Compiling io-lifetimes v1.0.1
[INFO] [stderr]    Compiling bitflags v1.3.2
[INFO] [stderr]    Compiling signal-hook v0.3.14
[INFO] [stderr]    Compiling thiserror v1.0.37
[INFO] [stderr]    Compiling rustix v0.36.5
[INFO] [stderr]    Compiling proc-macro-error-attr v1.0.4
[INFO] [stderr]    Compiling parking_lot_core v0.9.3
[INFO] [stderr]    Compiling proc-macro-error v1.0.4
[INFO] [stderr]    Compiling memoffset v0.6.5
[INFO] [stderr]    Compiling num-traits v0.2.15
[INFO] [stderr]    Compiling crossbeam-epoch v0.9.10
[INFO] [stderr]    Compiling lock_api v0.4.7
[INFO] [stderr]    Compiling num-integer v0.1.45
[INFO] [stderr]    Compiling linux-raw-sys v0.1.3
[INFO] [stderr]    Compiling smallvec v1.9.0
[INFO] [stderr]    Compiling heck v0.4.0
[INFO] [stderr]    Compiling serde_json v1.0.82
[INFO] [stderr]    Compiling bit-vec v0.6.3
[INFO] [stderr]    Compiling rustversion v1.0.8
[INFO] [stderr]    Compiling crossbeam-channel v0.5.6
[INFO] [stderr]    Compiling bit-set v0.5.3
[INFO] [stderr]    Compiling num-bigint v0.4.3
[INFO] [stderr]    Compiling itoa v1.0.2
[INFO] [stderr]    Compiling rayon-core v1.10.1
[INFO] [stderr]    Compiling ryu v1.0.10
[INFO] [stderr]    Compiling num-iter v0.1.43
[INFO] [stderr]    Compiling num-rational v0.4.1
[INFO] [stderr]    Compiling crossbeam-queue v0.3.6
[INFO] [stderr]    Compiling termcolor v1.1.3
[INFO] [stderr]    Compiling aho-corasick v0.7.18
[INFO] [stderr]    Compiling crossbeam-deque v0.8.2
[INFO] [stderr]    Compiling os_str_bytes v6.2.0
[INFO] [stderr]    Compiling strsim v0.10.0
[INFO] [stderr]    Compiling unicode-width v0.1.9
[INFO] [stderr]    Compiling either v1.7.0
[INFO] [stderr]    Compiling strum v0.24.1
[INFO] [stderr]    Compiling include_dir_macros v0.7.2
[INFO] [stderr]    Compiling fnv v1.0.7
[INFO] [stderr]    Compiling clap_lex v0.3.0
[INFO] [stderr]    Compiling lazy_static v1.4.0
[INFO] [stderr]    Compiling humantime v2.1.0
[INFO] [stderr]    Compiling crossbeam v0.8.2
[INFO] [stderr]    Compiling text_io v0.1.12
[INFO] [stderr]    Compiling base64 v0.20.0
[INFO] [stderr]    Compiling data-encoding v2.3.3
[INFO] [stderr]    Compiling base91 v0.1.0
[INFO] [stderr]    Compiling base65536 v1.0.1
[INFO] [stderr]    Compiling signal-hook-registry v1.4.0
[INFO] [stderr]    Compiling mio v0.8.4
[INFO] [stderr]    Compiling num_cpus v1.13.1
[INFO] [stderr]    Compiling parking_lot v0.12.1
[INFO] [stderr]    Compiling num-complex v0.4.2
[INFO] [stderr]    Compiling signal-hook-mio v0.2.3
[INFO] [stderr]    Compiling crossterm v0.23.2
[INFO] [stderr]    Compiling include_dir v0.7.3
[INFO] [stderr]    Compiling regex v1.7.1
[INFO] [stderr]    Compiling bs58 v0.4.0
[INFO] [stderr]    Compiling ansi_term v0.12.1
[INFO] [stderr]    Compiling rayon v1.6.1
[INFO] [stderr]    Compiling fancy-regex v0.10.0
[INFO] [stderr]    Compiling is-terminal v0.4.2
[INFO] [stderr]    Compiling env_logger v0.10.0
[INFO] [stderr]    Compiling num v0.4.0
[INFO] [stderr]    Compiling thiserror-impl v1.0.37
[INFO] [stderr]    Compiling strum_macros v0.24.2
[INFO] [stderr]    Compiling clap_derive v4.1.0
[INFO] [stderr]    Compiling lazy-regex-proc_macros v2.4.0
[INFO] [stderr]    Compiling lazy-regex v2.4.1
[INFO] [stderr]    Compiling comfy-table v6.0.0
[INFO] [stderr]    Compiling clap v4.1.1
[INFO] [stderr]    Compiling uneval v0.2.4
[INFO] [stderr]    Compiling lemmeknow v0.7.0
[INFO] [stderr]    Compiling project_ares_test v0.10.0 (/opt/rustwide/workdir)
[INFO] [stdout] warning: unused doc comment
[INFO] [stdout]   --> src/checkers/english.rs:20:13
[INFO] [stdout]    |
[INFO] [stdout] 20 |             /// English is the most popular language
[INFO] [stdout]    |             ^^^^^^^^^^^^^^^^^^^^^^^^^^^^^^^^^^^^^^^^
[INFO] [stdout] 21 |             popularity: 1.0,
[INFO] [stdout]    |             --------------- rustdoc does not generate documentation for expression fields
[INFO] [stdout]    |
[INFO] [stdout]    = help: use `//` for a plain comment
[INFO] [stdout]    = note: `#[warn(unused_doc_comments)]` on by default
[INFO] [stdout] 
[INFO] [stdout] 
[INFO] [stdout] warning: fields `encoded_text`, `verbose`, `checker`, and `lemmeknow_config` are never read
[INFO] [stdout]   --> src/api_library_input_struct.rs:13:9
[INFO] [stdout]    |
[INFO] [stdout] 10 | pub struct LibraryInput<Type> {
[INFO] [stdout]    |            ------------ fields in this struct
[INFO] [stdout] ...
[INFO] [stdout] 13 |     pub encoded_text: String,
[INFO] [stdout]    |         ^^^^^^^^^^^^
[INFO] [stdout] ...
[INFO] [stdout] 16 |     pub verbose: i32,
[INFO] [stdout]    |         ^^^^^^^
[INFO] [stdout] 17 |     /// The checker to use
[INFO] [stdout] 18 |     pub checker: Checker<Type>,
[INFO] [stdout]    |         ^^^^^^^
[INFO] [stdout] 19 |     /// The lemmeknow config to use
[INFO] [stdout] 20 |     pub lemmeknow_config: Identifier,
[INFO] [stdout]    |         ^^^^^^^^^^^^^^^^
[INFO] [stdout]    |
[INFO] [stdout]    = note: `#[warn(dead_code)]` on by default
[INFO] [stdout] 
[INFO] [stdout] 
[INFO] [stderr]     Finished `dev` profile [unoptimized + debuginfo] target(s) in 27.62s
[INFO] running `Command { std: "docker" "inspect" "553e9a83ac2c7bba271c6c18516d812a885f2af7e9bb304d053c9436b415b44b", kill_on_drop: false }`
[INFO] running `Command { std: "docker" "rm" "-f" "553e9a83ac2c7bba271c6c18516d812a885f2af7e9bb304d053c9436b415b44b", kill_on_drop: false }`
[INFO] [stdout] 553e9a83ac2c7bba271c6c18516d812a885f2af7e9bb304d053c9436b415b44b
[INFO] running `Command { std: "docker" "create" "-v" "/var/lib/crater-agent-workspace/builds/worker-3-tc2/target:/opt/rustwide/target:rw,Z" "-v" "/var/lib/crater-agent-workspace/builds/worker-3-tc2/source:/opt/rustwide/workdir:ro,Z" "-v" "/var/lib/crater-agent-workspace/cargo-home:/opt/rustwide/cargo-home:ro,Z" "-v" "/var/lib/crater-agent-workspace/rustup-home:/opt/rustwide/rustup-home:ro,Z" "-e" "SOURCE_DIR=/opt/rustwide/workdir" "-e" "CARGO_TARGET_DIR=/opt/rustwide/target" "-e" "CARGO_INCREMENTAL=0" "-e" "RUST_BACKTRACE=full" "-e" "RUSTFLAGS=--cap-lints=warn" "-e" "RUSTDOCFLAGS=--cap-lints=warn" "-e" "CARGO_HOME=/opt/rustwide/cargo-home" "-e" "RUSTUP_HOME=/opt/rustwide/rustup-home" "-w" "/opt/rustwide/workdir" "-m" "1610612736" "--user" "0:0" "--network" "none" "ghcr.io/rust-lang/crates-build-env/linux@sha256:f3a9d4ad9d972b27faf3965f35b62e55ba32bbce8f20bc8fe909558a86702fde" "/opt/rustwide/cargo-home/bin/cargo" "+beta-2024-12-08" "test" "--frozen" "--no-run" "--message-format=json", kill_on_drop: false }`
[INFO] [stdout] 35fe93e64a94cf4817ea39c42c015a589ce31bda7a750d5fa1bab5280a61f09e
[INFO] running `Command { std: "docker" "start" "-a" "35fe93e64a94cf4817ea39c42c015a589ce31bda7a750d5fa1bab5280a61f09e", kill_on_drop: false }`
[INFO] [stderr]    Compiling num-traits v0.2.15
[INFO] [stderr]    Compiling serde v1.0.140
[INFO] [stderr]    Compiling indexmap v1.9.1
[INFO] [stderr]    Compiling plotters-backend v0.3.4
[INFO] [stderr]    Compiling ciborium-io v0.2.0
[INFO] [stderr]    Compiling hashbrown v0.12.3
[INFO] [stderr]    Compiling half v1.8.2
[INFO] [stderr]    Compiling itertools v0.10.3
[INFO] [stderr]    Compiling clap_lex v0.2.4
[INFO] [stderr]    Compiling textwrap v0.16.0
[INFO] [stderr]    Compiling same-file v1.0.6
[INFO] [stderr]    Compiling cast v0.3.0
[INFO] [stderr]    Compiling atty v0.2.14
[INFO] [stderr]    Compiling anes v0.1.6
[INFO] [stderr]    Compiling oorandom v11.1.3
[INFO] [stderr]    Compiling walkdir v2.3.2
[INFO] [stderr]    Compiling plotters-svg v0.3.2
[INFO] [stderr]    Compiling ciborium-ll v0.2.0
[INFO] [stderr]    Compiling clap v3.2.23
[INFO] [stderr]    Compiling num-integer v0.1.45
[INFO] [stderr]    Compiling num-complex v0.4.2
[INFO] [stderr]    Compiling plotters v0.3.2
[INFO] [stderr]    Compiling criterion-plot v0.5.0
[INFO] [stderr]    Compiling num-bigint v0.4.3
[INFO] [stderr]    Compiling num-iter v0.1.43
[INFO] [stderr]    Compiling num-rational v0.4.1
[INFO] [stderr]    Compiling serde_json v1.0.82
[INFO] [stderr]    Compiling uneval v0.2.4
[INFO] [stderr]    Compiling num v0.4.0
[INFO] [stderr]    Compiling ciborium v0.2.0
[INFO] [stderr]    Compiling lemmeknow v0.7.0
[INFO] [stderr]    Compiling tinytemplate v1.2.1
[INFO] [stderr]    Compiling criterion v0.4.0
[INFO] [stderr]    Compiling project_ares_test v0.10.0 (/opt/rustwide/workdir)
[INFO] [stdout] warning: unused doc comment
[INFO] [stdout]   --> src/checkers/english.rs:20:13
[INFO] [stdout]    |
[INFO] [stdout] 20 |             /// English is the most popular language
[INFO] [stdout]    |             ^^^^^^^^^^^^^^^^^^^^^^^^^^^^^^^^^^^^^^^^
[INFO] [stdout] 21 |             popularity: 1.0,
[INFO] [stdout]    |             --------------- rustdoc does not generate documentation for expression fields
[INFO] [stdout]    |
[INFO] [stdout]    = help: use `//` for a plain comment
[INFO] [stdout]    = note: `#[warn(unused_doc_comments)]` on by default
[INFO] [stdout] 
[INFO] [stdout] 
[INFO] [stdout] warning: fields `encoded_text`, `verbose`, `checker`, and `lemmeknow_config` are never read
[INFO] [stdout]   --> src/api_library_input_struct.rs:13:9
[INFO] [stdout]    |
[INFO] [stdout] 10 | pub struct LibraryInput<Type> {
[INFO] [stdout]    |            ------------ fields in this struct
[INFO] [stdout] ...
[INFO] [stdout] 13 |     pub encoded_text: String,
[INFO] [stdout]    |         ^^^^^^^^^^^^
[INFO] [stdout] ...
[INFO] [stdout] 16 |     pub verbose: i32,
[INFO] [stdout]    |         ^^^^^^^
[INFO] [stdout] 17 |     /// The checker to use
[INFO] [stdout] 18 |     pub checker: Checker<Type>,
[INFO] [stdout]    |         ^^^^^^^
[INFO] [stdout] 19 |     /// The lemmeknow config to use
[INFO] [stdout] 20 |     pub lemmeknow_config: Identifier,
[INFO] [stdout]    |         ^^^^^^^^^^^^^^^^
[INFO] [stdout]    |
[INFO] [stdout]    = note: `#[warn(dead_code)]` on by default
[INFO] [stdout] 
[INFO] [stdout] 
[INFO] [stdout] warning: unused doc comment
[INFO] [stdout]   --> src/checkers/english.rs:20:13
[INFO] [stdout]    |
[INFO] [stdout] 20 |             /// English is the most popular language
[INFO] [stdout]    |             ^^^^^^^^^^^^^^^^^^^^^^^^^^^^^^^^^^^^^^^^
[INFO] [stdout] 21 |             popularity: 1.0,
[INFO] [stdout]    |             --------------- rustdoc does not generate documentation for expression fields
[INFO] [stdout]    |
[INFO] [stdout]    = help: use `//` for a plain comment
[INFO] [stdout]    = note: `#[warn(unused_doc_comments)]` on by default
[INFO] [stdout] 
[INFO] [stdout] 
[INFO] [stdout] warning: fields `encoded_text`, `verbose`, `checker`, and `lemmeknow_config` are never read
[INFO] [stdout]   --> src/api_library_input_struct.rs:13:9
[INFO] [stdout]    |
[INFO] [stdout] 10 | pub struct LibraryInput<Type> {
[INFO] [stdout]    |            ------------ fields in this struct
[INFO] [stdout] ...
[INFO] [stdout] 13 |     pub encoded_text: String,
[INFO] [stdout]    |         ^^^^^^^^^^^^
[INFO] [stdout] ...
[INFO] [stdout] 16 |     pub verbose: i32,
[INFO] [stdout]    |         ^^^^^^^
[INFO] [stdout] 17 |     /// The checker to use
[INFO] [stdout] 18 |     pub checker: Checker<Type>,
[INFO] [stdout]    |         ^^^^^^^
[INFO] [stdout] 19 |     /// The lemmeknow config to use
[INFO] [stdout] 20 |     pub lemmeknow_config: Identifier,
[INFO] [stdout]    |         ^^^^^^^^^^^^^^^^
[INFO] [stdout]    |
[INFO] [stdout]    = note: `#[warn(dead_code)]` on by default
[INFO] [stdout] 
[INFO] [stdout] 
[INFO] [stderr]     Finished `test` profile [unoptimized + debuginfo] target(s) in 15.47s
[INFO] running `Command { std: "docker" "inspect" "35fe93e64a94cf4817ea39c42c015a589ce31bda7a750d5fa1bab5280a61f09e", kill_on_drop: false }`
[INFO] running `Command { std: "docker" "rm" "-f" "35fe93e64a94cf4817ea39c42c015a589ce31bda7a750d5fa1bab5280a61f09e", kill_on_drop: false }`
[INFO] [stdout] 35fe93e64a94cf4817ea39c42c015a589ce31bda7a750d5fa1bab5280a61f09e
[INFO] running `Command { std: "docker" "create" "-v" "/var/lib/crater-agent-workspace/builds/worker-3-tc2/target:/opt/rustwide/target:rw,Z" "-v" "/var/lib/crater-agent-workspace/builds/worker-3-tc2/source:/opt/rustwide/workdir:ro,Z" "-v" "/var/lib/crater-agent-workspace/cargo-home:/opt/rustwide/cargo-home:ro,Z" "-v" "/var/lib/crater-agent-workspace/rustup-home:/opt/rustwide/rustup-home:ro,Z" "-e" "SOURCE_DIR=/opt/rustwide/workdir" "-e" "CARGO_TARGET_DIR=/opt/rustwide/target" "-e" "CARGO_INCREMENTAL=0" "-e" "RUST_BACKTRACE=full" "-e" "RUSTFLAGS=--cap-lints=warn" "-e" "RUSTDOCFLAGS=--cap-lints=warn" "-e" "CARGO_HOME=/opt/rustwide/cargo-home" "-e" "RUSTUP_HOME=/opt/rustwide/rustup-home" "-w" "/opt/rustwide/workdir" "-m" "1610612736" "--user" "0:0" "--network" "none" "ghcr.io/rust-lang/crates-build-env/linux@sha256:f3a9d4ad9d972b27faf3965f35b62e55ba32bbce8f20bc8fe909558a86702fde" "/opt/rustwide/cargo-home/bin/cargo" "+beta-2024-12-08" "test" "--frozen", kill_on_drop: false }`
[INFO] [stdout] 930477dba0bc29774fcfc6908dd317f16076b31bb3a9a5ed653e194b61f9c145
[INFO] running `Command { std: "docker" "start" "-a" "930477dba0bc29774fcfc6908dd317f16076b31bb3a9a5ed653e194b61f9c145", kill_on_drop: false }`
[INFO] [stderr] warning: unused doc comment
[INFO] [stderr]   --> src/checkers/english.rs:20:13
[INFO] [stderr]    |
[INFO] [stderr] 20 |             /// English is the most popular language
[INFO] [stderr]    |             ^^^^^^^^^^^^^^^^^^^^^^^^^^^^^^^^^^^^^^^^
[INFO] [stderr] 21 |             popularity: 1.0,
[INFO] [stderr]    |             --------------- rustdoc does not generate documentation for expression fields
[INFO] [stderr]    |
[INFO] [stderr]    = help: use `//` for a plain comment
[INFO] [stderr]    = note: `#[warn(unused_doc_comments)]` on by default
[INFO] [stderr] 
[INFO] [stderr] warning: fields `encoded_text`, `verbose`, `checker`, and `lemmeknow_config` are never read
[INFO] [stderr]   --> src/api_library_input_struct.rs:13:9
[INFO] [stderr]    |
[INFO] [stderr] 10 | pub struct LibraryInput<Type> {
[INFO] [stderr]    |            ------------ fields in this struct
[INFO] [stderr] ...
[INFO] [stderr] 13 |     pub encoded_text: String,
[INFO] [stderr]    |         ^^^^^^^^^^^^
[INFO] [stderr] ...
[INFO] [stderr] 16 |     pub verbose: i32,
[INFO] [stderr]    |         ^^^^^^^
[INFO] [stderr] 17 |     /// The checker to use
[INFO] [stderr] 18 |     pub checker: Checker<Type>,
[INFO] [stderr]    |         ^^^^^^^
[INFO] [stderr] 19 |     /// The lemmeknow config to use
[INFO] [stderr] 20 |     pub lemmeknow_config: Identifier,
[INFO] [stderr]    |         ^^^^^^^^^^^^^^^^
[INFO] [stderr]    |
[INFO] [stderr]    = note: `#[warn(dead_code)]` on by default
[INFO] [stderr] 
[INFO] [stderr] warning: `project_ares_test` (lib) generated 2 warnings
[INFO] [stderr] warning: `project_ares_test` (lib test) generated 2 warnings (2 duplicates)
[INFO] [stderr]     Finished `test` profile [unoptimized + debuginfo] target(s) in 0.10s
[INFO] [stderr]      Running unittests src/lib.rs (/opt/rustwide/target/debug/deps/ares-3cf69266b6c21d1a)
[INFO] [stdout] 
[INFO] [stdout] running 137 tests
[INFO] [stdout] test checkers::default_checker::tests::default_checker_works ... ok
[INFO] [stdout] test checkers::english::tests::test_check_fail_single_puncuation_char ... ok
[INFO] [stdout] test checkers::english::tests::test_check_normalise_string_works_with_messy_puncuation ... ok
[INFO] [stdout] test checkers::english::tests::test_check_normalise_string_works_with_lowercasing ... ok
[INFO] [stdout] test checkers::english::tests::test_check_normalise_string_works_with_puncuation ... ok
[INFO] [stdout] test decoders::atbash_decoder::tests::atbash_decode_empty_string ... ok
[INFO] [stdout] test decoders::atbash_decoder::tests::atbash_decode_handles_panics ... ok
[INFO] [stdout] test decoders::atbash_decoder::tests::atbash_handle_panic_if_emoji ... ok
[INFO] [stdout] test decoders::atbash_decoder::tests::atbash_handle_panic_if_empty_string ... ok
[INFO] [stdout] test decoders::base32_decoder::tests::base32_decode_empty_string ... ok
[INFO] [stdout] test decoders::base32_decoder::tests::base32_handle_panic_if_empty_string ... ok
[INFO] [stdout] test decoders::base32_decoder::tests::base32_decode_handles_panics ... ok
[INFO] [stdout] test decoders::base32_decoder::tests::base32_work_if_string_not_base32 ... ok
[INFO] [stdout] test decoders::base32_decoder::tests::base32_handle_panic_if_emoji ... ok
[INFO] [stdout] test decoders::base58_bitcoin_decoder::tests::base58_bitcoin_decode_handles_panics ... ok
[INFO] [stdout] test decoders::base58_bitcoin_decoder::tests::base58_bitcoin_handle_panic_if_emoji ... ok
[INFO] [stdout] test decoders::base58_bitcoin_decoder::tests::base58_bitcoin_handle_panic_if_empty_string ... ok
[INFO] [stdout] test decoders::base58_bitcoin_decoder::tests::base58_bitcoin_decode_empty_string ... ok
[INFO] [stdout] test decoders::base58_bitcoin_decoder::tests::base58_bitcoin_work_if_string_not_base58_bitcoin ... ok
[INFO] [stdout] test decoders::base58_flickr_decoder::tests::base58_flickr_decode_empty_string ... ok
[INFO] [stdout] test decoders::base58_flickr_decoder::tests::base58_flickr_decode_handles_panics ... ok
[INFO] [stdout] test decoders::base58_flickr_decoder::tests::base58_flickr_handle_panic_if_emoji ... ok
[INFO] [stdout] test decoders::base58_flickr_decoder::tests::base58_flickr_handle_panic_if_empty_string ... ok
[INFO] [stdout] test decoders::base58_flickr_decoder::tests::base58_flickr_work_if_string_not_base58_flickr ... ok
[INFO] [stdout] test checkers::tests::test_check_ip_address ... ok
[INFO] [stdout] test decoders::base58_monero_decoder::tests::base58_monero_decode_empty_string ... ok
[INFO] [stdout] test decoders::base58_monero_decoder::tests::base58_monero_decode_handles_panics ... ok
[INFO] [stdout] test decoders::base58_monero_decoder::tests::base58_monero_handle_panic_if_emoji ... ok
[INFO] [stdout] test decoders::base58_monero_decoder::tests::base58_monero_handle_panic_if_empty_string ... ok
[INFO] [stdout] test decoders::base58_monero_decoder::tests::base58_monero_work_if_string_not_base58_monero ... ok
[INFO] [stdout] test checkers::tests::test_check_goes_to_dictionary ... ok
[INFO] [stdout] test decoders::base58_monero_decoder::tests::successful_decoding ... ok
[INFO] [stdout] test decoders::base58_bitcoin_decoder::tests::successful_decoding ... ok
[INFO] [stdout] test checkers::english::tests::test_check_basic2 ... ok
[INFO] [stdout] test checkers::english::tests::test_check_multiple_words2 ... ok
[INFO] [stdout] test decoders::atbash_decoder::tests::test_atbash ... ok
[INFO] [stdout] test decoders::base32_decoder::tests::successful_decoding ... ok
[INFO] [stdout] test checkers::english::tests::test_checker_works_with_puncuation_and_lowercase ... ok
[INFO] [stdout] test decoders::base58_flickr_decoder::tests::successful_decoding ... ok
[INFO] [stdout] test checkers::english::tests::test_checker_fails_doesnt_hit_40_percent ... ok
[INFO] [stdout] test decoders::atbash_decoder::tests::test_atbash_capitalization ... ok
[INFO] [stdout] test decoders::atbash_decoder::tests::test_atbash_non_alphabetic_characters ... ok
[INFO] [stdout] test decoders::base58_ripple_decoder::tests::base58_ripple_work_if_string_not_base58_ripple ... ok
[INFO] [stdout] test decoders::base58_ripple_decoder::tests::base58_ripple_decode_empty_string ... ok
[INFO] [stdout] test decoders::base58_ripple_decoder::tests::base58_ripple_decode_handles_panics ... ok
[INFO] [stdout] test decoders::base58_ripple_decoder::tests::base58_ripple_handle_panic_if_emoji ... ok
[INFO] [stdout] test decoders::base58_ripple_decoder::tests::base58_ripple_handle_panic_if_empty_string ... ok
[INFO] [stdout] test decoders::base58_ripple_decoder::tests::successful_decoding ... ok
[INFO] [stdout] test decoders::atbash_decoder::tests::atbash_work_if_string_not_atbash ... ok
[INFO] [stdout] test decoders::base64_decoder::tests::successful_decoding ... ok
[INFO] [stdout] test decoders::base64_decoder::tests::base64_work_if_string_not_base64 ... ok
[INFO] [stdout] test decoders::base64_url_decoder::tests::base64_url_handles_panic_if_empty_string ... ok
[INFO] [stdout] test decoders::base64_url_decoder::tests::base64_url_handles_panics ... ok
[INFO] [stdout] test checkers::english::tests::test_check_non_dictionary_word ... ok
[INFO] [stdout] test checkers::english::tests::test_check_multiple_words ... ok
[INFO] [stdout] test checkers::english::tests::test_check_basic ... ok
[INFO] [stdout] test decoders::base64_decoder::tests::base64_handle_panic_if_emoji ... ok
[INFO] [stdout] test decoders::base64_decoder::tests::base64_decode_handles_panics ... ok
[INFO] [stdout] test decoders::base64_url_decoder::tests::base64_url_handles_regular_base64_with_plus_signs ... ok
[INFO] [stdout] test decoders::base64_decoder::tests::base64_handle_panic_if_empty_string ... ok
[INFO] [stdout] test decoders::base64_url_decoder::tests::base64_url_decodes_regular_base64_successfully ... ok
[INFO] [stdout] test decoders::base64_url_decoder::tests::base64_url_handles_regular_base64_with_slashes ... ok
[INFO] [stdout] test decoders::base64_url_decoder::tests::base64_url_handles_panic_if_emoji ... ok
[INFO] [stdout] test decoders::base65536_decoder::tests::base65536_decodes_successfully ... ok
[INFO] [stdout] test decoders::base65536_decoder::tests::base65536_handles_panics ... ok
[INFO] [stdout] test decoders::base91_decoder::tests::base91_decode_empty_string ... ok
[INFO] [stdout] test decoders::base64_decoder::tests::base64_decode_empty_string ... ok
[INFO] [stdout] test decoders::base65536_decoder::tests::base65536_handles_panic_if_empty_string ... ok
[INFO] [stdout] test decoders::base91_decoder::tests::base91_decode_handles_panics ... ok
[INFO] [stdout] test decoders::base91_decoder::tests::base91_handle_panic_if_emoji ... ok
[INFO] [stdout] test decoders::base91_decoder::tests::base91_handle_panic_if_empty_string ... ok
[INFO] [stdout] test decoders::base91_decoder::tests::successful_decoding ... ok
[INFO] [stdout] test decoders::binary_decoder::tests::binary_handles_panic_if_emoji ... ok
[INFO] [stdout] test decoders::binary_decoder::tests::binary_handles_panic_if_empty_string ... ok
[INFO] [stdout] test decoders::binary_decoder::tests::binary_handles_panics ... ok
[INFO] [stdout] test decoders::caesar_decoder::tests::caesar_decode_empty_string ... ok
[INFO] [stdout] test decoders::caesar_decoder::tests::caesar_decode_fails ... ok
[INFO] [stdout] test decoders::caesar_decoder::tests::caesar_rot_13 ... ok
[INFO] [stdout] test decoders::caesar_decoder::tests::caesar_unicode ... ok
[INFO] [stdout] test decoders::caesar_decoder::tests::empty ... ok
[INFO] [stdout] test decoders::base65536_decoder::tests::base65536_handles_panic_if_emoji ... ok
[INFO] [stdout] test decoders::citrix_ctx1_decoder::tests::citrix_ctx1_handles_length_not_divisible_by_4 ... ok
[INFO] [stdout] test decoders::citrix_ctx1_decoder::tests::citrix_ctx1_decodes_successfully ... ok
[INFO] [stdout] test decoders::hexadecimal_decoder::tests::hexadecimal_handles_panic_if_emoji ... ok
[INFO] [stdout] test decoders::base91_decoder::tests::base91_work_if_string_not_base91 ... ok
[INFO] [stdout] test decoders::citrix_ctx1_decoder::tests::citrix_ctx1_decodes_lowercase_successfully ... ok
[INFO] [stdout] test decoders::citrix_ctx1_decoder::tests::citrix_ctx1_handles_substraction_overflow ... ok
[INFO] [stdout] test decoders::citrix_ctx1_decoder::tests::citrix_ctx1_handle_panic_if_empty_string ... ok
[INFO] [stdout] test decoders::binary_decoder::tests::binary_bit_7_decodes_successfully ... ok
[INFO] [stdout] test decoders::citrix_ctx1_decoder::tests::citrix_ctx1_decode_handles_panics ... ok
[INFO] [stdout] test decoders::hexadecimal_decoder::tests::hexadecimal_handles_panic_if_empty_string ... ok
[INFO] [stdout] test decoders::citrix_ctx1_decoder::tests::citrix_ctx1_decodes_emoji_successfully ... ok
[INFO] [stdout] test decoders::morse_code::tests::test_morse_code_backslash ... ignored
[INFO] [stdout] test decoders::hexadecimal_decoder::tests::hexadecimal_with_0x_delimiters_decodes_successfully ... ok
[INFO] [stdout] test decoders::hexadecimal_decoder::tests::hexadecimal_handles_panics ... ok
[INFO] [stdout] test decoders::morse_code::tests::test_morse_code_colon ... ignored
[INFO] [stdout] test decoders::morse_code::tests::test_morse_code_comma ... ignored
[INFO] [stdout] test decoders::morse_code::tests::test_morse_code_line_feed ... ignored
[INFO] [stdout] test decoders::hexadecimal_decoder::tests::hexadecimal_with_0x_and_comma_delimiters_decodes_successfully ... ok
[INFO] [stdout] test decoders::binary_decoder::tests::binary_bit_15_with_a_lot_of_delimiters_decodes_successfully ... ok
[INFO] [stdout] test decoders::reverse_decoder::tests::returns_nothing ... ok
[INFO] [stdout] test decoders::base64_url_decoder::tests::base64_url_decodes_successfully ... ok
[INFO] [stdout] test decoders::hexadecimal_decoder::tests::hexadecimal_with_spaces_decodes_successfully ... ok
[INFO] [stdout] test filtration_system::tests::it_works ... ok
[INFO] [stdout] test decoders::hexadecimal_decoder::tests::hexadecimal_with_no_spaces_decodes_successfully ... ok
[INFO] [stdout] test decoders::hexadecimal_decoder::tests::uppercase_hexadecimal_decodes_successfully ... ok
[INFO] [stdout] test decoders::morse_code::tests::test_morse_code_new_line ... ok
[INFO] [stdout] test decoders::hexadecimal_decoder::tests::hexadecimal_with_delimiters_decodes_successfully ... ok
[INFO] [stdout] test decoders::morse_code::tests::test_morse_code_new_line_with_space ... ok
[INFO] [stdout] test decoders::reverse_decoder::tests::returns_success ... ok
[INFO] [stdout] test decoders::morse_code::tests::test_morse_code ... ok
[INFO] [stdout] test searchers::bfs::tests::string_size_checker_returns_bad_if_string_cant_be_decoded ... ok
[INFO] [stdout] test searchers::bfs::tests::string_size_checker_returns_ok_if_string_can_be_decoded ... ok
[INFO] [stdout] test decoders::morse_code::tests::test_morse_code_carrage_arrage_return_with_space ... ok
[INFO] [stdout] test decoders::caesar_decoder::tests::successful_decoding_longer_text_with_puncuation ... ok
[INFO] [stdout] test decoders::binary_decoder::tests::binary_bit_8_decodes_successfully ... ok
[INFO] [stdout] test decoders::morse_code::tests::test_morse_code_both_new_line_and_carrage_return ... ok
[INFO] [stdout] test decoders::caesar_decoder::tests::successful_decoding_longer_text ... ok
[INFO] [stdout] test decoders::binary_decoder::tests::binary_bit_12_with_delimiters_decodes_successfully ... ok
[INFO] [stdout] test searchers::tests::exit_condition_fails ... ok
[INFO] [stdout] test decoders::caesar_decoder::tests::successful_decoding ... ok
[INFO] [stdout] test storage::tests::test_dictionary_loads_words_txt ... ok
[INFO] [stdout] test storage::tests::test_dictionary_loads_words_txt_contains_hello ... ok
[INFO] [stdout] test storage::tests::test_dictionary_does_not_contain_single_letter_words ... ok
[INFO] [stdout] test searchers::tests::exit_condition_succeeds ... ok
[INFO] [stdout] test tests::test_successfully_inputted_plaintext ... ok
[INFO] [stdout] test tests::test_early_exit_if_input_is_plaintext ... ok
[INFO] [stdout] test searchers::tests::perform_decoding_succeeds_empty_string ... ok
[INFO] [stdout] test tests::test_perform_cracking_returns_failure ... ok
[INFO] [stdout] test tests::test_perform_cracking_returns_successful_base64_reverse ... ok
[INFO] [stdout] test tests::test_perform_cracking_returns ... ok
[INFO] [stdout] test searchers::tests::perform_decoding_succeeds ... ok
[INFO] [stdout] test filtration_system::tests::decoders_can_call_dot_run ... ok
[INFO] [stdout] test tests::test_successfully_decode_caesar ... ok
[INFO] [stdout] test searchers::bfs::tests::non_deterministic_like_behaviour_regression_test ... ok
[INFO] [stdout] test searchers::bfs::tests::bfs_succeeds ... ok
[INFO] [stdout] test tests::test_perform_cracking_returns_successful ... ok
[INFO] [stdout] 
[INFO] [stdout] test result: ok. 133 passed; 0 failed; 4 ignored; 0 measured; 0 filtered out; finished in 0.68s
[INFO] [stdout] 
[INFO] [stderr]      Running unittests src/main.rs (/opt/rustwide/target/debug/deps/ares-6bc07001a7fa5d16)
[INFO] [stdout] 
[INFO] [stdout] running 0 tests
[INFO] [stdout] 
[INFO] [stdout] test result: ok. 0 passed; 0 failed; 0 ignored; 0 measured; 0 filtered out; finished in 0.00s
[INFO] [stdout] 
[INFO] [stderr]      Running tests/integration_test.rs (/opt/rustwide/target/debug/deps/integration_test-50413ed02d405f81)
[INFO] [stdout] 
[INFO] [stdout] running 4 tests
[INFO] [stdout] test test_no_panic_if_empty_string ... ok
[INFO] [stdout] test test_it_works ... ok
[INFO] [stdout] test test_program_parses_files_with_new_line_and_cracks ... ok
[INFO] [stdout] test test_program_parses_files_and_cracks ... ok
[INFO] [stdout] 
[INFO] [stdout] test result: ok. 4 passed; 0 failed; 0 ignored; 0 measured; 0 filtered out; finished in 1.21s
[INFO] [stdout] 
[INFO] [stderr]    Doc-tests ares
[INFO] [stdout] 
[INFO] [stdout] running 14 tests
[INFO] [stdout] test src/decoders/base91_decoder.rs - decoders::base91_decoder::Base91Decoder (line 20) ... FAILED
[INFO] [stdout] test src/decoders/base58_bitcoin_decoder.rs - decoders::base58_bitcoin_decoder::Base58BitcoinDecoder (line 20) ... FAILED
[INFO] [stdout] test src/decoders/base32_decoder.rs - decoders::base32_decoder::Base32Decoder (line 21) ... FAILED
[INFO] [stdout] test src/decoders/reverse_decoder.rs - decoders::reverse_decoder::ReverseDecoder (line 14) ... FAILED
[INFO] [stdout] test src/decoders/base58_flickr_decoder.rs - decoders::base58_flickr_decoder::Base58FlickrDecoder (line 20) ... FAILED
[INFO] [stdout] test src/decoders/caesar_decoder.rs - decoders::caesar_decoder::CaesarDecoder (line 20) ... FAILED
[INFO] [stdout] test src/config/mod.rs - config::Config (line 10) ... ok
[INFO] [stdout] test src/decoders/base64_url_decoder.rs - decoders::base64_url_decoder::Base64URLDecoder (line 20) ... ok
[INFO] [stdout] test src/decoders/base65536_decoder.rs - decoders::base65536_decoder::Base65536Decoder (line 20) ... ok
[INFO] [stdout] test src/lib.rs - perform_cracking (line 70) ... ok
[INFO] [stdout] test src/decoders/base64_decoder.rs - decoders::base64_decoder::Base64Decoder (line 20) ... ok
[INFO] [stdout] test src/decoders/base58_monero_decoder.rs - decoders::base58_monero_decoder::Base58MoneroDecoder (line 20) ... ok
[INFO] [stdout] test src/decoders/base58_ripple_decoder.rs - decoders::base58_ripple_decoder::Base58RippleDecoder (line 20) ... ok
[INFO] [stdout] test src/lib.rs - perform_cracking (line 49) ... ok
[INFO] [stdout] 
[INFO] [stdout] failures:
[INFO] [stdout] 
[INFO] [stdout] ---- src/decoders/base91_decoder.rs - decoders::base91_decoder::Base91Decoder (line 20) stdout ----
[INFO] [stdout] error: linking with `cc` failed: exit status: 1
[INFO] [stdout]   |
[INFO] [stdout]   = note: LC_ALL="C" PATH="/opt/rustwide/rustup-home/toolchains/beta-2024-12-08-x86_64-unknown-linux-gnu/lib/rustlib/x86_64-unknown-linux-gnu/bin:/opt/rustwide/cargo-home/bin:/usr/local/sbin:/usr/local/bin:/usr/sbin:/usr/bin:/sbin:/bin" VSLANG="1033" "cc" "-m64" "/tmp/rustcpGUy7Y/symbols.o" "/tmp/rustdoctestavKcUi/rust_out.rust_out.9242fac72db2cd11-cgu.0.rcgu.o" "/tmp/rustdoctestavKcUi/rust_out.2hl2tb9xdtge7mguxzn2q1kvi.rcgu.o" "-Wl,--as-needed" "-Wl,-Bstatic" "/opt/rustwide/target/debug/deps/libares-5dd9b323381e1c97.rlib" "/opt/rustwide/target/debug/deps/libbase91-b3dc40d149b4cdae.rlib" "/opt/rustwide/target/debug/deps/libbase65536-ce6887a8e751e416.rlib" "/opt/rustwide/target/debug/deps/libfnv-953831fe314029b4.rlib" "/opt/rustwide/target/debug/deps/liblazy_static-efa3519517df6cf0.rlib" "/opt/rustwide/target/debug/deps/libbase64-fc93ff20895c6cc2.rlib" "/opt/rustwide/target/debug/deps/libbs58-5df4082cdc088375.rlib" "/opt/rustwide/target/debug/deps/libansi_term-f435e404af61098a.rlib" "/opt/rustwide/target/debug/deps/libenv_logger-ad8f3f1f23907ec5.rlib" "/opt/rustwide/target/debug/deps/libhumantime-ce381c4933d03978.rlib" "/opt/rustwide/target/debug/deps/libinclude_dir-6504886b31385bba.rlib" "/opt/rustwide/target/debug/deps/libcrossbeam-0799b00a0cd44c73.rlib" "/opt/rustwide/target/debug/deps/libcrossbeam_queue-d3e67b7374c3f286.rlib" "/opt/rustwide/target/debug/deps/libdata_encoding-b1705ff54119dc5b.rlib" "/opt/rustwide/target/debug/deps/libclap-6e0af0dccc74c510.rlib" "/opt/rustwide/target/debug/deps/libstrsim-7c2291ed86ef7041.rlib" "/opt/rustwide/target/debug/deps/libis_terminal-913e97b498eb2e50.rlib" "/opt/rustwide/target/debug/deps/librustix-5df084cc071ba3bb.rlib" "/opt/rustwide/target/debug/deps/liblinux_raw_sys-e9dfe078998d8a12.rlib" "/opt/rustwide/target/debug/deps/libio_lifetimes-3f2aa90742b79c0a.rlib" "/opt/rustwide/target/debug/deps/libclap_lex-b15a64c5c25d7cdf.rlib" "/opt/rustwide/target/debug/deps/libos_str_bytes-98e7b3026b04cf5f.rlib" "/opt/rustwide/target/debug/deps/libtermcolor-fe47d483106080c8.rlib" "/opt/rustwide/target/debug/deps/libtext_io-c441b2ec2d164b1f.rlib" "/opt/rustwide/target/debug/deps/liblemmeknow-a1953381b42f59a9.rlib" "/opt/rustwide/target/debug/deps/libserde_json-de6273d7975fa5ae.rlib" "/opt/rustwide/target/debug/deps/libryu-079c1471ef3cc7e7.rlib" "/opt/rustwide/target/debug/deps/libitoa-c198fcb4fc03486e.rlib" "/opt/rustwide/target/debug/deps/libcomfy_table-8f7be736be710742.rlib" "/opt/rustwide/target/debug/deps/libstrum-117e0be1423ad5d6.rlib" "/opt/rustwide/target/debug/deps/libunicode_width-113345225ea159ba.rlib" "/opt/rustwide/target/debug/deps/libcrossterm-7813d59629b41576.rlib" "/opt/rustwide/target/debug/deps/libsignal_hook_mio-4a1bcbb6bf8eec92.rlib" "/opt/rustwide/target/debug/deps/libsignal_hook-5c9d365c3f23073f.rlib" "/opt/rustwide/target/debug/deps/libsignal_hook_registry-d5ade3e517800eb7.rlib" "/opt/rustwide/target/debug/deps/libmio-faf60e776ac0887b.rlib" "/opt/rustwide/target/debug/deps/liblog-bb758d8d3f33886b.rlib" "/opt/rustwide/target/debug/deps/libparking_lot-21b0daa46fe5d960.rlib" "/opt/rustwide/target/debug/deps/libparking_lot_core-225e91eacc143050.rlib" "/opt/rustwide/target/debug/deps/libsmallvec-ffee7acdd9609ff6.rlib" "/opt/rustwide/target/debug/deps/liblock_api-9e8575a2b4d645e5.rlib" "/opt/rustwide/target/debug/deps/libbitflags-85e13ed1e0c6d910.rlib" "/opt/rustwide/target/debug/deps/libserde-d5da3b5801375131.rlib" "/opt/rustwide/target/debug/deps/libregex-f1d2fd99a8a5cd98.rlib" "/opt/rustwide/target/debug/deps/libaho_corasick-222ef4be6ea26ad7.rlib" "/opt/rustwide/target/debug/deps/libmemchr-33d05ae5bba76030.rlib" "/opt/rustwide/target/debug/deps/libregex_syntax-93d76eb2162ff44b.rlib" "/opt/rustwide/target/debug/deps/librayon-0c1dc88e78af4c61.rlib" "/opt/rustwide/target/debug/deps/librayon_core-2cf8f3573862193f.rlib" "/opt/rustwide/target/debug/deps/libnum_cpus-a450abae98642ea7.rlib" "/opt/rustwide/target/debug/deps/liblibc-acfe84869d5640c5.rlib" "/opt/rustwide/target/debug/deps/libcrossbeam_deque-0cbdcc1d2005ae96.rlib" "/opt/rustwide/target/debug/deps/libcrossbeam_epoch-01ee02d3b678d6b2.rlib" "/opt/rustwide/target/debug/deps/libmemoffset-3b8b6c5d2cb3d911.rlib" "/opt/rustwide/target/debug/deps/libscopeguard-31f1b56a39f2a372.rlib" "/opt/rustwide/target/debug/deps/libcrossbeam_channel-a8ef6b4f62e31317.rlib" "/opt/rustwide/target/debug/deps/libcrossbeam_utils-e8e10a0da3ea1767.rlib" "/opt/rustwide/target/debug/deps/libonce_cell-502ede8b1a29d699.rlib" "/opt/rustwide/target/debug/deps/libcfg_if-a3e7e701fcd1f47b.rlib" "/opt/rustwide/target/debug/deps/libeither-7e401e22ecbea44e.rlib" "/opt/rustwide/rustup-home/toolchains/beta-2024-12-08-x86_64-unknown-linux-gnu/lib/rustlib/x86_64-unknown-linux-gnu/lib/libstd-02dc84f49135b6b8.rlib" "/opt/rustwide/rustup-home/toolchains/beta-2024-12-08-x86_64-unknown-linux-gnu/lib/rustlib/x86_64-unknown-linux-gnu/lib/libpanic_unwind-a8f45b397fae3f81.rlib" "/opt/rustwide/rustup-home/toolchains/beta-2024-12-08-x86_64-unknown-linux-gnu/lib/rustlib/x86_64-unknown-linux-gnu/lib/libobject-089607133c180609.rlib" "/opt/rustwide/rustup-home/toolchains/beta-2024-12-08-x86_64-unknown-linux-gnu/lib/rustlib/x86_64-unknown-linux-gnu/lib/libmemchr-fc89f091bcd86cbb.rlib" "/opt/rustwide/rustup-home/toolchains/beta-2024-12-08-x86_64-unknown-linux-gnu/lib/rustlib/x86_64-unknown-linux-gnu/lib/libaddr2line-5a60949f01c7340c.rlib" "/opt/rustwide/rustup-home/toolchains/beta-2024-12-08-x86_64-unknown-linux-gnu/lib/rustlib/x86_64-unknown-linux-gnu/lib/libgimli-d29e6a55ca253c8c.rlib" "/opt/rustwide/rustup-home/toolchains/beta-2024-12-08-x86_64-unknown-linux-gnu/lib/rustlib/x86_64-unknown-linux-gnu/lib/librustc_demangle-273c078d5f65de7a.rlib" "/opt/rustwide/rustup-home/toolchains/beta-2024-12-08-x86_64-unknown-linux-gnu/lib/rustlib/x86_64-unknown-linux-gnu/lib/libstd_detect-413c950ffbdd4454.rlib" "/opt/rustwide/rustup-home/toolchains/beta-2024-12-08-x86_64-unknown-linux-gnu/lib/rustlib/x86_64-unknown-linux-gnu/lib/libhashbrown-1853c0976a1d88a6.rlib" "/opt/rustwide/rustup-home/toolchains/beta-2024-12-08-x86_64-unknown-linux-gnu/lib/rustlib/x86_64-unknown-linux-gnu/lib/librustc_std_workspace_alloc-ccb3384ddacb0f9e.rlib" "/opt/rustwide/rustup-home/toolchains/beta-2024-12-08-x86_64-unknown-linux-gnu/lib/rustlib/x86_64-unknown-linux-gnu/lib/libminiz_oxide-0b901dfb0ca849e0.rlib" "/opt/rustwide/rustup-home/toolchains/beta-2024-12-08-x86_64-unknown-linux-gnu/lib/rustlib/x86_64-unknown-linux-gnu/lib/libadler-eebeb8d7c64543ad.rlib" "/opt/rustwide/rustup-home/toolchains/beta-2024-12-08-x86_64-unknown-linux-gnu/lib/rustlib/x86_64-unknown-linux-gnu/lib/libunwind-4723ef81d6079867.rlib" "/opt/rustwide/rustup-home/toolchains/beta-2024-12-08-x86_64-unknown-linux-gnu/lib/rustlib/x86_64-unknown-linux-gnu/lib/libcfg_if-54442f8b422f5a54.rlib" "/opt/rustwide/rustup-home/toolchains/beta-2024-12-08-x86_64-unknown-linux-gnu/lib/rustlib/x86_64-unknown-linux-gnu/lib/liblibc-e0bbe034b5282553.rlib" "/opt/rustwide/rustup-home/toolchains/beta-2024-12-08-x86_64-unknown-linux-gnu/lib/rustlib/x86_64-unknown-linux-gnu/lib/liballoc-d0febb68c1c37b90.rlib" "/opt/rustwide/rustup-home/toolchains/beta-2024-12-08-x86_64-unknown-linux-gnu/lib/rustlib/x86_64-unknown-linux-gnu/lib/librustc_std_workspace_core-4cf833632aafa84c.rlib" "/opt/rustwide/rustup-home/toolchains/beta-2024-12-08-x86_64-unknown-linux-gnu/lib/rustlib/x86_64-unknown-linux-gnu/lib/libcore-65c2c6d2d6ae570b.rlib" "/opt/rustwide/rustup-home/toolchains/beta-2024-12-08-x86_64-unknown-linux-gnu/lib/rustlib/x86_64-unknown-linux-gnu/lib/libcompiler_builtins-97929cee0dcfe424.rlib" "-Wl,-Bdynamic" "-lgcc_s" "-lutil" "-lrt" "-lpthread" "-lm" "-ldl" "-lc" "-Wl,--eh-frame-hdr" "-Wl,-z,noexecstack" "-L" "/opt/rustwide/rustup-home/toolchains/beta-2024-12-08-x86_64-unknown-linux-gnu/lib/rustlib/x86_64-unknown-linux-gnu/lib" "-o" "/tmp/rustdoctestavKcUi/rust_out" "-Wl,--gc-sections" "-pie" "-Wl,-z,relro,-z,now" "-nodefaultlibs"
[INFO] [stdout]   = note: collect2: fatal error: ld terminated with signal 9 [Killed]
[INFO] [stdout]           compilation terminated.
[INFO] [stdout]           
[INFO] [stdout] 
[INFO] [stdout] error: aborting due to 1 previous error
[INFO] [stdout] 
[INFO] [stdout] Couldn't compile the test.
[INFO] [stdout] ---- src/decoders/base58_bitcoin_decoder.rs - decoders::base58_bitcoin_decoder::Base58BitcoinDecoder (line 20) stdout ----
[INFO] [stdout] error: linking with `cc` failed: exit status: 1
[INFO] [stdout]   |
[INFO] [stdout]   = note: LC_ALL="C" PATH="/opt/rustwide/rustup-home/toolchains/beta-2024-12-08-x86_64-unknown-linux-gnu/lib/rustlib/x86_64-unknown-linux-gnu/bin:/opt/rustwide/cargo-home/bin:/usr/local/sbin:/usr/local/bin:/usr/sbin:/usr/bin:/sbin:/bin" VSLANG="1033" "cc" "-m64" "/tmp/rustc8bFwRK/symbols.o" "/tmp/rustdoctestIzjPf1/rust_out.rust_out.9242fac72db2cd11-cgu.0.rcgu.o" "/tmp/rustdoctestIzjPf1/rust_out.2hl2tb9xdtge7mguxzn2q1kvi.rcgu.o" "-Wl,--as-needed" "-Wl,-Bstatic" "/opt/rustwide/target/debug/deps/libares-5dd9b323381e1c97.rlib" "/opt/rustwide/target/debug/deps/libbase91-b3dc40d149b4cdae.rlib" "/opt/rustwide/target/debug/deps/libbase65536-ce6887a8e751e416.rlib" "/opt/rustwide/target/debug/deps/libfnv-953831fe314029b4.rlib" "/opt/rustwide/target/debug/deps/liblazy_static-efa3519517df6cf0.rlib" "/opt/rustwide/target/debug/deps/libbase64-fc93ff20895c6cc2.rlib" "/opt/rustwide/target/debug/deps/libbs58-5df4082cdc088375.rlib" "/opt/rustwide/target/debug/deps/libansi_term-f435e404af61098a.rlib" "/opt/rustwide/target/debug/deps/libenv_logger-ad8f3f1f23907ec5.rlib" "/opt/rustwide/target/debug/deps/libhumantime-ce381c4933d03978.rlib" "/opt/rustwide/target/debug/deps/libinclude_dir-6504886b31385bba.rlib" "/opt/rustwide/target/debug/deps/libcrossbeam-0799b00a0cd44c73.rlib" "/opt/rustwide/target/debug/deps/libcrossbeam_queue-d3e67b7374c3f286.rlib" "/opt/rustwide/target/debug/deps/libdata_encoding-b1705ff54119dc5b.rlib" "/opt/rustwide/target/debug/deps/libclap-6e0af0dccc74c510.rlib" "/opt/rustwide/target/debug/deps/libstrsim-7c2291ed86ef7041.rlib" "/opt/rustwide/target/debug/deps/libis_terminal-913e97b498eb2e50.rlib" "/opt/rustwide/target/debug/deps/librustix-5df084cc071ba3bb.rlib" "/opt/rustwide/target/debug/deps/liblinux_raw_sys-e9dfe078998d8a12.rlib" "/opt/rustwide/target/debug/deps/libio_lifetimes-3f2aa90742b79c0a.rlib" "/opt/rustwide/target/debug/deps/libclap_lex-b15a64c5c25d7cdf.rlib" "/opt/rustwide/target/debug/deps/libos_str_bytes-98e7b3026b04cf5f.rlib" "/opt/rustwide/target/debug/deps/libtermcolor-fe47d483106080c8.rlib" "/opt/rustwide/target/debug/deps/libtext_io-c441b2ec2d164b1f.rlib" "/opt/rustwide/target/debug/deps/liblemmeknow-a1953381b42f59a9.rlib" "/opt/rustwide/target/debug/deps/libserde_json-de6273d7975fa5ae.rlib" "/opt/rustwide/target/debug/deps/libryu-079c1471ef3cc7e7.rlib" "/opt/rustwide/target/debug/deps/libitoa-c198fcb4fc03486e.rlib" "/opt/rustwide/target/debug/deps/libcomfy_table-8f7be736be710742.rlib" "/opt/rustwide/target/debug/deps/libstrum-117e0be1423ad5d6.rlib" "/opt/rustwide/target/debug/deps/libunicode_width-113345225ea159ba.rlib" "/opt/rustwide/target/debug/deps/libcrossterm-7813d59629b41576.rlib" "/opt/rustwide/target/debug/deps/libsignal_hook_mio-4a1bcbb6bf8eec92.rlib" "/opt/rustwide/target/debug/deps/libsignal_hook-5c9d365c3f23073f.rlib" "/opt/rustwide/target/debug/deps/libsignal_hook_registry-d5ade3e517800eb7.rlib" "/opt/rustwide/target/debug/deps/libmio-faf60e776ac0887b.rlib" "/opt/rustwide/target/debug/deps/liblog-bb758d8d3f33886b.rlib" "/opt/rustwide/target/debug/deps/libparking_lot-21b0daa46fe5d960.rlib" "/opt/rustwide/target/debug/deps/libparking_lot_core-225e91eacc143050.rlib" "/opt/rustwide/target/debug/deps/libsmallvec-ffee7acdd9609ff6.rlib" "/opt/rustwide/target/debug/deps/liblock_api-9e8575a2b4d645e5.rlib" "/opt/rustwide/target/debug/deps/libbitflags-85e13ed1e0c6d910.rlib" "/opt/rustwide/target/debug/deps/libserde-d5da3b5801375131.rlib" "/opt/rustwide/target/debug/deps/libregex-f1d2fd99a8a5cd98.rlib" "/opt/rustwide/target/debug/deps/libaho_corasick-222ef4be6ea26ad7.rlib" "/opt/rustwide/target/debug/deps/libmemchr-33d05ae5bba76030.rlib" "/opt/rustwide/target/debug/deps/libregex_syntax-93d76eb2162ff44b.rlib" "/opt/rustwide/target/debug/deps/librayon-0c1dc88e78af4c61.rlib" "/opt/rustwide/target/debug/deps/librayon_core-2cf8f3573862193f.rlib" "/opt/rustwide/target/debug/deps/libnum_cpus-a450abae98642ea7.rlib" "/opt/rustwide/target/debug/deps/liblibc-acfe84869d5640c5.rlib" "/opt/rustwide/target/debug/deps/libcrossbeam_deque-0cbdcc1d2005ae96.rlib" "/opt/rustwide/target/debug/deps/libcrossbeam_epoch-01ee02d3b678d6b2.rlib" "/opt/rustwide/target/debug/deps/libmemoffset-3b8b6c5d2cb3d911.rlib" "/opt/rustwide/target/debug/deps/libscopeguard-31f1b56a39f2a372.rlib" "/opt/rustwide/target/debug/deps/libcrossbeam_channel-a8ef6b4f62e31317.rlib" "/opt/rustwide/target/debug/deps/libcrossbeam_utils-e8e10a0da3ea1767.rlib" "/opt/rustwide/target/debug/deps/libonce_cell-502ede8b1a29d699.rlib" "/opt/rustwide/target/debug/deps/libcfg_if-a3e7e701fcd1f47b.rlib" "/opt/rustwide/target/debug/deps/libeither-7e401e22ecbea44e.rlib" "/opt/rustwide/rustup-home/toolchains/beta-2024-12-08-x86_64-unknown-linux-gnu/lib/rustlib/x86_64-unknown-linux-gnu/lib/libstd-02dc84f49135b6b8.rlib" "/opt/rustwide/rustup-home/toolchains/beta-2024-12-08-x86_64-unknown-linux-gnu/lib/rustlib/x86_64-unknown-linux-gnu/lib/libpanic_unwind-a8f45b397fae3f81.rlib" "/opt/rustwide/rustup-home/toolchains/beta-2024-12-08-x86_64-unknown-linux-gnu/lib/rustlib/x86_64-unknown-linux-gnu/lib/libobject-089607133c180609.rlib" "/opt/rustwide/rustup-home/toolchains/beta-2024-12-08-x86_64-unknown-linux-gnu/lib/rustlib/x86_64-unknown-linux-gnu/lib/libmemchr-fc89f091bcd86cbb.rlib" "/opt/rustwide/rustup-home/toolchains/beta-2024-12-08-x86_64-unknown-linux-gnu/lib/rustlib/x86_64-unknown-linux-gnu/lib/libaddr2line-5a60949f01c7340c.rlib" "/opt/rustwide/rustup-home/toolchains/beta-2024-12-08-x86_64-unknown-linux-gnu/lib/rustlib/x86_64-unknown-linux-gnu/lib/libgimli-d29e6a55ca253c8c.rlib" "/opt/rustwide/rustup-home/toolchains/beta-2024-12-08-x86_64-unknown-linux-gnu/lib/rustlib/x86_64-unknown-linux-gnu/lib/librustc_demangle-273c078d5f65de7a.rlib" "/opt/rustwide/rustup-home/toolchains/beta-2024-12-08-x86_64-unknown-linux-gnu/lib/rustlib/x86_64-unknown-linux-gnu/lib/libstd_detect-413c950ffbdd4454.rlib" "/opt/rustwide/rustup-home/toolchains/beta-2024-12-08-x86_64-unknown-linux-gnu/lib/rustlib/x86_64-unknown-linux-gnu/lib/libhashbrown-1853c0976a1d88a6.rlib" "/opt/rustwide/rustup-home/toolchains/beta-2024-12-08-x86_64-unknown-linux-gnu/lib/rustlib/x86_64-unknown-linux-gnu/lib/librustc_std_workspace_alloc-ccb3384ddacb0f9e.rlib" "/opt/rustwide/rustup-home/toolchains/beta-2024-12-08-x86_64-unknown-linux-gnu/lib/rustlib/x86_64-unknown-linux-gnu/lib/libminiz_oxide-0b901dfb0ca849e0.rlib" "/opt/rustwide/rustup-home/toolchains/beta-2024-12-08-x86_64-unknown-linux-gnu/lib/rustlib/x86_64-unknown-linux-gnu/lib/libadler-eebeb8d7c64543ad.rlib" "/opt/rustwide/rustup-home/toolchains/beta-2024-12-08-x86_64-unknown-linux-gnu/lib/rustlib/x86_64-unknown-linux-gnu/lib/libunwind-4723ef81d6079867.rlib" "/opt/rustwide/rustup-home/toolchains/beta-2024-12-08-x86_64-unknown-linux-gnu/lib/rustlib/x86_64-unknown-linux-gnu/lib/libcfg_if-54442f8b422f5a54.rlib" "/opt/rustwide/rustup-home/toolchains/beta-2024-12-08-x86_64-unknown-linux-gnu/lib/rustlib/x86_64-unknown-linux-gnu/lib/liblibc-e0bbe034b5282553.rlib" "/opt/rustwide/rustup-home/toolchains/beta-2024-12-08-x86_64-unknown-linux-gnu/lib/rustlib/x86_64-unknown-linux-gnu/lib/liballoc-d0febb68c1c37b90.rlib" "/opt/rustwide/rustup-home/toolchains/beta-2024-12-08-x86_64-unknown-linux-gnu/lib/rustlib/x86_64-unknown-linux-gnu/lib/librustc_std_workspace_core-4cf833632aafa84c.rlib" "/opt/rustwide/rustup-home/toolchains/beta-2024-12-08-x86_64-unknown-linux-gnu/lib/rustlib/x86_64-unknown-linux-gnu/lib/libcore-65c2c6d2d6ae570b.rlib" "/opt/rustwide/rustup-home/toolchains/beta-2024-12-08-x86_64-unknown-linux-gnu/lib/rustlib/x86_64-unknown-linux-gnu/lib/libcompiler_builtins-97929cee0dcfe424.rlib" "-Wl,-Bdynamic" "-lgcc_s" "-lutil" "-lrt" "-lpthread" "-lm" "-ldl" "-lc" "-Wl,--eh-frame-hdr" "-Wl,-z,noexecstack" "-L" "/opt/rustwide/rustup-home/toolchains/beta-2024-12-08-x86_64-unknown-linux-gnu/lib/rustlib/x86_64-unknown-linux-gnu/lib" "-o" "/tmp/rustdoctestIzjPf1/rust_out" "-Wl,--gc-sections" "-pie" "-Wl,-z,relro,-z,now" "-nodefaultlibs"
[INFO] [stdout]   = note: collect2: fatal error: ld terminated with signal 9 [Killed]
[INFO] [stdout]           compilation terminated.
[INFO] [stdout]           
[INFO] [stdout] 
[INFO] [stdout] error: aborting due to 1 previous error
[INFO] [stdout] 
[INFO] [stdout] Couldn't compile the test.
[INFO] [stdout] ---- src/decoders/base32_decoder.rs - decoders::base32_decoder::Base32Decoder (line 21) stdout ----
[INFO] [stdout] error: linking with `cc` failed: exit status: 1
[INFO] [stdout]   |
[INFO] [stdout]   = note: LC_ALL="C" PATH="/opt/rustwide/rustup-home/toolchains/beta-2024-12-08-x86_64-unknown-linux-gnu/lib/rustlib/x86_64-unknown-linux-gnu/bin:/opt/rustwide/cargo-home/bin:/usr/local/sbin:/usr/local/bin:/usr/sbin:/usr/bin:/sbin:/bin" VSLANG="1033" "cc" "-m64" "/tmp/rustc7tW2rz/symbols.o" "/tmp/rustdoctestSlxMOE/rust_out.rust_out.9242fac72db2cd11-cgu.0.rcgu.o" "/tmp/rustdoctestSlxMOE/rust_out.2hl2tb9xdtge7mguxzn2q1kvi.rcgu.o" "-Wl,--as-needed" "-Wl,-Bstatic" "/opt/rustwide/target/debug/deps/libares-5dd9b323381e1c97.rlib" "/opt/rustwide/target/debug/deps/libbase91-b3dc40d149b4cdae.rlib" "/opt/rustwide/target/debug/deps/libbase65536-ce6887a8e751e416.rlib" "/opt/rustwide/target/debug/deps/libfnv-953831fe314029b4.rlib" "/opt/rustwide/target/debug/deps/liblazy_static-efa3519517df6cf0.rlib" "/opt/rustwide/target/debug/deps/libbase64-fc93ff20895c6cc2.rlib" "/opt/rustwide/target/debug/deps/libbs58-5df4082cdc088375.rlib" "/opt/rustwide/target/debug/deps/libansi_term-f435e404af61098a.rlib" "/opt/rustwide/target/debug/deps/libenv_logger-ad8f3f1f23907ec5.rlib" "/opt/rustwide/target/debug/deps/libhumantime-ce381c4933d03978.rlib" "/opt/rustwide/target/debug/deps/libinclude_dir-6504886b31385bba.rlib" "/opt/rustwide/target/debug/deps/libcrossbeam-0799b00a0cd44c73.rlib" "/opt/rustwide/target/debug/deps/libcrossbeam_queue-d3e67b7374c3f286.rlib" "/opt/rustwide/target/debug/deps/libdata_encoding-b1705ff54119dc5b.rlib" "/opt/rustwide/target/debug/deps/libclap-6e0af0dccc74c510.rlib" "/opt/rustwide/target/debug/deps/libstrsim-7c2291ed86ef7041.rlib" "/opt/rustwide/target/debug/deps/libis_terminal-913e97b498eb2e50.rlib" "/opt/rustwide/target/debug/deps/librustix-5df084cc071ba3bb.rlib" "/opt/rustwide/target/debug/deps/liblinux_raw_sys-e9dfe078998d8a12.rlib" "/opt/rustwide/target/debug/deps/libio_lifetimes-3f2aa90742b79c0a.rlib" "/opt/rustwide/target/debug/deps/libclap_lex-b15a64c5c25d7cdf.rlib" "/opt/rustwide/target/debug/deps/libos_str_bytes-98e7b3026b04cf5f.rlib" "/opt/rustwide/target/debug/deps/libtermcolor-fe47d483106080c8.rlib" "/opt/rustwide/target/debug/deps/libtext_io-c441b2ec2d164b1f.rlib" "/opt/rustwide/target/debug/deps/liblemmeknow-a1953381b42f59a9.rlib" "/opt/rustwide/target/debug/deps/libserde_json-de6273d7975fa5ae.rlib" "/opt/rustwide/target/debug/deps/libryu-079c1471ef3cc7e7.rlib" "/opt/rustwide/target/debug/deps/libitoa-c198fcb4fc03486e.rlib" "/opt/rustwide/target/debug/deps/libcomfy_table-8f7be736be710742.rlib" "/opt/rustwide/target/debug/deps/libstrum-117e0be1423ad5d6.rlib" "/opt/rustwide/target/debug/deps/libunicode_width-113345225ea159ba.rlib" "/opt/rustwide/target/debug/deps/libcrossterm-7813d59629b41576.rlib" "/opt/rustwide/target/debug/deps/libsignal_hook_mio-4a1bcbb6bf8eec92.rlib" "/opt/rustwide/target/debug/deps/libsignal_hook-5c9d365c3f23073f.rlib" "/opt/rustwide/target/debug/deps/libsignal_hook_registry-d5ade3e517800eb7.rlib" "/opt/rustwide/target/debug/deps/libmio-faf60e776ac0887b.rlib" "/opt/rustwide/target/debug/deps/liblog-bb758d8d3f33886b.rlib" "/opt/rustwide/target/debug/deps/libparking_lot-21b0daa46fe5d960.rlib" "/opt/rustwide/target/debug/deps/libparking_lot_core-225e91eacc143050.rlib" "/opt/rustwide/target/debug/deps/libsmallvec-ffee7acdd9609ff6.rlib" "/opt/rustwide/target/debug/deps/liblock_api-9e8575a2b4d645e5.rlib" "/opt/rustwide/target/debug/deps/libbitflags-85e13ed1e0c6d910.rlib" "/opt/rustwide/target/debug/deps/libserde-d5da3b5801375131.rlib" "/opt/rustwide/target/debug/deps/libregex-f1d2fd99a8a5cd98.rlib" "/opt/rustwide/target/debug/deps/libaho_corasick-222ef4be6ea26ad7.rlib" "/opt/rustwide/target/debug/deps/libmemchr-33d05ae5bba76030.rlib" "/opt/rustwide/target/debug/deps/libregex_syntax-93d76eb2162ff44b.rlib" "/opt/rustwide/target/debug/deps/librayon-0c1dc88e78af4c61.rlib" "/opt/rustwide/target/debug/deps/librayon_core-2cf8f3573862193f.rlib" "/opt/rustwide/target/debug/deps/libnum_cpus-a450abae98642ea7.rlib" "/opt/rustwide/target/debug/deps/liblibc-acfe84869d5640c5.rlib" "/opt/rustwide/target/debug/deps/libcrossbeam_deque-0cbdcc1d2005ae96.rlib" "/opt/rustwide/target/debug/deps/libcrossbeam_epoch-01ee02d3b678d6b2.rlib" "/opt/rustwide/target/debug/deps/libmemoffset-3b8b6c5d2cb3d911.rlib" "/opt/rustwide/target/debug/deps/libscopeguard-31f1b56a39f2a372.rlib" "/opt/rustwide/target/debug/deps/libcrossbeam_channel-a8ef6b4f62e31317.rlib" "/opt/rustwide/target/debug/deps/libcrossbeam_utils-e8e10a0da3ea1767.rlib" "/opt/rustwide/target/debug/deps/libonce_cell-502ede8b1a29d699.rlib" "/opt/rustwide/target/debug/deps/libcfg_if-a3e7e701fcd1f47b.rlib" "/opt/rustwide/target/debug/deps/libeither-7e401e22ecbea44e.rlib" "/opt/rustwide/rustup-home/toolchains/beta-2024-12-08-x86_64-unknown-linux-gnu/lib/rustlib/x86_64-unknown-linux-gnu/lib/libstd-02dc84f49135b6b8.rlib" "/opt/rustwide/rustup-home/toolchains/beta-2024-12-08-x86_64-unknown-linux-gnu/lib/rustlib/x86_64-unknown-linux-gnu/lib/libpanic_unwind-a8f45b397fae3f81.rlib" "/opt/rustwide/rustup-home/toolchains/beta-2024-12-08-x86_64-unknown-linux-gnu/lib/rustlib/x86_64-unknown-linux-gnu/lib/libobject-089607133c180609.rlib" "/opt/rustwide/rustup-home/toolchains/beta-2024-12-08-x86_64-unknown-linux-gnu/lib/rustlib/x86_64-unknown-linux-gnu/lib/libmemchr-fc89f091bcd86cbb.rlib" "/opt/rustwide/rustup-home/toolchains/beta-2024-12-08-x86_64-unknown-linux-gnu/lib/rustlib/x86_64-unknown-linux-gnu/lib/libaddr2line-5a60949f01c7340c.rlib" "/opt/rustwide/rustup-home/toolchains/beta-2024-12-08-x86_64-unknown-linux-gnu/lib/rustlib/x86_64-unknown-linux-gnu/lib/libgimli-d29e6a55ca253c8c.rlib" "/opt/rustwide/rustup-home/toolchains/beta-2024-12-08-x86_64-unknown-linux-gnu/lib/rustlib/x86_64-unknown-linux-gnu/lib/librustc_demangle-273c078d5f65de7a.rlib" "/opt/rustwide/rustup-home/toolchains/beta-2024-12-08-x86_64-unknown-linux-gnu/lib/rustlib/x86_64-unknown-linux-gnu/lib/libstd_detect-413c950ffbdd4454.rlib" "/opt/rustwide/rustup-home/toolchains/beta-2024-12-08-x86_64-unknown-linux-gnu/lib/rustlib/x86_64-unknown-linux-gnu/lib/libhashbrown-1853c0976a1d88a6.rlib" "/opt/rustwide/rustup-home/toolchains/beta-2024-12-08-x86_64-unknown-linux-gnu/lib/rustlib/x86_64-unknown-linux-gnu/lib/librustc_std_workspace_alloc-ccb3384ddacb0f9e.rlib" "/opt/rustwide/rustup-home/toolchains/beta-2024-12-08-x86_64-unknown-linux-gnu/lib/rustlib/x86_64-unknown-linux-gnu/lib/libminiz_oxide-0b901dfb0ca849e0.rlib" "/opt/rustwide/rustup-home/toolchains/beta-2024-12-08-x86_64-unknown-linux-gnu/lib/rustlib/x86_64-unknown-linux-gnu/lib/libadler-eebeb8d7c64543ad.rlib" "/opt/rustwide/rustup-home/toolchains/beta-2024-12-08-x86_64-unknown-linux-gnu/lib/rustlib/x86_64-unknown-linux-gnu/lib/libunwind-4723ef81d6079867.rlib" "/opt/rustwide/rustup-home/toolchains/beta-2024-12-08-x86_64-unknown-linux-gnu/lib/rustlib/x86_64-unknown-linux-gnu/lib/libcfg_if-54442f8b422f5a54.rlib" "/opt/rustwide/rustup-home/toolchains/beta-2024-12-08-x86_64-unknown-linux-gnu/lib/rustlib/x86_64-unknown-linux-gnu/lib/liblibc-e0bbe034b5282553.rlib" "/opt/rustwide/rustup-home/toolchains/beta-2024-12-08-x86_64-unknown-linux-gnu/lib/rustlib/x86_64-unknown-linux-gnu/lib/liballoc-d0febb68c1c37b90.rlib" "/opt/rustwide/rustup-home/toolchains/beta-2024-12-08-x86_64-unknown-linux-gnu/lib/rustlib/x86_64-unknown-linux-gnu/lib/librustc_std_workspace_core-4cf833632aafa84c.rlib" "/opt/rustwide/rustup-home/toolchains/beta-2024-12-08-x86_64-unknown-linux-gnu/lib/rustlib/x86_64-unknown-linux-gnu/lib/libcore-65c2c6d2d6ae570b.rlib" "/opt/rustwide/rustup-home/toolchains/beta-2024-12-08-x86_64-unknown-linux-gnu/lib/rustlib/x86_64-unknown-linux-gnu/lib/libcompiler_builtins-97929cee0dcfe424.rlib" "-Wl,-Bdynamic" "-lgcc_s" "-lutil" "-lrt" "-lpthread" "-lm" "-ldl" "-lc" "-Wl,--eh-frame-hdr" "-Wl,-z,noexecstack" "-L" "/opt/rustwide/rustup-home/toolchains/beta-2024-12-08-x86_64-unknown-linux-gnu/lib/rustlib/x86_64-unknown-linux-gnu/lib" "-o" "/tmp/rustdoctestSlxMOE/rust_out" "-Wl,--gc-sections" "-pie" "-Wl,-z,relro,-z,now" "-nodefaultlibs"
[INFO] [stdout]   = note: collect2: fatal error: ld terminated with signal 9 [Killed]
[INFO] [stdout]           compilation terminated.
[INFO] [stdout]           
[INFO] [stdout] 
[INFO] [stdout] error: aborting due to 1 previous error
[INFO] [stdout] 
[INFO] [stdout] Couldn't compile the test.
[INFO] [stdout] ---- src/decoders/reverse_decoder.rs - decoders::reverse_decoder::ReverseDecoder (line 14) stdout ----
[INFO] [stdout] error: linking with `cc` failed: exit status: 1
[INFO] [stdout]   |
[INFO] [stdout]   = note: LC_ALL="C" PATH="/opt/rustwide/rustup-home/toolchains/beta-2024-12-08-x86_64-unknown-linux-gnu/lib/rustlib/x86_64-unknown-linux-gnu/bin:/opt/rustwide/cargo-home/bin:/usr/local/sbin:/usr/local/bin:/usr/sbin:/usr/bin:/sbin:/bin" VSLANG="1033" "cc" "-m64" "/tmp/rustcMEIs59/symbols.o" "/tmp/rustdoctest3G6dPe/rust_out.rust_out.9242fac72db2cd11-cgu.0.rcgu.o" "/tmp/rustdoctest3G6dPe/rust_out.2hl2tb9xdtge7mguxzn2q1kvi.rcgu.o" "-Wl,--as-needed" "-Wl,-Bstatic" "/opt/rustwide/target/debug/deps/libares-5dd9b323381e1c97.rlib" "/opt/rustwide/target/debug/deps/libbase91-b3dc40d149b4cdae.rlib" "/opt/rustwide/target/debug/deps/libbase65536-ce6887a8e751e416.rlib" "/opt/rustwide/target/debug/deps/libfnv-953831fe314029b4.rlib" "/opt/rustwide/target/debug/deps/liblazy_static-efa3519517df6cf0.rlib" "/opt/rustwide/target/debug/deps/libbase64-fc93ff20895c6cc2.rlib" "/opt/rustwide/target/debug/deps/libbs58-5df4082cdc088375.rlib" "/opt/rustwide/target/debug/deps/libansi_term-f435e404af61098a.rlib" "/opt/rustwide/target/debug/deps/libenv_logger-ad8f3f1f23907ec5.rlib" "/opt/rustwide/target/debug/deps/libhumantime-ce381c4933d03978.rlib" "/opt/rustwide/target/debug/deps/libinclude_dir-6504886b31385bba.rlib" "/opt/rustwide/target/debug/deps/libcrossbeam-0799b00a0cd44c73.rlib" "/opt/rustwide/target/debug/deps/libcrossbeam_queue-d3e67b7374c3f286.rlib" "/opt/rustwide/target/debug/deps/libdata_encoding-b1705ff54119dc5b.rlib" "/opt/rustwide/target/debug/deps/libclap-6e0af0dccc74c510.rlib" "/opt/rustwide/target/debug/deps/libstrsim-7c2291ed86ef7041.rlib" "/opt/rustwide/target/debug/deps/libis_terminal-913e97b498eb2e50.rlib" "/opt/rustwide/target/debug/deps/librustix-5df084cc071ba3bb.rlib" "/opt/rustwide/target/debug/deps/liblinux_raw_sys-e9dfe078998d8a12.rlib" "/opt/rustwide/target/debug/deps/libio_lifetimes-3f2aa90742b79c0a.rlib" "/opt/rustwide/target/debug/deps/libclap_lex-b15a64c5c25d7cdf.rlib" "/opt/rustwide/target/debug/deps/libos_str_bytes-98e7b3026b04cf5f.rlib" "/opt/rustwide/target/debug/deps/libtermcolor-fe47d483106080c8.rlib" "/opt/rustwide/target/debug/deps/libtext_io-c441b2ec2d164b1f.rlib" "/opt/rustwide/target/debug/deps/liblemmeknow-a1953381b42f59a9.rlib" "/opt/rustwide/target/debug/deps/libserde_json-de6273d7975fa5ae.rlib" "/opt/rustwide/target/debug/deps/libryu-079c1471ef3cc7e7.rlib" "/opt/rustwide/target/debug/deps/libitoa-c198fcb4fc03486e.rlib" "/opt/rustwide/target/debug/deps/libcomfy_table-8f7be736be710742.rlib" "/opt/rustwide/target/debug/deps/libstrum-117e0be1423ad5d6.rlib" "/opt/rustwide/target/debug/deps/libunicode_width-113345225ea159ba.rlib" "/opt/rustwide/target/debug/deps/libcrossterm-7813d59629b41576.rlib" "/opt/rustwide/target/debug/deps/libsignal_hook_mio-4a1bcbb6bf8eec92.rlib" "/opt/rustwide/target/debug/deps/libsignal_hook-5c9d365c3f23073f.rlib" "/opt/rustwide/target/debug/deps/libsignal_hook_registry-d5ade3e517800eb7.rlib" "/opt/rustwide/target/debug/deps/libmio-faf60e776ac0887b.rlib" "/opt/rustwide/target/debug/deps/liblog-bb758d8d3f33886b.rlib" "/opt/rustwide/target/debug/deps/libparking_lot-21b0daa46fe5d960.rlib" "/opt/rustwide/target/debug/deps/libparking_lot_core-225e91eacc143050.rlib" "/opt/rustwide/target/debug/deps/libsmallvec-ffee7acdd9609ff6.rlib" "/opt/rustwide/target/debug/deps/liblock_api-9e8575a2b4d645e5.rlib" "/opt/rustwide/target/debug/deps/libbitflags-85e13ed1e0c6d910.rlib" "/opt/rustwide/target/debug/deps/libserde-d5da3b5801375131.rlib" "/opt/rustwide/target/debug/deps/libregex-f1d2fd99a8a5cd98.rlib" "/opt/rustwide/target/debug/deps/libaho_corasick-222ef4be6ea26ad7.rlib" "/opt/rustwide/target/debug/deps/libmemchr-33d05ae5bba76030.rlib" "/opt/rustwide/target/debug/deps/libregex_syntax-93d76eb2162ff44b.rlib" "/opt/rustwide/target/debug/deps/librayon-0c1dc88e78af4c61.rlib" "/opt/rustwide/target/debug/deps/librayon_core-2cf8f3573862193f.rlib" "/opt/rustwide/target/debug/deps/libnum_cpus-a450abae98642ea7.rlib" "/opt/rustwide/target/debug/deps/liblibc-acfe84869d5640c5.rlib" "/opt/rustwide/target/debug/deps/libcrossbeam_deque-0cbdcc1d2005ae96.rlib" "/opt/rustwide/target/debug/deps/libcrossbeam_epoch-01ee02d3b678d6b2.rlib" "/opt/rustwide/target/debug/deps/libmemoffset-3b8b6c5d2cb3d911.rlib" "/opt/rustwide/target/debug/deps/libscopeguard-31f1b56a39f2a372.rlib" "/opt/rustwide/target/debug/deps/libcrossbeam_channel-a8ef6b4f62e31317.rlib" "/opt/rustwide/target/debug/deps/libcrossbeam_utils-e8e10a0da3ea1767.rlib" "/opt/rustwide/target/debug/deps/libonce_cell-502ede8b1a29d699.rlib" "/opt/rustwide/target/debug/deps/libcfg_if-a3e7e701fcd1f47b.rlib" "/opt/rustwide/target/debug/deps/libeither-7e401e22ecbea44e.rlib" "/opt/rustwide/rustup-home/toolchains/beta-2024-12-08-x86_64-unknown-linux-gnu/lib/rustlib/x86_64-unknown-linux-gnu/lib/libstd-02dc84f49135b6b8.rlib" "/opt/rustwide/rustup-home/toolchains/beta-2024-12-08-x86_64-unknown-linux-gnu/lib/rustlib/x86_64-unknown-linux-gnu/lib/libpanic_unwind-a8f45b397fae3f81.rlib" "/opt/rustwide/rustup-home/toolchains/beta-2024-12-08-x86_64-unknown-linux-gnu/lib/rustlib/x86_64-unknown-linux-gnu/lib/libobject-089607133c180609.rlib" "/opt/rustwide/rustup-home/toolchains/beta-2024-12-08-x86_64-unknown-linux-gnu/lib/rustlib/x86_64-unknown-linux-gnu/lib/libmemchr-fc89f091bcd86cbb.rlib" "/opt/rustwide/rustup-home/toolchains/beta-2024-12-08-x86_64-unknown-linux-gnu/lib/rustlib/x86_64-unknown-linux-gnu/lib/libaddr2line-5a60949f01c7340c.rlib" "/opt/rustwide/rustup-home/toolchains/beta-2024-12-08-x86_64-unknown-linux-gnu/lib/rustlib/x86_64-unknown-linux-gnu/lib/libgimli-d29e6a55ca253c8c.rlib" "/opt/rustwide/rustup-home/toolchains/beta-2024-12-08-x86_64-unknown-linux-gnu/lib/rustlib/x86_64-unknown-linux-gnu/lib/librustc_demangle-273c078d5f65de7a.rlib" "/opt/rustwide/rustup-home/toolchains/beta-2024-12-08-x86_64-unknown-linux-gnu/lib/rustlib/x86_64-unknown-linux-gnu/lib/libstd_detect-413c950ffbdd4454.rlib" "/opt/rustwide/rustup-home/toolchains/beta-2024-12-08-x86_64-unknown-linux-gnu/lib/rustlib/x86_64-unknown-linux-gnu/lib/libhashbrown-1853c0976a1d88a6.rlib" "/opt/rustwide/rustup-home/toolchains/beta-2024-12-08-x86_64-unknown-linux-gnu/lib/rustlib/x86_64-unknown-linux-gnu/lib/librustc_std_workspace_alloc-ccb3384ddacb0f9e.rlib" "/opt/rustwide/rustup-home/toolchains/beta-2024-12-08-x86_64-unknown-linux-gnu/lib/rustlib/x86_64-unknown-linux-gnu/lib/libminiz_oxide-0b901dfb0ca849e0.rlib" "/opt/rustwide/rustup-home/toolchains/beta-2024-12-08-x86_64-unknown-linux-gnu/lib/rustlib/x86_64-unknown-linux-gnu/lib/libadler-eebeb8d7c64543ad.rlib" "/opt/rustwide/rustup-home/toolchains/beta-2024-12-08-x86_64-unknown-linux-gnu/lib/rustlib/x86_64-unknown-linux-gnu/lib/libunwind-4723ef81d6079867.rlib" "/opt/rustwide/rustup-home/toolchains/beta-2024-12-08-x86_64-unknown-linux-gnu/lib/rustlib/x86_64-unknown-linux-gnu/lib/libcfg_if-54442f8b422f5a54.rlib" "/opt/rustwide/rustup-home/toolchains/beta-2024-12-08-x86_64-unknown-linux-gnu/lib/rustlib/x86_64-unknown-linux-gnu/lib/liblibc-e0bbe034b5282553.rlib" "/opt/rustwide/rustup-home/toolchains/beta-2024-12-08-x86_64-unknown-linux-gnu/lib/rustlib/x86_64-unknown-linux-gnu/lib/liballoc-d0febb68c1c37b90.rlib" "/opt/rustwide/rustup-home/toolchains/beta-2024-12-08-x86_64-unknown-linux-gnu/lib/rustlib/x86_64-unknown-linux-gnu/lib/librustc_std_workspace_core-4cf833632aafa84c.rlib" "/opt/rustwide/rustup-home/toolchains/beta-2024-12-08-x86_64-unknown-linux-gnu/lib/rustlib/x86_64-unknown-linux-gnu/lib/libcore-65c2c6d2d6ae570b.rlib" "/opt/rustwide/rustup-home/toolchains/beta-2024-12-08-x86_64-unknown-linux-gnu/lib/rustlib/x86_64-unknown-linux-gnu/lib/libcompiler_builtins-97929cee0dcfe424.rlib" "-Wl,-Bdynamic" "-lgcc_s" "-lutil" "-lrt" "-lpthread" "-lm" "-ldl" "-lc" "-Wl,--eh-frame-hdr" "-Wl,-z,noexecstack" "-L" "/opt/rustwide/rustup-home/toolchains/beta-2024-12-08-x86_64-unknown-linux-gnu/lib/rustlib/x86_64-unknown-linux-gnu/lib" "-o" "/tmp/rustdoctest3G6dPe/rust_out" "-Wl,--gc-sections" "-pie" "-Wl,-z,relro,-z,now" "-nodefaultlibs"
[INFO] [stdout]   = note: collect2: fatal error: ld terminated with signal 9 [Killed]
[INFO] [stdout]           compilation terminated.
[INFO] [stdout]           
[INFO] [stdout] 
[INFO] [stdout] error: aborting due to 1 previous error
[INFO] [stdout] 
[INFO] [stdout] Couldn't compile the test.
[INFO] [stdout] ---- src/decoders/base58_flickr_decoder.rs - decoders::base58_flickr_decoder::Base58FlickrDecoder (line 20) stdout ----
[INFO] [stdout] error: linking with `cc` failed: exit status: 1
[INFO] [stdout]   |
[INFO] [stdout]   = note: LC_ALL="C" PATH="/opt/rustwide/rustup-home/toolchains/beta-2024-12-08-x86_64-unknown-linux-gnu/lib/rustlib/x86_64-unknown-linux-gnu/bin:/opt/rustwide/cargo-home/bin:/usr/local/sbin:/usr/local/bin:/usr/sbin:/usr/bin:/sbin:/bin" VSLANG="1033" "cc" "-m64" "/tmp/rustcF0oyXD/symbols.o" "/tmp/rustdoctestvSfBIc/rust_out.rust_out.9242fac72db2cd11-cgu.0.rcgu.o" "/tmp/rustdoctestvSfBIc/rust_out.2hl2tb9xdtge7mguxzn2q1kvi.rcgu.o" "-Wl,--as-needed" "-Wl,-Bstatic" "/opt/rustwide/target/debug/deps/libares-5dd9b323381e1c97.rlib" "/opt/rustwide/target/debug/deps/libbase91-b3dc40d149b4cdae.rlib" "/opt/rustwide/target/debug/deps/libbase65536-ce6887a8e751e416.rlib" "/opt/rustwide/target/debug/deps/libfnv-953831fe314029b4.rlib" "/opt/rustwide/target/debug/deps/liblazy_static-efa3519517df6cf0.rlib" "/opt/rustwide/target/debug/deps/libbase64-fc93ff20895c6cc2.rlib" "/opt/rustwide/target/debug/deps/libbs58-5df4082cdc088375.rlib" "/opt/rustwide/target/debug/deps/libansi_term-f435e404af61098a.rlib" "/opt/rustwide/target/debug/deps/libenv_logger-ad8f3f1f23907ec5.rlib" "/opt/rustwide/target/debug/deps/libhumantime-ce381c4933d03978.rlib" "/opt/rustwide/target/debug/deps/libinclude_dir-6504886b31385bba.rlib" "/opt/rustwide/target/debug/deps/libcrossbeam-0799b00a0cd44c73.rlib" "/opt/rustwide/target/debug/deps/libcrossbeam_queue-d3e67b7374c3f286.rlib" "/opt/rustwide/target/debug/deps/libdata_encoding-b1705ff54119dc5b.rlib" "/opt/rustwide/target/debug/deps/libclap-6e0af0dccc74c510.rlib" "/opt/rustwide/target/debug/deps/libstrsim-7c2291ed86ef7041.rlib" "/opt/rustwide/target/debug/deps/libis_terminal-913e97b498eb2e50.rlib" "/opt/rustwide/target/debug/deps/librustix-5df084cc071ba3bb.rlib" "/opt/rustwide/target/debug/deps/liblinux_raw_sys-e9dfe078998d8a12.rlib" "/opt/rustwide/target/debug/deps/libio_lifetimes-3f2aa90742b79c0a.rlib" "/opt/rustwide/target/debug/deps/libclap_lex-b15a64c5c25d7cdf.rlib" "/opt/rustwide/target/debug/deps/libos_str_bytes-98e7b3026b04cf5f.rlib" "/opt/rustwide/target/debug/deps/libtermcolor-fe47d483106080c8.rlib" "/opt/rustwide/target/debug/deps/libtext_io-c441b2ec2d164b1f.rlib" "/opt/rustwide/target/debug/deps/liblemmeknow-a1953381b42f59a9.rlib" "/opt/rustwide/target/debug/deps/libserde_json-de6273d7975fa5ae.rlib" "/opt/rustwide/target/debug/deps/libryu-079c1471ef3cc7e7.rlib" "/opt/rustwide/target/debug/deps/libitoa-c198fcb4fc03486e.rlib" "/opt/rustwide/target/debug/deps/libcomfy_table-8f7be736be710742.rlib" "/opt/rustwide/target/debug/deps/libstrum-117e0be1423ad5d6.rlib" "/opt/rustwide/target/debug/deps/libunicode_width-113345225ea159ba.rlib" "/opt/rustwide/target/debug/deps/libcrossterm-7813d59629b41576.rlib" "/opt/rustwide/target/debug/deps/libsignal_hook_mio-4a1bcbb6bf8eec92.rlib" "/opt/rustwide/target/debug/deps/libsignal_hook-5c9d365c3f23073f.rlib" "/opt/rustwide/target/debug/deps/libsignal_hook_registry-d5ade3e517800eb7.rlib" "/opt/rustwide/target/debug/deps/libmio-faf60e776ac0887b.rlib" "/opt/rustwide/target/debug/deps/liblog-bb758d8d3f33886b.rlib" "/opt/rustwide/target/debug/deps/libparking_lot-21b0daa46fe5d960.rlib" "/opt/rustwide/target/debug/deps/libparking_lot_core-225e91eacc143050.rlib" "/opt/rustwide/target/debug/deps/libsmallvec-ffee7acdd9609ff6.rlib" "/opt/rustwide/target/debug/deps/liblock_api-9e8575a2b4d645e5.rlib" "/opt/rustwide/target/debug/deps/libbitflags-85e13ed1e0c6d910.rlib" "/opt/rustwide/target/debug/deps/libserde-d5da3b5801375131.rlib" "/opt/rustwide/target/debug/deps/libregex-f1d2fd99a8a5cd98.rlib" "/opt/rustwide/target/debug/deps/libaho_corasick-222ef4be6ea26ad7.rlib" "/opt/rustwide/target/debug/deps/libmemchr-33d05ae5bba76030.rlib" "/opt/rustwide/target/debug/deps/libregex_syntax-93d76eb2162ff44b.rlib" "/opt/rustwide/target/debug/deps/librayon-0c1dc88e78af4c61.rlib" "/opt/rustwide/target/debug/deps/librayon_core-2cf8f3573862193f.rlib" "/opt/rustwide/target/debug/deps/libnum_cpus-a450abae98642ea7.rlib" "/opt/rustwide/target/debug/deps/liblibc-acfe84869d5640c5.rlib" "/opt/rustwide/target/debug/deps/libcrossbeam_deque-0cbdcc1d2005ae96.rlib" "/opt/rustwide/target/debug/deps/libcrossbeam_epoch-01ee02d3b678d6b2.rlib" "/opt/rustwide/target/debug/deps/libmemoffset-3b8b6c5d2cb3d911.rlib" "/opt/rustwide/target/debug/deps/libscopeguard-31f1b56a39f2a372.rlib" "/opt/rustwide/target/debug/deps/libcrossbeam_channel-a8ef6b4f62e31317.rlib" "/opt/rustwide/target/debug/deps/libcrossbeam_utils-e8e10a0da3ea1767.rlib" "/opt/rustwide/target/debug/deps/libonce_cell-502ede8b1a29d699.rlib" "/opt/rustwide/target/debug/deps/libcfg_if-a3e7e701fcd1f47b.rlib" "/opt/rustwide/target/debug/deps/libeither-7e401e22ecbea44e.rlib" "/opt/rustwide/rustup-home/toolchains/beta-2024-12-08-x86_64-unknown-linux-gnu/lib/rustlib/x86_64-unknown-linux-gnu/lib/libstd-02dc84f49135b6b8.rlib" "/opt/rustwide/rustup-home/toolchains/beta-2024-12-08-x86_64-unknown-linux-gnu/lib/rustlib/x86_64-unknown-linux-gnu/lib/libpanic_unwind-a8f45b397fae3f81.rlib" "/opt/rustwide/rustup-home/toolchains/beta-2024-12-08-x86_64-unknown-linux-gnu/lib/rustlib/x86_64-unknown-linux-gnu/lib/libobject-089607133c180609.rlib" "/opt/rustwide/rustup-home/toolchains/beta-2024-12-08-x86_64-unknown-linux-gnu/lib/rustlib/x86_64-unknown-linux-gnu/lib/libmemchr-fc89f091bcd86cbb.rlib" "/opt/rustwide/rustup-home/toolchains/beta-2024-12-08-x86_64-unknown-linux-gnu/lib/rustlib/x86_64-unknown-linux-gnu/lib/libaddr2line-5a60949f01c7340c.rlib" "/opt/rustwide/rustup-home/toolchains/beta-2024-12-08-x86_64-unknown-linux-gnu/lib/rustlib/x86_64-unknown-linux-gnu/lib/libgimli-d29e6a55ca253c8c.rlib" "/opt/rustwide/rustup-home/toolchains/beta-2024-12-08-x86_64-unknown-linux-gnu/lib/rustlib/x86_64-unknown-linux-gnu/lib/librustc_demangle-273c078d5f65de7a.rlib" "/opt/rustwide/rustup-home/toolchains/beta-2024-12-08-x86_64-unknown-linux-gnu/lib/rustlib/x86_64-unknown-linux-gnu/lib/libstd_detect-413c950ffbdd4454.rlib" "/opt/rustwide/rustup-home/toolchains/beta-2024-12-08-x86_64-unknown-linux-gnu/lib/rustlib/x86_64-unknown-linux-gnu/lib/libhashbrown-1853c0976a1d88a6.rlib" "/opt/rustwide/rustup-home/toolchains/beta-2024-12-08-x86_64-unknown-linux-gnu/lib/rustlib/x86_64-unknown-linux-gnu/lib/librustc_std_workspace_alloc-ccb3384ddacb0f9e.rlib" "/opt/rustwide/rustup-home/toolchains/beta-2024-12-08-x86_64-unknown-linux-gnu/lib/rustlib/x86_64-unknown-linux-gnu/lib/libminiz_oxide-0b901dfb0ca849e0.rlib" "/opt/rustwide/rustup-home/toolchains/beta-2024-12-08-x86_64-unknown-linux-gnu/lib/rustlib/x86_64-unknown-linux-gnu/lib/libadler-eebeb8d7c64543ad.rlib" "/opt/rustwide/rustup-home/toolchains/beta-2024-12-08-x86_64-unknown-linux-gnu/lib/rustlib/x86_64-unknown-linux-gnu/lib/libunwind-4723ef81d6079867.rlib" "/opt/rustwide/rustup-home/toolchains/beta-2024-12-08-x86_64-unknown-linux-gnu/lib/rustlib/x86_64-unknown-linux-gnu/lib/libcfg_if-54442f8b422f5a54.rlib" "/opt/rustwide/rustup-home/toolchains/beta-2024-12-08-x86_64-unknown-linux-gnu/lib/rustlib/x86_64-unknown-linux-gnu/lib/liblibc-e0bbe034b5282553.rlib" "/opt/rustwide/rustup-home/toolchains/beta-2024-12-08-x86_64-unknown-linux-gnu/lib/rustlib/x86_64-unknown-linux-gnu/lib/liballoc-d0febb68c1c37b90.rlib" "/opt/rustwide/rustup-home/toolchains/beta-2024-12-08-x86_64-unknown-linux-gnu/lib/rustlib/x86_64-unknown-linux-gnu/lib/librustc_std_workspace_core-4cf833632aafa84c.rlib" "/opt/rustwide/rustup-home/toolchains/beta-2024-12-08-x86_64-unknown-linux-gnu/lib/rustlib/x86_64-unknown-linux-gnu/lib/libcore-65c2c6d2d6ae570b.rlib" "/opt/rustwide/rustup-home/toolchains/beta-2024-12-08-x86_64-unknown-linux-gnu/lib/rustlib/x86_64-unknown-linux-gnu/lib/libcompiler_builtins-97929cee0dcfe424.rlib" "-Wl,-Bdynamic" "-lgcc_s" "-lutil" "-lrt" "-lpthread" "-lm" "-ldl" "-lc" "-Wl,--eh-frame-hdr" "-Wl,-z,noexecstack" "-L" "/opt/rustwide/rustup-home/toolchains/beta-2024-12-08-x86_64-unknown-linux-gnu/lib/rustlib/x86_64-unknown-linux-gnu/lib" "-o" "/tmp/rustdoctestvSfBIc/rust_out" "-Wl,--gc-sections" "-pie" "-Wl,-z,relro,-z,now" "-nodefaultlibs"
[INFO] [stdout]   = note: collect2: fatal error: ld terminated with signal 9 [Killed]
[INFO] [stdout]           compilation terminated.
[INFO] [stdout]           
[INFO] [stdout] 
[INFO] [stdout] error: aborting due to 1 previous error
[INFO] [stdout] 
[INFO] [stdout] Couldn't compile the test.
[INFO] [stdout] ---- src/decoders/caesar_decoder.rs - decoders::caesar_decoder::CaesarDecoder (line 20) stdout ----
[INFO] [stdout] error: linking with `cc` failed: exit status: 1
[INFO] [stdout]   |
[INFO] [stdout]   = note: LC_ALL="C" PATH="/opt/rustwide/rustup-home/toolchains/beta-2024-12-08-x86_64-unknown-linux-gnu/lib/rustlib/x86_64-unknown-linux-gnu/bin:/opt/rustwide/cargo-home/bin:/usr/local/sbin:/usr/local/bin:/usr/sbin:/usr/bin:/sbin:/bin" VSLANG="1033" "cc" "-m64" "/tmp/rustcFkRoGQ/symbols.o" "/tmp/rustdoctestUHeHHy/rust_out.rust_out.9242fac72db2cd11-cgu.0.rcgu.o" "/tmp/rustdoctestUHeHHy/rust_out.2hl2tb9xdtge7mguxzn2q1kvi.rcgu.o" "-Wl,--as-needed" "-Wl,-Bstatic" "/opt/rustwide/target/debug/deps/libares-5dd9b323381e1c97.rlib" "/opt/rustwide/target/debug/deps/libbase91-b3dc40d149b4cdae.rlib" "/opt/rustwide/target/debug/deps/libbase65536-ce6887a8e751e416.rlib" "/opt/rustwide/target/debug/deps/libfnv-953831fe314029b4.rlib" "/opt/rustwide/target/debug/deps/liblazy_static-efa3519517df6cf0.rlib" "/opt/rustwide/target/debug/deps/libbase64-fc93ff20895c6cc2.rlib" "/opt/rustwide/target/debug/deps/libbs58-5df4082cdc088375.rlib" "/opt/rustwide/target/debug/deps/libansi_term-f435e404af61098a.rlib" "/opt/rustwide/target/debug/deps/libenv_logger-ad8f3f1f23907ec5.rlib" "/opt/rustwide/target/debug/deps/libhumantime-ce381c4933d03978.rlib" "/opt/rustwide/target/debug/deps/libinclude_dir-6504886b31385bba.rlib" "/opt/rustwide/target/debug/deps/libcrossbeam-0799b00a0cd44c73.rlib" "/opt/rustwide/target/debug/deps/libcrossbeam_queue-d3e67b7374c3f286.rlib" "/opt/rustwide/target/debug/deps/libdata_encoding-b1705ff54119dc5b.rlib" "/opt/rustwide/target/debug/deps/libclap-6e0af0dccc74c510.rlib" "/opt/rustwide/target/debug/deps/libstrsim-7c2291ed86ef7041.rlib" "/opt/rustwide/target/debug/deps/libis_terminal-913e97b498eb2e50.rlib" "/opt/rustwide/target/debug/deps/librustix-5df084cc071ba3bb.rlib" "/opt/rustwide/target/debug/deps/liblinux_raw_sys-e9dfe078998d8a12.rlib" "/opt/rustwide/target/debug/deps/libio_lifetimes-3f2aa90742b79c0a.rlib" "/opt/rustwide/target/debug/deps/libclap_lex-b15a64c5c25d7cdf.rlib" "/opt/rustwide/target/debug/deps/libos_str_bytes-98e7b3026b04cf5f.rlib" "/opt/rustwide/target/debug/deps/libtermcolor-fe47d483106080c8.rlib" "/opt/rustwide/target/debug/deps/libtext_io-c441b2ec2d164b1f.rlib" "/opt/rustwide/target/debug/deps/liblemmeknow-a1953381b42f59a9.rlib" "/opt/rustwide/target/debug/deps/libserde_json-de6273d7975fa5ae.rlib" "/opt/rustwide/target/debug/deps/libryu-079c1471ef3cc7e7.rlib" "/opt/rustwide/target/debug/deps/libitoa-c198fcb4fc03486e.rlib" "/opt/rustwide/target/debug/deps/libcomfy_table-8f7be736be710742.rlib" "/opt/rustwide/target/debug/deps/libstrum-117e0be1423ad5d6.rlib" "/opt/rustwide/target/debug/deps/libunicode_width-113345225ea159ba.rlib" "/opt/rustwide/target/debug/deps/libcrossterm-7813d59629b41576.rlib" "/opt/rustwide/target/debug/deps/libsignal_hook_mio-4a1bcbb6bf8eec92.rlib" "/opt/rustwide/target/debug/deps/libsignal_hook-5c9d365c3f23073f.rlib" "/opt/rustwide/target/debug/deps/libsignal_hook_registry-d5ade3e517800eb7.rlib" "/opt/rustwide/target/debug/deps/libmio-faf60e776ac0887b.rlib" "/opt/rustwide/target/debug/deps/liblog-bb758d8d3f33886b.rlib" "/opt/rustwide/target/debug/deps/libparking_lot-21b0daa46fe5d960.rlib" "/opt/rustwide/target/debug/deps/libparking_lot_core-225e91eacc143050.rlib" "/opt/rustwide/target/debug/deps/libsmallvec-ffee7acdd9609ff6.rlib" "/opt/rustwide/target/debug/deps/liblock_api-9e8575a2b4d645e5.rlib" "/opt/rustwide/target/debug/deps/libbitflags-85e13ed1e0c6d910.rlib" "/opt/rustwide/target/debug/deps/libserde-d5da3b5801375131.rlib" "/opt/rustwide/target/debug/deps/libregex-f1d2fd99a8a5cd98.rlib" "/opt/rustwide/target/debug/deps/libaho_corasick-222ef4be6ea26ad7.rlib" "/opt/rustwide/target/debug/deps/libmemchr-33d05ae5bba76030.rlib" "/opt/rustwide/target/debug/deps/libregex_syntax-93d76eb2162ff44b.rlib" "/opt/rustwide/target/debug/deps/librayon-0c1dc88e78af4c61.rlib" "/opt/rustwide/target/debug/deps/librayon_core-2cf8f3573862193f.rlib" "/opt/rustwide/target/debug/deps/libnum_cpus-a450abae98642ea7.rlib" "/opt/rustwide/target/debug/deps/liblibc-acfe84869d5640c5.rlib" "/opt/rustwide/target/debug/deps/libcrossbeam_deque-0cbdcc1d2005ae96.rlib" "/opt/rustwide/target/debug/deps/libcrossbeam_epoch-01ee02d3b678d6b2.rlib" "/opt/rustwide/target/debug/deps/libmemoffset-3b8b6c5d2cb3d911.rlib" "/opt/rustwide/target/debug/deps/libscopeguard-31f1b56a39f2a372.rlib" "/opt/rustwide/target/debug/deps/libcrossbeam_channel-a8ef6b4f62e31317.rlib" "/opt/rustwide/target/debug/deps/libcrossbeam_utils-e8e10a0da3ea1767.rlib" "/opt/rustwide/target/debug/deps/libonce_cell-502ede8b1a29d699.rlib" "/opt/rustwide/target/debug/deps/libcfg_if-a3e7e701fcd1f47b.rlib" "/opt/rustwide/target/debug/deps/libeither-7e401e22ecbea44e.rlib" "/opt/rustwide/rustup-home/toolchains/beta-2024-12-08-x86_64-unknown-linux-gnu/lib/rustlib/x86_64-unknown-linux-gnu/lib/libstd-02dc84f49135b6b8.rlib" "/opt/rustwide/rustup-home/toolchains/beta-2024-12-08-x86_64-unknown-linux-gnu/lib/rustlib/x86_64-unknown-linux-gnu/lib/libpanic_unwind-a8f45b397fae3f81.rlib" "/opt/rustwide/rustup-home/toolchains/beta-2024-12-08-x86_64-unknown-linux-gnu/lib/rustlib/x86_64-unknown-linux-gnu/lib/libobject-089607133c180609.rlib" "/opt/rustwide/rustup-home/toolchains/beta-2024-12-08-x86_64-unknown-linux-gnu/lib/rustlib/x86_64-unknown-linux-gnu/lib/libmemchr-fc89f091bcd86cbb.rlib" "/opt/rustwide/rustup-home/toolchains/beta-2024-12-08-x86_64-unknown-linux-gnu/lib/rustlib/x86_64-unknown-linux-gnu/lib/libaddr2line-5a60949f01c7340c.rlib" "/opt/rustwide/rustup-home/toolchains/beta-2024-12-08-x86_64-unknown-linux-gnu/lib/rustlib/x86_64-unknown-linux-gnu/lib/libgimli-d29e6a55ca253c8c.rlib" "/opt/rustwide/rustup-home/toolchains/beta-2024-12-08-x86_64-unknown-linux-gnu/lib/rustlib/x86_64-unknown-linux-gnu/lib/librustc_demangle-273c078d5f65de7a.rlib" "/opt/rustwide/rustup-home/toolchains/beta-2024-12-08-x86_64-unknown-linux-gnu/lib/rustlib/x86_64-unknown-linux-gnu/lib/libstd_detect-413c950ffbdd4454.rlib" "/opt/rustwide/rustup-home/toolchains/beta-2024-12-08-x86_64-unknown-linux-gnu/lib/rustlib/x86_64-unknown-linux-gnu/lib/libhashbrown-1853c0976a1d88a6.rlib" "/opt/rustwide/rustup-home/toolchains/beta-2024-12-08-x86_64-unknown-linux-gnu/lib/rustlib/x86_64-unknown-linux-gnu/lib/librustc_std_workspace_alloc-ccb3384ddacb0f9e.rlib" "/opt/rustwide/rustup-home/toolchains/beta-2024-12-08-x86_64-unknown-linux-gnu/lib/rustlib/x86_64-unknown-linux-gnu/lib/libminiz_oxide-0b901dfb0ca849e0.rlib" "/opt/rustwide/rustup-home/toolchains/beta-2024-12-08-x86_64-unknown-linux-gnu/lib/rustlib/x86_64-unknown-linux-gnu/lib/libadler-eebeb8d7c64543ad.rlib" "/opt/rustwide/rustup-home/toolchains/beta-2024-12-08-x86_64-unknown-linux-gnu/lib/rustlib/x86_64-unknown-linux-gnu/lib/libunwind-4723ef81d6079867.rlib" "/opt/rustwide/rustup-home/toolchains/beta-2024-12-08-x86_64-unknown-linux-gnu/lib/rustlib/x86_64-unknown-linux-gnu/lib/libcfg_if-54442f8b422f5a54.rlib" "/opt/rustwide/rustup-home/toolchains/beta-2024-12-08-x86_64-unknown-linux-gnu/lib/rustlib/x86_64-unknown-linux-gnu/lib/liblibc-e0bbe034b5282553.rlib" "/opt/rustwide/rustup-home/toolchains/beta-2024-12-08-x86_64-unknown-linux-gnu/lib/rustlib/x86_64-unknown-linux-gnu/lib/liballoc-d0febb68c1c37b90.rlib" "/opt/rustwide/rustup-home/toolchains/beta-2024-12-08-x86_64-unknown-linux-gnu/lib/rustlib/x86_64-unknown-linux-gnu/lib/librustc_std_workspace_core-4cf833632aafa84c.rlib" "/opt/rustwide/rustup-home/toolchains/beta-2024-12-08-x86_64-unknown-linux-gnu/lib/rustlib/x86_64-unknown-linux-gnu/lib/libcore-65c2c6d2d6ae570b.rlib" "/opt/rustwide/rustup-home/toolchains/beta-2024-12-08-x86_64-unknown-linux-gnu/lib/rustlib/x86_64-unknown-linux-gnu/lib/libcompiler_builtins-97929cee0dcfe424.rlib" "-Wl,-Bdynamic" "-lgcc_s" "-lutil" "-lrt" "-lpthread" "-lm" "-ldl" "-lc" "-Wl,--eh-frame-hdr" "-Wl,-z,noexecstack" "-L" "/opt/rustwide/rustup-home/toolchains/beta-2024-12-08-x86_64-unknown-linux-gnu/lib/rustlib/x86_64-unknown-linux-gnu/lib" "-o" "/tmp/rustdoctestUHeHHy/rust_out" "-Wl,--gc-sections" "-pie" "-Wl,-z,relro,-z,now" "-nodefaultlibs"
[INFO] [stdout]   = note: collect2: fatal error: ld terminated with signal 9 [Killed]
[INFO] [stdout]           compilation terminated.
[INFO] [stdout]           
[INFO] [stdout] 
[INFO] [stdout] error: aborting due to 1 previous error
[INFO] [stdout] 
[INFO] [stdout] Couldn't compile the test.
[INFO] [stdout] 
[INFO] [stdout] failures:
[INFO] [stdout]     src/decoders/base32_decoder.rs - decoders::base32_decoder::Base32Decoder (line 21)
[INFO] [stdout]     src/decoders/base58_bitcoin_decoder.rs - decoders::base58_bitcoin_decoder::Base58BitcoinDecoder (line 20)
[INFO] [stdout]     src/decoders/base58_flickr_decoder.rs - decoders::base58_flickr_decoder::Base58FlickrDecoder (line 20)
[INFO] [stdout]     src/decoders/base91_decoder.rs - decoders::base91_decoder::Base91Decoder (line 20)
[INFO] [stdout]     src/decoders/caesar_decoder.rs - decoders::caesar_decoder::CaesarDecoder (line 20)
[INFO] [stdout]     src/decoders/reverse_decoder.rs - decoders::reverse_decoder::ReverseDecoder (line 14)
[INFO] [stdout] 
[INFO] [stdout] test result: FAILED. 8 passed; 6 failed; 0 ignored; 0 measured; 0 filtered out; finished in 5.32s
[INFO] [stdout] 
[INFO] [stderr] error: doctest failed, to rerun pass `--doc`
[INFO] running `Command { std: "docker" "inspect" "930477dba0bc29774fcfc6908dd317f16076b31bb3a9a5ed653e194b61f9c145", kill_on_drop: false }`
[INFO] running `Command { std: "docker" "rm" "-f" "930477dba0bc29774fcfc6908dd317f16076b31bb3a9a5ed653e194b61f9c145", kill_on_drop: false }`
[INFO] [stdout] 930477dba0bc29774fcfc6908dd317f16076b31bb3a9a5ed653e194b61f9c145
