[INFO] fetching crate proc-macro-type-name 0.1.0...
[INFO] testing proc-macro-type-name-0.1.0 against 1.83.0 for beta-1.84.0-4-retry
[INFO] extracting crate proc-macro-type-name 0.1.0 into /workspace/builds/worker-3-tc1/source
[INFO] validating manifest of crates.io crate proc-macro-type-name 0.1.0 on toolchain 1.83.0
[INFO] running `Command { std: CARGO_HOME="/workspace/cargo-home" RUSTUP_HOME="/workspace/rustup-home" "/workspace/cargo-home/bin/cargo" "+1.83.0" "metadata" "--manifest-path" "Cargo.toml" "--no-deps", kill_on_drop: false }`
[INFO] started tweaking crates.io crate proc-macro-type-name 0.1.0
[INFO] finished tweaking crates.io crate proc-macro-type-name 0.1.0
[INFO] tweaked toml for crates.io crate proc-macro-type-name 0.1.0 written to /workspace/builds/worker-3-tc1/source/Cargo.toml
[INFO] running `Command { std: CARGO_HOME="/workspace/cargo-home" RUSTUP_HOME="/workspace/rustup-home" "/workspace/cargo-home/bin/cargo" "+1.83.0" "generate-lockfile" "--manifest-path" "Cargo.toml", kill_on_drop: false }`
[INFO] [stderr]     Updating crates.io index
[INFO] [stderr]      Locking 2 packages to latest compatible versions
[INFO] running `Command { std: CARGO_HOME="/workspace/cargo-home" RUSTUP_HOME="/workspace/rustup-home" "/workspace/cargo-home/bin/cargo" "+1.83.0" "fetch" "--manifest-path" "Cargo.toml", kill_on_drop: false }`
[INFO] running `Command { std: "docker" "create" "-v" "/var/lib/crater-agent-workspace/builds/worker-3-tc1/target:/opt/rustwide/target:rw,Z" "-v" "/var/lib/crater-agent-workspace/builds/worker-3-tc1/source:/opt/rustwide/workdir:ro,Z" "-v" "/var/lib/crater-agent-workspace/cargo-home:/opt/rustwide/cargo-home:ro,Z" "-v" "/var/lib/crater-agent-workspace/rustup-home:/opt/rustwide/rustup-home:ro,Z" "-e" "SOURCE_DIR=/opt/rustwide/workdir" "-e" "CARGO_TARGET_DIR=/opt/rustwide/target" "-e" "CARGO_HOME=/opt/rustwide/cargo-home" "-e" "RUSTUP_HOME=/opt/rustwide/rustup-home" "-w" "/opt/rustwide/workdir" "-m" "1610612736" "--user" "0:0" "--network" "none" "ghcr.io/rust-lang/crates-build-env/linux@sha256:f3a9d4ad9d972b27faf3965f35b62e55ba32bbce8f20bc8fe909558a86702fde" "/opt/rustwide/cargo-home/bin/cargo" "+1.83.0" "metadata" "--no-deps" "--format-version=1", kill_on_drop: false }`
[INFO] [stdout] 6efd86a4387c8a2d3c34d7fd950dd127aaba43da19af472c94b68438efc53ca9
[INFO] running `Command { std: "docker" "start" "-a" "6efd86a4387c8a2d3c34d7fd950dd127aaba43da19af472c94b68438efc53ca9", kill_on_drop: false }`
[INFO] running `Command { std: "docker" "inspect" "6efd86a4387c8a2d3c34d7fd950dd127aaba43da19af472c94b68438efc53ca9", kill_on_drop: false }`
[INFO] running `Command { std: "docker" "rm" "-f" "6efd86a4387c8a2d3c34d7fd950dd127aaba43da19af472c94b68438efc53ca9", kill_on_drop: false }`
[INFO] [stdout] 6efd86a4387c8a2d3c34d7fd950dd127aaba43da19af472c94b68438efc53ca9
[INFO] running `Command { std: "docker" "create" "-v" "/var/lib/crater-agent-workspace/builds/worker-3-tc1/target:/opt/rustwide/target:rw,Z" "-v" "/var/lib/crater-agent-workspace/builds/worker-3-tc1/source:/opt/rustwide/workdir:ro,Z" "-v" "/var/lib/crater-agent-workspace/cargo-home:/opt/rustwide/cargo-home:ro,Z" "-v" "/var/lib/crater-agent-workspace/rustup-home:/opt/rustwide/rustup-home:ro,Z" "-e" "SOURCE_DIR=/opt/rustwide/workdir" "-e" "CARGO_TARGET_DIR=/opt/rustwide/target" "-e" "CARGO_INCREMENTAL=0" "-e" "RUST_BACKTRACE=full" "-e" "RUSTFLAGS=--cap-lints=warn" "-e" "RUSTDOCFLAGS=--cap-lints=warn" "-e" "CARGO_HOME=/opt/rustwide/cargo-home" "-e" "RUSTUP_HOME=/opt/rustwide/rustup-home" "-w" "/opt/rustwide/workdir" "-m" "1610612736" "--user" "0:0" "--network" "none" "ghcr.io/rust-lang/crates-build-env/linux@sha256:f3a9d4ad9d972b27faf3965f35b62e55ba32bbce8f20bc8fe909558a86702fde" "/opt/rustwide/cargo-home/bin/cargo" "+1.83.0" "build" "--frozen" "--message-format=json", kill_on_drop: false }`
[INFO] [stdout] 3e6f85fd3110545f790d98f833d998d73f1771e1b5c56a029069964459500844
[INFO] running `Command { std: "docker" "start" "-a" "3e6f85fd3110545f790d98f833d998d73f1771e1b5c56a029069964459500844", kill_on_drop: false }`
[INFO] [stderr]    Compiling proc-macro2 v1.0.92
[INFO] [stderr]    Compiling unicode-ident v1.0.14
[INFO] [stderr]    Compiling proc-macro-type-name v0.1.0 (/opt/rustwide/workdir)
[INFO] [stderr]     Finished `dev` profile [unoptimized + debuginfo] target(s) in 0.99s
[INFO] running `Command { std: "docker" "inspect" "3e6f85fd3110545f790d98f833d998d73f1771e1b5c56a029069964459500844", kill_on_drop: false }`
[INFO] running `Command { std: "docker" "rm" "-f" "3e6f85fd3110545f790d98f833d998d73f1771e1b5c56a029069964459500844", kill_on_drop: false }`
[INFO] [stdout] 3e6f85fd3110545f790d98f833d998d73f1771e1b5c56a029069964459500844
[INFO] running `Command { std: "docker" "create" "-v" "/var/lib/crater-agent-workspace/builds/worker-3-tc1/target:/opt/rustwide/target:rw,Z" "-v" "/var/lib/crater-agent-workspace/builds/worker-3-tc1/source:/opt/rustwide/workdir:ro,Z" "-v" "/var/lib/crater-agent-workspace/cargo-home:/opt/rustwide/cargo-home:ro,Z" "-v" "/var/lib/crater-agent-workspace/rustup-home:/opt/rustwide/rustup-home:ro,Z" "-e" "SOURCE_DIR=/opt/rustwide/workdir" "-e" "CARGO_TARGET_DIR=/opt/rustwide/target" "-e" "CARGO_INCREMENTAL=0" "-e" "RUST_BACKTRACE=full" "-e" "RUSTFLAGS=--cap-lints=warn" "-e" "RUSTDOCFLAGS=--cap-lints=warn" "-e" "CARGO_HOME=/opt/rustwide/cargo-home" "-e" "RUSTUP_HOME=/opt/rustwide/rustup-home" "-w" "/opt/rustwide/workdir" "-m" "1610612736" "--user" "0:0" "--network" "none" "ghcr.io/rust-lang/crates-build-env/linux@sha256:f3a9d4ad9d972b27faf3965f35b62e55ba32bbce8f20bc8fe909558a86702fde" "/opt/rustwide/cargo-home/bin/cargo" "+1.83.0" "test" "--frozen" "--no-run" "--message-format=json", kill_on_drop: false }`
[INFO] [stdout] 2edbdb438c9c72becb7e0186a3219cab7ce5503cf0b3d0a3c2e70fb29c76af12
[INFO] running `Command { std: "docker" "start" "-a" "2edbdb438c9c72becb7e0186a3219cab7ce5503cf0b3d0a3c2e70fb29c76af12", kill_on_drop: false }`
[INFO] [stderr]    Compiling proc-macro-type-name v0.1.0 (/opt/rustwide/workdir)
[INFO] [stderr]     Finished `test` profile [unoptimized + debuginfo] target(s) in 0.43s
[INFO] running `Command { std: "docker" "inspect" "2edbdb438c9c72becb7e0186a3219cab7ce5503cf0b3d0a3c2e70fb29c76af12", kill_on_drop: false }`
[INFO] running `Command { std: "docker" "rm" "-f" "2edbdb438c9c72becb7e0186a3219cab7ce5503cf0b3d0a3c2e70fb29c76af12", kill_on_drop: false }`
[INFO] [stdout] 2edbdb438c9c72becb7e0186a3219cab7ce5503cf0b3d0a3c2e70fb29c76af12
[INFO] running `Command { std: "docker" "create" "-v" "/var/lib/crater-agent-workspace/builds/worker-3-tc1/target:/opt/rustwide/target:rw,Z" "-v" "/var/lib/crater-agent-workspace/builds/worker-3-tc1/source:/opt/rustwide/workdir:ro,Z" "-v" "/var/lib/crater-agent-workspace/cargo-home:/opt/rustwide/cargo-home:ro,Z" "-v" "/var/lib/crater-agent-workspace/rustup-home:/opt/rustwide/rustup-home:ro,Z" "-e" "SOURCE_DIR=/opt/rustwide/workdir" "-e" "CARGO_TARGET_DIR=/opt/rustwide/target" "-e" "CARGO_INCREMENTAL=0" "-e" "RUST_BACKTRACE=full" "-e" "RUSTFLAGS=--cap-lints=warn" "-e" "RUSTDOCFLAGS=--cap-lints=warn" "-e" "CARGO_HOME=/opt/rustwide/cargo-home" "-e" "RUSTUP_HOME=/opt/rustwide/rustup-home" "-w" "/opt/rustwide/workdir" "-m" "1610612736" "--user" "0:0" "--network" "none" "ghcr.io/rust-lang/crates-build-env/linux@sha256:f3a9d4ad9d972b27faf3965f35b62e55ba32bbce8f20bc8fe909558a86702fde" "/opt/rustwide/cargo-home/bin/cargo" "+1.83.0" "test" "--frozen", kill_on_drop: false }`
[INFO] [stdout] 44029beebd5fca4aa3ad351bd59b26e31c3dc749c1440bcb9c6e0d1ea8d7aa84
[INFO] running `Command { std: "docker" "start" "-a" "44029beebd5fca4aa3ad351bd59b26e31c3dc749c1440bcb9c6e0d1ea8d7aa84", kill_on_drop: false }`
[INFO] [stderr]     Finished `test` profile [unoptimized + debuginfo] target(s) in 0.01s
[INFO] [stderr]      Running unittests src/lib.rs (/opt/rustwide/target/debug/deps/proc_macro_type_name-ca504c7f3ca1a8ad)
[INFO] [stdout] 
[INFO] [stdout] running 8 tests
[INFO] [stdout] test test::capitalize_first_letter_ignores_whitespace ... ok
[INFO] [stdout] test test::capitalize_first_letter_only_modifies_first_character ... ok
[INFO] [stdout] test test::to_pascal_case_properly_converts_casing ... ok
[INFO] [stdout] test test::to_pascal_case_should_panic_on_leading_whitespace - should panic ... ok
[INFO] [stdout] test test::to_pascal_case_should_panic_on_trailing_whitespace - should panic ... ok
[INFO] [stdout] test test::to_type_ident_for_str ... ok
[INFO] [stdout] test test::to_type_ident_for_string ... ok
[INFO] [stdout] test test::to_type_ident_for_ident ... ok
[INFO] [stdout] 
[INFO] [stdout] test result: ok. 8 passed; 0 failed; 0 ignored; 0 measured; 0 filtered out; finished in 0.00s
[INFO] [stdout] 
[INFO] [stderr]    Doc-tests proc_macro_type_name
[INFO] [stdout] 
[INFO] [stdout] running 1 test
[INFO] [stdout] test src/lib.rs - (line 7) ... FAILED
[INFO] [stdout] 
[INFO] [stdout] failures:
[INFO] [stdout] 
[INFO] [stdout] ---- src/lib.rs - (line 7) stdout ----
[INFO] [stdout] error: cannot find macro `quote` in this scope
[INFO] [stdout]   --> src/lib.rs:16:1
[INFO] [stdout]    |
[INFO] [stdout] 12 | quote! {
[INFO] [stdout]    | ^^^^^
[INFO] [stdout] 
[INFO] [stdout] error[E0412]: cannot find type `Indent` in crate `proc_macro2`
[INFO] [stdout]    --> src/lib.rs:11:25
[INFO] [stdout]     |
[INFO] [stdout] 7   | let ident: proc_macro2::Indent = Ident::new("foo_bar", Span::call_site());
[INFO] [stdout]     |                         ^^^^^^ help: a struct with a similar name exists: `Ident`
[INFO] [stdout]     |
[INFO] [stdout]    ::: /opt/rustwide/cargo-home/registry/src/index.crates.io-6f17d22bba15001f/proc-macro2-1.0.92/src/lib.rs:961:1
[INFO] [stdout]     |
[INFO] [stdout] 961 | pub struct Ident {
[INFO] [stdout]     | ---------------- similarly named struct `Ident` defined here
[INFO] [stdout] 
[INFO] [stdout] error[E0433]: failed to resolve: use of undeclared type `Ident`
[INFO] [stdout]  --> src/lib.rs:11:34
[INFO] [stdout]   |
[INFO] [stdout] 7 | let ident: proc_macro2::Indent = Ident::new("foo_bar", Span::call_site());
[INFO] [stdout]   |                                  ^^^^^ use of undeclared type `Ident`
[INFO] [stdout]   |
[INFO] [stdout] help: consider importing this struct
[INFO] [stdout]   |
[INFO] [stdout] 2 + use proc_macro2::Ident;
[INFO] [stdout]   |
[INFO] [stdout] 
[INFO] [stdout] error[E0433]: failed to resolve: use of undeclared type `Span`
[INFO] [stdout]  --> src/lib.rs:11:56
[INFO] [stdout]   |
[INFO] [stdout] 7 | let ident: proc_macro2::Indent = Ident::new("foo_bar", Span::call_site());
[INFO] [stdout]   |                                                        ^^^^ use of undeclared type `Span`
[INFO] [stdout]   |
[INFO] [stdout] help: consider importing this struct
[INFO] [stdout]   |
[INFO] [stdout] 2 + use proc_macro2::Span;
[INFO] [stdout]   |
[INFO] [stdout] 
[INFO] [stdout] error: aborting due to 4 previous errors
[INFO] [stdout] 
[INFO] [stdout] Some errors have detailed explanations: E0412, E0433.
[INFO] [stdout] For more information about an error, try `rustc --explain E0412`.
[INFO] [stdout] Couldn't compile the test.
[INFO] [stdout] 
[INFO] [stdout] failures:
[INFO] [stdout]     src/lib.rs - (line 7)
[INFO] [stdout] 
[INFO] [stdout] test result: FAILED. 0 passed; 1 failed; 0 ignored; 0 measured; 0 filtered out; finished in 0.05s
[INFO] [stdout] 
[INFO] [stderr] error: doctest failed, to rerun pass `--doc`
[INFO] running `Command { std: "docker" "inspect" "44029beebd5fca4aa3ad351bd59b26e31c3dc749c1440bcb9c6e0d1ea8d7aa84", kill_on_drop: false }`
[INFO] running `Command { std: "docker" "rm" "-f" "44029beebd5fca4aa3ad351bd59b26e31c3dc749c1440bcb9c6e0d1ea8d7aa84", kill_on_drop: false }`
[INFO] [stdout] 44029beebd5fca4aa3ad351bd59b26e31c3dc749c1440bcb9c6e0d1ea8d7aa84
