[INFO] fetching crate prism-wasmbind 0.2.1...
[INFO] testing prism-wasmbind-0.2.1 against 1.83.0 for beta-1.84.0-4-retry
[INFO] extracting crate prism-wasmbind 0.2.1 into /workspace/builds/worker-4-tc1/source
[INFO] validating manifest of crates.io crate prism-wasmbind 0.2.1 on toolchain 1.83.0
[INFO] running `Command { std: CARGO_HOME="/workspace/cargo-home" RUSTUP_HOME="/workspace/rustup-home" "/workspace/cargo-home/bin/cargo" "+1.83.0" "metadata" "--manifest-path" "Cargo.toml" "--no-deps", kill_on_drop: false }`
[INFO] started tweaking crates.io crate prism-wasmbind 0.2.1
[INFO] finished tweaking crates.io crate prism-wasmbind 0.2.1
[INFO] tweaked toml for crates.io crate prism-wasmbind 0.2.1 written to /workspace/builds/worker-4-tc1/source/Cargo.toml
[INFO] running `Command { std: CARGO_HOME="/workspace/cargo-home" RUSTUP_HOME="/workspace/rustup-home" "/workspace/cargo-home/bin/cargo" "+1.83.0" "generate-lockfile" "--manifest-path" "Cargo.toml", kill_on_drop: false }`
[INFO] [stderr]     Updating crates.io index
[INFO] [stderr]     Blocking waiting for file lock on package cache
[INFO] [stderr]      Locking 41 packages to latest compatible versions
[INFO] running `Command { std: CARGO_HOME="/workspace/cargo-home" RUSTUP_HOME="/workspace/rustup-home" "/workspace/cargo-home/bin/cargo" "+1.83.0" "fetch" "--manifest-path" "Cargo.toml", kill_on_drop: false }`
[INFO] [stderr]     Blocking waiting for file lock on package cache
[INFO] running `Command { std: "docker" "create" "-v" "/var/lib/crater-agent-workspace/builds/worker-4-tc1/target:/opt/rustwide/target:rw,Z" "-v" "/var/lib/crater-agent-workspace/builds/worker-4-tc1/source:/opt/rustwide/workdir:ro,Z" "-v" "/var/lib/crater-agent-workspace/cargo-home:/opt/rustwide/cargo-home:ro,Z" "-v" "/var/lib/crater-agent-workspace/rustup-home:/opt/rustwide/rustup-home:ro,Z" "-e" "SOURCE_DIR=/opt/rustwide/workdir" "-e" "CARGO_TARGET_DIR=/opt/rustwide/target" "-e" "CARGO_HOME=/opt/rustwide/cargo-home" "-e" "RUSTUP_HOME=/opt/rustwide/rustup-home" "-w" "/opt/rustwide/workdir" "-m" "1610612736" "--user" "0:0" "--network" "none" "ghcr.io/rust-lang/crates-build-env/linux@sha256:f3a9d4ad9d972b27faf3965f35b62e55ba32bbce8f20bc8fe909558a86702fde" "/opt/rustwide/cargo-home/bin/cargo" "+1.83.0" "metadata" "--no-deps" "--format-version=1", kill_on_drop: false }`
[INFO] [stdout] c6a98dc62369908a83765e4e03d7effc1bdfbce1ac9bf94ee14b58e1a3ae02c6
[INFO] running `Command { std: "docker" "start" "-a" "c6a98dc62369908a83765e4e03d7effc1bdfbce1ac9bf94ee14b58e1a3ae02c6", kill_on_drop: false }`
[INFO] running `Command { std: "docker" "inspect" "c6a98dc62369908a83765e4e03d7effc1bdfbce1ac9bf94ee14b58e1a3ae02c6", kill_on_drop: false }`
[INFO] running `Command { std: "docker" "rm" "-f" "c6a98dc62369908a83765e4e03d7effc1bdfbce1ac9bf94ee14b58e1a3ae02c6", kill_on_drop: false }`
[INFO] [stdout] c6a98dc62369908a83765e4e03d7effc1bdfbce1ac9bf94ee14b58e1a3ae02c6
[INFO] running `Command { std: "docker" "create" "-v" "/var/lib/crater-agent-workspace/builds/worker-4-tc1/target:/opt/rustwide/target:rw,Z" "-v" "/var/lib/crater-agent-workspace/builds/worker-4-tc1/source:/opt/rustwide/workdir:ro,Z" "-v" "/var/lib/crater-agent-workspace/cargo-home:/opt/rustwide/cargo-home:ro,Z" "-v" "/var/lib/crater-agent-workspace/rustup-home:/opt/rustwide/rustup-home:ro,Z" "-e" "SOURCE_DIR=/opt/rustwide/workdir" "-e" "CARGO_TARGET_DIR=/opt/rustwide/target" "-e" "CARGO_INCREMENTAL=0" "-e" "RUST_BACKTRACE=full" "-e" "RUSTFLAGS=--cap-lints=warn" "-e" "RUSTDOCFLAGS=--cap-lints=warn" "-e" "CARGO_HOME=/opt/rustwide/cargo-home" "-e" "RUSTUP_HOME=/opt/rustwide/rustup-home" "-w" "/opt/rustwide/workdir" "-m" "1610612736" "--user" "0:0" "--network" "none" "ghcr.io/rust-lang/crates-build-env/linux@sha256:f3a9d4ad9d972b27faf3965f35b62e55ba32bbce8f20bc8fe909558a86702fde" "/opt/rustwide/cargo-home/bin/cargo" "+1.83.0" "build" "--frozen" "--message-format=json", kill_on_drop: false }`
[INFO] [stdout] 69b90a05050989b74b2a9cd48c2b2577f2d8e6e6b436d0b80a5a824fe0bc594b
[INFO] running `Command { std: "docker" "start" "-a" "69b90a05050989b74b2a9cd48c2b2577f2d8e6e6b436d0b80a5a824fe0bc594b", kill_on_drop: false }`
[INFO] [stderr]    Compiling proc-macro2 v1.0.92
[INFO] [stderr]    Compiling unicode-ident v1.0.14
[INFO] [stderr]    Compiling wasm-bindgen-shared v0.2.99
[INFO] [stderr]    Compiling bumpalo v3.16.0
[INFO] [stderr]    Compiling log v0.4.22
[INFO] [stderr]    Compiling serde v1.0.216
[INFO] [stderr]    Compiling serde_json v1.0.133
[INFO] [stderr]    Compiling itoa v1.0.14
[INFO] [stderr]    Compiling ryu v1.0.18
[INFO] [stderr]    Compiling wasm-bindgen v0.2.99
[INFO] [stderr]    Compiling memchr v2.7.4
[INFO] [stderr]    Compiling once_cell v1.20.2
[INFO] [stderr]    Compiling cfg-if v1.0.0
[INFO] [stderr]    Compiling quote v1.0.37
[INFO] [stderr]    Compiling syn v2.0.90
[INFO] [stderr]    Compiling wasm-bindgen-backend v0.2.99
[INFO] [stderr]    Compiling wasm-bindgen-macro-support v0.2.99
[INFO] [stderr]    Compiling wasm-bindgen-macro v0.2.99
[INFO] [stderr]    Compiling prism-wasmbind v0.2.1 (/opt/rustwide/workdir)
[INFO] [stdout] warning: missing documentation for a function
[INFO] [stdout]   --> src/lib.rs:12:1
[INFO] [stdout]    |
[INFO] [stdout] 12 | #[wasm_bindgen(module = "/src/prism.min.js")]
[INFO] [stdout]    | ^^^^^^^^^^^^^^^^^^^^^^^^^^^^^^^^^^^^^^^^^^^^^
[INFO] [stdout]    |
[INFO] [stdout] note: the lint level is defined here
[INFO] [stdout]   --> src/lib.rs:1:11
[INFO] [stdout]    |
[INFO] [stdout] 1  | #![forbid(missing_docs)]
[INFO] [stdout]    |           ^^^^^^^^^^^^
[INFO] [stdout]    = note: this warning originates in the attribute macro `wasm_bindgen` (in Nightly builds, run with -Z macro-backtrace for more info)
[INFO] [stdout] 
[INFO] [stdout] 
[INFO] [stderr]     Finished `dev` profile [unoptimized + debuginfo] target(s) in 12.31s
[INFO] running `Command { std: "docker" "inspect" "69b90a05050989b74b2a9cd48c2b2577f2d8e6e6b436d0b80a5a824fe0bc594b", kill_on_drop: false }`
[INFO] running `Command { std: "docker" "rm" "-f" "69b90a05050989b74b2a9cd48c2b2577f2d8e6e6b436d0b80a5a824fe0bc594b", kill_on_drop: false }`
[INFO] [stdout] 69b90a05050989b74b2a9cd48c2b2577f2d8e6e6b436d0b80a5a824fe0bc594b
[INFO] running `Command { std: "docker" "create" "-v" "/var/lib/crater-agent-workspace/builds/worker-4-tc1/target:/opt/rustwide/target:rw,Z" "-v" "/var/lib/crater-agent-workspace/builds/worker-4-tc1/source:/opt/rustwide/workdir:ro,Z" "-v" "/var/lib/crater-agent-workspace/cargo-home:/opt/rustwide/cargo-home:ro,Z" "-v" "/var/lib/crater-agent-workspace/rustup-home:/opt/rustwide/rustup-home:ro,Z" "-e" "SOURCE_DIR=/opt/rustwide/workdir" "-e" "CARGO_TARGET_DIR=/opt/rustwide/target" "-e" "CARGO_INCREMENTAL=0" "-e" "RUST_BACKTRACE=full" "-e" "RUSTFLAGS=--cap-lints=warn" "-e" "RUSTDOCFLAGS=--cap-lints=warn" "-e" "CARGO_HOME=/opt/rustwide/cargo-home" "-e" "RUSTUP_HOME=/opt/rustwide/rustup-home" "-w" "/opt/rustwide/workdir" "-m" "1610612736" "--user" "0:0" "--network" "none" "ghcr.io/rust-lang/crates-build-env/linux@sha256:f3a9d4ad9d972b27faf3965f35b62e55ba32bbce8f20bc8fe909558a86702fde" "/opt/rustwide/cargo-home/bin/cargo" "+1.83.0" "test" "--frozen" "--no-run" "--message-format=json", kill_on_drop: false }`
[INFO] [stdout] fa70dfe305fa3533055e8a12550fdb144314444a90cb562ff55c9af1ec1b56e2
[INFO] running `Command { std: "docker" "start" "-a" "fa70dfe305fa3533055e8a12550fdb144314444a90cb562ff55c9af1ec1b56e2", kill_on_drop: false }`
[INFO] [stderr]    Compiling scoped-tls v1.0.1
[INFO] [stderr]    Compiling wasm-bindgen-test-macro v0.3.49
[INFO] [stderr]    Compiling js-sys v0.3.76
[INFO] [stdout] warning: missing documentation for a function
[INFO] [stdout]   --> src/lib.rs:12:1
[INFO] [stdout]    |
[INFO] [stdout] 12 | #[wasm_bindgen(module = "/src/prism.min.js")]
[INFO] [stdout]    | ^^^^^^^^^^^^^^^^^^^^^^^^^^^^^^^^^^^^^^^^^^^^^
[INFO] [stdout]    |
[INFO] [stdout] note: the lint level is defined here
[INFO] [stdout]   --> src/lib.rs:1:11
[INFO] [stdout]    |
[INFO] [stdout] 1  | #![forbid(missing_docs)]
[INFO] [stdout]    |           ^^^^^^^^^^^^
[INFO] [stdout]    = note: this warning originates in the attribute macro `wasm_bindgen` (in Nightly builds, run with -Z macro-backtrace for more info)
[INFO] [stdout] 
[INFO] [stdout] 
[INFO] [stderr]    Compiling wasm-bindgen-futures v0.4.49
[INFO] [stderr]    Compiling wasm-bindgen-test v0.3.49
[INFO] [stderr]    Compiling prism-wasmbind v0.2.1 (/opt/rustwide/workdir)
[INFO] [stdout] warning: missing documentation for a function
[INFO] [stdout]   --> src/lib.rs:12:1
[INFO] [stdout]    |
[INFO] [stdout] 12 | #[wasm_bindgen(module = "/src/prism.min.js")]
[INFO] [stdout]    | ^^^^^^^^^^^^^^^^^^^^^^^^^^^^^^^^^^^^^^^^^^^^^
[INFO] [stdout]    |
[INFO] [stdout] note: the lint level is defined here
[INFO] [stdout]   --> src/lib.rs:1:11
[INFO] [stdout]    |
[INFO] [stdout] 1  | #![forbid(missing_docs)]
[INFO] [stdout]    |           ^^^^^^^^^^^^
[INFO] [stdout]    = note: this warning originates in the attribute macro `wasm_bindgen` (in Nightly builds, run with -Z macro-backtrace for more info)
[INFO] [stdout] 
[INFO] [stdout] 
[INFO] [stderr]     Finished `test` profile [unoptimized + debuginfo] target(s) in 6.07s
[INFO] running `Command { std: "docker" "inspect" "fa70dfe305fa3533055e8a12550fdb144314444a90cb562ff55c9af1ec1b56e2", kill_on_drop: false }`
[INFO] running `Command { std: "docker" "rm" "-f" "fa70dfe305fa3533055e8a12550fdb144314444a90cb562ff55c9af1ec1b56e2", kill_on_drop: false }`
[INFO] [stdout] fa70dfe305fa3533055e8a12550fdb144314444a90cb562ff55c9af1ec1b56e2
[INFO] running `Command { std: "docker" "create" "-v" "/var/lib/crater-agent-workspace/builds/worker-4-tc1/target:/opt/rustwide/target:rw,Z" "-v" "/var/lib/crater-agent-workspace/builds/worker-4-tc1/source:/opt/rustwide/workdir:ro,Z" "-v" "/var/lib/crater-agent-workspace/cargo-home:/opt/rustwide/cargo-home:ro,Z" "-v" "/var/lib/crater-agent-workspace/rustup-home:/opt/rustwide/rustup-home:ro,Z" "-e" "SOURCE_DIR=/opt/rustwide/workdir" "-e" "CARGO_TARGET_DIR=/opt/rustwide/target" "-e" "CARGO_INCREMENTAL=0" "-e" "RUST_BACKTRACE=full" "-e" "RUSTFLAGS=--cap-lints=warn" "-e" "RUSTDOCFLAGS=--cap-lints=warn" "-e" "CARGO_HOME=/opt/rustwide/cargo-home" "-e" "RUSTUP_HOME=/opt/rustwide/rustup-home" "-w" "/opt/rustwide/workdir" "-m" "1610612736" "--user" "0:0" "--network" "none" "ghcr.io/rust-lang/crates-build-env/linux@sha256:f3a9d4ad9d972b27faf3965f35b62e55ba32bbce8f20bc8fe909558a86702fde" "/opt/rustwide/cargo-home/bin/cargo" "+1.83.0" "test" "--frozen", kill_on_drop: false }`
[INFO] [stdout] a98760d0a0d5a455887782ad9643499417cf335a6db945b195735fd815d06dde
[INFO] running `Command { std: "docker" "start" "-a" "a98760d0a0d5a455887782ad9643499417cf335a6db945b195735fd815d06dde", kill_on_drop: false }`
[INFO] [stderr] warning: missing documentation for a function
[INFO] [stderr]   --> src/lib.rs:12:1
[INFO] [stderr]    |
[INFO] [stderr] 12 | #[wasm_bindgen(module = "/src/prism.min.js")]
[INFO] [stderr]    | ^^^^^^^^^^^^^^^^^^^^^^^^^^^^^^^^^^^^^^^^^^^^^
[INFO] [stderr]    |
[INFO] [stderr] note: the lint level is defined here
[INFO] [stderr]   --> src/lib.rs:1:11
[INFO] [stderr]    |
[INFO] [stderr] 1  | #![forbid(missing_docs)]
[INFO] [stderr]    |           ^^^^^^^^^^^^
[INFO] [stderr]    = note: this warning originates in the attribute macro `wasm_bindgen` (in Nightly builds, run with -Z macro-backtrace for more info)
[INFO] [stderr] 
[INFO] [stderr] warning: `prism-wasmbind` (lib) generated 1 warning
[INFO] [stderr] warning: `prism-wasmbind` (lib test) generated 1 warning (1 duplicate)
[INFO] [stderr]     Finished `test` profile [unoptimized + debuginfo] target(s) in 0.06s
[INFO] [stderr]      Running unittests src/lib.rs (/opt/rustwide/target/debug/deps/prism_wasmbind-effb390d5babd51b)
[INFO] [stderr]    Doc-tests prism_wasmbind
[INFO] [stdout] 
[INFO] [stdout] running 0 tests
[INFO] [stdout] 
[INFO] [stdout] test result: ok. 0 passed; 0 failed; 0 ignored; 0 measured; 0 filtered out; finished in 0.00s
[INFO] [stdout] 
[INFO] [stdout] 
[INFO] [stdout] running 1 test
[INFO] [stdout] test src/../Readme.md - (line 12) ... FAILED
[INFO] [stdout] 
[INFO] [stdout] failures:
[INFO] [stdout] 
[INFO] [stdout] ---- src/../Readme.md - (line 12) stdout ----
[INFO] [stdout] error[E0432]: unresolved import `katex_wasmbind`
[INFO] [stdout]  --> src/../Readme.md:13:5
[INFO] [stdout]   |
[INFO] [stdout] 2 | use katex_wasmbind::KaTeXOptions;
[INFO] [stdout]   |     ^^^^^^^^^^^^^^ use of undeclared crate or module `katex_wasmbind`
[INFO] [stdout] 
[INFO] [stdout] error: aborting due to 1 previous error
[INFO] [stdout] 
[INFO] [stdout] For more information about this error, try `rustc --explain E0432`.
[INFO] [stdout] Couldn't compile the test.
[INFO] [stdout] 
[INFO] [stdout] failures:
[INFO] [stdout]     src/../Readme.md - (line 12)
[INFO] [stdout] 
[INFO] [stdout] test result: FAILED. 0 passed; 1 failed; 0 ignored; 0 measured; 0 filtered out; finished in 0.07s
[INFO] [stdout] 
[INFO] [stderr] error: doctest failed, to rerun pass `--doc`
[INFO] running `Command { std: "docker" "inspect" "a98760d0a0d5a455887782ad9643499417cf335a6db945b195735fd815d06dde", kill_on_drop: false }`
[INFO] running `Command { std: "docker" "rm" "-f" "a98760d0a0d5a455887782ad9643499417cf335a6db945b195735fd815d06dde", kill_on_drop: false }`
[INFO] [stdout] a98760d0a0d5a455887782ad9643499417cf335a6db945b195735fd815d06dde
