[INFO] fetching crate postfix_assert 0.1.1...
[INFO] testing postfix_assert-0.1.1 against beta-2024-12-08 for beta-1.84.0-4-retry
[INFO] extracting crate postfix_assert 0.1.1 into /workspace/builds/worker-5-tc2/source
[INFO] validating manifest of crates.io crate postfix_assert 0.1.1 on toolchain beta-2024-12-08
[INFO] running `Command { std: CARGO_HOME="/workspace/cargo-home" RUSTUP_HOME="/workspace/rustup-home" "/workspace/cargo-home/bin/cargo" "+beta-2024-12-08" "metadata" "--manifest-path" "Cargo.toml" "--no-deps", kill_on_drop: false }`
[INFO] started tweaking crates.io crate postfix_assert 0.1.1
[INFO] finished tweaking crates.io crate postfix_assert 0.1.1
[INFO] tweaked toml for crates.io crate postfix_assert 0.1.1 written to /workspace/builds/worker-5-tc2/source/Cargo.toml
[INFO] running `Command { std: CARGO_HOME="/workspace/cargo-home" RUSTUP_HOME="/workspace/rustup-home" "/workspace/cargo-home/bin/cargo" "+beta-2024-12-08" "generate-lockfile" "--manifest-path" "Cargo.toml", kill_on_drop: false }`
[INFO] running `Command { std: CARGO_HOME="/workspace/cargo-home" RUSTUP_HOME="/workspace/rustup-home" "/workspace/cargo-home/bin/cargo" "+beta-2024-12-08" "fetch" "--manifest-path" "Cargo.toml", kill_on_drop: false }`
[INFO] running `Command { std: "docker" "create" "-v" "/var/lib/crater-agent-workspace/builds/worker-5-tc2/target:/opt/rustwide/target:rw,Z" "-v" "/var/lib/crater-agent-workspace/builds/worker-5-tc2/source:/opt/rustwide/workdir:ro,Z" "-v" "/var/lib/crater-agent-workspace/cargo-home:/opt/rustwide/cargo-home:ro,Z" "-v" "/var/lib/crater-agent-workspace/rustup-home:/opt/rustwide/rustup-home:ro,Z" "-e" "SOURCE_DIR=/opt/rustwide/workdir" "-e" "CARGO_TARGET_DIR=/opt/rustwide/target" "-e" "CARGO_HOME=/opt/rustwide/cargo-home" "-e" "RUSTUP_HOME=/opt/rustwide/rustup-home" "-w" "/opt/rustwide/workdir" "-m" "1610612736" "--user" "0:0" "--network" "none" "ghcr.io/rust-lang/crates-build-env/linux@sha256:f3a9d4ad9d972b27faf3965f35b62e55ba32bbce8f20bc8fe909558a86702fde" "/opt/rustwide/cargo-home/bin/cargo" "+beta-2024-12-08" "metadata" "--no-deps" "--format-version=1", kill_on_drop: false }`
[INFO] [stdout] f2cdd08e18331dc20e3a3273733bf28ca9143eb25ccbde0a52af93b04b5bc90f
[INFO] running `Command { std: "docker" "start" "-a" "f2cdd08e18331dc20e3a3273733bf28ca9143eb25ccbde0a52af93b04b5bc90f", kill_on_drop: false }`
[INFO] running `Command { std: "docker" "inspect" "f2cdd08e18331dc20e3a3273733bf28ca9143eb25ccbde0a52af93b04b5bc90f", kill_on_drop: false }`
[INFO] running `Command { std: "docker" "rm" "-f" "f2cdd08e18331dc20e3a3273733bf28ca9143eb25ccbde0a52af93b04b5bc90f", kill_on_drop: false }`
[INFO] [stdout] f2cdd08e18331dc20e3a3273733bf28ca9143eb25ccbde0a52af93b04b5bc90f
[INFO] running `Command { std: "docker" "create" "-v" "/var/lib/crater-agent-workspace/builds/worker-5-tc2/target:/opt/rustwide/target:rw,Z" "-v" "/var/lib/crater-agent-workspace/builds/worker-5-tc2/source:/opt/rustwide/workdir:ro,Z" "-v" "/var/lib/crater-agent-workspace/cargo-home:/opt/rustwide/cargo-home:ro,Z" "-v" "/var/lib/crater-agent-workspace/rustup-home:/opt/rustwide/rustup-home:ro,Z" "-e" "SOURCE_DIR=/opt/rustwide/workdir" "-e" "CARGO_TARGET_DIR=/opt/rustwide/target" "-e" "CARGO_INCREMENTAL=0" "-e" "RUST_BACKTRACE=full" "-e" "RUSTFLAGS=--cap-lints=warn" "-e" "RUSTDOCFLAGS=--cap-lints=warn" "-e" "CARGO_HOME=/opt/rustwide/cargo-home" "-e" "RUSTUP_HOME=/opt/rustwide/rustup-home" "-w" "/opt/rustwide/workdir" "-m" "1610612736" "--user" "0:0" "--network" "none" "ghcr.io/rust-lang/crates-build-env/linux@sha256:f3a9d4ad9d972b27faf3965f35b62e55ba32bbce8f20bc8fe909558a86702fde" "/opt/rustwide/cargo-home/bin/cargo" "+beta-2024-12-08" "build" "--frozen" "--message-format=json", kill_on_drop: false }`
[INFO] [stdout] 77388e736564b16f75fda13ffc0d19b62d15f37ecbdfe0f79f893b22333ba6f0
[INFO] running `Command { std: "docker" "start" "-a" "77388e736564b16f75fda13ffc0d19b62d15f37ecbdfe0f79f893b22333ba6f0", kill_on_drop: false }`
[INFO] [stderr]    Compiling postfix_assert v0.1.1 (/opt/rustwide/workdir)
[INFO] [stderr]     Finished `dev` profile [unoptimized + debuginfo] target(s) in 0.21s
[INFO] running `Command { std: "docker" "inspect" "77388e736564b16f75fda13ffc0d19b62d15f37ecbdfe0f79f893b22333ba6f0", kill_on_drop: false }`
[INFO] running `Command { std: "docker" "rm" "-f" "77388e736564b16f75fda13ffc0d19b62d15f37ecbdfe0f79f893b22333ba6f0", kill_on_drop: false }`
[INFO] [stdout] 77388e736564b16f75fda13ffc0d19b62d15f37ecbdfe0f79f893b22333ba6f0
[INFO] running `Command { std: "docker" "create" "-v" "/var/lib/crater-agent-workspace/builds/worker-5-tc2/target:/opt/rustwide/target:rw,Z" "-v" "/var/lib/crater-agent-workspace/builds/worker-5-tc2/source:/opt/rustwide/workdir:ro,Z" "-v" "/var/lib/crater-agent-workspace/cargo-home:/opt/rustwide/cargo-home:ro,Z" "-v" "/var/lib/crater-agent-workspace/rustup-home:/opt/rustwide/rustup-home:ro,Z" "-e" "SOURCE_DIR=/opt/rustwide/workdir" "-e" "CARGO_TARGET_DIR=/opt/rustwide/target" "-e" "CARGO_INCREMENTAL=0" "-e" "RUST_BACKTRACE=full" "-e" "RUSTFLAGS=--cap-lints=warn" "-e" "RUSTDOCFLAGS=--cap-lints=warn" "-e" "CARGO_HOME=/opt/rustwide/cargo-home" "-e" "RUSTUP_HOME=/opt/rustwide/rustup-home" "-w" "/opt/rustwide/workdir" "-m" "1610612736" "--user" "0:0" "--network" "none" "ghcr.io/rust-lang/crates-build-env/linux@sha256:f3a9d4ad9d972b27faf3965f35b62e55ba32bbce8f20bc8fe909558a86702fde" "/opt/rustwide/cargo-home/bin/cargo" "+beta-2024-12-08" "test" "--frozen" "--no-run" "--message-format=json", kill_on_drop: false }`
[INFO] [stdout] e17af2a59cf7b82f4a912f589fb3d864b6c7cfd982ca8c24959ed234a2212ef3
[INFO] running `Command { std: "docker" "start" "-a" "e17af2a59cf7b82f4a912f589fb3d864b6c7cfd982ca8c24959ed234a2212ef3", kill_on_drop: false }`
[INFO] [stderr]    Compiling postfix_assert v0.1.1 (/opt/rustwide/workdir)
[INFO] [stderr]     Finished `test` profile [unoptimized + debuginfo] target(s) in 0.41s
[INFO] running `Command { std: "docker" "inspect" "e17af2a59cf7b82f4a912f589fb3d864b6c7cfd982ca8c24959ed234a2212ef3", kill_on_drop: false }`
[INFO] running `Command { std: "docker" "rm" "-f" "e17af2a59cf7b82f4a912f589fb3d864b6c7cfd982ca8c24959ed234a2212ef3", kill_on_drop: false }`
[INFO] [stdout] e17af2a59cf7b82f4a912f589fb3d864b6c7cfd982ca8c24959ed234a2212ef3
[INFO] running `Command { std: "docker" "create" "-v" "/var/lib/crater-agent-workspace/builds/worker-5-tc2/target:/opt/rustwide/target:rw,Z" "-v" "/var/lib/crater-agent-workspace/builds/worker-5-tc2/source:/opt/rustwide/workdir:ro,Z" "-v" "/var/lib/crater-agent-workspace/cargo-home:/opt/rustwide/cargo-home:ro,Z" "-v" "/var/lib/crater-agent-workspace/rustup-home:/opt/rustwide/rustup-home:ro,Z" "-e" "SOURCE_DIR=/opt/rustwide/workdir" "-e" "CARGO_TARGET_DIR=/opt/rustwide/target" "-e" "CARGO_INCREMENTAL=0" "-e" "RUST_BACKTRACE=full" "-e" "RUSTFLAGS=--cap-lints=warn" "-e" "RUSTDOCFLAGS=--cap-lints=warn" "-e" "CARGO_HOME=/opt/rustwide/cargo-home" "-e" "RUSTUP_HOME=/opt/rustwide/rustup-home" "-w" "/opt/rustwide/workdir" "-m" "1610612736" "--user" "0:0" "--network" "none" "ghcr.io/rust-lang/crates-build-env/linux@sha256:f3a9d4ad9d972b27faf3965f35b62e55ba32bbce8f20bc8fe909558a86702fde" "/opt/rustwide/cargo-home/bin/cargo" "+beta-2024-12-08" "test" "--frozen", kill_on_drop: false }`
[INFO] [stdout] 951c62efc03d147df506a80e74574f6baadb2cbce7389deff13a551f44c2b260
[INFO] running `Command { std: "docker" "start" "-a" "951c62efc03d147df506a80e74574f6baadb2cbce7389deff13a551f44c2b260", kill_on_drop: false }`
[INFO] [stderr]     Finished `test` profile [unoptimized + debuginfo] target(s) in 0.01s
[INFO] [stderr]      Running unittests src/lib.rs (/opt/rustwide/target/debug/deps/postfix_assert-fed7741c1cb17ec9)
[INFO] [stdout] 
[INFO] [stdout] running 6 tests
[INFO] [stdout] test option::tests::assert_none ... ok
[INFO] [stdout] test option::tests::assert_some ... ok
[INFO] [stdout] test option::tests::assert_option_chaining ... ok
[INFO] [stdout] test option::tests::assert_some_panic - should panic ... ok
[INFO] [stdout] test option::tests::assert_option_chaining_panic - should panic ... ok
[INFO] [stdout] test option::tests::assert_none_panic - should panic ... ok
[INFO] [stdout] 
[INFO] [stdout] test result: ok. 6 passed; 0 failed; 0 ignored; 0 measured; 0 filtered out; finished in 0.02s
[INFO] [stdout] 
[INFO] [stderr]    Doc-tests postfix_assert
[INFO] [stdout] 
[INFO] [stdout] running 1 test
[INFO] [stdout] test src/lib.rs - (line 9) ... FAILED
[INFO] [stdout] 
[INFO] [stdout] failures:
[INFO] [stdout] 
[INFO] [stdout] ---- src/lib.rs - (line 9) stdout ----
[INFO] [stdout] error[E0599]: no method named `assert_some` found for enum `Option` in the current scope
[INFO] [stdout]   --> src/lib.rs:18:6
[INFO] [stdout]    |
[INFO] [stdout] 10 | / computation_producing_some()
[INFO] [stdout] 11 | |     .assert_some()
[INFO] [stdout]    | |_____-^^^^^^^^^^^
[INFO] [stdout]    |
[INFO] [stdout] help: there is a method `is_some` with a similar name
[INFO] [stdout]    |
[INFO] [stdout] 11 |     .is_some()
[INFO] [stdout]    |      ~~~~~~~
[INFO] [stdout] 
[INFO] [stdout] error: aborting due to 1 previous error
[INFO] [stdout] 
[INFO] [stdout] For more information about this error, try `rustc --explain E0599`.
[INFO] [stdout] Couldn't compile the test.
[INFO] [stdout] 
[INFO] [stdout] failures:
[INFO] [stdout]     src/lib.rs - (line 9)
[INFO] [stdout] 
[INFO] [stdout] test result: FAILED. 0 passed; 1 failed; 0 ignored; 0 measured; 0 filtered out; finished in 0.16s
[INFO] [stdout] 
[INFO] [stderr] error: doctest failed, to rerun pass `--doc`
[INFO] running `Command { std: "docker" "inspect" "951c62efc03d147df506a80e74574f6baadb2cbce7389deff13a551f44c2b260", kill_on_drop: false }`
[INFO] running `Command { std: "docker" "rm" "-f" "951c62efc03d147df506a80e74574f6baadb2cbce7389deff13a551f44c2b260", kill_on_drop: false }`
[INFO] [stdout] 951c62efc03d147df506a80e74574f6baadb2cbce7389deff13a551f44c2b260
