[INFO] fetching crate plugy-core 0.3.1...
[INFO] testing plugy-core-0.3.1 against beta-2024-12-08 for beta-1.84.0-4-retry
[INFO] extracting crate plugy-core 0.3.1 into /workspace/builds/worker-1-tc2/source
[INFO] validating manifest of crates.io crate plugy-core 0.3.1 on toolchain beta-2024-12-08
[INFO] running `Command { std: CARGO_HOME="/workspace/cargo-home" RUSTUP_HOME="/workspace/rustup-home" "/workspace/cargo-home/bin/cargo" "+beta-2024-12-08" "metadata" "--manifest-path" "Cargo.toml" "--no-deps", kill_on_drop: false }`
[INFO] started tweaking crates.io crate plugy-core 0.3.1
[INFO] finished tweaking crates.io crate plugy-core 0.3.1
[INFO] tweaked toml for crates.io crate plugy-core 0.3.1 written to /workspace/builds/worker-1-tc2/source/Cargo.toml
[INFO] running `Command { std: CARGO_HOME="/workspace/cargo-home" RUSTUP_HOME="/workspace/rustup-home" "/workspace/cargo-home/bin/cargo" "+beta-2024-12-08" "generate-lockfile" "--manifest-path" "Cargo.toml", kill_on_drop: false }`
[INFO] [stderr]     Updating crates.io index
[INFO] [stderr]      Locking 8 packages to latest compatible versions
[INFO] running `Command { std: CARGO_HOME="/workspace/cargo-home" RUSTUP_HOME="/workspace/rustup-home" "/workspace/cargo-home/bin/cargo" "+beta-2024-12-08" "fetch" "--manifest-path" "Cargo.toml", kill_on_drop: false }`
[INFO] running `Command { std: "docker" "create" "-v" "/var/lib/crater-agent-workspace/builds/worker-1-tc2/target:/opt/rustwide/target:rw,Z" "-v" "/var/lib/crater-agent-workspace/builds/worker-1-tc2/source:/opt/rustwide/workdir:ro,Z" "-v" "/var/lib/crater-agent-workspace/cargo-home:/opt/rustwide/cargo-home:ro,Z" "-v" "/var/lib/crater-agent-workspace/rustup-home:/opt/rustwide/rustup-home:ro,Z" "-e" "SOURCE_DIR=/opt/rustwide/workdir" "-e" "CARGO_TARGET_DIR=/opt/rustwide/target" "-e" "CARGO_HOME=/opt/rustwide/cargo-home" "-e" "RUSTUP_HOME=/opt/rustwide/rustup-home" "-w" "/opt/rustwide/workdir" "-m" "1610612736" "--user" "0:0" "--network" "none" "ghcr.io/rust-lang/crates-build-env/linux@sha256:f3a9d4ad9d972b27faf3965f35b62e55ba32bbce8f20bc8fe909558a86702fde" "/opt/rustwide/cargo-home/bin/cargo" "+beta-2024-12-08" "metadata" "--no-deps" "--format-version=1", kill_on_drop: false }`
[INFO] [stdout] d1077ee2abeb1512500ea66e1916c5cd76ff0ea313f40f1dd170f620bd217249
[INFO] running `Command { std: "docker" "start" "-a" "d1077ee2abeb1512500ea66e1916c5cd76ff0ea313f40f1dd170f620bd217249", kill_on_drop: false }`
[INFO] running `Command { std: "docker" "inspect" "d1077ee2abeb1512500ea66e1916c5cd76ff0ea313f40f1dd170f620bd217249", kill_on_drop: false }`
[INFO] running `Command { std: "docker" "rm" "-f" "d1077ee2abeb1512500ea66e1916c5cd76ff0ea313f40f1dd170f620bd217249", kill_on_drop: false }`
[INFO] [stdout] d1077ee2abeb1512500ea66e1916c5cd76ff0ea313f40f1dd170f620bd217249
[INFO] running `Command { std: "docker" "create" "-v" "/var/lib/crater-agent-workspace/builds/worker-1-tc2/target:/opt/rustwide/target:rw,Z" "-v" "/var/lib/crater-agent-workspace/builds/worker-1-tc2/source:/opt/rustwide/workdir:ro,Z" "-v" "/var/lib/crater-agent-workspace/cargo-home:/opt/rustwide/cargo-home:ro,Z" "-v" "/var/lib/crater-agent-workspace/rustup-home:/opt/rustwide/rustup-home:ro,Z" "-e" "SOURCE_DIR=/opt/rustwide/workdir" "-e" "CARGO_TARGET_DIR=/opt/rustwide/target" "-e" "CARGO_INCREMENTAL=0" "-e" "RUST_BACKTRACE=full" "-e" "RUSTFLAGS=--cap-lints=warn" "-e" "RUSTDOCFLAGS=--cap-lints=warn" "-e" "CARGO_HOME=/opt/rustwide/cargo-home" "-e" "RUSTUP_HOME=/opt/rustwide/rustup-home" "-w" "/opt/rustwide/workdir" "-m" "1610612736" "--user" "0:0" "--network" "none" "ghcr.io/rust-lang/crates-build-env/linux@sha256:f3a9d4ad9d972b27faf3965f35b62e55ba32bbce8f20bc8fe909558a86702fde" "/opt/rustwide/cargo-home/bin/cargo" "+beta-2024-12-08" "build" "--frozen" "--message-format=json", kill_on_drop: false }`
[INFO] [stdout] 8f14b886fe041b9dbe1f1098cb8e1031e4577dac096966757a7a760e266e6491
[INFO] running `Command { std: "docker" "start" "-a" "8f14b886fe041b9dbe1f1098cb8e1031e4577dac096966757a7a760e266e6491", kill_on_drop: false }`
[INFO] [stderr]    Compiling proc-macro2 v1.0.92
[INFO] [stderr]    Compiling unicode-ident v1.0.14
[INFO] [stderr]    Compiling serde v1.0.216
[INFO] [stderr]    Compiling anyhow v1.0.94
[INFO] [stderr]    Compiling quote v1.0.37
[INFO] [stderr]    Compiling syn v2.0.90
[INFO] [stderr]    Compiling serde_derive v1.0.216
[INFO] [stderr]    Compiling bincode v1.3.3
[INFO] [stderr]    Compiling plugy-core v0.3.1 (/opt/rustwide/workdir)
[INFO] [stderr]     Finished `dev` profile [unoptimized + debuginfo] target(s) in 11.46s
[INFO] running `Command { std: "docker" "inspect" "8f14b886fe041b9dbe1f1098cb8e1031e4577dac096966757a7a760e266e6491", kill_on_drop: false }`
[INFO] running `Command { std: "docker" "rm" "-f" "8f14b886fe041b9dbe1f1098cb8e1031e4577dac096966757a7a760e266e6491", kill_on_drop: false }`
[INFO] [stdout] 8f14b886fe041b9dbe1f1098cb8e1031e4577dac096966757a7a760e266e6491
[INFO] running `Command { std: "docker" "create" "-v" "/var/lib/crater-agent-workspace/builds/worker-1-tc2/target:/opt/rustwide/target:rw,Z" "-v" "/var/lib/crater-agent-workspace/builds/worker-1-tc2/source:/opt/rustwide/workdir:ro,Z" "-v" "/var/lib/crater-agent-workspace/cargo-home:/opt/rustwide/cargo-home:ro,Z" "-v" "/var/lib/crater-agent-workspace/rustup-home:/opt/rustwide/rustup-home:ro,Z" "-e" "SOURCE_DIR=/opt/rustwide/workdir" "-e" "CARGO_TARGET_DIR=/opt/rustwide/target" "-e" "CARGO_INCREMENTAL=0" "-e" "RUST_BACKTRACE=full" "-e" "RUSTFLAGS=--cap-lints=warn" "-e" "RUSTDOCFLAGS=--cap-lints=warn" "-e" "CARGO_HOME=/opt/rustwide/cargo-home" "-e" "RUSTUP_HOME=/opt/rustwide/rustup-home" "-w" "/opt/rustwide/workdir" "-m" "1610612736" "--user" "0:0" "--network" "none" "ghcr.io/rust-lang/crates-build-env/linux@sha256:f3a9d4ad9d972b27faf3965f35b62e55ba32bbce8f20bc8fe909558a86702fde" "/opt/rustwide/cargo-home/bin/cargo" "+beta-2024-12-08" "test" "--frozen" "--no-run" "--message-format=json", kill_on_drop: false }`
[INFO] [stdout] f528c6758cbe0f3d53f62621d91bec11a0e1f1b4940d7275e0d0350f53d5f202
[INFO] running `Command { std: "docker" "start" "-a" "f528c6758cbe0f3d53f62621d91bec11a0e1f1b4940d7275e0d0350f53d5f202", kill_on_drop: false }`
[INFO] [stderr]    Compiling plugy-core v0.3.1 (/opt/rustwide/workdir)
[INFO] [stderr]     Finished `test` profile [unoptimized + debuginfo] target(s) in 0.46s
[INFO] running `Command { std: "docker" "inspect" "f528c6758cbe0f3d53f62621d91bec11a0e1f1b4940d7275e0d0350f53d5f202", kill_on_drop: false }`
[INFO] running `Command { std: "docker" "rm" "-f" "f528c6758cbe0f3d53f62621d91bec11a0e1f1b4940d7275e0d0350f53d5f202", kill_on_drop: false }`
[INFO] [stdout] f528c6758cbe0f3d53f62621d91bec11a0e1f1b4940d7275e0d0350f53d5f202
[INFO] running `Command { std: "docker" "create" "-v" "/var/lib/crater-agent-workspace/builds/worker-1-tc2/target:/opt/rustwide/target:rw,Z" "-v" "/var/lib/crater-agent-workspace/builds/worker-1-tc2/source:/opt/rustwide/workdir:ro,Z" "-v" "/var/lib/crater-agent-workspace/cargo-home:/opt/rustwide/cargo-home:ro,Z" "-v" "/var/lib/crater-agent-workspace/rustup-home:/opt/rustwide/rustup-home:ro,Z" "-e" "SOURCE_DIR=/opt/rustwide/workdir" "-e" "CARGO_TARGET_DIR=/opt/rustwide/target" "-e" "CARGO_INCREMENTAL=0" "-e" "RUST_BACKTRACE=full" "-e" "RUSTFLAGS=--cap-lints=warn" "-e" "RUSTDOCFLAGS=--cap-lints=warn" "-e" "CARGO_HOME=/opt/rustwide/cargo-home" "-e" "RUSTUP_HOME=/opt/rustwide/rustup-home" "-w" "/opt/rustwide/workdir" "-m" "1610612736" "--user" "0:0" "--network" "none" "ghcr.io/rust-lang/crates-build-env/linux@sha256:f3a9d4ad9d972b27faf3965f35b62e55ba32bbce8f20bc8fe909558a86702fde" "/opt/rustwide/cargo-home/bin/cargo" "+beta-2024-12-08" "test" "--frozen", kill_on_drop: false }`
[INFO] [stdout] bb828cb8243e8aacf0185e119c56aa4b8d65808151f37f7631d4414918e28f24
[INFO] running `Command { std: "docker" "start" "-a" "bb828cb8243e8aacf0185e119c56aa4b8d65808151f37f7631d4414918e28f24", kill_on_drop: false }`
[INFO] [stderr]     Finished `test` profile [unoptimized + debuginfo] target(s) in 0.02s
[INFO] [stderr]      Running unittests src/lib.rs (/opt/rustwide/target/debug/deps/plugy_core-212375b69ebae6ce)
[INFO] [stdout] 
[INFO] [stdout] running 1 test
[INFO] [stdout] test bitwise::test::bitwise ... ok
[INFO] [stdout] 
[INFO] [stdout] test result: ok. 1 passed; 0 failed; 0 ignored; 0 measured; 0 filtered out; finished in 0.00s
[INFO] [stdout] 
[INFO] [stderr]    Doc-tests plugy_core
[INFO] [stdout] 
[INFO] [stdout] running 6 tests
[INFO] [stdout] test src/guest.rs - guest::alloc (line 27) - compile ... ok
[INFO] [stdout] test src/guest.rs - guest::dealloc (line 65) - compile ... ok
[INFO] [stdout] test src/guest.rs - guest::write_msg (line 102) ... ok
[INFO] [stdout] test src/bitwise.rs - bitwise::into_bitwise (line 51) ... ok
[INFO] [stdout] test src/bitwise.rs - bitwise::from_bitwise (line 20) ... ok
[INFO] [stdout] test src/guest.rs - guest::read_msg (line 149) ... FAILED
[INFO] [stdout] 
[INFO] [stdout] failures:
[INFO] [stdout] 
[INFO] [stdout] ---- src/guest.rs - guest::read_msg (line 149) stdout ----
[INFO] [stdout] Test executable failed (signal: 6 (SIGABRT) (core dumped)).
[INFO] [stdout] 
[INFO] [stdout] stderr:
[INFO] [stdout] thread 'main' panicked at core/src/panicking.rs:223:5:
[INFO] [stdout] unsafe precondition(s) violated: NonNull::new_unchecked requires that the pointer is non-null
[INFO] [stdout] stack backtrace:
[INFO] [stdout]    0:     0x644e9e82f53a - std::backtrace_rs::backtrace::libunwind::trace::h8810477743020387
[INFO] [stdout]                                at /rustc/202008a1b8de96d2e5b6bc02d379db03a877d34d/library/std/src/../../backtrace/src/backtrace/libunwind.rs:116:5
[INFO] [stdout]    1:     0x644e9e82f53a - std::backtrace_rs::backtrace::trace_unsynchronized::h3aa55355dd6c54a6
[INFO] [stdout]                                at /rustc/202008a1b8de96d2e5b6bc02d379db03a877d34d/library/std/src/../../backtrace/src/backtrace/mod.rs:66:5
[INFO] [stdout]    2:     0x644e9e82f53a - std::sys::backtrace::_print_fmt::h8588b0f62410823f
[INFO] [stdout]                                at /rustc/202008a1b8de96d2e5b6bc02d379db03a877d34d/library/std/src/sys/backtrace.rs:66:9
[INFO] [stdout]    3:     0x644e9e82f53a - <std::sys::backtrace::BacktraceLock::print::DisplayBacktrace as core::fmt::Display>::fmt::h98c26ac25ffe89bb
[INFO] [stdout]                                at /rustc/202008a1b8de96d2e5b6bc02d379db03a877d34d/library/std/src/sys/backtrace.rs:39:26
[INFO] [stdout]    4:     0x644e9e84ae33 - core::fmt::rt::Argument::fmt::hf95377f4aebd453b
[INFO] [stdout]                                at /rustc/202008a1b8de96d2e5b6bc02d379db03a877d34d/library/core/src/fmt/rt.rs:177:76
[INFO] [stdout]    5:     0x644e9e84ae33 - core::fmt::write::h0dd5f6e2238c7982
[INFO] [stdout]                                at /rustc/202008a1b8de96d2e5b6bc02d379db03a877d34d/library/core/src/fmt/mod.rs:1189:21
[INFO] [stdout]    6:     0x644e9e82d2b3 - std::io::Write::write_fmt::hc00bff0a88e08857
[INFO] [stdout]                                at /rustc/202008a1b8de96d2e5b6bc02d379db03a877d34d/library/std/src/io/mod.rs:1884:15
[INFO] [stdout]    7:     0x644e9e82f382 - std::sys::backtrace::BacktraceLock::print::h5c19c1c038ee186d
[INFO] [stdout]                                at /rustc/202008a1b8de96d2e5b6bc02d379db03a877d34d/library/std/src/sys/backtrace.rs:42:9
[INFO] [stdout]    8:     0x644e9e83034c - std::panicking::default_hook::{{closure}}::h77172f079a1fcb13
[INFO] [stdout]                                at /rustc/202008a1b8de96d2e5b6bc02d379db03a877d34d/library/std/src/panicking.rs:268:22
[INFO] [stdout]    9:     0x644e9e830192 - std::panicking::default_hook::he5f8e3b203ccddba
[INFO] [stdout]                                at /rustc/202008a1b8de96d2e5b6bc02d379db03a877d34d/library/std/src/panicking.rs:295:9
[INFO] [stdout]   10:     0x644e9e830927 - std::panicking::rust_panic_with_hook::h53863d4e9018df39
[INFO] [stdout]                                at /rustc/202008a1b8de96d2e5b6bc02d379db03a877d34d/library/std/src/panicking.rs:801:13
[INFO] [stdout]   11:     0x644e9e830786 - std::panicking::begin_panic_handler::{{closure}}::h67280e6fa0757873
[INFO] [stdout]                                at /rustc/202008a1b8de96d2e5b6bc02d379db03a877d34d/library/std/src/panicking.rs:667:13
[INFO] [stdout]   12:     0x644e9e82fa19 - std::sys::backtrace::__rust_end_short_backtrace::h1dac3f54d6fbbeb2
[INFO] [stdout]                                at /rustc/202008a1b8de96d2e5b6bc02d379db03a877d34d/library/std/src/sys/backtrace.rs:170:18
[INFO] [stdout]   13:     0x644e9e83044c - rust_begin_unwind
[INFO] [stdout]                                at /rustc/202008a1b8de96d2e5b6bc02d379db03a877d34d/library/std/src/panicking.rs:665:5
[INFO] [stdout]   14:     0x644e9e80e07d - core::panicking::panic_nounwind_fmt::runtime::h16b1bdf492db9bcf
[INFO] [stdout]                                at /rustc/202008a1b8de96d2e5b6bc02d379db03a877d34d/library/core/src/panicking.rs:119:22
[INFO] [stdout]   15:     0x644e9e80e07d - core::panicking::panic_nounwind_fmt::h7c9e0c5a3391ac64
[INFO] [stdout]                                at /rustc/202008a1b8de96d2e5b6bc02d379db03a877d34d/library/core/src/intrinsics/mod.rs:3535:9
[INFO] [stdout]   16:     0x644e9e80e112 - core::panicking::panic_nounwind::h6fa94367123ff7d0
[INFO] [stdout]                                at /rustc/202008a1b8de96d2e5b6bc02d379db03a877d34d/library/core/src/panicking.rs:223:5
[INFO] [stdout]   17:     0x644e9e80f4fd - core::ptr::non_null::NonNull<T>::new_unchecked::precondition_check::hd1f9ac8e77b87717
[INFO] [stdout]                                at /rustc/202008a1b8de96d2e5b6bc02d379db03a877d34d/library/core/src/ub_checks.rs:69:21
[INFO] [stdout]   18:     0x644e9e80f5bf - core::ptr::non_null::NonNull<T>::new_unchecked::h436f0a7df273a009
[INFO] [stdout]                                at /rustc/202008a1b8de96d2e5b6bc02d379db03a877d34d/library/core/src/ub_checks.rs:76:17
[INFO] [stdout]   19:     0x644e9e80f5bf - core::ptr::unique::Unique<T>::new_unchecked::h98039511eeb82384
[INFO] [stdout]                                at /rustc/202008a1b8de96d2e5b6bc02d379db03a877d34d/library/core/src/ptr/unique.rs:90:36
[INFO] [stdout]   20:     0x644e9e80f5bf - alloc::raw_vec::RawVecInner<A>::from_raw_parts_in::hcf730c40eadb264a
[INFO] [stdout]                                at /rustc/202008a1b8de96d2e5b6bc02d379db03a877d34d/library/alloc/src/raw_vec.rs:494:30
[INFO] [stdout]   21:     0x644e9e80f5bf - alloc::raw_vec::RawVec<T,A>::from_raw_parts_in::hf7aa085a155a7911
[INFO] [stdout]                                at /rustc/202008a1b8de96d2e5b6bc02d379db03a877d34d/library/alloc/src/raw_vec.rs:264:24
[INFO] [stdout]   22:     0x644e9e80f550 - alloc::vec::Vec<T,A>::from_raw_parts_in::hab324b416c7e97b2
[INFO] [stdout]                                at /rustc/202008a1b8de96d2e5b6bc02d379db03a877d34d/library/alloc/src/vec/mod.rs:935:29
[INFO] [stdout]   23:     0x644e9e80f550 - alloc::vec::Vec<T>::from_raw_parts::h689af481e033f1a3
[INFO] [stdout]                                at /rustc/202008a1b8de96d2e5b6bc02d379db03a877d34d/library/alloc/src/vec/mod.rs:606:18
[INFO] [stdout]   24:     0x644e9e80e6c7 - plugy_core::guest::read_msg::h439db2b975629df1
[INFO] [stdout]   25:     0x644e9e80f42a - rust_out::main::_doctest_main_src_guest_rs_149_0::h6d0967de05afb239
[INFO] [stdout]   26:     0x644e9e80f416 - rust_out::main::h57eefffa92e38ed0
[INFO] [stdout]   27:     0x644e9e80e993 - core::ops::function::FnOnce::call_once::hcb3872443a25b5b7
[INFO] [stdout]   28:     0x644e9e80e7e6 - std::sys::backtrace::__rust_begin_short_backtrace::hb8f53f53663d2e9e
[INFO] [stdout]   29:     0x644e9e80e7c9 - std::rt::lang_start::{{closure}}::h0d6bdb8cb611c7e9
[INFO] [stdout]   30:     0x644e9e82b6b7 - core::ops::function::impls::<impl core::ops::function::FnOnce<A> for &F>::call_once::hba2470d01d3f5e41
[INFO] [stdout]                                at /rustc/202008a1b8de96d2e5b6bc02d379db03a877d34d/library/core/src/ops/function.rs:284:13
[INFO] [stdout]   31:     0x644e9e82b6b7 - std::panicking::try::do_call::hc063fb73159aab72
[INFO] [stdout]                                at /rustc/202008a1b8de96d2e5b6bc02d379db03a877d34d/library/std/src/panicking.rs:557:40
[INFO] [stdout]   32:     0x644e9e82b6b7 - std::panicking::try::h2767c6d245d3a3bb
[INFO] [stdout]                                at /rustc/202008a1b8de96d2e5b6bc02d379db03a877d34d/library/std/src/panicking.rs:520:19
[INFO] [stdout]   33:     0x644e9e82b6b7 - std::panic::catch_unwind::h061c6ef75790da63
[INFO] [stdout]                                at /rustc/202008a1b8de96d2e5b6bc02d379db03a877d34d/library/std/src/panic.rs:358:14
[INFO] [stdout]   34:     0x644e9e82b6b7 - std::rt::lang_start_internal::{{closure}}::h5c5e35b11a4b8c4e
[INFO] [stdout]                                at /rustc/202008a1b8de96d2e5b6bc02d379db03a877d34d/library/std/src/rt.rs:174:48
[INFO] [stdout]   35:     0x644e9e82b6b7 - std::panicking::try::do_call::h705e99690a8109cc
[INFO] [stdout]                                at /rustc/202008a1b8de96d2e5b6bc02d379db03a877d34d/library/std/src/panicking.rs:557:40
[INFO] [stdout]   36:     0x644e9e82b6b7 - std::panicking::try::he5f4452754ed9a34
[INFO] [stdout]                                at /rustc/202008a1b8de96d2e5b6bc02d379db03a877d34d/library/std/src/panicking.rs:520:19
[INFO] [stdout]   37:     0x644e9e82b6b7 - std::panic::catch_unwind::h5db61b3bcbe883e5
[INFO] [stdout]                                at /rustc/202008a1b8de96d2e5b6bc02d379db03a877d34d/library/std/src/panic.rs:358:14
[INFO] [stdout]   38:     0x644e9e82b6b7 - std::rt::lang_start_internal::h81da9b59bab665c6
[INFO] [stdout]                                at /rustc/202008a1b8de96d2e5b6bc02d379db03a877d34d/library/std/src/rt.rs:174:20
[INFO] [stdout]   39:     0x644e9e80e7a7 - std::rt::lang_start::h2798034e47ddebf9
[INFO] [stdout]   40:     0x644e9e80f475 - main
[INFO] [stdout]   41:     0x7e267f82cd90 - <unknown>
[INFO] [stdout]   42:     0x7e267f82ce40 - __libc_start_main
[INFO] [stdout]   43:     0x644e9e80e5d5 - _start
[INFO] [stdout]   44:                0x0 - <unknown>
[INFO] [stdout] thread caused non-unwinding panic. aborting.
[INFO] [stdout] 
[INFO] [stdout] 
[INFO] [stdout] 
[INFO] [stdout] failures:
[INFO] [stdout]     src/guest.rs - guest::read_msg (line 149)
[INFO] [stdout] 
[INFO] [stdout] test result: FAILED. 5 passed; 1 failed; 0 ignored; 0 measured; 0 filtered out; finished in 0.76s
[INFO] [stdout] 
[INFO] [stderr] error: doctest failed, to rerun pass `--doc`
[INFO] running `Command { std: "docker" "inspect" "bb828cb8243e8aacf0185e119c56aa4b8d65808151f37f7631d4414918e28f24", kill_on_drop: false }`
[INFO] running `Command { std: "docker" "rm" "-f" "bb828cb8243e8aacf0185e119c56aa4b8d65808151f37f7631d4414918e28f24", kill_on_drop: false }`
[INFO] [stdout] bb828cb8243e8aacf0185e119c56aa4b8d65808151f37f7631d4414918e28f24
