[INFO] fetching crate planus 1.0.0...
[INFO] testing planus-1.0.0 against 1.83.0 for beta-1.84.0-4-retry
[INFO] extracting crate planus 1.0.0 into /workspace/builds/worker-6-tc1/source
[INFO] validating manifest of crates.io crate planus 1.0.0 on toolchain 1.83.0
[INFO] running `Command { std: CARGO_HOME="/workspace/cargo-home" RUSTUP_HOME="/workspace/rustup-home" "/workspace/cargo-home/bin/cargo" "+1.83.0" "metadata" "--manifest-path" "Cargo.toml" "--no-deps", kill_on_drop: false }`
[INFO] started tweaking crates.io crate planus 1.0.0
[INFO] finished tweaking crates.io crate planus 1.0.0
[INFO] tweaked toml for crates.io crate planus 1.0.0 written to /workspace/builds/worker-6-tc1/source/Cargo.toml
[INFO] running `Command { std: CARGO_HOME="/workspace/cargo-home" RUSTUP_HOME="/workspace/rustup-home" "/workspace/cargo-home/bin/cargo" "+1.83.0" "generate-lockfile" "--manifest-path" "Cargo.toml", kill_on_drop: false }`
[INFO] [stderr]     Updating crates.io index
[INFO] [stderr]      Locking 20 packages to latest compatible versions
[INFO] [stderr]       Adding hashbrown v0.13.2 (available: v0.15.2)
[INFO] running `Command { std: CARGO_HOME="/workspace/cargo-home" RUSTUP_HOME="/workspace/rustup-home" "/workspace/cargo-home/bin/cargo" "+1.83.0" "fetch" "--manifest-path" "Cargo.toml", kill_on_drop: false }`
[INFO] running `Command { std: "docker" "create" "-v" "/var/lib/crater-agent-workspace/builds/worker-6-tc1/target:/opt/rustwide/target:rw,Z" "-v" "/var/lib/crater-agent-workspace/builds/worker-6-tc1/source:/opt/rustwide/workdir:ro,Z" "-v" "/var/lib/crater-agent-workspace/cargo-home:/opt/rustwide/cargo-home:ro,Z" "-v" "/var/lib/crater-agent-workspace/rustup-home:/opt/rustwide/rustup-home:ro,Z" "-e" "SOURCE_DIR=/opt/rustwide/workdir" "-e" "CARGO_TARGET_DIR=/opt/rustwide/target" "-e" "CARGO_HOME=/opt/rustwide/cargo-home" "-e" "RUSTUP_HOME=/opt/rustwide/rustup-home" "-w" "/opt/rustwide/workdir" "-m" "1610612736" "--user" "0:0" "--network" "none" "ghcr.io/rust-lang/crates-build-env/linux@sha256:f3a9d4ad9d972b27faf3965f35b62e55ba32bbce8f20bc8fe909558a86702fde" "/opt/rustwide/cargo-home/bin/cargo" "+1.83.0" "metadata" "--no-deps" "--format-version=1", kill_on_drop: false }`
[INFO] [stdout] 0169a3f38e518ef962b990f22b873b326312d890c04e579e5412fc7660c8cde2
[INFO] running `Command { std: "docker" "start" "-a" "0169a3f38e518ef962b990f22b873b326312d890c04e579e5412fc7660c8cde2", kill_on_drop: false }`
[INFO] running `Command { std: "docker" "inspect" "0169a3f38e518ef962b990f22b873b326312d890c04e579e5412fc7660c8cde2", kill_on_drop: false }`
[INFO] running `Command { std: "docker" "rm" "-f" "0169a3f38e518ef962b990f22b873b326312d890c04e579e5412fc7660c8cde2", kill_on_drop: false }`
[INFO] [stdout] 0169a3f38e518ef962b990f22b873b326312d890c04e579e5412fc7660c8cde2
[INFO] running `Command { std: "docker" "create" "-v" "/var/lib/crater-agent-workspace/builds/worker-6-tc1/target:/opt/rustwide/target:rw,Z" "-v" "/var/lib/crater-agent-workspace/builds/worker-6-tc1/source:/opt/rustwide/workdir:ro,Z" "-v" "/var/lib/crater-agent-workspace/cargo-home:/opt/rustwide/cargo-home:ro,Z" "-v" "/var/lib/crater-agent-workspace/rustup-home:/opt/rustwide/rustup-home:ro,Z" "-e" "SOURCE_DIR=/opt/rustwide/workdir" "-e" "CARGO_TARGET_DIR=/opt/rustwide/target" "-e" "CARGO_INCREMENTAL=0" "-e" "RUST_BACKTRACE=full" "-e" "RUSTFLAGS=--cap-lints=warn" "-e" "RUSTDOCFLAGS=--cap-lints=warn" "-e" "CARGO_HOME=/opt/rustwide/cargo-home" "-e" "RUSTUP_HOME=/opt/rustwide/rustup-home" "-w" "/opt/rustwide/workdir" "-m" "1610612736" "--user" "0:0" "--network" "none" "ghcr.io/rust-lang/crates-build-env/linux@sha256:f3a9d4ad9d972b27faf3965f35b62e55ba32bbce8f20bc8fe909558a86702fde" "/opt/rustwide/cargo-home/bin/cargo" "+1.83.0" "build" "--frozen" "--message-format=json", kill_on_drop: false }`
[INFO] [stdout] 4ca860e487d38644fa78ffa51737e1204a22c72ae1be06e37c2edef584c1902b
[INFO] running `Command { std: "docker" "start" "-a" "4ca860e487d38644fa78ffa51737e1204a22c72ae1be06e37c2edef584c1902b", kill_on_drop: false }`
[INFO] [stderr]    Compiling version_check v0.9.5
[INFO] [stderr]    Compiling once_cell v1.20.2
[INFO] [stderr]    Compiling cfg-if v1.0.0
[INFO] [stderr]    Compiling zerocopy v0.7.35
[INFO] [stderr]    Compiling array-init-cursor v0.2.0
[INFO] [stderr]    Compiling ahash v0.8.11
[INFO] [stderr]    Compiling hashbrown v0.13.2
[INFO] [stderr]    Compiling planus v1.0.0 (/opt/rustwide/workdir)
[INFO] [stderr]     Finished `dev` profile [unoptimized + debuginfo] target(s) in 3.08s
[INFO] running `Command { std: "docker" "inspect" "4ca860e487d38644fa78ffa51737e1204a22c72ae1be06e37c2edef584c1902b", kill_on_drop: false }`
[INFO] running `Command { std: "docker" "rm" "-f" "4ca860e487d38644fa78ffa51737e1204a22c72ae1be06e37c2edef584c1902b", kill_on_drop: false }`
[INFO] [stdout] 4ca860e487d38644fa78ffa51737e1204a22c72ae1be06e37c2edef584c1902b
[INFO] running `Command { std: "docker" "create" "-v" "/var/lib/crater-agent-workspace/builds/worker-6-tc1/target:/opt/rustwide/target:rw,Z" "-v" "/var/lib/crater-agent-workspace/builds/worker-6-tc1/source:/opt/rustwide/workdir:ro,Z" "-v" "/var/lib/crater-agent-workspace/cargo-home:/opt/rustwide/cargo-home:ro,Z" "-v" "/var/lib/crater-agent-workspace/rustup-home:/opt/rustwide/rustup-home:ro,Z" "-e" "SOURCE_DIR=/opt/rustwide/workdir" "-e" "CARGO_TARGET_DIR=/opt/rustwide/target" "-e" "CARGO_INCREMENTAL=0" "-e" "RUST_BACKTRACE=full" "-e" "RUSTFLAGS=--cap-lints=warn" "-e" "RUSTDOCFLAGS=--cap-lints=warn" "-e" "CARGO_HOME=/opt/rustwide/cargo-home" "-e" "RUSTUP_HOME=/opt/rustwide/rustup-home" "-w" "/opt/rustwide/workdir" "-m" "1610612736" "--user" "0:0" "--network" "none" "ghcr.io/rust-lang/crates-build-env/linux@sha256:f3a9d4ad9d972b27faf3965f35b62e55ba32bbce8f20bc8fe909558a86702fde" "/opt/rustwide/cargo-home/bin/cargo" "+1.83.0" "test" "--frozen" "--no-run" "--message-format=json", kill_on_drop: false }`
[INFO] [stdout] c7ca80487e26acbf956650755ceeb25108c515efa744ebaf0a7b2df8c0f207a4
[INFO] running `Command { std: "docker" "start" "-a" "c7ca80487e26acbf956650755ceeb25108c515efa744ebaf0a7b2df8c0f207a4", kill_on_drop: false }`
[INFO] [stderr]    Compiling proc-macro2 v1.0.92
[INFO] [stderr]    Compiling unicode-ident v1.0.14
[INFO] [stderr]    Compiling byteorder v1.5.0
[INFO] [stderr]    Compiling libc v0.2.168
[INFO] [stderr]    Compiling quote v1.0.37
[INFO] [stderr]    Compiling syn v2.0.90
[INFO] [stderr]    Compiling getrandom v0.2.15
[INFO] [stderr]    Compiling rand_core v0.6.4
[INFO] [stderr]    Compiling zerocopy-derive v0.7.35
[INFO] [stderr]    Compiling zerocopy v0.7.35
[INFO] [stderr]    Compiling ppv-lite86 v0.2.20
[INFO] [stderr]    Compiling ahash v0.8.11
[INFO] [stderr]    Compiling hashbrown v0.13.2
[INFO] [stderr]    Compiling rand_chacha v0.3.1
[INFO] [stderr]    Compiling rand v0.8.5
[INFO] [stderr]    Compiling planus v1.0.0 (/opt/rustwide/workdir)
[INFO] [stderr]     Finished `test` profile [unoptimized + debuginfo] target(s) in 12.55s
[INFO] running `Command { std: "docker" "inspect" "c7ca80487e26acbf956650755ceeb25108c515efa744ebaf0a7b2df8c0f207a4", kill_on_drop: false }`
[INFO] running `Command { std: "docker" "rm" "-f" "c7ca80487e26acbf956650755ceeb25108c515efa744ebaf0a7b2df8c0f207a4", kill_on_drop: false }`
[INFO] [stdout] c7ca80487e26acbf956650755ceeb25108c515efa744ebaf0a7b2df8c0f207a4
[INFO] running `Command { std: "docker" "create" "-v" "/var/lib/crater-agent-workspace/builds/worker-6-tc1/target:/opt/rustwide/target:rw,Z" "-v" "/var/lib/crater-agent-workspace/builds/worker-6-tc1/source:/opt/rustwide/workdir:ro,Z" "-v" "/var/lib/crater-agent-workspace/cargo-home:/opt/rustwide/cargo-home:ro,Z" "-v" "/var/lib/crater-agent-workspace/rustup-home:/opt/rustwide/rustup-home:ro,Z" "-e" "SOURCE_DIR=/opt/rustwide/workdir" "-e" "CARGO_TARGET_DIR=/opt/rustwide/target" "-e" "CARGO_INCREMENTAL=0" "-e" "RUST_BACKTRACE=full" "-e" "RUSTFLAGS=--cap-lints=warn" "-e" "RUSTDOCFLAGS=--cap-lints=warn" "-e" "CARGO_HOME=/opt/rustwide/cargo-home" "-e" "RUSTUP_HOME=/opt/rustwide/rustup-home" "-w" "/opt/rustwide/workdir" "-m" "1610612736" "--user" "0:0" "--network" "none" "ghcr.io/rust-lang/crates-build-env/linux@sha256:f3a9d4ad9d972b27faf3965f35b62e55ba32bbce8f20bc8fe909558a86702fde" "/opt/rustwide/cargo-home/bin/cargo" "+1.83.0" "test" "--frozen", kill_on_drop: false }`
[INFO] [stdout] 176ebffea21253e7d8cbedac862c8b161857df9c3926e9a2edf93cad5d85cec4
[INFO] running `Command { std: "docker" "start" "-a" "176ebffea21253e7d8cbedac862c8b161857df9c3926e9a2edf93cad5d85cec4", kill_on_drop: false }`
[INFO] [stderr]     Finished `test` profile [unoptimized + debuginfo] target(s) in 0.04s
[INFO] [stderr]      Running unittests src/lib.rs (/opt/rustwide/target/debug/deps/planus-5f6a0a61f4c3e6f4)
[INFO] [stdout] 
[INFO] [stdout] running 3 tests
[INFO] [stdout] test builder::tests::test_buffer_align ... ok
[INFO] [stdout] test builder::tests::test_buffer_random ... ok
[INFO] [stdout] test backvec::tests::test_backvec ... ok
[INFO] [stdout] 
[INFO] [stdout] test result: ok. 3 passed; 0 failed; 0 ignored; 0 measured; 0 filtered out; finished in 0.74s
[INFO] [stdout] 
[INFO] [stderr]    Doc-tests planus
[INFO] [stdout] 
[INFO] [stdout] running 4 tests
[INFO] [stdout] test src/builder.rs - builder::Builder::finish (line 221) ... FAILED
[INFO] [stdout] test src/builder.rs - builder::Builder (line 10) ... FAILED
[INFO] [stdout] test src/builder.rs - builder::Builder::finish (line 230) ... FAILED
[INFO] [stdout] test src/traits/mod.rs - traits::ReadAsRoot (line 23) - compile ... FAILED
[INFO] [stdout] 
[INFO] [stdout] failures:
[INFO] [stdout] 
[INFO] [stdout] ---- src/builder.rs - builder::Builder::finish (line 221) stdout ----
[INFO] [stdout] error[E0433]: failed to resolve: use of undeclared crate or module `planus_example`
[INFO] [stdout]  --> src/builder.rs:224:5
[INFO] [stdout]   |
[INFO] [stdout] 6 | use planus_example::monster_generated::my_game::sample::Weapon;
[INFO] [stdout]   |     ^^^^^^^^^^^^^^ use of undeclared crate or module `planus_example`
[INFO] [stdout] 
[INFO] [stdout] error: aborting due to 1 previous error
[INFO] [stdout] 
[INFO] [stdout] For more information about this error, try `rustc --explain E0433`.
[INFO] [stdout] Couldn't compile the test.
[INFO] [stdout] ---- src/builder.rs - builder::Builder (line 10) stdout ----
[INFO] [stdout] error[E0433]: failed to resolve: use of undeclared crate or module `planus_example`
[INFO] [stdout]  --> src/builder.rs:13:5
[INFO] [stdout]   |
[INFO] [stdout] 6 | use planus_example::monster_generated::my_game::sample::Weapon;
[INFO] [stdout]   |     ^^^^^^^^^^^^^^ use of undeclared crate or module `planus_example`
[INFO] [stdout] 
[INFO] [stdout] error: aborting due to 1 previous error
[INFO] [stdout] 
[INFO] [stdout] For more information about this error, try `rustc --explain E0433`.
[INFO] [stdout] Couldn't compile the test.
[INFO] [stdout] ---- src/builder.rs - builder::Builder::finish (line 230) stdout ----
[INFO] [stdout] error[E0433]: failed to resolve: use of undeclared crate or module `planus_example`
[INFO] [stdout]  --> src/builder.rs:233:5
[INFO] [stdout]   |
[INFO] [stdout] 6 | use planus_example::monster_generated::my_game::sample::Weapon;
[INFO] [stdout]   |     ^^^^^^^^^^^^^^ use of undeclared crate or module `planus_example`
[INFO] [stdout] 
[INFO] [stdout] error: aborting due to 1 previous error
[INFO] [stdout] 
[INFO] [stdout] For more information about this error, try `rustc --explain E0433`.
[INFO] [stdout] Couldn't compile the test.
[INFO] [stdout] ---- src/traits/mod.rs - traits::ReadAsRoot (line 23) stdout ----
[INFO] [stdout] error[E0433]: failed to resolve: use of undeclared crate or module `planus_example`
[INFO] [stdout]  --> src/traits/mod.rs:27:5
[INFO] [stdout]   |
[INFO] [stdout] 6 | use planus_example::monster_generated::my_game::sample::{Monster, MonsterRef};
[INFO] [stdout]   |     ^^^^^^^^^^^^^^ use of undeclared crate or module `planus_example`
[INFO] [stdout] 
[INFO] [stdout] error: aborting due to 1 previous error
[INFO] [stdout] 
[INFO] [stdout] For more information about this error, try `rustc --explain E0433`.
[INFO] [stdout] Couldn't compile the test.
[INFO] [stdout] 
[INFO] [stdout] failures:
[INFO] [stdout]     src/builder.rs - builder::Builder (line 10)
[INFO] [stdout]     src/builder.rs - builder::Builder::finish (line 221)
[INFO] [stdout]     src/builder.rs - builder::Builder::finish (line 230)
[INFO] [stdout]     src/traits/mod.rs - traits::ReadAsRoot (line 23)
[INFO] [stdout] 
[INFO] [stdout] test result: FAILED. 0 passed; 4 failed; 0 ignored; 0 measured; 0 filtered out; finished in 0.13s
[INFO] [stdout] 
[INFO] [stderr] error: doctest failed, to rerun pass `--doc`
[INFO] running `Command { std: "docker" "inspect" "176ebffea21253e7d8cbedac862c8b161857df9c3926e9a2edf93cad5d85cec4", kill_on_drop: false }`
[INFO] running `Command { std: "docker" "rm" "-f" "176ebffea21253e7d8cbedac862c8b161857df9c3926e9a2edf93cad5d85cec4", kill_on_drop: false }`
[INFO] [stdout] 176ebffea21253e7d8cbedac862c8b161857df9c3926e9a2edf93cad5d85cec4
