[INFO] fetching crate pizarra 3.0.0...
[INFO] testing pizarra-3.0.0 against beta-2024-12-08 for beta-1.84.0-4-retry
[INFO] extracting crate pizarra 3.0.0 into /workspace/builds/worker-6-tc2/source
[INFO] validating manifest of crates.io crate pizarra 3.0.0 on toolchain beta-2024-12-08
[INFO] running `Command { std: CARGO_HOME="/workspace/cargo-home" RUSTUP_HOME="/workspace/rustup-home" "/workspace/cargo-home/bin/cargo" "+beta-2024-12-08" "metadata" "--manifest-path" "Cargo.toml" "--no-deps", kill_on_drop: false }`
[INFO] started tweaking crates.io crate pizarra 3.0.0
[INFO] finished tweaking crates.io crate pizarra 3.0.0
[INFO] tweaked toml for crates.io crate pizarra 3.0.0 written to /workspace/builds/worker-6-tc2/source/Cargo.toml
[INFO] running `Command { std: CARGO_HOME="/workspace/cargo-home" RUSTUP_HOME="/workspace/rustup-home" "/workspace/cargo-home/bin/cargo" "+beta-2024-12-08" "generate-lockfile" "--manifest-path" "Cargo.toml", kill_on_drop: false }`
[INFO] [stderr]     Updating crates.io index
[INFO] [stderr]      Locking 45 packages to latest compatible versions
[INFO] [stderr]       Adding num-derive v0.3.3 (available: v0.4.2)
[INFO] [stderr]       Adding rstar v0.9.3 (available: v0.12.2)
[INFO] [stderr]       Adding serde_with v1.14.0 (available: v3.11.0)
[INFO] [stderr]       Adding thiserror v1.0.69 (available: v2.0.7)
[INFO] running `Command { std: CARGO_HOME="/workspace/cargo-home" RUSTUP_HOME="/workspace/rustup-home" "/workspace/cargo-home/bin/cargo" "+beta-2024-12-08" "fetch" "--manifest-path" "Cargo.toml", kill_on_drop: false }`
[INFO] running `Command { std: "docker" "create" "-v" "/var/lib/crater-agent-workspace/builds/worker-6-tc2/target:/opt/rustwide/target:rw,Z" "-v" "/var/lib/crater-agent-workspace/builds/worker-6-tc2/source:/opt/rustwide/workdir:ro,Z" "-v" "/var/lib/crater-agent-workspace/cargo-home:/opt/rustwide/cargo-home:ro,Z" "-v" "/var/lib/crater-agent-workspace/rustup-home:/opt/rustwide/rustup-home:ro,Z" "-e" "SOURCE_DIR=/opt/rustwide/workdir" "-e" "CARGO_TARGET_DIR=/opt/rustwide/target" "-e" "CARGO_HOME=/opt/rustwide/cargo-home" "-e" "RUSTUP_HOME=/opt/rustwide/rustup-home" "-w" "/opt/rustwide/workdir" "-m" "1610612736" "--user" "0:0" "--network" "none" "ghcr.io/rust-lang/crates-build-env/linux@sha256:f3a9d4ad9d972b27faf3965f35b62e55ba32bbce8f20bc8fe909558a86702fde" "/opt/rustwide/cargo-home/bin/cargo" "+beta-2024-12-08" "metadata" "--no-deps" "--format-version=1", kill_on_drop: false }`
[INFO] [stdout] ef4affb5cd5635e3d0dcefaa19ee526a457a6bcc6bf7ddbab489369bcf43bb9e
[INFO] running `Command { std: "docker" "start" "-a" "ef4affb5cd5635e3d0dcefaa19ee526a457a6bcc6bf7ddbab489369bcf43bb9e", kill_on_drop: false }`
[INFO] running `Command { std: "docker" "inspect" "ef4affb5cd5635e3d0dcefaa19ee526a457a6bcc6bf7ddbab489369bcf43bb9e", kill_on_drop: false }`
[INFO] running `Command { std: "docker" "rm" "-f" "ef4affb5cd5635e3d0dcefaa19ee526a457a6bcc6bf7ddbab489369bcf43bb9e", kill_on_drop: false }`
[INFO] [stdout] ef4affb5cd5635e3d0dcefaa19ee526a457a6bcc6bf7ddbab489369bcf43bb9e
[INFO] running `Command { std: "docker" "create" "-v" "/var/lib/crater-agent-workspace/builds/worker-6-tc2/target:/opt/rustwide/target:rw,Z" "-v" "/var/lib/crater-agent-workspace/builds/worker-6-tc2/source:/opt/rustwide/workdir:ro,Z" "-v" "/var/lib/crater-agent-workspace/cargo-home:/opt/rustwide/cargo-home:ro,Z" "-v" "/var/lib/crater-agent-workspace/rustup-home:/opt/rustwide/rustup-home:ro,Z" "-e" "SOURCE_DIR=/opt/rustwide/workdir" "-e" "CARGO_TARGET_DIR=/opt/rustwide/target" "-e" "CARGO_INCREMENTAL=0" "-e" "RUST_BACKTRACE=full" "-e" "RUSTFLAGS=--cap-lints=warn" "-e" "RUSTDOCFLAGS=--cap-lints=warn" "-e" "CARGO_HOME=/opt/rustwide/cargo-home" "-e" "RUSTUP_HOME=/opt/rustwide/rustup-home" "-w" "/opt/rustwide/workdir" "-m" "1610612736" "--user" "0:0" "--network" "none" "ghcr.io/rust-lang/crates-build-env/linux@sha256:f3a9d4ad9d972b27faf3965f35b62e55ba32bbce8f20bc8fe909558a86702fde" "/opt/rustwide/cargo-home/bin/cargo" "+beta-2024-12-08" "build" "--frozen" "--message-format=json", kill_on_drop: false }`
[INFO] [stdout] ffae9fd30c7635d8721ae031a0524aff04919f6d4dfbb1489e33dd21cc0e9d0e
[INFO] running `Command { std: "docker" "start" "-a" "ffae9fd30c7635d8721ae031a0524aff04919f6d4dfbb1489e33dd21cc0e9d0e", kill_on_drop: false }`
[INFO] [stderr]    Compiling proc-macro2 v1.0.92
[INFO] [stderr]    Compiling unicode-ident v1.0.14
[INFO] [stderr]    Compiling autocfg v1.4.0
[INFO] [stderr]    Compiling syn v1.0.109
[INFO] [stderr]    Compiling semver v1.0.24
[INFO] [stderr]    Compiling ident_case v1.0.1
[INFO] [stderr]    Compiling strsim v0.10.0
[INFO] [stderr]    Compiling fnv v1.0.7
[INFO] [stderr]    Compiling libm v0.2.11
[INFO] [stderr]    Compiling scopeguard v1.2.0
[INFO] [stderr]    Compiling byteorder v1.5.0
[INFO] [stderr]    Compiling serde v1.0.216
[INFO] [stderr]    Compiling memchr v2.7.4
[INFO] [stderr]    Compiling stable_deref_trait v1.2.0
[INFO] [stderr]    Compiling regex-syntax v0.8.5
[INFO] [stderr]    Compiling thiserror v1.0.69
[INFO] [stderr]    Compiling smallvec v1.13.2
[INFO] [stderr]    Compiling xml-rs v0.8.24
[INFO] [stderr]    Compiling lazy_static v1.5.0
[INFO] [stderr]    Compiling log v0.4.22
[INFO] [stderr]    Compiling hash32 v0.2.1
[INFO] [stderr]    Compiling lock_api v0.4.12
[INFO] [stderr]    Compiling num-traits v0.2.19
[INFO] [stderr]    Compiling rustc_version v0.4.1
[INFO] [stderr]    Compiling heapless v0.7.17
[INFO] [stderr]    Compiling spin v0.9.8
[INFO] [stderr]    Compiling quote v1.0.37
[INFO] [stderr]    Compiling aho-corasick v1.1.3
[INFO] [stderr]    Compiling syn v2.0.90
[INFO] [stderr]    Compiling rstar v0.9.3
[INFO] [stderr]    Compiling regex-automata v0.4.9
[INFO] [stderr]    Compiling serde_derive v1.0.216
[INFO] [stderr]    Compiling thiserror-impl v1.0.69
[INFO] [stderr]    Compiling darling_core v0.13.4
[INFO] [stderr]    Compiling num-derive v0.3.3
[INFO] [stderr]    Compiling regex v1.11.1
[INFO] [stderr]    Compiling darling_macro v0.13.4
[INFO] [stderr]    Compiling darling v0.13.4
[INFO] [stderr]    Compiling serde_with_macros v1.5.2
[INFO] [stderr]    Compiling serde_with v1.14.0
[INFO] [stderr]    Compiling pizarra v3.0.0 (/opt/rustwide/workdir)
[INFO] [stdout] warning: unused doc comment
[INFO] [stdout]    --> src/app.rs:346:13
[INFO] [stdout]     |
[INFO] [stdout] 346 | /             /// a vector from the top-left corner of the screen to the origin
[INFO] [stdout] 347 | |             /// of coordinates in the storage
[INFO] [stdout]     | |_____________________________________________^
[INFO] [stdout] 348 |               transform: Transform::default_for_viewport(dimensions),
[INFO] [stdout]     |               ------------------------------------------------------ rustdoc does not generate documentation for expression fields
[INFO] [stdout]     |
[INFO] [stdout]     = help: use `//` for a plain comment
[INFO] [stdout]     = note: `#[warn(unused_doc_comments)]` on by default
[INFO] [stdout] 
[INFO] [stdout] 
[INFO] [stdout] warning: non-local `impl` definition, `impl` blocks should be written at the same level as their item
[INFO] [stdout]   --> src/point.rs:12:62
[INFO] [stdout]    |
[INFO] [stdout] 12 | #[derive(Copy, Clone, Debug, Default, PartialEq, PartialOrd, Zero, One, Num, ToPrimitive, NumCast, Float, Serialize, Deserialize)]
[INFO] [stdout]    |                                                              ^---
[INFO] [stdout]    |                                                              |
[INFO] [stdout]    |                                                              `Zero` is not local
[INFO] [stdout]    |                                                              move the `impl` block outside of this constant `_IMPL_NUM_Zero_FOR_ScreenUnit`
[INFO] [stdout] 13 | pub struct ScreenUnit(f64);
[INFO] [stdout]    |            ---------- `ScreenUnit` is not local
[INFO] [stdout]    |
[INFO] [stdout]    = note: the derive macro `Zero` defines the non-local `impl`, and may need to be changed
[INFO] [stdout]    = note: the derive macro `Zero` may come from an old version of the `num_derive` crate, try updating your dependency with `cargo update -p num_derive`
[INFO] [stdout]    = note: an `impl` is never scoped, even when it is nested inside an item, as it may impact type checking outside of that item, which can be the case if neither the trait or the self type are at the same nesting level as the `impl`
[INFO] [stdout]    = note: items in an anonymous const item (`const _: () = { ... }`) are treated as in the same scope as the anonymous const's declaration for the purpose of this lint
[INFO] [stdout]    = note: `#[warn(non_local_definitions)]` on by default
[INFO] [stdout]    = note: this warning originates in the derive macro `Zero` (in Nightly builds, run with -Z macro-backtrace for more info)
[INFO] [stdout] 
[INFO] [stdout] 
[INFO] [stdout] warning: non-local `impl` definition, `impl` blocks should be written at the same level as their item
[INFO] [stdout]   --> src/point.rs:12:68
[INFO] [stdout]    |
[INFO] [stdout] 12 | #[derive(Copy, Clone, Debug, Default, PartialEq, PartialOrd, Zero, One, Num, ToPrimitive, NumCast, Float, Serialize, Deserialize)]
[INFO] [stdout]    |                                                                    ^--
[INFO] [stdout]    |                                                                    |
[INFO] [stdout]    |                                                                    `One` is not local
[INFO] [stdout]    |                                                                    move the `impl` block outside of this constant `_IMPL_NUM_One_FOR_ScreenUnit`
[INFO] [stdout] 13 | pub struct ScreenUnit(f64);
[INFO] [stdout]    |            ---------- `ScreenUnit` is not local
[INFO] [stdout]    |
[INFO] [stdout]    = note: the derive macro `One` defines the non-local `impl`, and may need to be changed
[INFO] [stdout]    = note: the derive macro `One` may come from an old version of the `num_derive` crate, try updating your dependency with `cargo update -p num_derive`
[INFO] [stdout]    = note: an `impl` is never scoped, even when it is nested inside an item, as it may impact type checking outside of that item, which can be the case if neither the trait or the self type are at the same nesting level as the `impl`
[INFO] [stdout]    = note: items in an anonymous const item (`const _: () = { ... }`) are treated as in the same scope as the anonymous const's declaration for the purpose of this lint
[INFO] [stdout]    = note: this warning originates in the derive macro `One` (in Nightly builds, run with -Z macro-backtrace for more info)
[INFO] [stdout] 
[INFO] [stdout] 
[INFO] [stdout] warning: non-local `impl` definition, `impl` blocks should be written at the same level as their item
[INFO] [stdout]   --> src/point.rs:12:73
[INFO] [stdout]    |
[INFO] [stdout] 12 | #[derive(Copy, Clone, Debug, Default, PartialEq, PartialOrd, Zero, One, Num, ToPrimitive, NumCast, Float, Serialize, Deserialize)]
[INFO] [stdout]    |                                                                         ^--
[INFO] [stdout]    |                                                                         |
[INFO] [stdout]    |                                                                         `Num` is not local
[INFO] [stdout]    |                                                                         move the `impl` block outside of this constant `_IMPL_NUM_Num_FOR_ScreenUnit`
[INFO] [stdout] 13 | pub struct ScreenUnit(f64);
[INFO] [stdout]    |            ---------- `ScreenUnit` is not local
[INFO] [stdout]    |
[INFO] [stdout]    = note: the derive macro `Num` defines the non-local `impl`, and may need to be changed
[INFO] [stdout]    = note: the derive macro `Num` may come from an old version of the `num_derive` crate, try updating your dependency with `cargo update -p num_derive`
[INFO] [stdout]    = note: an `impl` is never scoped, even when it is nested inside an item, as it may impact type checking outside of that item, which can be the case if neither the trait or the self type are at the same nesting level as the `impl`
[INFO] [stdout]    = note: items in an anonymous const item (`const _: () = { ... }`) are treated as in the same scope as the anonymous const's declaration for the purpose of this lint
[INFO] [stdout]    = note: this warning originates in the derive macro `Num` (in Nightly builds, run with -Z macro-backtrace for more info)
[INFO] [stdout] 
[INFO] [stdout] 
[INFO] [stdout] warning: non-local `impl` definition, `impl` blocks should be written at the same level as their item
[INFO] [stdout]   --> src/point.rs:12:78
[INFO] [stdout]    |
[INFO] [stdout] 12 | #[derive(Copy, Clone, Debug, Default, PartialEq, PartialOrd, Zero, One, Num, ToPrimitive, NumCast, Float, Serialize, Deserialize)]
[INFO] [stdout]    |                                                                              ^----------
[INFO] [stdout]    |                                                                              |
[INFO] [stdout]    |                                                                              `ToPrimitive` is not local
[INFO] [stdout]    |                                                                              move the `impl` block outside of this constant `_IMPL_NUM_ToPrimitive_FOR_ScreenUnit`
[INFO] [stdout] 13 | pub struct ScreenUnit(f64);
[INFO] [stdout]    |            ---------- `ScreenUnit` is not local
[INFO] [stdout]    |
[INFO] [stdout]    = note: the derive macro `ToPrimitive` defines the non-local `impl`, and may need to be changed
[INFO] [stdout]    = note: the derive macro `ToPrimitive` may come from an old version of the `num_derive` crate, try updating your dependency with `cargo update -p num_derive`
[INFO] [stdout]    = note: an `impl` is never scoped, even when it is nested inside an item, as it may impact type checking outside of that item, which can be the case if neither the trait or the self type are at the same nesting level as the `impl`
[INFO] [stdout]    = note: items in an anonymous const item (`const _: () = { ... }`) are treated as in the same scope as the anonymous const's declaration for the purpose of this lint
[INFO] [stdout]    = note: this warning originates in the derive macro `ToPrimitive` (in Nightly builds, run with -Z macro-backtrace for more info)
[INFO] [stdout] 
[INFO] [stdout] 
[INFO] [stdout] warning: non-local `impl` definition, `impl` blocks should be written at the same level as their item
[INFO] [stdout]   --> src/point.rs:12:91
[INFO] [stdout]    |
[INFO] [stdout] 12 | #[derive(Copy, Clone, Debug, Default, PartialEq, PartialOrd, Zero, One, Num, ToPrimitive, NumCast, Float, Serialize, Deserialize)]
[INFO] [stdout]    |                                                                                           ^------
[INFO] [stdout]    |                                                                                           |
[INFO] [stdout]    |                                                                                           `NumCast` is not local
[INFO] [stdout]    |                                                                                           move the `impl` block outside of this constant `_IMPL_NUM_NumCast_FOR_ScreenUnit`
[INFO] [stdout] 13 | pub struct ScreenUnit(f64);
[INFO] [stdout]    |            ---------- `ScreenUnit` is not local
[INFO] [stdout]    |
[INFO] [stdout]    = note: the derive macro `NumCast` defines the non-local `impl`, and may need to be changed
[INFO] [stdout]    = note: the derive macro `NumCast` may come from an old version of the `num_derive` crate, try updating your dependency with `cargo update -p num_derive`
[INFO] [stdout]    = note: an `impl` is never scoped, even when it is nested inside an item, as it may impact type checking outside of that item, which can be the case if neither the trait or the self type are at the same nesting level as the `impl`
[INFO] [stdout]    = note: items in an anonymous const item (`const _: () = { ... }`) are treated as in the same scope as the anonymous const's declaration for the purpose of this lint
[INFO] [stdout]    = note: this warning originates in the derive macro `NumCast` (in Nightly builds, run with -Z macro-backtrace for more info)
[INFO] [stdout] 
[INFO] [stdout] 
[INFO] [stdout] warning: non-local `impl` definition, `impl` blocks should be written at the same level as their item
[INFO] [stdout]   --> src/point.rs:12:100
[INFO] [stdout]    |
[INFO] [stdout] 12 | #[derive(Copy, Clone, Debug, Default, PartialEq, PartialOrd, Zero, One, Num, ToPrimitive, NumCast, Float, Serialize, Deserialize)]
[INFO] [stdout]    |                                                                                                    ^----
[INFO] [stdout]    |                                                                                                    |
[INFO] [stdout]    |                                                                                                    `Float` is not local
[INFO] [stdout]    |                                                                                                    move the `impl` block outside of this constant `_IMPL_NUM_Float_FOR_ScreenUnit`
[INFO] [stdout] 13 | pub struct ScreenUnit(f64);
[INFO] [stdout]    |            ---------- `ScreenUnit` is not local
[INFO] [stdout]    |
[INFO] [stdout]    = note: the derive macro `Float` defines the non-local `impl`, and may need to be changed
[INFO] [stdout]    = note: the derive macro `Float` may come from an old version of the `num_derive` crate, try updating your dependency with `cargo update -p num_derive`
[INFO] [stdout]    = note: an `impl` is never scoped, even when it is nested inside an item, as it may impact type checking outside of that item, which can be the case if neither the trait or the self type are at the same nesting level as the `impl`
[INFO] [stdout]    = note: items in an anonymous const item (`const _: () = { ... }`) are treated as in the same scope as the anonymous const's declaration for the purpose of this lint
[INFO] [stdout]    = note: this warning originates in the derive macro `Float` (in Nightly builds, run with -Z macro-backtrace for more info)
[INFO] [stdout] 
[INFO] [stdout] 
[INFO] [stdout] warning: non-local `impl` definition, `impl` blocks should be written at the same level as their item
[INFO] [stdout]   --> src/point.rs:14:62
[INFO] [stdout]    |
[INFO] [stdout] 14 | #[derive(Copy, Clone, Debug, Default, PartialEq, PartialOrd, Zero, One, Num, ToPrimitive, NumCast, Float, Serialize, Deserialize)]
[INFO] [stdout]    |                                                              ^---
[INFO] [stdout]    |                                                              |
[INFO] [stdout]    |                                                              `Zero` is not local
[INFO] [stdout]    |                                                              move the `impl` block outside of this constant `_IMPL_NUM_Zero_FOR_WorldUnit`
[INFO] [stdout] 15 | pub struct WorldUnit(f64);
[INFO] [stdout]    |            --------- `WorldUnit` is not local
[INFO] [stdout]    |
[INFO] [stdout]    = note: the derive macro `Zero` defines the non-local `impl`, and may need to be changed
[INFO] [stdout]    = note: the derive macro `Zero` may come from an old version of the `num_derive` crate, try updating your dependency with `cargo update -p num_derive`
[INFO] [stdout]    = note: an `impl` is never scoped, even when it is nested inside an item, as it may impact type checking outside of that item, which can be the case if neither the trait or the self type are at the same nesting level as the `impl`
[INFO] [stdout]    = note: items in an anonymous const item (`const _: () = { ... }`) are treated as in the same scope as the anonymous const's declaration for the purpose of this lint
[INFO] [stdout]    = note: this warning originates in the derive macro `Zero` (in Nightly builds, run with -Z macro-backtrace for more info)
[INFO] [stdout] 
[INFO] [stdout] 
[INFO] [stdout] warning: non-local `impl` definition, `impl` blocks should be written at the same level as their item
[INFO] [stdout]   --> src/point.rs:14:68
[INFO] [stdout]    |
[INFO] [stdout] 14 | #[derive(Copy, Clone, Debug, Default, PartialEq, PartialOrd, Zero, One, Num, ToPrimitive, NumCast, Float, Serialize, Deserialize)]
[INFO] [stdout]    |                                                                    ^--
[INFO] [stdout]    |                                                                    |
[INFO] [stdout]    |                                                                    `One` is not local
[INFO] [stdout]    |                                                                    move the `impl` block outside of this constant `_IMPL_NUM_One_FOR_WorldUnit`
[INFO] [stdout] 15 | pub struct WorldUnit(f64);
[INFO] [stdout]    |            --------- `WorldUnit` is not local
[INFO] [stdout]    |
[INFO] [stdout]    = note: the derive macro `One` defines the non-local `impl`, and may need to be changed
[INFO] [stdout]    = note: the derive macro `One` may come from an old version of the `num_derive` crate, try updating your dependency with `cargo update -p num_derive`
[INFO] [stdout]    = note: an `impl` is never scoped, even when it is nested inside an item, as it may impact type checking outside of that item, which can be the case if neither the trait or the self type are at the same nesting level as the `impl`
[INFO] [stdout]    = note: items in an anonymous const item (`const _: () = { ... }`) are treated as in the same scope as the anonymous const's declaration for the purpose of this lint
[INFO] [stdout]    = note: this warning originates in the derive macro `One` (in Nightly builds, run with -Z macro-backtrace for more info)
[INFO] [stdout] 
[INFO] [stdout] 
[INFO] [stdout] warning: non-local `impl` definition, `impl` blocks should be written at the same level as their item
[INFO] [stdout]   --> src/point.rs:14:73
[INFO] [stdout]    |
[INFO] [stdout] 14 | #[derive(Copy, Clone, Debug, Default, PartialEq, PartialOrd, Zero, One, Num, ToPrimitive, NumCast, Float, Serialize, Deserialize)]
[INFO] [stdout]    |                                                                         ^--
[INFO] [stdout]    |                                                                         |
[INFO] [stdout]    |                                                                         `Num` is not local
[INFO] [stdout]    |                                                                         move the `impl` block outside of this constant `_IMPL_NUM_Num_FOR_WorldUnit`
[INFO] [stdout] 15 | pub struct WorldUnit(f64);
[INFO] [stdout]    |            --------- `WorldUnit` is not local
[INFO] [stdout]    |
[INFO] [stdout]    = note: the derive macro `Num` defines the non-local `impl`, and may need to be changed
[INFO] [stdout]    = note: the derive macro `Num` may come from an old version of the `num_derive` crate, try updating your dependency with `cargo update -p num_derive`
[INFO] [stdout]    = note: an `impl` is never scoped, even when it is nested inside an item, as it may impact type checking outside of that item, which can be the case if neither the trait or the self type are at the same nesting level as the `impl`
[INFO] [stdout]    = note: items in an anonymous const item (`const _: () = { ... }`) are treated as in the same scope as the anonymous const's declaration for the purpose of this lint
[INFO] [stdout]    = note: this warning originates in the derive macro `Num` (in Nightly builds, run with -Z macro-backtrace for more info)
[INFO] [stdout] 
[INFO] [stdout] 
[INFO] [stdout] warning: non-local `impl` definition, `impl` blocks should be written at the same level as their item
[INFO] [stdout]   --> src/point.rs:14:78
[INFO] [stdout]    |
[INFO] [stdout] 14 | #[derive(Copy, Clone, Debug, Default, PartialEq, PartialOrd, Zero, One, Num, ToPrimitive, NumCast, Float, Serialize, Deserialize)]
[INFO] [stdout]    |                                                                              ^----------
[INFO] [stdout]    |                                                                              |
[INFO] [stdout]    |                                                                              `ToPrimitive` is not local
[INFO] [stdout]    |                                                                              move the `impl` block outside of this constant `_IMPL_NUM_ToPrimitive_FOR_WorldUnit`
[INFO] [stdout] 15 | pub struct WorldUnit(f64);
[INFO] [stdout]    |            --------- `WorldUnit` is not local
[INFO] [stdout]    |
[INFO] [stdout]    = note: the derive macro `ToPrimitive` defines the non-local `impl`, and may need to be changed
[INFO] [stdout]    = note: the derive macro `ToPrimitive` may come from an old version of the `num_derive` crate, try updating your dependency with `cargo update -p num_derive`
[INFO] [stdout]    = note: an `impl` is never scoped, even when it is nested inside an item, as it may impact type checking outside of that item, which can be the case if neither the trait or the self type are at the same nesting level as the `impl`
[INFO] [stdout]    = note: items in an anonymous const item (`const _: () = { ... }`) are treated as in the same scope as the anonymous const's declaration for the purpose of this lint
[INFO] [stdout]    = note: this warning originates in the derive macro `ToPrimitive` (in Nightly builds, run with -Z macro-backtrace for more info)
[INFO] [stdout] 
[INFO] [stdout] 
[INFO] [stdout] warning: non-local `impl` definition, `impl` blocks should be written at the same level as their item
[INFO] [stdout]   --> src/point.rs:14:91
[INFO] [stdout]    |
[INFO] [stdout] 14 | #[derive(Copy, Clone, Debug, Default, PartialEq, PartialOrd, Zero, One, Num, ToPrimitive, NumCast, Float, Serialize, Deserialize)]
[INFO] [stdout]    |                                                                                           ^------
[INFO] [stdout]    |                                                                                           |
[INFO] [stdout]    |                                                                                           `NumCast` is not local
[INFO] [stdout]    |                                                                                           move the `impl` block outside of this constant `_IMPL_NUM_NumCast_FOR_WorldUnit`
[INFO] [stdout] 15 | pub struct WorldUnit(f64);
[INFO] [stdout]    |            --------- `WorldUnit` is not local
[INFO] [stdout]    |
[INFO] [stdout]    = note: the derive macro `NumCast` defines the non-local `impl`, and may need to be changed
[INFO] [stdout]    = note: the derive macro `NumCast` may come from an old version of the `num_derive` crate, try updating your dependency with `cargo update -p num_derive`
[INFO] [stdout]    = note: an `impl` is never scoped, even when it is nested inside an item, as it may impact type checking outside of that item, which can be the case if neither the trait or the self type are at the same nesting level as the `impl`
[INFO] [stdout]    = note: items in an anonymous const item (`const _: () = { ... }`) are treated as in the same scope as the anonymous const's declaration for the purpose of this lint
[INFO] [stdout]    = note: this warning originates in the derive macro `NumCast` (in Nightly builds, run with -Z macro-backtrace for more info)
[INFO] [stdout] 
[INFO] [stdout] 
[INFO] [stdout] warning: non-local `impl` definition, `impl` blocks should be written at the same level as their item
[INFO] [stdout]   --> src/point.rs:14:100
[INFO] [stdout]    |
[INFO] [stdout] 14 | #[derive(Copy, Clone, Debug, Default, PartialEq, PartialOrd, Zero, One, Num, ToPrimitive, NumCast, Float, Serialize, Deserialize)]
[INFO] [stdout]    |                                                                                                    ^----
[INFO] [stdout]    |                                                                                                    |
[INFO] [stdout]    |                                                                                                    `Float` is not local
[INFO] [stdout]    |                                                                                                    move the `impl` block outside of this constant `_IMPL_NUM_Float_FOR_WorldUnit`
[INFO] [stdout] 15 | pub struct WorldUnit(f64);
[INFO] [stdout]    |            --------- `WorldUnit` is not local
[INFO] [stdout]    |
[INFO] [stdout]    = note: the derive macro `Float` defines the non-local `impl`, and may need to be changed
[INFO] [stdout]    = note: the derive macro `Float` may come from an old version of the `num_derive` crate, try updating your dependency with `cargo update -p num_derive`
[INFO] [stdout]    = note: an `impl` is never scoped, even when it is nested inside an item, as it may impact type checking outside of that item, which can be the case if neither the trait or the self type are at the same nesting level as the `impl`
[INFO] [stdout]    = note: items in an anonymous const item (`const _: () = { ... }`) are treated as in the same scope as the anonymous const's declaration for the purpose of this lint
[INFO] [stdout]    = note: this warning originates in the derive macro `Float` (in Nightly builds, run with -Z macro-backtrace for more info)
[INFO] [stdout] 
[INFO] [stdout] 
[INFO] [stdout] warning: non-local `impl` definition, `impl` blocks should be written at the same level as their item
[INFO] [stdout]   --> src/point.rs:16:62
[INFO] [stdout]    |
[INFO] [stdout] 16 | #[derive(Copy, Clone, Debug, Default, PartialEq, PartialOrd, Zero, One, Num, ToPrimitive, NumCast, Float, Serialize, Deserialize)]
[INFO] [stdout]    |                                                              ^---
[INFO] [stdout]    |                                                              |
[INFO] [stdout]    |                                                              `Zero` is not local
[INFO] [stdout]    |                                                              move the `impl` block outside of this constant `_IMPL_NUM_Zero_FOR_Unittless`
[INFO] [stdout] 17 | pub struct Unittless(f64);
[INFO] [stdout]    |            --------- `Unittless` is not local
[INFO] [stdout]    |
[INFO] [stdout]    = note: the derive macro `Zero` defines the non-local `impl`, and may need to be changed
[INFO] [stdout]    = note: the derive macro `Zero` may come from an old version of the `num_derive` crate, try updating your dependency with `cargo update -p num_derive`
[INFO] [stdout]    = note: an `impl` is never scoped, even when it is nested inside an item, as it may impact type checking outside of that item, which can be the case if neither the trait or the self type are at the same nesting level as the `impl`
[INFO] [stdout]    = note: items in an anonymous const item (`const _: () = { ... }`) are treated as in the same scope as the anonymous const's declaration for the purpose of this lint
[INFO] [stdout]    = note: this warning originates in the derive macro `Zero` (in Nightly builds, run with -Z macro-backtrace for more info)
[INFO] [stdout] 
[INFO] [stdout] 
[INFO] [stdout] warning: non-local `impl` definition, `impl` blocks should be written at the same level as their item
[INFO] [stdout]   --> src/point.rs:16:68
[INFO] [stdout]    |
[INFO] [stdout] 16 | #[derive(Copy, Clone, Debug, Default, PartialEq, PartialOrd, Zero, One, Num, ToPrimitive, NumCast, Float, Serialize, Deserialize)]
[INFO] [stdout]    |                                                                    ^--
[INFO] [stdout]    |                                                                    |
[INFO] [stdout]    |                                                                    `One` is not local
[INFO] [stdout]    |                                                                    move the `impl` block outside of this constant `_IMPL_NUM_One_FOR_Unittless`
[INFO] [stdout] 17 | pub struct Unittless(f64);
[INFO] [stdout]    |            --------- `Unittless` is not local
[INFO] [stdout]    |
[INFO] [stdout]    = note: the derive macro `One` defines the non-local `impl`, and may need to be changed
[INFO] [stdout]    = note: the derive macro `One` may come from an old version of the `num_derive` crate, try updating your dependency with `cargo update -p num_derive`
[INFO] [stdout]    = note: an `impl` is never scoped, even when it is nested inside an item, as it may impact type checking outside of that item, which can be the case if neither the trait or the self type are at the same nesting level as the `impl`
[INFO] [stdout]    = note: items in an anonymous const item (`const _: () = { ... }`) are treated as in the same scope as the anonymous const's declaration for the purpose of this lint
[INFO] [stdout]    = note: this warning originates in the derive macro `One` (in Nightly builds, run with -Z macro-backtrace for more info)
[INFO] [stdout] 
[INFO] [stdout] 
[INFO] [stdout] warning: non-local `impl` definition, `impl` blocks should be written at the same level as their item
[INFO] [stdout]   --> src/point.rs:16:73
[INFO] [stdout]    |
[INFO] [stdout] 16 | #[derive(Copy, Clone, Debug, Default, PartialEq, PartialOrd, Zero, One, Num, ToPrimitive, NumCast, Float, Serialize, Deserialize)]
[INFO] [stdout]    |                                                                         ^--
[INFO] [stdout]    |                                                                         |
[INFO] [stdout]    |                                                                         `Num` is not local
[INFO] [stdout]    |                                                                         move the `impl` block outside of this constant `_IMPL_NUM_Num_FOR_Unittless`
[INFO] [stdout] 17 | pub struct Unittless(f64);
[INFO] [stdout]    |            --------- `Unittless` is not local
[INFO] [stdout]    |
[INFO] [stdout]    = note: the derive macro `Num` defines the non-local `impl`, and may need to be changed
[INFO] [stdout]    = note: the derive macro `Num` may come from an old version of the `num_derive` crate, try updating your dependency with `cargo update -p num_derive`
[INFO] [stdout]    = note: an `impl` is never scoped, even when it is nested inside an item, as it may impact type checking outside of that item, which can be the case if neither the trait or the self type are at the same nesting level as the `impl`
[INFO] [stdout]    = note: items in an anonymous const item (`const _: () = { ... }`) are treated as in the same scope as the anonymous const's declaration for the purpose of this lint
[INFO] [stdout]    = note: this warning originates in the derive macro `Num` (in Nightly builds, run with -Z macro-backtrace for more info)
[INFO] [stdout] 
[INFO] [stdout] 
[INFO] [stdout] warning: non-local `impl` definition, `impl` blocks should be written at the same level as their item
[INFO] [stdout]   --> src/point.rs:16:78
[INFO] [stdout]    |
[INFO] [stdout] 16 | #[derive(Copy, Clone, Debug, Default, PartialEq, PartialOrd, Zero, One, Num, ToPrimitive, NumCast, Float, Serialize, Deserialize)]
[INFO] [stdout]    |                                                                              ^----------
[INFO] [stdout]    |                                                                              |
[INFO] [stdout]    |                                                                              `ToPrimitive` is not local
[INFO] [stdout]    |                                                                              move the `impl` block outside of this constant `_IMPL_NUM_ToPrimitive_FOR_Unittless`
[INFO] [stdout] 17 | pub struct Unittless(f64);
[INFO] [stdout]    |            --------- `Unittless` is not local
[INFO] [stdout]    |
[INFO] [stdout]    = note: the derive macro `ToPrimitive` defines the non-local `impl`, and may need to be changed
[INFO] [stdout]    = note: the derive macro `ToPrimitive` may come from an old version of the `num_derive` crate, try updating your dependency with `cargo update -p num_derive`
[INFO] [stdout]    = note: an `impl` is never scoped, even when it is nested inside an item, as it may impact type checking outside of that item, which can be the case if neither the trait or the self type are at the same nesting level as the `impl`
[INFO] [stdout]    = note: items in an anonymous const item (`const _: () = { ... }`) are treated as in the same scope as the anonymous const's declaration for the purpose of this lint
[INFO] [stdout]    = note: this warning originates in the derive macro `ToPrimitive` (in Nightly builds, run with -Z macro-backtrace for more info)
[INFO] [stdout] 
[INFO] [stdout] 
[INFO] [stdout] warning: non-local `impl` definition, `impl` blocks should be written at the same level as their item
[INFO] [stdout]   --> src/point.rs:16:91
[INFO] [stdout]    |
[INFO] [stdout] 16 | #[derive(Copy, Clone, Debug, Default, PartialEq, PartialOrd, Zero, One, Num, ToPrimitive, NumCast, Float, Serialize, Deserialize)]
[INFO] [stdout]    |                                                                                           ^------
[INFO] [stdout]    |                                                                                           |
[INFO] [stdout]    |                                                                                           `NumCast` is not local
[INFO] [stdout]    |                                                                                           move the `impl` block outside of this constant `_IMPL_NUM_NumCast_FOR_Unittless`
[INFO] [stdout] 17 | pub struct Unittless(f64);
[INFO] [stdout]    |            --------- `Unittless` is not local
[INFO] [stdout]    |
[INFO] [stdout]    = note: the derive macro `NumCast` defines the non-local `impl`, and may need to be changed
[INFO] [stdout]    = note: the derive macro `NumCast` may come from an old version of the `num_derive` crate, try updating your dependency with `cargo update -p num_derive`
[INFO] [stdout]    = note: an `impl` is never scoped, even when it is nested inside an item, as it may impact type checking outside of that item, which can be the case if neither the trait or the self type are at the same nesting level as the `impl`
[INFO] [stdout]    = note: items in an anonymous const item (`const _: () = { ... }`) are treated as in the same scope as the anonymous const's declaration for the purpose of this lint
[INFO] [stdout]    = note: this warning originates in the derive macro `NumCast` (in Nightly builds, run with -Z macro-backtrace for more info)
[INFO] [stdout] 
[INFO] [stdout] 
[INFO] [stdout] warning: non-local `impl` definition, `impl` blocks should be written at the same level as their item
[INFO] [stdout]   --> src/point.rs:16:100
[INFO] [stdout]    |
[INFO] [stdout] 16 | #[derive(Copy, Clone, Debug, Default, PartialEq, PartialOrd, Zero, One, Num, ToPrimitive, NumCast, Float, Serialize, Deserialize)]
[INFO] [stdout]    |                                                                                                    ^----
[INFO] [stdout]    |                                                                                                    |
[INFO] [stdout]    |                                                                                                    `Float` is not local
[INFO] [stdout]    |                                                                                                    move the `impl` block outside of this constant `_IMPL_NUM_Float_FOR_Unittless`
[INFO] [stdout] 17 | pub struct Unittless(f64);
[INFO] [stdout]    |            --------- `Unittless` is not local
[INFO] [stdout]    |
[INFO] [stdout]    = note: the derive macro `Float` defines the non-local `impl`, and may need to be changed
[INFO] [stdout]    = note: the derive macro `Float` may come from an old version of the `num_derive` crate, try updating your dependency with `cargo update -p num_derive`
[INFO] [stdout]    = note: an `impl` is never scoped, even when it is nested inside an item, as it may impact type checking outside of that item, which can be the case if neither the trait or the self type are at the same nesting level as the `impl`
[INFO] [stdout]    = note: items in an anonymous const item (`const _: () = { ... }`) are treated as in the same scope as the anonymous const's declaration for the purpose of this lint
[INFO] [stdout]    = note: this warning originates in the derive macro `Float` (in Nightly builds, run with -Z macro-backtrace for more info)
[INFO] [stdout] 
[INFO] [stdout] 
[INFO] [stderr]     Finished `dev` profile [unoptimized + debuginfo] target(s) in 34.01s
[INFO] running `Command { std: "docker" "inspect" "ffae9fd30c7635d8721ae031a0524aff04919f6d4dfbb1489e33dd21cc0e9d0e", kill_on_drop: false }`
[INFO] running `Command { std: "docker" "rm" "-f" "ffae9fd30c7635d8721ae031a0524aff04919f6d4dfbb1489e33dd21cc0e9d0e", kill_on_drop: false }`
[INFO] [stdout] ffae9fd30c7635d8721ae031a0524aff04919f6d4dfbb1489e33dd21cc0e9d0e
[INFO] running `Command { std: "docker" "create" "-v" "/var/lib/crater-agent-workspace/builds/worker-6-tc2/target:/opt/rustwide/target:rw,Z" "-v" "/var/lib/crater-agent-workspace/builds/worker-6-tc2/source:/opt/rustwide/workdir:ro,Z" "-v" "/var/lib/crater-agent-workspace/cargo-home:/opt/rustwide/cargo-home:ro,Z" "-v" "/var/lib/crater-agent-workspace/rustup-home:/opt/rustwide/rustup-home:ro,Z" "-e" "SOURCE_DIR=/opt/rustwide/workdir" "-e" "CARGO_TARGET_DIR=/opt/rustwide/target" "-e" "CARGO_INCREMENTAL=0" "-e" "RUST_BACKTRACE=full" "-e" "RUSTFLAGS=--cap-lints=warn" "-e" "RUSTDOCFLAGS=--cap-lints=warn" "-e" "CARGO_HOME=/opt/rustwide/cargo-home" "-e" "RUSTUP_HOME=/opt/rustwide/rustup-home" "-w" "/opt/rustwide/workdir" "-m" "1610612736" "--user" "0:0" "--network" "none" "ghcr.io/rust-lang/crates-build-env/linux@sha256:f3a9d4ad9d972b27faf3965f35b62e55ba32bbce8f20bc8fe909558a86702fde" "/opt/rustwide/cargo-home/bin/cargo" "+beta-2024-12-08" "test" "--frozen" "--no-run" "--message-format=json", kill_on_drop: false }`
[INFO] [stdout] 79c8dc5504432f5b76e92ca472419b23a815b1e497eb44e4c8ada35b2f5159cc
[INFO] running `Command { std: "docker" "start" "-a" "79c8dc5504432f5b76e92ca472419b23a815b1e497eb44e4c8ada35b2f5159cc", kill_on_drop: false }`
[INFO] [stderr]    Compiling yansi v1.0.1
[INFO] [stderr]    Compiling diff v0.1.13
[INFO] [stdout] warning: unused doc comment
[INFO] [stdout]    --> src/app.rs:346:13
[INFO] [stdout]     |
[INFO] [stdout] 346 | /             /// a vector from the top-left corner of the screen to the origin
[INFO] [stdout] 347 | |             /// of coordinates in the storage
[INFO] [stdout]     | |_____________________________________________^
[INFO] [stdout] 348 |               transform: Transform::default_for_viewport(dimensions),
[INFO] [stdout]     |               ------------------------------------------------------ rustdoc does not generate documentation for expression fields
[INFO] [stdout]     |
[INFO] [stdout]     = help: use `//` for a plain comment
[INFO] [stdout]     = note: `#[warn(unused_doc_comments)]` on by default
[INFO] [stdout] 
[INFO] [stdout] 
[INFO] [stdout] warning: non-local `impl` definition, `impl` blocks should be written at the same level as their item
[INFO] [stdout]   --> src/point.rs:12:62
[INFO] [stdout]    |
[INFO] [stdout] 12 | #[derive(Copy, Clone, Debug, Default, PartialEq, PartialOrd, Zero, One, Num, ToPrimitive, NumCast, Float, Serialize, Deserialize)]
[INFO] [stdout]    |                                                              ^---
[INFO] [stdout]    |                                                              |
[INFO] [stdout]    |                                                              `Zero` is not local
[INFO] [stdout]    |                                                              move the `impl` block outside of this constant `_IMPL_NUM_Zero_FOR_ScreenUnit`
[INFO] [stdout] 13 | pub struct ScreenUnit(f64);
[INFO] [stdout]    |            ---------- `ScreenUnit` is not local
[INFO] [stdout]    |
[INFO] [stdout]    = note: the derive macro `Zero` defines the non-local `impl`, and may need to be changed
[INFO] [stdout]    = note: the derive macro `Zero` may come from an old version of the `num_derive` crate, try updating your dependency with `cargo update -p num_derive`
[INFO] [stdout]    = note: an `impl` is never scoped, even when it is nested inside an item, as it may impact type checking outside of that item, which can be the case if neither the trait or the self type are at the same nesting level as the `impl`
[INFO] [stdout]    = note: items in an anonymous const item (`const _: () = { ... }`) are treated as in the same scope as the anonymous const's declaration for the purpose of this lint
[INFO] [stdout]    = note: `#[warn(non_local_definitions)]` on by default
[INFO] [stdout]    = note: this warning originates in the derive macro `Zero` (in Nightly builds, run with -Z macro-backtrace for more info)
[INFO] [stdout] 
[INFO] [stdout] 
[INFO] [stdout] warning: non-local `impl` definition, `impl` blocks should be written at the same level as their item
[INFO] [stdout]   --> src/point.rs:12:68
[INFO] [stdout]    |
[INFO] [stdout] 12 | #[derive(Copy, Clone, Debug, Default, PartialEq, PartialOrd, Zero, One, Num, ToPrimitive, NumCast, Float, Serialize, Deserialize)]
[INFO] [stdout]    |                                                                    ^--
[INFO] [stdout]    |                                                                    |
[INFO] [stdout]    |                                                                    `One` is not local
[INFO] [stdout]    |                                                                    move the `impl` block outside of this constant `_IMPL_NUM_One_FOR_ScreenUnit`
[INFO] [stdout] 13 | pub struct ScreenUnit(f64);
[INFO] [stdout]    |            ---------- `ScreenUnit` is not local
[INFO] [stdout]    |
[INFO] [stdout]    = note: the derive macro `One` defines the non-local `impl`, and may need to be changed
[INFO] [stdout]    = note: the derive macro `One` may come from an old version of the `num_derive` crate, try updating your dependency with `cargo update -p num_derive`
[INFO] [stdout]    = note: an `impl` is never scoped, even when it is nested inside an item, as it may impact type checking outside of that item, which can be the case if neither the trait or the self type are at the same nesting level as the `impl`
[INFO] [stdout]    = note: items in an anonymous const item (`const _: () = { ... }`) are treated as in the same scope as the anonymous const's declaration for the purpose of this lint
[INFO] [stdout]    = note: this warning originates in the derive macro `One` (in Nightly builds, run with -Z macro-backtrace for more info)
[INFO] [stdout] 
[INFO] [stdout] 
[INFO] [stdout] warning: non-local `impl` definition, `impl` blocks should be written at the same level as their item
[INFO] [stdout]   --> src/point.rs:12:73
[INFO] [stdout]    |
[INFO] [stdout] 12 | #[derive(Copy, Clone, Debug, Default, PartialEq, PartialOrd, Zero, One, Num, ToPrimitive, NumCast, Float, Serialize, Deserialize)]
[INFO] [stdout]    |                                                                         ^--
[INFO] [stdout]    |                                                                         |
[INFO] [stdout]    |                                                                         `Num` is not local
[INFO] [stdout]    |                                                                         move the `impl` block outside of this constant `_IMPL_NUM_Num_FOR_ScreenUnit`
[INFO] [stdout] 13 | pub struct ScreenUnit(f64);
[INFO] [stdout]    |            ---------- `ScreenUnit` is not local
[INFO] [stdout]    |
[INFO] [stdout]    = note: the derive macro `Num` defines the non-local `impl`, and may need to be changed
[INFO] [stdout]    = note: the derive macro `Num` may come from an old version of the `num_derive` crate, try updating your dependency with `cargo update -p num_derive`
[INFO] [stdout]    = note: an `impl` is never scoped, even when it is nested inside an item, as it may impact type checking outside of that item, which can be the case if neither the trait or the self type are at the same nesting level as the `impl`
[INFO] [stdout]    = note: items in an anonymous const item (`const _: () = { ... }`) are treated as in the same scope as the anonymous const's declaration for the purpose of this lint
[INFO] [stdout]    = note: this warning originates in the derive macro `Num` (in Nightly builds, run with -Z macro-backtrace for more info)
[INFO] [stdout] 
[INFO] [stdout] 
[INFO] [stdout] warning: non-local `impl` definition, `impl` blocks should be written at the same level as their item
[INFO] [stdout]   --> src/point.rs:12:78
[INFO] [stdout]    |
[INFO] [stdout] 12 | #[derive(Copy, Clone, Debug, Default, PartialEq, PartialOrd, Zero, One, Num, ToPrimitive, NumCast, Float, Serialize, Deserialize)]
[INFO] [stdout]    |                                                                              ^----------
[INFO] [stdout]    |                                                                              |
[INFO] [stdout]    |                                                                              `ToPrimitive` is not local
[INFO] [stdout]    |                                                                              move the `impl` block outside of this constant `_IMPL_NUM_ToPrimitive_FOR_ScreenUnit`
[INFO] [stdout] 13 | pub struct ScreenUnit(f64);
[INFO] [stdout]    |            ---------- `ScreenUnit` is not local
[INFO] [stdout]    |
[INFO] [stdout]    = note: the derive macro `ToPrimitive` defines the non-local `impl`, and may need to be changed
[INFO] [stdout]    = note: the derive macro `ToPrimitive` may come from an old version of the `num_derive` crate, try updating your dependency with `cargo update -p num_derive`
[INFO] [stdout]    = note: an `impl` is never scoped, even when it is nested inside an item, as it may impact type checking outside of that item, which can be the case if neither the trait or the self type are at the same nesting level as the `impl`
[INFO] [stdout]    = note: items in an anonymous const item (`const _: () = { ... }`) are treated as in the same scope as the anonymous const's declaration for the purpose of this lint
[INFO] [stdout]    = note: this warning originates in the derive macro `ToPrimitive` (in Nightly builds, run with -Z macro-backtrace for more info)
[INFO] [stdout] 
[INFO] [stdout] 
[INFO] [stdout] warning: non-local `impl` definition, `impl` blocks should be written at the same level as their item
[INFO] [stdout]   --> src/point.rs:12:91
[INFO] [stdout]    |
[INFO] [stdout] 12 | #[derive(Copy, Clone, Debug, Default, PartialEq, PartialOrd, Zero, One, Num, ToPrimitive, NumCast, Float, Serialize, Deserialize)]
[INFO] [stdout]    |                                                                                           ^------
[INFO] [stdout]    |                                                                                           |
[INFO] [stdout]    |                                                                                           `NumCast` is not local
[INFO] [stdout]    |                                                                                           move the `impl` block outside of this constant `_IMPL_NUM_NumCast_FOR_ScreenUnit`
[INFO] [stdout] 13 | pub struct ScreenUnit(f64);
[INFO] [stdout]    |            ---------- `ScreenUnit` is not local
[INFO] [stdout]    |
[INFO] [stdout]    = note: the derive macro `NumCast` defines the non-local `impl`, and may need to be changed
[INFO] [stdout]    = note: the derive macro `NumCast` may come from an old version of the `num_derive` crate, try updating your dependency with `cargo update -p num_derive`
[INFO] [stdout]    = note: an `impl` is never scoped, even when it is nested inside an item, as it may impact type checking outside of that item, which can be the case if neither the trait or the self type are at the same nesting level as the `impl`
[INFO] [stdout]    = note: items in an anonymous const item (`const _: () = { ... }`) are treated as in the same scope as the anonymous const's declaration for the purpose of this lint
[INFO] [stdout]    = note: this warning originates in the derive macro `NumCast` (in Nightly builds, run with -Z macro-backtrace for more info)
[INFO] [stdout] 
[INFO] [stdout] 
[INFO] [stdout] warning: non-local `impl` definition, `impl` blocks should be written at the same level as their item
[INFO] [stdout]   --> src/point.rs:12:100
[INFO] [stdout]    |
[INFO] [stdout] 12 | #[derive(Copy, Clone, Debug, Default, PartialEq, PartialOrd, Zero, One, Num, ToPrimitive, NumCast, Float, Serialize, Deserialize)]
[INFO] [stdout]    |                                                                                                    ^----
[INFO] [stdout]    |                                                                                                    |
[INFO] [stdout]    |                                                                                                    `Float` is not local
[INFO] [stdout]    |                                                                                                    move the `impl` block outside of this constant `_IMPL_NUM_Float_FOR_ScreenUnit`
[INFO] [stdout] 13 | pub struct ScreenUnit(f64);
[INFO] [stdout]    |            ---------- `ScreenUnit` is not local
[INFO] [stdout]    |
[INFO] [stdout]    = note: the derive macro `Float` defines the non-local `impl`, and may need to be changed
[INFO] [stdout]    = note: the derive macro `Float` may come from an old version of the `num_derive` crate, try updating your dependency with `cargo update -p num_derive`
[INFO] [stdout]    = note: an `impl` is never scoped, even when it is nested inside an item, as it may impact type checking outside of that item, which can be the case if neither the trait or the self type are at the same nesting level as the `impl`
[INFO] [stdout]    = note: items in an anonymous const item (`const _: () = { ... }`) are treated as in the same scope as the anonymous const's declaration for the purpose of this lint
[INFO] [stdout]    = note: this warning originates in the derive macro `Float` (in Nightly builds, run with -Z macro-backtrace for more info)
[INFO] [stdout] 
[INFO] [stdout] 
[INFO] [stdout] warning: non-local `impl` definition, `impl` blocks should be written at the same level as their item
[INFO] [stdout]   --> src/point.rs:14:62
[INFO] [stdout]    |
[INFO] [stdout] 14 | #[derive(Copy, Clone, Debug, Default, PartialEq, PartialOrd, Zero, One, Num, ToPrimitive, NumCast, Float, Serialize, Deserialize)]
[INFO] [stdout]    |                                                              ^---
[INFO] [stdout]    |                                                              |
[INFO] [stdout]    |                                                              `Zero` is not local
[INFO] [stdout]    |                                                              move the `impl` block outside of this constant `_IMPL_NUM_Zero_FOR_WorldUnit`
[INFO] [stdout] 15 | pub struct WorldUnit(f64);
[INFO] [stdout]    |            --------- `WorldUnit` is not local
[INFO] [stdout]    |
[INFO] [stdout]    = note: the derive macro `Zero` defines the non-local `impl`, and may need to be changed
[INFO] [stdout]    = note: the derive macro `Zero` may come from an old version of the `num_derive` crate, try updating your dependency with `cargo update -p num_derive`
[INFO] [stdout]    = note: an `impl` is never scoped, even when it is nested inside an item, as it may impact type checking outside of that item, which can be the case if neither the trait or the self type are at the same nesting level as the `impl`
[INFO] [stdout]    = note: items in an anonymous const item (`const _: () = { ... }`) are treated as in the same scope as the anonymous const's declaration for the purpose of this lint
[INFO] [stdout]    = note: this warning originates in the derive macro `Zero` (in Nightly builds, run with -Z macro-backtrace for more info)
[INFO] [stdout] 
[INFO] [stdout] 
[INFO] [stdout] warning: non-local `impl` definition, `impl` blocks should be written at the same level as their item
[INFO] [stdout]   --> src/point.rs:14:68
[INFO] [stdout]    |
[INFO] [stdout] 14 | #[derive(Copy, Clone, Debug, Default, PartialEq, PartialOrd, Zero, One, Num, ToPrimitive, NumCast, Float, Serialize, Deserialize)]
[INFO] [stdout]    |                                                                    ^--
[INFO] [stdout]    |                                                                    |
[INFO] [stdout]    |                                                                    `One` is not local
[INFO] [stdout]    |                                                                    move the `impl` block outside of this constant `_IMPL_NUM_One_FOR_WorldUnit`
[INFO] [stdout] 15 | pub struct WorldUnit(f64);
[INFO] [stdout]    |            --------- `WorldUnit` is not local
[INFO] [stdout]    |
[INFO] [stdout]    = note: the derive macro `One` defines the non-local `impl`, and may need to be changed
[INFO] [stdout]    = note: the derive macro `One` may come from an old version of the `num_derive` crate, try updating your dependency with `cargo update -p num_derive`
[INFO] [stdout]    = note: an `impl` is never scoped, even when it is nested inside an item, as it may impact type checking outside of that item, which can be the case if neither the trait or the self type are at the same nesting level as the `impl`
[INFO] [stdout]    = note: items in an anonymous const item (`const _: () = { ... }`) are treated as in the same scope as the anonymous const's declaration for the purpose of this lint
[INFO] [stdout]    = note: this warning originates in the derive macro `One` (in Nightly builds, run with -Z macro-backtrace for more info)
[INFO] [stdout] 
[INFO] [stdout] 
[INFO] [stdout] warning: non-local `impl` definition, `impl` blocks should be written at the same level as their item
[INFO] [stdout]   --> src/point.rs:14:73
[INFO] [stdout]    |
[INFO] [stdout] 14 | #[derive(Copy, Clone, Debug, Default, PartialEq, PartialOrd, Zero, One, Num, ToPrimitive, NumCast, Float, Serialize, Deserialize)]
[INFO] [stdout]    |                                                                         ^--
[INFO] [stdout]    |                                                                         |
[INFO] [stdout]    |                                                                         `Num` is not local
[INFO] [stdout]    |                                                                         move the `impl` block outside of this constant `_IMPL_NUM_Num_FOR_WorldUnit`
[INFO] [stdout] 15 | pub struct WorldUnit(f64);
[INFO] [stdout]    |            --------- `WorldUnit` is not local
[INFO] [stdout]    |
[INFO] [stdout]    = note: the derive macro `Num` defines the non-local `impl`, and may need to be changed
[INFO] [stdout]    = note: the derive macro `Num` may come from an old version of the `num_derive` crate, try updating your dependency with `cargo update -p num_derive`
[INFO] [stdout]    = note: an `impl` is never scoped, even when it is nested inside an item, as it may impact type checking outside of that item, which can be the case if neither the trait or the self type are at the same nesting level as the `impl`
[INFO] [stdout]    = note: items in an anonymous const item (`const _: () = { ... }`) are treated as in the same scope as the anonymous const's declaration for the purpose of this lint
[INFO] [stdout]    = note: this warning originates in the derive macro `Num` (in Nightly builds, run with -Z macro-backtrace for more info)
[INFO] [stdout] 
[INFO] [stdout] 
[INFO] [stdout] warning: non-local `impl` definition, `impl` blocks should be written at the same level as their item
[INFO] [stdout]   --> src/point.rs:14:78
[INFO] [stdout]    |
[INFO] [stdout] 14 | #[derive(Copy, Clone, Debug, Default, PartialEq, PartialOrd, Zero, One, Num, ToPrimitive, NumCast, Float, Serialize, Deserialize)]
[INFO] [stdout]    |                                                                              ^----------
[INFO] [stdout]    |                                                                              |
[INFO] [stdout]    |                                                                              `ToPrimitive` is not local
[INFO] [stdout]    |                                                                              move the `impl` block outside of this constant `_IMPL_NUM_ToPrimitive_FOR_WorldUnit`
[INFO] [stdout] 15 | pub struct WorldUnit(f64);
[INFO] [stdout]    |            --------- `WorldUnit` is not local
[INFO] [stdout]    |
[INFO] [stdout]    = note: the derive macro `ToPrimitive` defines the non-local `impl`, and may need to be changed
[INFO] [stdout]    = note: the derive macro `ToPrimitive` may come from an old version of the `num_derive` crate, try updating your dependency with `cargo update -p num_derive`
[INFO] [stdout]    = note: an `impl` is never scoped, even when it is nested inside an item, as it may impact type checking outside of that item, which can be the case if neither the trait or the self type are at the same nesting level as the `impl`
[INFO] [stdout]    = note: items in an anonymous const item (`const _: () = { ... }`) are treated as in the same scope as the anonymous const's declaration for the purpose of this lint
[INFO] [stdout]    = note: this warning originates in the derive macro `ToPrimitive` (in Nightly builds, run with -Z macro-backtrace for more info)
[INFO] [stdout] 
[INFO] [stdout] 
[INFO] [stdout] warning: non-local `impl` definition, `impl` blocks should be written at the same level as their item
[INFO] [stdout]   --> src/point.rs:14:91
[INFO] [stdout]    |
[INFO] [stdout] 14 | #[derive(Copy, Clone, Debug, Default, PartialEq, PartialOrd, Zero, One, Num, ToPrimitive, NumCast, Float, Serialize, Deserialize)]
[INFO] [stdout]    |                                                                                           ^------
[INFO] [stdout]    |                                                                                           |
[INFO] [stdout]    |                                                                                           `NumCast` is not local
[INFO] [stdout]    |                                                                                           move the `impl` block outside of this constant `_IMPL_NUM_NumCast_FOR_WorldUnit`
[INFO] [stdout] 15 | pub struct WorldUnit(f64);
[INFO] [stdout]    |            --------- `WorldUnit` is not local
[INFO] [stdout]    |
[INFO] [stdout]    = note: the derive macro `NumCast` defines the non-local `impl`, and may need to be changed
[INFO] [stdout]    = note: the derive macro `NumCast` may come from an old version of the `num_derive` crate, try updating your dependency with `cargo update -p num_derive`
[INFO] [stdout]    = note: an `impl` is never scoped, even when it is nested inside an item, as it may impact type checking outside of that item, which can be the case if neither the trait or the self type are at the same nesting level as the `impl`
[INFO] [stdout]    = note: items in an anonymous const item (`const _: () = { ... }`) are treated as in the same scope as the anonymous const's declaration for the purpose of this lint
[INFO] [stdout]    = note: this warning originates in the derive macro `NumCast` (in Nightly builds, run with -Z macro-backtrace for more info)
[INFO] [stdout] 
[INFO] [stdout] 
[INFO] [stdout] warning: non-local `impl` definition, `impl` blocks should be written at the same level as their item
[INFO] [stdout]   --> src/point.rs:14:100
[INFO] [stdout]    |
[INFO] [stdout] 14 | #[derive(Copy, Clone, Debug, Default, PartialEq, PartialOrd, Zero, One, Num, ToPrimitive, NumCast, Float, Serialize, Deserialize)]
[INFO] [stdout]    |                                                                                                    ^----
[INFO] [stdout]    |                                                                                                    |
[INFO] [stdout]    |                                                                                                    `Float` is not local
[INFO] [stdout]    |                                                                                                    move the `impl` block outside of this constant `_IMPL_NUM_Float_FOR_WorldUnit`
[INFO] [stdout] 15 | pub struct WorldUnit(f64);
[INFO] [stdout]    |            --------- `WorldUnit` is not local
[INFO] [stdout]    |
[INFO] [stdout]    = note: the derive macro `Float` defines the non-local `impl`, and may need to be changed
[INFO] [stdout]    = note: the derive macro `Float` may come from an old version of the `num_derive` crate, try updating your dependency with `cargo update -p num_derive`
[INFO] [stdout]    = note: an `impl` is never scoped, even when it is nested inside an item, as it may impact type checking outside of that item, which can be the case if neither the trait or the self type are at the same nesting level as the `impl`
[INFO] [stdout]    = note: items in an anonymous const item (`const _: () = { ... }`) are treated as in the same scope as the anonymous const's declaration for the purpose of this lint
[INFO] [stdout]    = note: this warning originates in the derive macro `Float` (in Nightly builds, run with -Z macro-backtrace for more info)
[INFO] [stdout] 
[INFO] [stdout] 
[INFO] [stdout] warning: non-local `impl` definition, `impl` blocks should be written at the same level as their item
[INFO] [stdout]   --> src/point.rs:16:62
[INFO] [stdout]    |
[INFO] [stdout] 16 | #[derive(Copy, Clone, Debug, Default, PartialEq, PartialOrd, Zero, One, Num, ToPrimitive, NumCast, Float, Serialize, Deserialize)]
[INFO] [stdout]    |                                                              ^---
[INFO] [stdout]    |                                                              |
[INFO] [stdout]    |                                                              `Zero` is not local
[INFO] [stdout]    |                                                              move the `impl` block outside of this constant `_IMPL_NUM_Zero_FOR_Unittless`
[INFO] [stdout] 17 | pub struct Unittless(f64);
[INFO] [stdout]    |            --------- `Unittless` is not local
[INFO] [stdout]    |
[INFO] [stdout]    = note: the derive macro `Zero` defines the non-local `impl`, and may need to be changed
[INFO] [stdout]    = note: the derive macro `Zero` may come from an old version of the `num_derive` crate, try updating your dependency with `cargo update -p num_derive`
[INFO] [stdout]    = note: an `impl` is never scoped, even when it is nested inside an item, as it may impact type checking outside of that item, which can be the case if neither the trait or the self type are at the same nesting level as the `impl`
[INFO] [stdout]    = note: items in an anonymous const item (`const _: () = { ... }`) are treated as in the same scope as the anonymous const's declaration for the purpose of this lint
[INFO] [stdout]    = note: this warning originates in the derive macro `Zero` (in Nightly builds, run with -Z macro-backtrace for more info)
[INFO] [stdout] 
[INFO] [stdout] 
[INFO] [stdout] warning: non-local `impl` definition, `impl` blocks should be written at the same level as their item
[INFO] [stdout]   --> src/point.rs:16:68
[INFO] [stdout]    |
[INFO] [stdout] 16 | #[derive(Copy, Clone, Debug, Default, PartialEq, PartialOrd, Zero, One, Num, ToPrimitive, NumCast, Float, Serialize, Deserialize)]
[INFO] [stdout]    |                                                                    ^--
[INFO] [stdout]    |                                                                    |
[INFO] [stdout]    |                                                                    `One` is not local
[INFO] [stdout]    |                                                                    move the `impl` block outside of this constant `_IMPL_NUM_One_FOR_Unittless`
[INFO] [stdout] 17 | pub struct Unittless(f64);
[INFO] [stdout]    |            --------- `Unittless` is not local
[INFO] [stdout]    |
[INFO] [stdout]    = note: the derive macro `One` defines the non-local `impl`, and may need to be changed
[INFO] [stdout]    = note: the derive macro `One` may come from an old version of the `num_derive` crate, try updating your dependency with `cargo update -p num_derive`
[INFO] [stdout]    = note: an `impl` is never scoped, even when it is nested inside an item, as it may impact type checking outside of that item, which can be the case if neither the trait or the self type are at the same nesting level as the `impl`
[INFO] [stdout]    = note: items in an anonymous const item (`const _: () = { ... }`) are treated as in the same scope as the anonymous const's declaration for the purpose of this lint
[INFO] [stdout]    = note: this warning originates in the derive macro `One` (in Nightly builds, run with -Z macro-backtrace for more info)
[INFO] [stdout] 
[INFO] [stdout] 
[INFO] [stdout] warning: non-local `impl` definition, `impl` blocks should be written at the same level as their item
[INFO] [stdout]   --> src/point.rs:16:73
[INFO] [stdout]    |
[INFO] [stdout] 16 | #[derive(Copy, Clone, Debug, Default, PartialEq, PartialOrd, Zero, One, Num, ToPrimitive, NumCast, Float, Serialize, Deserialize)]
[INFO] [stdout]    |                                                                         ^--
[INFO] [stdout]    |                                                                         |
[INFO] [stdout]    |                                                                         `Num` is not local
[INFO] [stdout]    |                                                                         move the `impl` block outside of this constant `_IMPL_NUM_Num_FOR_Unittless`
[INFO] [stdout] 17 | pub struct Unittless(f64);
[INFO] [stdout]    |            --------- `Unittless` is not local
[INFO] [stdout]    |
[INFO] [stdout]    = note: the derive macro `Num` defines the non-local `impl`, and may need to be changed
[INFO] [stdout]    = note: the derive macro `Num` may come from an old version of the `num_derive` crate, try updating your dependency with `cargo update -p num_derive`
[INFO] [stdout]    = note: an `impl` is never scoped, even when it is nested inside an item, as it may impact type checking outside of that item, which can be the case if neither the trait or the self type are at the same nesting level as the `impl`
[INFO] [stdout]    = note: items in an anonymous const item (`const _: () = { ... }`) are treated as in the same scope as the anonymous const's declaration for the purpose of this lint
[INFO] [stdout]    = note: this warning originates in the derive macro `Num` (in Nightly builds, run with -Z macro-backtrace for more info)
[INFO] [stdout] 
[INFO] [stdout] 
[INFO] [stdout] warning: non-local `impl` definition, `impl` blocks should be written at the same level as their item
[INFO] [stdout]   --> src/point.rs:16:78
[INFO] [stdout]    |
[INFO] [stdout] 16 | #[derive(Copy, Clone, Debug, Default, PartialEq, PartialOrd, Zero, One, Num, ToPrimitive, NumCast, Float, Serialize, Deserialize)]
[INFO] [stdout]    |                                                                              ^----------
[INFO] [stdout]    |                                                                              |
[INFO] [stdout]    |                                                                              `ToPrimitive` is not local
[INFO] [stdout]    |                                                                              move the `impl` block outside of this constant `_IMPL_NUM_ToPrimitive_FOR_Unittless`
[INFO] [stdout] 17 | pub struct Unittless(f64);
[INFO] [stdout]    |            --------- `Unittless` is not local
[INFO] [stdout]    |
[INFO] [stdout]    = note: the derive macro `ToPrimitive` defines the non-local `impl`, and may need to be changed
[INFO] [stdout]    = note: the derive macro `ToPrimitive` may come from an old version of the `num_derive` crate, try updating your dependency with `cargo update -p num_derive`
[INFO] [stdout]    = note: an `impl` is never scoped, even when it is nested inside an item, as it may impact type checking outside of that item, which can be the case if neither the trait or the self type are at the same nesting level as the `impl`
[INFO] [stdout]    = note: items in an anonymous const item (`const _: () = { ... }`) are treated as in the same scope as the anonymous const's declaration for the purpose of this lint
[INFO] [stdout]    = note: this warning originates in the derive macro `ToPrimitive` (in Nightly builds, run with -Z macro-backtrace for more info)
[INFO] [stdout] 
[INFO] [stdout] 
[INFO] [stdout] warning: non-local `impl` definition, `impl` blocks should be written at the same level as their item
[INFO] [stdout]   --> src/point.rs:16:91
[INFO] [stdout]    |
[INFO] [stdout] 16 | #[derive(Copy, Clone, Debug, Default, PartialEq, PartialOrd, Zero, One, Num, ToPrimitive, NumCast, Float, Serialize, Deserialize)]
[INFO] [stdout]    |                                                                                           ^------
[INFO] [stdout]    |                                                                                           |
[INFO] [stdout]    |                                                                                           `NumCast` is not local
[INFO] [stdout]    |                                                                                           move the `impl` block outside of this constant `_IMPL_NUM_NumCast_FOR_Unittless`
[INFO] [stdout] 17 | pub struct Unittless(f64);
[INFO] [stdout]    |            --------- `Unittless` is not local
[INFO] [stdout]    |
[INFO] [stdout]    = note: the derive macro `NumCast` defines the non-local `impl`, and may need to be changed
[INFO] [stdout]    = note: the derive macro `NumCast` may come from an old version of the `num_derive` crate, try updating your dependency with `cargo update -p num_derive`
[INFO] [stdout]    = note: an `impl` is never scoped, even when it is nested inside an item, as it may impact type checking outside of that item, which can be the case if neither the trait or the self type are at the same nesting level as the `impl`
[INFO] [stdout]    = note: items in an anonymous const item (`const _: () = { ... }`) are treated as in the same scope as the anonymous const's declaration for the purpose of this lint
[INFO] [stdout]    = note: this warning originates in the derive macro `NumCast` (in Nightly builds, run with -Z macro-backtrace for more info)
[INFO] [stdout] 
[INFO] [stdout] 
[INFO] [stdout] warning: non-local `impl` definition, `impl` blocks should be written at the same level as their item
[INFO] [stdout]   --> src/point.rs:16:100
[INFO] [stdout]    |
[INFO] [stdout] 16 | #[derive(Copy, Clone, Debug, Default, PartialEq, PartialOrd, Zero, One, Num, ToPrimitive, NumCast, Float, Serialize, Deserialize)]
[INFO] [stdout]    |                                                                                                    ^----
[INFO] [stdout]    |                                                                                                    |
[INFO] [stdout]    |                                                                                                    `Float` is not local
[INFO] [stdout]    |                                                                                                    move the `impl` block outside of this constant `_IMPL_NUM_Float_FOR_Unittless`
[INFO] [stdout] 17 | pub struct Unittless(f64);
[INFO] [stdout]    |            --------- `Unittless` is not local
[INFO] [stdout]    |
[INFO] [stdout]    = note: the derive macro `Float` defines the non-local `impl`, and may need to be changed
[INFO] [stdout]    = note: the derive macro `Float` may come from an old version of the `num_derive` crate, try updating your dependency with `cargo update -p num_derive`
[INFO] [stdout]    = note: an `impl` is never scoped, even when it is nested inside an item, as it may impact type checking outside of that item, which can be the case if neither the trait or the self type are at the same nesting level as the `impl`
[INFO] [stdout]    = note: items in an anonymous const item (`const _: () = { ... }`) are treated as in the same scope as the anonymous const's declaration for the purpose of this lint
[INFO] [stdout]    = note: this warning originates in the derive macro `Float` (in Nightly builds, run with -Z macro-backtrace for more info)
[INFO] [stdout] 
[INFO] [stdout] 
[INFO] [stderr]    Compiling pretty_assertions v1.4.1
[INFO] [stderr]    Compiling pizarra v3.0.0 (/opt/rustwide/workdir)
[INFO] [stdout] warning: unused doc comment
[INFO] [stdout]    --> src/app.rs:346:13
[INFO] [stdout]     |
[INFO] [stdout] 346 | /             /// a vector from the top-left corner of the screen to the origin
[INFO] [stdout] 347 | |             /// of coordinates in the storage
[INFO] [stdout]     | |_____________________________________________^
[INFO] [stdout] 348 |               transform: Transform::default_for_viewport(dimensions),
[INFO] [stdout]     |               ------------------------------------------------------ rustdoc does not generate documentation for expression fields
[INFO] [stdout]     |
[INFO] [stdout]     = help: use `//` for a plain comment
[INFO] [stdout]     = note: `#[warn(unused_doc_comments)]` on by default
[INFO] [stdout] 
[INFO] [stdout] 
[INFO] [stdout] warning: non-local `impl` definition, `impl` blocks should be written at the same level as their item
[INFO] [stdout]   --> src/point.rs:12:62
[INFO] [stdout]    |
[INFO] [stdout] 12 | #[derive(Copy, Clone, Debug, Default, PartialEq, PartialOrd, Zero, One, Num, ToPrimitive, NumCast, Float, Serialize, Deserialize)]
[INFO] [stdout]    |                                                              ^---
[INFO] [stdout]    |                                                              |
[INFO] [stdout]    |                                                              `Zero` is not local
[INFO] [stdout]    |                                                              move the `impl` block outside of this constant `_IMPL_NUM_Zero_FOR_ScreenUnit`
[INFO] [stdout] 13 | pub struct ScreenUnit(f64);
[INFO] [stdout]    |            ---------- `ScreenUnit` is not local
[INFO] [stdout]    |
[INFO] [stdout]    = note: the derive macro `Zero` defines the non-local `impl`, and may need to be changed
[INFO] [stdout]    = note: the derive macro `Zero` may come from an old version of the `num_derive` crate, try updating your dependency with `cargo update -p num_derive`
[INFO] [stdout]    = note: an `impl` is never scoped, even when it is nested inside an item, as it may impact type checking outside of that item, which can be the case if neither the trait or the self type are at the same nesting level as the `impl`
[INFO] [stdout]    = note: items in an anonymous const item (`const _: () = { ... }`) are treated as in the same scope as the anonymous const's declaration for the purpose of this lint
[INFO] [stdout]    = note: `#[warn(non_local_definitions)]` on by default
[INFO] [stdout]    = note: this warning originates in the derive macro `Zero` (in Nightly builds, run with -Z macro-backtrace for more info)
[INFO] [stdout] 
[INFO] [stdout] 
[INFO] [stdout] warning: non-local `impl` definition, `impl` blocks should be written at the same level as their item
[INFO] [stdout]   --> src/point.rs:12:68
[INFO] [stdout]    |
[INFO] [stdout] 12 | #[derive(Copy, Clone, Debug, Default, PartialEq, PartialOrd, Zero, One, Num, ToPrimitive, NumCast, Float, Serialize, Deserialize)]
[INFO] [stdout]    |                                                                    ^--
[INFO] [stdout]    |                                                                    |
[INFO] [stdout]    |                                                                    `One` is not local
[INFO] [stdout]    |                                                                    move the `impl` block outside of this constant `_IMPL_NUM_One_FOR_ScreenUnit`
[INFO] [stdout] 13 | pub struct ScreenUnit(f64);
[INFO] [stdout]    |            ---------- `ScreenUnit` is not local
[INFO] [stdout]    |
[INFO] [stdout]    = note: the derive macro `One` defines the non-local `impl`, and may need to be changed
[INFO] [stdout]    = note: the derive macro `One` may come from an old version of the `num_derive` crate, try updating your dependency with `cargo update -p num_derive`
[INFO] [stdout]    = note: an `impl` is never scoped, even when it is nested inside an item, as it may impact type checking outside of that item, which can be the case if neither the trait or the self type are at the same nesting level as the `impl`
[INFO] [stdout]    = note: items in an anonymous const item (`const _: () = { ... }`) are treated as in the same scope as the anonymous const's declaration for the purpose of this lint
[INFO] [stdout]    = note: this warning originates in the derive macro `One` (in Nightly builds, run with -Z macro-backtrace for more info)
[INFO] [stdout] 
[INFO] [stdout] 
[INFO] [stdout] warning: non-local `impl` definition, `impl` blocks should be written at the same level as their item
[INFO] [stdout]   --> src/point.rs:12:73
[INFO] [stdout]    |
[INFO] [stdout] 12 | #[derive(Copy, Clone, Debug, Default, PartialEq, PartialOrd, Zero, One, Num, ToPrimitive, NumCast, Float, Serialize, Deserialize)]
[INFO] [stdout]    |                                                                         ^--
[INFO] [stdout]    |                                                                         |
[INFO] [stdout]    |                                                                         `Num` is not local
[INFO] [stdout]    |                                                                         move the `impl` block outside of this constant `_IMPL_NUM_Num_FOR_ScreenUnit`
[INFO] [stdout] 13 | pub struct ScreenUnit(f64);
[INFO] [stdout]    |            ---------- `ScreenUnit` is not local
[INFO] [stdout]    |
[INFO] [stdout]    = note: the derive macro `Num` defines the non-local `impl`, and may need to be changed
[INFO] [stdout]    = note: the derive macro `Num` may come from an old version of the `num_derive` crate, try updating your dependency with `cargo update -p num_derive`
[INFO] [stdout]    = note: an `impl` is never scoped, even when it is nested inside an item, as it may impact type checking outside of that item, which can be the case if neither the trait or the self type are at the same nesting level as the `impl`
[INFO] [stdout]    = note: items in an anonymous const item (`const _: () = { ... }`) are treated as in the same scope as the anonymous const's declaration for the purpose of this lint
[INFO] [stdout]    = note: this warning originates in the derive macro `Num` (in Nightly builds, run with -Z macro-backtrace for more info)
[INFO] [stdout] 
[INFO] [stdout] 
[INFO] [stdout] warning: non-local `impl` definition, `impl` blocks should be written at the same level as their item
[INFO] [stdout]   --> src/point.rs:12:78
[INFO] [stdout]    |
[INFO] [stdout] 12 | #[derive(Copy, Clone, Debug, Default, PartialEq, PartialOrd, Zero, One, Num, ToPrimitive, NumCast, Float, Serialize, Deserialize)]
[INFO] [stdout]    |                                                                              ^----------
[INFO] [stdout]    |                                                                              |
[INFO] [stdout]    |                                                                              `ToPrimitive` is not local
[INFO] [stdout]    |                                                                              move the `impl` block outside of this constant `_IMPL_NUM_ToPrimitive_FOR_ScreenUnit`
[INFO] [stdout] 13 | pub struct ScreenUnit(f64);
[INFO] [stdout]    |            ---------- `ScreenUnit` is not local
[INFO] [stdout]    |
[INFO] [stdout]    = note: the derive macro `ToPrimitive` defines the non-local `impl`, and may need to be changed
[INFO] [stdout]    = note: the derive macro `ToPrimitive` may come from an old version of the `num_derive` crate, try updating your dependency with `cargo update -p num_derive`
[INFO] [stdout]    = note: an `impl` is never scoped, even when it is nested inside an item, as it may impact type checking outside of that item, which can be the case if neither the trait or the self type are at the same nesting level as the `impl`
[INFO] [stdout]    = note: items in an anonymous const item (`const _: () = { ... }`) are treated as in the same scope as the anonymous const's declaration for the purpose of this lint
[INFO] [stdout]    = note: this warning originates in the derive macro `ToPrimitive` (in Nightly builds, run with -Z macro-backtrace for more info)
[INFO] [stdout] 
[INFO] [stdout] 
[INFO] [stdout] warning: non-local `impl` definition, `impl` blocks should be written at the same level as their item
[INFO] [stdout]   --> src/point.rs:12:91
[INFO] [stdout]    |
[INFO] [stdout] 12 | #[derive(Copy, Clone, Debug, Default, PartialEq, PartialOrd, Zero, One, Num, ToPrimitive, NumCast, Float, Serialize, Deserialize)]
[INFO] [stdout]    |                                                                                           ^------
[INFO] [stdout]    |                                                                                           |
[INFO] [stdout]    |                                                                                           `NumCast` is not local
[INFO] [stdout]    |                                                                                           move the `impl` block outside of this constant `_IMPL_NUM_NumCast_FOR_ScreenUnit`
[INFO] [stdout] 13 | pub struct ScreenUnit(f64);
[INFO] [stdout]    |            ---------- `ScreenUnit` is not local
[INFO] [stdout]    |
[INFO] [stdout]    = note: the derive macro `NumCast` defines the non-local `impl`, and may need to be changed
[INFO] [stdout]    = note: the derive macro `NumCast` may come from an old version of the `num_derive` crate, try updating your dependency with `cargo update -p num_derive`
[INFO] [stdout]    = note: an `impl` is never scoped, even when it is nested inside an item, as it may impact type checking outside of that item, which can be the case if neither the trait or the self type are at the same nesting level as the `impl`
[INFO] [stdout]    = note: items in an anonymous const item (`const _: () = { ... }`) are treated as in the same scope as the anonymous const's declaration for the purpose of this lint
[INFO] [stdout]    = note: this warning originates in the derive macro `NumCast` (in Nightly builds, run with -Z macro-backtrace for more info)
[INFO] [stdout] 
[INFO] [stdout] 
[INFO] [stdout] warning: non-local `impl` definition, `impl` blocks should be written at the same level as their item
[INFO] [stdout]   --> src/point.rs:12:100
[INFO] [stdout]    |
[INFO] [stdout] 12 | #[derive(Copy, Clone, Debug, Default, PartialEq, PartialOrd, Zero, One, Num, ToPrimitive, NumCast, Float, Serialize, Deserialize)]
[INFO] [stdout]    |                                                                                                    ^----
[INFO] [stdout]    |                                                                                                    |
[INFO] [stdout]    |                                                                                                    `Float` is not local
[INFO] [stdout]    |                                                                                                    move the `impl` block outside of this constant `_IMPL_NUM_Float_FOR_ScreenUnit`
[INFO] [stdout] 13 | pub struct ScreenUnit(f64);
[INFO] [stdout]    |            ---------- `ScreenUnit` is not local
[INFO] [stdout]    |
[INFO] [stdout]    = note: the derive macro `Float` defines the non-local `impl`, and may need to be changed
[INFO] [stdout]    = note: the derive macro `Float` may come from an old version of the `num_derive` crate, try updating your dependency with `cargo update -p num_derive`
[INFO] [stdout]    = note: an `impl` is never scoped, even when it is nested inside an item, as it may impact type checking outside of that item, which can be the case if neither the trait or the self type are at the same nesting level as the `impl`
[INFO] [stdout]    = note: items in an anonymous const item (`const _: () = { ... }`) are treated as in the same scope as the anonymous const's declaration for the purpose of this lint
[INFO] [stdout]    = note: this warning originates in the derive macro `Float` (in Nightly builds, run with -Z macro-backtrace for more info)
[INFO] [stdout] 
[INFO] [stdout] 
[INFO] [stdout] warning: non-local `impl` definition, `impl` blocks should be written at the same level as their item
[INFO] [stdout]   --> src/point.rs:14:62
[INFO] [stdout]    |
[INFO] [stdout] 14 | #[derive(Copy, Clone, Debug, Default, PartialEq, PartialOrd, Zero, One, Num, ToPrimitive, NumCast, Float, Serialize, Deserialize)]
[INFO] [stdout]    |                                                              ^---
[INFO] [stdout]    |                                                              |
[INFO] [stdout]    |                                                              `Zero` is not local
[INFO] [stdout]    |                                                              move the `impl` block outside of this constant `_IMPL_NUM_Zero_FOR_WorldUnit`
[INFO] [stdout] 15 | pub struct WorldUnit(f64);
[INFO] [stdout]    |            --------- `WorldUnit` is not local
[INFO] [stdout]    |
[INFO] [stdout]    = note: the derive macro `Zero` defines the non-local `impl`, and may need to be changed
[INFO] [stdout]    = note: the derive macro `Zero` may come from an old version of the `num_derive` crate, try updating your dependency with `cargo update -p num_derive`
[INFO] [stdout]    = note: an `impl` is never scoped, even when it is nested inside an item, as it may impact type checking outside of that item, which can be the case if neither the trait or the self type are at the same nesting level as the `impl`
[INFO] [stdout]    = note: items in an anonymous const item (`const _: () = { ... }`) are treated as in the same scope as the anonymous const's declaration for the purpose of this lint
[INFO] [stdout]    = note: this warning originates in the derive macro `Zero` (in Nightly builds, run with -Z macro-backtrace for more info)
[INFO] [stdout] 
[INFO] [stdout] 
[INFO] [stdout] warning: non-local `impl` definition, `impl` blocks should be written at the same level as their item
[INFO] [stdout]   --> src/point.rs:14:68
[INFO] [stdout]    |
[INFO] [stdout] 14 | #[derive(Copy, Clone, Debug, Default, PartialEq, PartialOrd, Zero, One, Num, ToPrimitive, NumCast, Float, Serialize, Deserialize)]
[INFO] [stdout]    |                                                                    ^--
[INFO] [stdout]    |                                                                    |
[INFO] [stdout]    |                                                                    `One` is not local
[INFO] [stdout]    |                                                                    move the `impl` block outside of this constant `_IMPL_NUM_One_FOR_WorldUnit`
[INFO] [stdout] 15 | pub struct WorldUnit(f64);
[INFO] [stdout]    |            --------- `WorldUnit` is not local
[INFO] [stdout]    |
[INFO] [stdout]    = note: the derive macro `One` defines the non-local `impl`, and may need to be changed
[INFO] [stdout]    = note: the derive macro `One` may come from an old version of the `num_derive` crate, try updating your dependency with `cargo update -p num_derive`
[INFO] [stdout]    = note: an `impl` is never scoped, even when it is nested inside an item, as it may impact type checking outside of that item, which can be the case if neither the trait or the self type are at the same nesting level as the `impl`
[INFO] [stdout]    = note: items in an anonymous const item (`const _: () = { ... }`) are treated as in the same scope as the anonymous const's declaration for the purpose of this lint
[INFO] [stdout]    = note: this warning originates in the derive macro `One` (in Nightly builds, run with -Z macro-backtrace for more info)
[INFO] [stdout] 
[INFO] [stdout] 
[INFO] [stdout] warning: non-local `impl` definition, `impl` blocks should be written at the same level as their item
[INFO] [stdout]   --> src/point.rs:14:73
[INFO] [stdout]    |
[INFO] [stdout] 14 | #[derive(Copy, Clone, Debug, Default, PartialEq, PartialOrd, Zero, One, Num, ToPrimitive, NumCast, Float, Serialize, Deserialize)]
[INFO] [stdout]    |                                                                         ^--
[INFO] [stdout]    |                                                                         |
[INFO] [stdout]    |                                                                         `Num` is not local
[INFO] [stdout]    |                                                                         move the `impl` block outside of this constant `_IMPL_NUM_Num_FOR_WorldUnit`
[INFO] [stdout] 15 | pub struct WorldUnit(f64);
[INFO] [stdout]    |            --------- `WorldUnit` is not local
[INFO] [stdout]    |
[INFO] [stdout]    = note: the derive macro `Num` defines the non-local `impl`, and may need to be changed
[INFO] [stdout]    = note: the derive macro `Num` may come from an old version of the `num_derive` crate, try updating your dependency with `cargo update -p num_derive`
[INFO] [stdout]    = note: an `impl` is never scoped, even when it is nested inside an item, as it may impact type checking outside of that item, which can be the case if neither the trait or the self type are at the same nesting level as the `impl`
[INFO] [stdout]    = note: items in an anonymous const item (`const _: () = { ... }`) are treated as in the same scope as the anonymous const's declaration for the purpose of this lint
[INFO] [stdout]    = note: this warning originates in the derive macro `Num` (in Nightly builds, run with -Z macro-backtrace for more info)
[INFO] [stdout] 
[INFO] [stdout] 
[INFO] [stdout] warning: non-local `impl` definition, `impl` blocks should be written at the same level as their item
[INFO] [stdout]   --> src/point.rs:14:78
[INFO] [stdout]    |
[INFO] [stdout] 14 | #[derive(Copy, Clone, Debug, Default, PartialEq, PartialOrd, Zero, One, Num, ToPrimitive, NumCast, Float, Serialize, Deserialize)]
[INFO] [stdout]    |                                                                              ^----------
[INFO] [stdout]    |                                                                              |
[INFO] [stdout]    |                                                                              `ToPrimitive` is not local
[INFO] [stdout]    |                                                                              move the `impl` block outside of this constant `_IMPL_NUM_ToPrimitive_FOR_WorldUnit`
[INFO] [stdout] 15 | pub struct WorldUnit(f64);
[INFO] [stdout]    |            --------- `WorldUnit` is not local
[INFO] [stdout]    |
[INFO] [stdout]    = note: the derive macro `ToPrimitive` defines the non-local `impl`, and may need to be changed
[INFO] [stdout]    = note: the derive macro `ToPrimitive` may come from an old version of the `num_derive` crate, try updating your dependency with `cargo update -p num_derive`
[INFO] [stdout]    = note: an `impl` is never scoped, even when it is nested inside an item, as it may impact type checking outside of that item, which can be the case if neither the trait or the self type are at the same nesting level as the `impl`
[INFO] [stdout]    = note: items in an anonymous const item (`const _: () = { ... }`) are treated as in the same scope as the anonymous const's declaration for the purpose of this lint
[INFO] [stdout]    = note: this warning originates in the derive macro `ToPrimitive` (in Nightly builds, run with -Z macro-backtrace for more info)
[INFO] [stdout] 
[INFO] [stdout] 
[INFO] [stdout] warning: non-local `impl` definition, `impl` blocks should be written at the same level as their item
[INFO] [stdout]   --> src/point.rs:14:91
[INFO] [stdout]    |
[INFO] [stdout] 14 | #[derive(Copy, Clone, Debug, Default, PartialEq, PartialOrd, Zero, One, Num, ToPrimitive, NumCast, Float, Serialize, Deserialize)]
[INFO] [stdout]    |                                                                                           ^------
[INFO] [stdout]    |                                                                                           |
[INFO] [stdout]    |                                                                                           `NumCast` is not local
[INFO] [stdout]    |                                                                                           move the `impl` block outside of this constant `_IMPL_NUM_NumCast_FOR_WorldUnit`
[INFO] [stdout] 15 | pub struct WorldUnit(f64);
[INFO] [stdout]    |            --------- `WorldUnit` is not local
[INFO] [stdout]    |
[INFO] [stdout]    = note: the derive macro `NumCast` defines the non-local `impl`, and may need to be changed
[INFO] [stdout]    = note: the derive macro `NumCast` may come from an old version of the `num_derive` crate, try updating your dependency with `cargo update -p num_derive`
[INFO] [stdout]    = note: an `impl` is never scoped, even when it is nested inside an item, as it may impact type checking outside of that item, which can be the case if neither the trait or the self type are at the same nesting level as the `impl`
[INFO] [stdout]    = note: items in an anonymous const item (`const _: () = { ... }`) are treated as in the same scope as the anonymous const's declaration for the purpose of this lint
[INFO] [stdout]    = note: this warning originates in the derive macro `NumCast` (in Nightly builds, run with -Z macro-backtrace for more info)
[INFO] [stdout] 
[INFO] [stdout] 
[INFO] [stdout] warning: non-local `impl` definition, `impl` blocks should be written at the same level as their item
[INFO] [stdout]   --> src/point.rs:14:100
[INFO] [stdout]    |
[INFO] [stdout] 14 | #[derive(Copy, Clone, Debug, Default, PartialEq, PartialOrd, Zero, One, Num, ToPrimitive, NumCast, Float, Serialize, Deserialize)]
[INFO] [stdout]    |                                                                                                    ^----
[INFO] [stdout]    |                                                                                                    |
[INFO] [stdout]    |                                                                                                    `Float` is not local
[INFO] [stdout]    |                                                                                                    move the `impl` block outside of this constant `_IMPL_NUM_Float_FOR_WorldUnit`
[INFO] [stdout] 15 | pub struct WorldUnit(f64);
[INFO] [stdout]    |            --------- `WorldUnit` is not local
[INFO] [stdout]    |
[INFO] [stdout]    = note: the derive macro `Float` defines the non-local `impl`, and may need to be changed
[INFO] [stdout]    = note: the derive macro `Float` may come from an old version of the `num_derive` crate, try updating your dependency with `cargo update -p num_derive`
[INFO] [stdout]    = note: an `impl` is never scoped, even when it is nested inside an item, as it may impact type checking outside of that item, which can be the case if neither the trait or the self type are at the same nesting level as the `impl`
[INFO] [stdout]    = note: items in an anonymous const item (`const _: () = { ... }`) are treated as in the same scope as the anonymous const's declaration for the purpose of this lint
[INFO] [stdout]    = note: this warning originates in the derive macro `Float` (in Nightly builds, run with -Z macro-backtrace for more info)
[INFO] [stdout] 
[INFO] [stdout] 
[INFO] [stdout] warning: non-local `impl` definition, `impl` blocks should be written at the same level as their item
[INFO] [stdout]   --> src/point.rs:16:62
[INFO] [stdout]    |
[INFO] [stdout] 16 | #[derive(Copy, Clone, Debug, Default, PartialEq, PartialOrd, Zero, One, Num, ToPrimitive, NumCast, Float, Serialize, Deserialize)]
[INFO] [stdout]    |                                                              ^---
[INFO] [stdout]    |                                                              |
[INFO] [stdout]    |                                                              `Zero` is not local
[INFO] [stdout]    |                                                              move the `impl` block outside of this constant `_IMPL_NUM_Zero_FOR_Unittless`
[INFO] [stdout] 17 | pub struct Unittless(f64);
[INFO] [stdout]    |            --------- `Unittless` is not local
[INFO] [stdout]    |
[INFO] [stdout]    = note: the derive macro `Zero` defines the non-local `impl`, and may need to be changed
[INFO] [stdout]    = note: the derive macro `Zero` may come from an old version of the `num_derive` crate, try updating your dependency with `cargo update -p num_derive`
[INFO] [stdout]    = note: an `impl` is never scoped, even when it is nested inside an item, as it may impact type checking outside of that item, which can be the case if neither the trait or the self type are at the same nesting level as the `impl`
[INFO] [stdout]    = note: items in an anonymous const item (`const _: () = { ... }`) are treated as in the same scope as the anonymous const's declaration for the purpose of this lint
[INFO] [stdout]    = note: this warning originates in the derive macro `Zero` (in Nightly builds, run with -Z macro-backtrace for more info)
[INFO] [stdout] 
[INFO] [stdout] 
[INFO] [stdout] warning: non-local `impl` definition, `impl` blocks should be written at the same level as their item
[INFO] [stdout]   --> src/point.rs:16:68
[INFO] [stdout]    |
[INFO] [stdout] 16 | #[derive(Copy, Clone, Debug, Default, PartialEq, PartialOrd, Zero, One, Num, ToPrimitive, NumCast, Float, Serialize, Deserialize)]
[INFO] [stdout]    |                                                                    ^--
[INFO] [stdout]    |                                                                    |
[INFO] [stdout]    |                                                                    `One` is not local
[INFO] [stdout]    |                                                                    move the `impl` block outside of this constant `_IMPL_NUM_One_FOR_Unittless`
[INFO] [stdout] 17 | pub struct Unittless(f64);
[INFO] [stdout]    |            --------- `Unittless` is not local
[INFO] [stdout]    |
[INFO] [stdout]    = note: the derive macro `One` defines the non-local `impl`, and may need to be changed
[INFO] [stdout]    = note: the derive macro `One` may come from an old version of the `num_derive` crate, try updating your dependency with `cargo update -p num_derive`
[INFO] [stdout]    = note: an `impl` is never scoped, even when it is nested inside an item, as it may impact type checking outside of that item, which can be the case if neither the trait or the self type are at the same nesting level as the `impl`
[INFO] [stdout]    = note: items in an anonymous const item (`const _: () = { ... }`) are treated as in the same scope as the anonymous const's declaration for the purpose of this lint
[INFO] [stdout]    = note: this warning originates in the derive macro `One` (in Nightly builds, run with -Z macro-backtrace for more info)
[INFO] [stdout] 
[INFO] [stdout] 
[INFO] [stdout] warning: non-local `impl` definition, `impl` blocks should be written at the same level as their item
[INFO] [stdout]   --> src/point.rs:16:73
[INFO] [stdout]    |
[INFO] [stdout] 16 | #[derive(Copy, Clone, Debug, Default, PartialEq, PartialOrd, Zero, One, Num, ToPrimitive, NumCast, Float, Serialize, Deserialize)]
[INFO] [stdout]    |                                                                         ^--
[INFO] [stdout]    |                                                                         |
[INFO] [stdout]    |                                                                         `Num` is not local
[INFO] [stdout]    |                                                                         move the `impl` block outside of this constant `_IMPL_NUM_Num_FOR_Unittless`
[INFO] [stdout] 17 | pub struct Unittless(f64);
[INFO] [stdout]    |            --------- `Unittless` is not local
[INFO] [stdout]    |
[INFO] [stdout]    = note: the derive macro `Num` defines the non-local `impl`, and may need to be changed
[INFO] [stdout]    = note: the derive macro `Num` may come from an old version of the `num_derive` crate, try updating your dependency with `cargo update -p num_derive`
[INFO] [stdout]    = note: an `impl` is never scoped, even when it is nested inside an item, as it may impact type checking outside of that item, which can be the case if neither the trait or the self type are at the same nesting level as the `impl`
[INFO] [stdout]    = note: items in an anonymous const item (`const _: () = { ... }`) are treated as in the same scope as the anonymous const's declaration for the purpose of this lint
[INFO] [stdout]    = note: this warning originates in the derive macro `Num` (in Nightly builds, run with -Z macro-backtrace for more info)
[INFO] [stdout] 
[INFO] [stdout] 
[INFO] [stdout] warning: non-local `impl` definition, `impl` blocks should be written at the same level as their item
[INFO] [stdout]   --> src/point.rs:16:78
[INFO] [stdout]    |
[INFO] [stdout] 16 | #[derive(Copy, Clone, Debug, Default, PartialEq, PartialOrd, Zero, One, Num, ToPrimitive, NumCast, Float, Serialize, Deserialize)]
[INFO] [stdout]    |                                                                              ^----------
[INFO] [stdout]    |                                                                              |
[INFO] [stdout]    |                                                                              `ToPrimitive` is not local
[INFO] [stdout]    |                                                                              move the `impl` block outside of this constant `_IMPL_NUM_ToPrimitive_FOR_Unittless`
[INFO] [stdout] 17 | pub struct Unittless(f64);
[INFO] [stdout]    |            --------- `Unittless` is not local
[INFO] [stdout]    |
[INFO] [stdout]    = note: the derive macro `ToPrimitive` defines the non-local `impl`, and may need to be changed
[INFO] [stdout]    = note: the derive macro `ToPrimitive` may come from an old version of the `num_derive` crate, try updating your dependency with `cargo update -p num_derive`
[INFO] [stdout]    = note: an `impl` is never scoped, even when it is nested inside an item, as it may impact type checking outside of that item, which can be the case if neither the trait or the self type are at the same nesting level as the `impl`
[INFO] [stdout]    = note: items in an anonymous const item (`const _: () = { ... }`) are treated as in the same scope as the anonymous const's declaration for the purpose of this lint
[INFO] [stdout]    = note: this warning originates in the derive macro `ToPrimitive` (in Nightly builds, run with -Z macro-backtrace for more info)
[INFO] [stdout] 
[INFO] [stdout] 
[INFO] [stdout] warning: non-local `impl` definition, `impl` blocks should be written at the same level as their item
[INFO] [stdout]   --> src/point.rs:16:91
[INFO] [stdout]    |
[INFO] [stdout] 16 | #[derive(Copy, Clone, Debug, Default, PartialEq, PartialOrd, Zero, One, Num, ToPrimitive, NumCast, Float, Serialize, Deserialize)]
[INFO] [stdout]    |                                                                                           ^------
[INFO] [stdout]    |                                                                                           |
[INFO] [stdout]    |                                                                                           `NumCast` is not local
[INFO] [stdout]    |                                                                                           move the `impl` block outside of this constant `_IMPL_NUM_NumCast_FOR_Unittless`
[INFO] [stdout] 17 | pub struct Unittless(f64);
[INFO] [stdout]    |            --------- `Unittless` is not local
[INFO] [stdout]    |
[INFO] [stdout]    = note: the derive macro `NumCast` defines the non-local `impl`, and may need to be changed
[INFO] [stdout]    = note: the derive macro `NumCast` may come from an old version of the `num_derive` crate, try updating your dependency with `cargo update -p num_derive`
[INFO] [stdout]    = note: an `impl` is never scoped, even when it is nested inside an item, as it may impact type checking outside of that item, which can be the case if neither the trait or the self type are at the same nesting level as the `impl`
[INFO] [stdout]    = note: items in an anonymous const item (`const _: () = { ... }`) are treated as in the same scope as the anonymous const's declaration for the purpose of this lint
[INFO] [stdout]    = note: this warning originates in the derive macro `NumCast` (in Nightly builds, run with -Z macro-backtrace for more info)
[INFO] [stdout] 
[INFO] [stdout] 
[INFO] [stdout] warning: non-local `impl` definition, `impl` blocks should be written at the same level as their item
[INFO] [stdout]   --> src/point.rs:16:100
[INFO] [stdout]    |
[INFO] [stdout] 16 | #[derive(Copy, Clone, Debug, Default, PartialEq, PartialOrd, Zero, One, Num, ToPrimitive, NumCast, Float, Serialize, Deserialize)]
[INFO] [stdout]    |                                                                                                    ^----
[INFO] [stdout]    |                                                                                                    |
[INFO] [stdout]    |                                                                                                    `Float` is not local
[INFO] [stdout]    |                                                                                                    move the `impl` block outside of this constant `_IMPL_NUM_Float_FOR_Unittless`
[INFO] [stdout] 17 | pub struct Unittless(f64);
[INFO] [stdout]    |            --------- `Unittless` is not local
[INFO] [stdout]    |
[INFO] [stdout]    = note: the derive macro `Float` defines the non-local `impl`, and may need to be changed
[INFO] [stdout]    = note: the derive macro `Float` may come from an old version of the `num_derive` crate, try updating your dependency with `cargo update -p num_derive`
[INFO] [stdout]    = note: an `impl` is never scoped, even when it is nested inside an item, as it may impact type checking outside of that item, which can be the case if neither the trait or the self type are at the same nesting level as the `impl`
[INFO] [stdout]    = note: items in an anonymous const item (`const _: () = { ... }`) are treated as in the same scope as the anonymous const's declaration for the purpose of this lint
[INFO] [stdout]    = note: this warning originates in the derive macro `Float` (in Nightly builds, run with -Z macro-backtrace for more info)
[INFO] [stdout] 
[INFO] [stdout] 
[INFO] [stderr]     Finished `test` profile [unoptimized + debuginfo] target(s) in 6.49s
[INFO] running `Command { std: "docker" "inspect" "79c8dc5504432f5b76e92ca472419b23a815b1e497eb44e4c8ada35b2f5159cc", kill_on_drop: false }`
[INFO] running `Command { std: "docker" "rm" "-f" "79c8dc5504432f5b76e92ca472419b23a815b1e497eb44e4c8ada35b2f5159cc", kill_on_drop: false }`
[INFO] [stdout] 79c8dc5504432f5b76e92ca472419b23a815b1e497eb44e4c8ada35b2f5159cc
[INFO] running `Command { std: "docker" "create" "-v" "/var/lib/crater-agent-workspace/builds/worker-6-tc2/target:/opt/rustwide/target:rw,Z" "-v" "/var/lib/crater-agent-workspace/builds/worker-6-tc2/source:/opt/rustwide/workdir:ro,Z" "-v" "/var/lib/crater-agent-workspace/cargo-home:/opt/rustwide/cargo-home:ro,Z" "-v" "/var/lib/crater-agent-workspace/rustup-home:/opt/rustwide/rustup-home:ro,Z" "-e" "SOURCE_DIR=/opt/rustwide/workdir" "-e" "CARGO_TARGET_DIR=/opt/rustwide/target" "-e" "CARGO_INCREMENTAL=0" "-e" "RUST_BACKTRACE=full" "-e" "RUSTFLAGS=--cap-lints=warn" "-e" "RUSTDOCFLAGS=--cap-lints=warn" "-e" "CARGO_HOME=/opt/rustwide/cargo-home" "-e" "RUSTUP_HOME=/opt/rustwide/rustup-home" "-w" "/opt/rustwide/workdir" "-m" "1610612736" "--user" "0:0" "--network" "none" "ghcr.io/rust-lang/crates-build-env/linux@sha256:f3a9d4ad9d972b27faf3965f35b62e55ba32bbce8f20bc8fe909558a86702fde" "/opt/rustwide/cargo-home/bin/cargo" "+beta-2024-12-08" "test" "--frozen", kill_on_drop: false }`
[INFO] [stdout] 8cecdd739dcc1fe0aa42f5d1c601dc49d754eb39e43aeccd5f8711d0a831910a
[INFO] running `Command { std: "docker" "start" "-a" "8cecdd739dcc1fe0aa42f5d1c601dc49d754eb39e43aeccd5f8711d0a831910a", kill_on_drop: false }`
[INFO] [stderr] warning: unused doc comment
[INFO] [stderr]    --> src/app.rs:346:13
[INFO] [stderr]     |
[INFO] [stderr] 346 | /             /// a vector from the top-left corner of the screen to the origin
[INFO] [stderr] 347 | |             /// of coordinates in the storage
[INFO] [stderr]     | |_____________________________________________^
[INFO] [stderr] 348 |               transform: Transform::default_for_viewport(dimensions),
[INFO] [stderr]     |               ------------------------------------------------------ rustdoc does not generate documentation for expression fields
[INFO] [stderr]     |
[INFO] [stderr]     = help: use `//` for a plain comment
[INFO] [stderr]     = note: `#[warn(unused_doc_comments)]` on by default
[INFO] [stderr] 
[INFO] [stderr] warning: non-local `impl` definition, `impl` blocks should be written at the same level as their item
[INFO] [stderr]   --> src/point.rs:12:62
[INFO] [stderr]    |
[INFO] [stderr] 12 | #[derive(Copy, Clone, Debug, Default, PartialEq, PartialOrd, Zero, One, Num, ToPrimitive, NumCast, Float, Serialize, Deserialize)]
[INFO] [stderr]    |                                                              ^---
[INFO] [stderr]    |                                                              |
[INFO] [stderr]    |                                                              `Zero` is not local
[INFO] [stderr]    |                                                              move the `impl` block outside of this constant `_IMPL_NUM_Zero_FOR_ScreenUnit`
[INFO] [stderr] 13 | pub struct ScreenUnit(f64);
[INFO] [stderr]    |            ---------- `ScreenUnit` is not local
[INFO] [stderr]    |
[INFO] [stderr]    = note: the derive macro `Zero` defines the non-local `impl`, and may need to be changed
[INFO] [stderr]    = note: the derive macro `Zero` may come from an old version of the `num_derive` crate, try updating your dependency with `cargo update -p num_derive`
[INFO] [stderr]    = note: an `impl` is never scoped, even when it is nested inside an item, as it may impact type checking outside of that item, which can be the case if neither the trait or the self type are at the same nesting level as the `impl`
[INFO] [stderr]    = note: items in an anonymous const item (`const _: () = { ... }`) are treated as in the same scope as the anonymous const's declaration for the purpose of this lint
[INFO] [stderr]    = note: `#[warn(non_local_definitions)]` on by default
[INFO] [stderr]    = note: this warning originates in the derive macro `Zero` (in Nightly builds, run with -Z macro-backtrace for more info)
[INFO] [stderr] 
[INFO] [stderr] warning: non-local `impl` definition, `impl` blocks should be written at the same level as their item
[INFO] [stderr]   --> src/point.rs:12:68
[INFO] [stderr]    |
[INFO] [stderr] 12 | #[derive(Copy, Clone, Debug, Default, PartialEq, PartialOrd, Zero, One, Num, ToPrimitive, NumCast, Float, Serialize, Deserialize)]
[INFO] [stderr]    |                                                                    ^--
[INFO] [stderr]    |                                                                    |
[INFO] [stderr]    |                                                                    `One` is not local
[INFO] [stderr]    |                                                                    move the `impl` block outside of this constant `_IMPL_NUM_One_FOR_ScreenUnit`
[INFO] [stderr] 13 | pub struct ScreenUnit(f64);
[INFO] [stderr]    |            ---------- `ScreenUnit` is not local
[INFO] [stderr]    |
[INFO] [stderr]    = note: the derive macro `One` defines the non-local `impl`, and may need to be changed
[INFO] [stderr]    = note: the derive macro `One` may come from an old version of the `num_derive` crate, try updating your dependency with `cargo update -p num_derive`
[INFO] [stderr]    = note: an `impl` is never scoped, even when it is nested inside an item, as it may impact type checking outside of that item, which can be the case if neither the trait or the self type are at the same nesting level as the `impl`
[INFO] [stderr]    = note: items in an anonymous const item (`const _: () = { ... }`) are treated as in the same scope as the anonymous const's declaration for the purpose of this lint
[INFO] [stderr]    = note: this warning originates in the derive macro `One` (in Nightly builds, run with -Z macro-backtrace for more info)
[INFO] [stderr] 
[INFO] [stderr] warning: non-local `impl` definition, `impl` blocks should be written at the same level as their item
[INFO] [stderr]   --> src/point.rs:12:73
[INFO] [stderr]    |
[INFO] [stderr] 12 | #[derive(Copy, Clone, Debug, Default, PartialEq, PartialOrd, Zero, One, Num, ToPrimitive, NumCast, Float, Serialize, Deserialize)]
[INFO] [stderr]    |                                                                         ^--
[INFO] [stderr]    |                                                                         |
[INFO] [stderr]    |                                                                         `Num` is not local
[INFO] [stderr]    |                                                                         move the `impl` block outside of this constant `_IMPL_NUM_Num_FOR_ScreenUnit`
[INFO] [stderr] 13 | pub struct ScreenUnit(f64);
[INFO] [stderr]    |            ---------- `ScreenUnit` is not local
[INFO] [stderr]    |
[INFO] [stderr]    = note: the derive macro `Num` defines the non-local `impl`, and may need to be changed
[INFO] [stderr]    = note: the derive macro `Num` may come from an old version of the `num_derive` crate, try updating your dependency with `cargo update -p num_derive`
[INFO] [stderr]    = note: an `impl` is never scoped, even when it is nested inside an item, as it may impact type checking outside of that item, which can be the case if neither the trait or the self type are at the same nesting level as the `impl`
[INFO] [stderr]    = note: items in an anonymous const item (`const _: () = { ... }`) are treated as in the same scope as the anonymous const's declaration for the purpose of this lint
[INFO] [stderr]    = note: this warning originates in the derive macro `Num` (in Nightly builds, run with -Z macro-backtrace for more info)
[INFO] [stderr] 
[INFO] [stderr] warning: non-local `impl` definition, `impl` blocks should be written at the same level as their item
[INFO] [stderr]   --> src/point.rs:12:78
[INFO] [stderr]    |
[INFO] [stderr] 12 | #[derive(Copy, Clone, Debug, Default, PartialEq, PartialOrd, Zero, One, Num, ToPrimitive, NumCast, Float, Serialize, Deserialize)]
[INFO] [stderr]    |                                                                              ^----------
[INFO] [stderr]    |                                                                              |
[INFO] [stderr]    |                                                                              `ToPrimitive` is not local
[INFO] [stderr]    |                                                                              move the `impl` block outside of this constant `_IMPL_NUM_ToPrimitive_FOR_ScreenUnit`
[INFO] [stderr] 13 | pub struct ScreenUnit(f64);
[INFO] [stderr]    |            ---------- `ScreenUnit` is not local
[INFO] [stderr]    |
[INFO] [stderr]    = note: the derive macro `ToPrimitive` defines the non-local `impl`, and may need to be changed
[INFO] [stderr]    = note: the derive macro `ToPrimitive` may come from an old version of the `num_derive` crate, try updating your dependency with `cargo update -p num_derive`
[INFO] [stderr]    = note: an `impl` is never scoped, even when it is nested inside an item, as it may impact type checking outside of that item, which can be the case if neither the trait or the self type are at the same nesting level as the `impl`
[INFO] [stderr]    = note: items in an anonymous const item (`const _: () = { ... }`) are treated as in the same scope as the anonymous const's declaration for the purpose of this lint
[INFO] [stderr]    = note: this warning originates in the derive macro `ToPrimitive` (in Nightly builds, run with -Z macro-backtrace for more info)
[INFO] [stderr] 
[INFO] [stderr] warning: non-local `impl` definition, `impl` blocks should be written at the same level as their item
[INFO] [stderr]   --> src/point.rs:12:91
[INFO] [stderr]    |
[INFO] [stderr] 12 | #[derive(Copy, Clone, Debug, Default, PartialEq, PartialOrd, Zero, One, Num, ToPrimitive, NumCast, Float, Serialize, Deserialize)]
[INFO] [stderr]    |                                                                                           ^------
[INFO] [stderr]    |                                                                                           |
[INFO] [stderr]    |                                                                                           `NumCast` is not local
[INFO] [stderr]    |                                                                                           move the `impl` block outside of this constant `_IMPL_NUM_NumCast_FOR_ScreenUnit`
[INFO] [stderr] 13 | pub struct ScreenUnit(f64);
[INFO] [stderr]    |            ---------- `ScreenUnit` is not local
[INFO] [stderr]    |
[INFO] [stderr]    = note: the derive macro `NumCast` defines the non-local `impl`, and may need to be changed
[INFO] [stderr]    = note: the derive macro `NumCast` may come from an old version of the `num_derive` crate, try updating your dependency with `cargo update -p num_derive`
[INFO] [stderr]    = note: an `impl` is never scoped, even when it is nested inside an item, as it may impact type checking outside of that item, which can be the case if neither the trait or the self type are at the same nesting level as the `impl`
[INFO] [stderr]    = note: items in an anonymous const item (`const _: () = { ... }`) are treated as in the same scope as the anonymous const's declaration for the purpose of this lint
[INFO] [stderr]    = note: this warning originates in the derive macro `NumCast` (in Nightly builds, run with -Z macro-backtrace for more info)
[INFO] [stderr] 
[INFO] [stderr] warning: non-local `impl` definition, `impl` blocks should be written at the same level as their item
[INFO] [stderr]   --> src/point.rs:12:100
[INFO] [stderr]    |
[INFO] [stderr] 12 | #[derive(Copy, Clone, Debug, Default, PartialEq, PartialOrd, Zero, One, Num, ToPrimitive, NumCast, Float, Serialize, Deserialize)]
[INFO] [stderr]    |                                                                                                    ^----
[INFO] [stderr]    |                                                                                                    |
[INFO] [stderr]    |                                                                                                    `Float` is not local
[INFO] [stderr]    |                                                                                                    move the `impl` block outside of this constant `_IMPL_NUM_Float_FOR_ScreenUnit`
[INFO] [stderr] 13 | pub struct ScreenUnit(f64);
[INFO] [stderr]    |            ---------- `ScreenUnit` is not local
[INFO] [stderr]    |
[INFO] [stderr]    = note: the derive macro `Float` defines the non-local `impl`, and may need to be changed
[INFO] [stderr]    = note: the derive macro `Float` may come from an old version of the `num_derive` crate, try updating your dependency with `cargo update -p num_derive`
[INFO] [stderr]    = note: an `impl` is never scoped, even when it is nested inside an item, as it may impact type checking outside of that item, which can be the case if neither the trait or the self type are at the same nesting level as the `impl`
[INFO] [stderr]    = note: items in an anonymous const item (`const _: () = { ... }`) are treated as in the same scope as the anonymous const's declaration for the purpose of this lint
[INFO] [stderr]    = note: this warning originates in the derive macro `Float` (in Nightly builds, run with -Z macro-backtrace for more info)
[INFO] [stderr] 
[INFO] [stderr] warning: non-local `impl` definition, `impl` blocks should be written at the same level as their item
[INFO] [stderr]   --> src/point.rs:14:62
[INFO] [stderr]    |
[INFO] [stderr] 14 | #[derive(Copy, Clone, Debug, Default, PartialEq, PartialOrd, Zero, One, Num, ToPrimitive, NumCast, Float, Serialize, Deserialize)]
[INFO] [stderr]    |                                                              ^---
[INFO] [stderr]    |                                                              |
[INFO] [stderr]    |                                                              `Zero` is not local
[INFO] [stderr]    |                                                              move the `impl` block outside of this constant `_IMPL_NUM_Zero_FOR_WorldUnit`
[INFO] [stderr] 15 | pub struct WorldUnit(f64);
[INFO] [stderr]    |            --------- `WorldUnit` is not local
[INFO] [stderr]    |
[INFO] [stderr]    = note: the derive macro `Zero` defines the non-local `impl`, and may need to be changed
[INFO] [stderr]    = note: the derive macro `Zero` may come from an old version of the `num_derive` crate, try updating your dependency with `cargo update -p num_derive`
[INFO] [stderr]    = note: an `impl` is never scoped, even when it is nested inside an item, as it may impact type checking outside of that item, which can be the case if neither the trait or the self type are at the same nesting level as the `impl`
[INFO] [stderr]    = note: items in an anonymous const item (`const _: () = { ... }`) are treated as in the same scope as the anonymous const's declaration for the purpose of this lint
[INFO] [stderr]    = note: this warning originates in the derive macro `Zero` (in Nightly builds, run with -Z macro-backtrace for more info)
[INFO] [stderr] 
[INFO] [stderr] warning: non-local `impl` definition, `impl` blocks should be written at the same level as their item
[INFO] [stderr]   --> src/point.rs:14:68
[INFO] [stderr]    |
[INFO] [stderr] 14 | #[derive(Copy, Clone, Debug, Default, PartialEq, PartialOrd, Zero, One, Num, ToPrimitive, NumCast, Float, Serialize, Deserialize)]
[INFO] [stderr]    |                                                                    ^--
[INFO] [stderr]    |                                                                    |
[INFO] [stderr]    |                                                                    `One` is not local
[INFO] [stderr]    |                                                                    move the `impl` block outside of this constant `_IMPL_NUM_One_FOR_WorldUnit`
[INFO] [stderr] 15 | pub struct WorldUnit(f64);
[INFO] [stderr]    |            --------- `WorldUnit` is not local
[INFO] [stderr]    |
[INFO] [stderr]    = note: the derive macro `One` defines the non-local `impl`, and may need to be changed
[INFO] [stderr]    = note: the derive macro `One` may come from an old version of the `num_derive` crate, try updating your dependency with `cargo update -p num_derive`
[INFO] [stderr]    = note: an `impl` is never scoped, even when it is nested inside an item, as it may impact type checking outside of that item, which can be the case if neither the trait or the self type are at the same nesting level as the `impl`
[INFO] [stderr]    = note: items in an anonymous const item (`const _: () = { ... }`) are treated as in the same scope as the anonymous const's declaration for the purpose of this lint
[INFO] [stderr]    = note: this warning originates in the derive macro `One` (in Nightly builds, run with -Z macro-backtrace for more info)
[INFO] [stderr] 
[INFO] [stderr] warning: non-local `impl` definition, `impl` blocks should be written at the same level as their item
[INFO] [stderr]   --> src/point.rs:14:73
[INFO] [stderr]    |
[INFO] [stderr] 14 | #[derive(Copy, Clone, Debug, Default, PartialEq, PartialOrd, Zero, One, Num, ToPrimitive, NumCast, Float, Serialize, Deserialize)]
[INFO] [stderr]    |                                                                         ^--
[INFO] [stderr]    |                                                                         |
[INFO] [stderr]    |                                                                         `Num` is not local
[INFO] [stderr]    |                                                                         move the `impl` block outside of this constant `_IMPL_NUM_Num_FOR_WorldUnit`
[INFO] [stderr] 15 | pub struct WorldUnit(f64);
[INFO] [stderr]    |            --------- `WorldUnit` is not local
[INFO] [stderr]    |
[INFO] [stderr]    = note: the derive macro `Num` defines the non-local `impl`, and may need to be changed
[INFO] [stderr]    = note: the derive macro `Num` may come from an old version of the `num_derive` crate, try updating your dependency with `cargo update -p num_derive`
[INFO] [stderr]    = note: an `impl` is never scoped, even when it is nested inside an item, as it may impact type checking outside of that item, which can be the case if neither the trait or the self type are at the same nesting level as the `impl`
[INFO] [stderr]    = note: items in an anonymous const item (`const _: () = { ... }`) are treated as in the same scope as the anonymous const's declaration for the purpose of this lint
[INFO] [stderr]    = note: this warning originates in the derive macro `Num` (in Nightly builds, run with -Z macro-backtrace for more info)
[INFO] [stderr] 
[INFO] [stderr] warning: non-local `impl` definition, `impl` blocks should be written at the same level as their item
[INFO] [stderr]   --> src/point.rs:14:78
[INFO] [stderr]    |
[INFO] [stderr] 14 | #[derive(Copy, Clone, Debug, Default, PartialEq, PartialOrd, Zero, One, Num, ToPrimitive, NumCast, Float, Serialize, Deserialize)]
[INFO] [stderr]    |                                                                              ^----------
[INFO] [stderr]    |                                                                              |
[INFO] [stderr]    |                                                                              `ToPrimitive` is not local
[INFO] [stderr]    |                                                                              move the `impl` block outside of this constant `_IMPL_NUM_ToPrimitive_FOR_WorldUnit`
[INFO] [stderr] 15 | pub struct WorldUnit(f64);
[INFO] [stderr]    |            --------- `WorldUnit` is not local
[INFO] [stderr]    |
[INFO] [stderr]    = note: the derive macro `ToPrimitive` defines the non-local `impl`, and may need to be changed
[INFO] [stderr]    = note: the derive macro `ToPrimitive` may come from an old version of the `num_derive` crate, try updating your dependency with `cargo update -p num_derive`
[INFO] [stderr]    = note: an `impl` is never scoped, even when it is nested inside an item, as it may impact type checking outside of that item, which can be the case if neither the trait or the self type are at the same nesting level as the `impl`
[INFO] [stderr]    = note: items in an anonymous const item (`const _: () = { ... }`) are treated as in the same scope as the anonymous const's declaration for the purpose of this lint
[INFO] [stderr]    = note: this warning originates in the derive macro `ToPrimitive` (in Nightly builds, run with -Z macro-backtrace for more info)
[INFO] [stderr] 
[INFO] [stderr] warning: non-local `impl` definition, `impl` blocks should be written at the same level as their item
[INFO] [stderr]   --> src/point.rs:14:91
[INFO] [stderr]    |
[INFO] [stderr] 14 | #[derive(Copy, Clone, Debug, Default, PartialEq, PartialOrd, Zero, One, Num, ToPrimitive, NumCast, Float, Serialize, Deserialize)]
[INFO] [stderr]    |                                                                                           ^------
[INFO] [stderr]    |                                                                                           |
[INFO] [stderr]    |                                                                                           `NumCast` is not local
[INFO] [stderr]    |                                                                                           move the `impl` block outside of this constant `_IMPL_NUM_NumCast_FOR_WorldUnit`
[INFO] [stderr] 15 | pub struct WorldUnit(f64);
[INFO] [stderr]    |            --------- `WorldUnit` is not local
[INFO] [stderr]    |
[INFO] [stderr]    = note: the derive macro `NumCast` defines the non-local `impl`, and may need to be changed
[INFO] [stderr]    = note: the derive macro `NumCast` may come from an old version of the `num_derive` crate, try updating your dependency with `cargo update -p num_derive`
[INFO] [stderr]    = note: an `impl` is never scoped, even when it is nested inside an item, as it may impact type checking outside of that item, which can be the case if neither the trait or the self type are at the same nesting level as the `impl`
[INFO] [stderr]    = note: items in an anonymous const item (`const _: () = { ... }`) are treated as in the same scope as the anonymous const's declaration for the purpose of this lint
[INFO] [stderr]    = note: this warning originates in the derive macro `NumCast` (in Nightly builds, run with -Z macro-backtrace for more info)
[INFO] [stderr] 
[INFO] [stderr] warning: non-local `impl` definition, `impl` blocks should be written at the same level as their item
[INFO] [stderr]   --> src/point.rs:14:100
[INFO] [stderr]    |
[INFO] [stderr] 14 | #[derive(Copy, Clone, Debug, Default, PartialEq, PartialOrd, Zero, One, Num, ToPrimitive, NumCast, Float, Serialize, Deserialize)]
[INFO] [stderr]    |                                                                                                    ^----
[INFO] [stderr]    |                                                                                                    |
[INFO] [stderr]    |                                                                                                    `Float` is not local
[INFO] [stderr]    |                                                                                                    move the `impl` block outside of this constant `_IMPL_NUM_Float_FOR_WorldUnit`
[INFO] [stderr] 15 | pub struct WorldUnit(f64);
[INFO] [stderr]    |            --------- `WorldUnit` is not local
[INFO] [stderr]    |
[INFO] [stderr]    = note: the derive macro `Float` defines the non-local `impl`, and may need to be changed
[INFO] [stderr]    = note: the derive macro `Float` may come from an old version of the `num_derive` crate, try updating your dependency with `cargo update -p num_derive`
[INFO] [stderr]    = note: an `impl` is never scoped, even when it is nested inside an item, as it may impact type checking outside of that item, which can be the case if neither the trait or the self type are at the same nesting level as the `impl`
[INFO] [stderr]    = note: items in an anonymous const item (`const _: () = { ... }`) are treated as in the same scope as the anonymous const's declaration for the purpose of this lint
[INFO] [stderr]    = note: this warning originates in the derive macro `Float` (in Nightly builds, run with -Z macro-backtrace for more info)
[INFO] [stderr] 
[INFO] [stderr] warning: non-local `impl` definition, `impl` blocks should be written at the same level as their item
[INFO] [stderr]   --> src/point.rs:16:62
[INFO] [stderr]    |
[INFO] [stderr] 16 | #[derive(Copy, Clone, Debug, Default, PartialEq, PartialOrd, Zero, One, Num, ToPrimitive, NumCast, Float, Serialize, Deserialize)]
[INFO] [stderr]    |                                                              ^---
[INFO] [stderr]    |                                                              |
[INFO] [stderr]    |                                                              `Zero` is not local
[INFO] [stderr]    |                                                              move the `impl` block outside of this constant `_IMPL_NUM_Zero_FOR_Unittless`
[INFO] [stderr] 17 | pub struct Unittless(f64);
[INFO] [stderr]    |            --------- `Unittless` is not local
[INFO] [stderr]    |
[INFO] [stderr]    = note: the derive macro `Zero` defines the non-local `impl`, and may need to be changed
[INFO] [stderr]    = note: the derive macro `Zero` may come from an old version of the `num_derive` crate, try updating your dependency with `cargo update -p num_derive`
[INFO] [stderr]    = note: an `impl` is never scoped, even when it is nested inside an item, as it may impact type checking outside of that item, which can be the case if neither the trait or the self type are at the same nesting level as the `impl`
[INFO] [stderr]    = note: items in an anonymous const item (`const _: () = { ... }`) are treated as in the same scope as the anonymous const's declaration for the purpose of this lint
[INFO] [stderr]    = note: this warning originates in the derive macro `Zero` (in Nightly builds, run with -Z macro-backtrace for more info)
[INFO] [stderr] 
[INFO] [stderr] warning: non-local `impl` definition, `impl` blocks should be written at the same level as their item
[INFO] [stderr]   --> src/point.rs:16:68
[INFO] [stderr]    |
[INFO] [stderr] 16 | #[derive(Copy, Clone, Debug, Default, PartialEq, PartialOrd, Zero, One, Num, ToPrimitive, NumCast, Float, Serialize, Deserialize)]
[INFO] [stderr]    |                                                                    ^--
[INFO] [stderr]    |                                                                    |
[INFO] [stderr]    |                                                                    `One` is not local
[INFO] [stderr]    |                                                                    move the `impl` block outside of this constant `_IMPL_NUM_One_FOR_Unittless`
[INFO] [stderr] 17 | pub struct Unittless(f64);
[INFO] [stderr]    |            --------- `Unittless` is not local
[INFO] [stderr]    |
[INFO] [stderr]    = note: the derive macro `One` defines the non-local `impl`, and may need to be changed
[INFO] [stderr]    = note: the derive macro `One` may come from an old version of the `num_derive` crate, try updating your dependency with `cargo update -p num_derive`
[INFO] [stderr]    = note: an `impl` is never scoped, even when it is nested inside an item, as it may impact type checking outside of that item, which can be the case if neither the trait or the self type are at the same nesting level as the `impl`
[INFO] [stderr]    = note: items in an anonymous const item (`const _: () = { ... }`) are treated as in the same scope as the anonymous const's declaration for the purpose of this lint
[INFO] [stderr]    = note: this warning originates in the derive macro `One` (in Nightly builds, run with -Z macro-backtrace for more info)
[INFO] [stderr] 
[INFO] [stderr] warning: non-local `impl` definition, `impl` blocks should be written at the same level as their item
[INFO] [stderr]   --> src/point.rs:16:73
[INFO] [stderr]    |
[INFO] [stderr] 16 | #[derive(Copy, Clone, Debug, Default, PartialEq, PartialOrd, Zero, One, Num, ToPrimitive, NumCast, Float, Serialize, Deserialize)]
[INFO] [stderr]    |                                                                         ^--
[INFO] [stderr]    |                                                                         |
[INFO] [stderr]    |                                                                         `Num` is not local
[INFO] [stderr]    |                                                                         move the `impl` block outside of this constant `_IMPL_NUM_Num_FOR_Unittless`
[INFO] [stderr] 17 | pub struct Unittless(f64);
[INFO] [stderr]    |            --------- `Unittless` is not local
[INFO] [stderr]    |
[INFO] [stderr]    = note: the derive macro `Num` defines the non-local `impl`, and may need to be changed
[INFO] [stderr]    = note: the derive macro `Num` may come from an old version of the `num_derive` crate, try updating your dependency with `cargo update -p num_derive`
[INFO] [stderr]    = note: an `impl` is never scoped, even when it is nested inside an item, as it may impact type checking outside of that item, which can be the case if neither the trait or the self type are at the same nesting level as the `impl`
[INFO] [stderr]    = note: items in an anonymous const item (`const _: () = { ... }`) are treated as in the same scope as the anonymous const's declaration for the purpose of this lint
[INFO] [stderr]    = note: this warning originates in the derive macro `Num` (in Nightly builds, run with -Z macro-backtrace for more info)
[INFO] [stderr] 
[INFO] [stderr] warning: non-local `impl` definition, `impl` blocks should be written at the same level as their item
[INFO] [stderr]   --> src/point.rs:16:78
[INFO] [stderr]    |
[INFO] [stderr] 16 | #[derive(Copy, Clone, Debug, Default, PartialEq, PartialOrd, Zero, One, Num, ToPrimitive, NumCast, Float, Serialize, Deserialize)]
[INFO] [stderr]    |                                                                              ^----------
[INFO] [stderr]    |                                                                              |
[INFO] [stderr]    |                                                                              `ToPrimitive` is not local
[INFO] [stderr]    |                                                                              move the `impl` block outside of this constant `_IMPL_NUM_ToPrimitive_FOR_Unittless`
[INFO] [stderr] 17 | pub struct Unittless(f64);
[INFO] [stderr]    |            --------- `Unittless` is not local
[INFO] [stderr]    |
[INFO] [stderr]    = note: the derive macro `ToPrimitive` defines the non-local `impl`, and may need to be changed
[INFO] [stderr]    = note: the derive macro `ToPrimitive` may come from an old version of the `num_derive` crate, try updating your dependency with `cargo update -p num_derive`
[INFO] [stderr]    = note: an `impl` is never scoped, even when it is nested inside an item, as it may impact type checking outside of that item, which can be the case if neither the trait or the self type are at the same nesting level as the `impl`
[INFO] [stderr]    = note: items in an anonymous const item (`const _: () = { ... }`) are treated as in the same scope as the anonymous const's declaration for the purpose of this lint
[INFO] [stderr]    = note: this warning originates in the derive macro `ToPrimitive` (in Nightly builds, run with -Z macro-backtrace for more info)
[INFO] [stderr] 
[INFO] [stderr] warning: non-local `impl` definition, `impl` blocks should be written at the same level as their item
[INFO] [stderr]   --> src/point.rs:16:91
[INFO] [stderr]    |
[INFO] [stderr] 16 | #[derive(Copy, Clone, Debug, Default, PartialEq, PartialOrd, Zero, One, Num, ToPrimitive, NumCast, Float, Serialize, Deserialize)]
[INFO] [stderr]    |                                                                                           ^------
[INFO] [stderr]    |                                                                                           |
[INFO] [stderr]    |                                                                                           `NumCast` is not local
[INFO] [stderr]    |                                                                                           move the `impl` block outside of this constant `_IMPL_NUM_NumCast_FOR_Unittless`
[INFO] [stderr] 17 | pub struct Unittless(f64);
[INFO] [stderr]    |            --------- `Unittless` is not local
[INFO] [stderr]    |
[INFO] [stderr]    = note: the derive macro `NumCast` defines the non-local `impl`, and may need to be changed
[INFO] [stderr]    = note: the derive macro `NumCast` may come from an old version of the `num_derive` crate, try updating your dependency with `cargo update -p num_derive`
[INFO] [stderr]    = note: an `impl` is never scoped, even when it is nested inside an item, as it may impact type checking outside of that item, which can be the case if neither the trait or the self type are at the same nesting level as the `impl`
[INFO] [stderr]    = note: items in an anonymous const item (`const _: () = { ... }`) are treated as in the same scope as the anonymous const's declaration for the purpose of this lint
[INFO] [stderr]    = note: this warning originates in the derive macro `NumCast` (in Nightly builds, run with -Z macro-backtrace for more info)
[INFO] [stderr] 
[INFO] [stderr] warning: non-local `impl` definition, `impl` blocks should be written at the same level as their item
[INFO] [stderr]   --> src/point.rs:16:100
[INFO] [stderr]    |
[INFO] [stderr] 16 | #[derive(Copy, Clone, Debug, Default, PartialEq, PartialOrd, Zero, One, Num, ToPrimitive, NumCast, Float, Serialize, Deserialize)]
[INFO] [stderr]    |                                                                                                    ^----
[INFO] [stderr]    |                                                                                                    |
[INFO] [stderr]    |                                                                                                    `Float` is not local
[INFO] [stderr]    |                                                                                                    move the `impl` block outside of this constant `_IMPL_NUM_Float_FOR_Unittless`
[INFO] [stderr] 17 | pub struct Unittless(f64);
[INFO] [stderr]    |            --------- `Unittless` is not local
[INFO] [stderr]    |
[INFO] [stderr]    = note: the derive macro `Float` defines the non-local `impl`, and may need to be changed
[INFO] [stderr]    = note: the derive macro `Float` may come from an old version of the `num_derive` crate, try updating your dependency with `cargo update -p num_derive`
[INFO] [stderr]    = note: an `impl` is never scoped, even when it is nested inside an item, as it may impact type checking outside of that item, which can be the case if neither the trait or the self type are at the same nesting level as the `impl`
[INFO] [stderr]    = note: items in an anonymous const item (`const _: () = { ... }`) are treated as in the same scope as the anonymous const's declaration for the purpose of this lint
[INFO] [stderr]    = note: this warning originates in the derive macro `Float` (in Nightly builds, run with -Z macro-backtrace for more info)
[INFO] [stderr] 
[INFO] [stderr] warning: `pizarra` (lib) generated 19 warnings
[INFO] [stderr] warning: `pizarra` (lib test) generated 19 warnings (19 duplicates)
[INFO] [stderr]     Finished `test` profile [unoptimized + debuginfo] target(s) in 0.08s
[INFO] [stderr]      Running unittests src/lib.rs (/opt/rustwide/target/debug/deps/pizarra-11919af5525ef789)
[INFO] [stdout] 
[INFO] [stdout] running 152 tests
[INFO] [stdout] test app::tests::all_shapes_that_are_touched_are_erased_at_once ... ok
[INFO] [stdout] test app::tests::do_undo_do_do_undo ... ok
[INFO] [stdout] test app::tests::do_undo_redo_undo ... ok
[INFO] [stdout] test app::tests::do_undo_do_undo_undo ... ok
[INFO] [stdout] test app::tests::draw_a_line ... ok
[INFO] [stdout] test app::tests::erase ... ok
[INFO] [stdout] test app::tests::app_state_after_finished_shape ... ok
[INFO] [stdout] test app::tests::do_do_do_undo_redo_redo_undo ... ok
[INFO] [stdout] test app::tests::draw_a_line_in_zoom ... ok
[INFO] [stdout] test app::tests::esc_clears_current_shape ... ok
[INFO] [stdout] test app::tests::move_while_in_zoom_is_coherent ... ok
[INFO] [stdout] test app::tests::erase_with_zoom ... ok
[INFO] [stdout] test app::tests::not_erasing_a_shape_doesnt_leave_the_eraser_active ... ok
[INFO] [stdout] test app::tests::move_while_drawing ... ok
[INFO] [stdout] test app::tests::on_cancelled_shape_remaining_is_deleted_on_mousebutton_release ... ok
[INFO] [stdout] test app::tests::r#move ... ok
[INFO] [stdout] test app::tests::resize_screen_keeps_center ... ok
[INFO] [stdout] test app::tests::zoom_out_is_plugged ... ok
[INFO] [stdout] test app::tests::zoom_must_be_idempotent ... ok
[INFO] [stdout] test color::tests::test_to_css ... ok
[INFO] [stdout] test app::tests::cache_invalidation_on_ctrl_z ... ok
[INFO] [stdout] test app::tests::tool_override_can_be_undone ... ok
[INFO] [stdout] test deserialize::path::tests::bugs ... ok
[INFO] [stdout] test deserialize::path::tests::detects_bogus_numbers ... ok
[INFO] [stdout] test color::tests::test_with_alpha ... ok
[INFO] [stdout] test deserialize::path::tests::handles_absolute_moveto_lineto ... ok
[INFO] [stdout] test deserialize::path::tests::curveto_args ... ok
[INFO] [stdout] test deserialize::path::tests::handles_absolute_moveto_with_implicit_linetos ... ok
[INFO] [stdout] test deserialize::path::tests::handles_curveto ... ok
[INFO] [stdout] test deserialize::path::tests::handles_empty_data ... ok
[INFO] [stdout] test deserialize::path::tests::handles_absolute_moveto_moveto ... ok
[INFO] [stdout] test deserialize::path::tests::first_command_must_be_moveto ... ok
[INFO] [stdout] test deserialize::path::tests::handles_horizontal_lineto ... ok
[INFO] [stdout] test deserialize::path::tests::handles_relative_moveto ... ok
[INFO] [stdout] test deserialize::path::tests::handles_numbers_with_comma ... ok
[INFO] [stdout] test deserialize::path::tests::handles_quadratic_curveto ... ok
[INFO] [stdout] test deserialize::path::tests::handles_relative_moveto_lineto_lineto_abs_lineto ... ok
[INFO] [stdout] test deserialize::path::tests::handles_relative_moveto_moveto ... ok
[INFO] [stdout] test deserialize::path::tests::handles_relative_moveto_lineto_moveto ... ok
[INFO] [stdout] test deserialize::path::tests::handles_numbers ... ok
[INFO] [stdout] test deserialize::path::tests::handles_relative_moveto_lineto ... ok
[INFO] [stdout] test deserialize::path::tests::handles_relative_moveto_with_implicit_lineto ... ok
[INFO] [stdout] test deserialize::path::tests::handles_relative_moveto_with_implicit_linetos ... ok
[INFO] [stdout] test deserialize::path::tests::handles_relative_moveto_with_relative_lineto_sequence ... ok
[INFO] [stdout] test deserialize::path::tests::handles_vertical_lineto ... ok
[INFO] [stdout] test deserialize::path::tests::horizontal_lineto_args ... ok
[INFO] [stdout] test deserialize::path::tests::moveto_implicit_lineto_args ... ok
[INFO] [stdout] test deserialize::path::tests::quadratic_bezier_curveto_args ... ok
[INFO] [stdout] test deserialize::path::tests::smooth_curveto_args ... ok
[INFO] [stdout] test deserialize::path::tests::smooth_quadratic_bezier_curveto_args ... ok
[INFO] [stdout] test deserialize::path::tests::vertical_lineto_args ... ok
[INFO] [stdout] test deserialize::path::tests::moveto_args ... ok
[INFO] [stdout] test deserialize::path::tests::handles_smooth_quadratic_curveto ... ok
[INFO] [stdout] test color::tests::can_parse_percentage_color_with_zeros ... ok
[INFO] [stdout] test color::tests::test_parse_color ... ok
[INFO] [stdout] test deserialize::path::tests::handles_single_moveto ... ok
[INFO] [stdout] test deserialize::tests::file_with_errors ... ok
[INFO] [stdout] test deserialize::path::tests::handles_smooth_curveto ... ok
[INFO] [stdout] test deserialize::tests::non_svg_file ... ok
[INFO] [stdout] test deserialize::path::tests::lineto_args ... ok
[INFO] [stdout] test deserialize::tests::test_line_from_xml_attributes ... ok
[INFO] [stdout] test deserialize::tests::test_from_svg ... ok
[INFO] [stdout] test color::tests::can_serialize_and_deserialize ... ok
[INFO] [stdout] test deserialize::path::tests::handles_absolute_moveto_with_implicit_lineto ... ok
[INFO] [stdout] test deserialize::tests::fill_and_stroke_can_be_none_in_path ... ok
[INFO] [stdout] test color::tests::test_parse_css_color ... ok
[INFO] [stdout] test deserialize::tests::read_original_serialization_test ... ok
[INFO] [stdout] test color::tests::parse_css_color_with_alpha ... ok
[INFO] [stdout] test deserialize::tests::test_point_bug ... ok
[INFO] [stdout] test deserialize::tests::file_made_in_another_software ... ok
[INFO] [stdout] test deserialize::tests::test_parse_alpha ... ok
[INFO] [stdout] test geom::tests::angle_between_two_identical_points ... ok
[INFO] [stdout] test geom::tests::adimensional_circle_doesnt_explode ... ok
[INFO] [stdout] test geom::tests::angle_between_two_vectors ... ok
[INFO] [stdout] test geom::tests::bezier_curve_properly_intersects_circles ... ok
[INFO] [stdout] test geom::tests::circle_through_three_points_works ... ok
[INFO] [stdout] test geom::tests::distance_to_ellipse ... ok
[INFO] [stdout] test geom::tests::can_turn_a_rombus_into_a_square ... ok
[INFO] [stdout] test geom::tests::test_bisector ... ok
[INFO] [stdout] test deserialize::tests::test_can_deserialize_circle ... ok
[INFO] [stdout] test deserialize::tests::can_deserialize_rotated_ellipse ... ok
[INFO] [stdout] test geom::tests::test_single_point_segment_intersects_circle ... ok
[INFO] [stdout] test geom::tests::the_expected_ellipse_is_built ... ok
[INFO] [stdout] test matrix::tests::matrix_can_iterate_rows_and_cols ... ok
[INFO] [stdout] test geom::tests::test_thirds ... ok
[INFO] [stdout] test point::tests::distance ... ok
[INFO] [stdout] test geom::tests::mirror_mirrors ... ok
[INFO] [stdout] test deserialize::tests::can_deserialize_ellipse_serialization_test ... ok
[INFO] [stdout] test geom::tests::test_segment_intersects_circle ... ok
[INFO] [stdout] test point::tests::angle_between_two_identical_vectors_is_zero ... ok
[INFO] [stdout] test shape::builder::free_grid::tests::figure_is_cancelled ... ok
[INFO] [stdout] test shape::builder::grid::tests::can_make_a_grid ... ok
[INFO] [stdout] test shape::builder::grid::tests::can_make_a_rectangular_grid ... ok
[INFO] [stdout] test shape::builder::grid::tests::can_render_a_grid ... ok
[INFO] [stdout] test shape::builder::grid::tests::grid_cancel_helpers_are_two_circles ... ok
[INFO] [stdout] test shape::builder::polygon::tests::can_render_first_point_when_building ... ok
[INFO] [stdout] test point::tests::angle_of_a_vertical_vector ... ok
[INFO] [stdout] test deserialize::tests::test_can_deserialize_ellipse ... ok
[INFO] [stdout] test geom::tests::ellipse_from_foci_and_point_cannot_give_flat_or_null_ellipses ... ok
[INFO] [stdout] test deserialize::tests::fill_and_stroke_can_be_none_in_ellipse ... ok
[INFO] [stdout] test deserialize::tests::v2_format_can_be_read ... ok
[INFO] [stdout] test shape::builder::foci_and_point_ellipse::tests::three_point_ellipse_builder ... ok
[INFO] [stdout] test shape::builder::polygon::tests::guide_circles_color_when_cursor_is_close ... ok
[INFO] [stdout] test shape::builder::polygon::tests::it_behaves ... ok
[INFO] [stdout] test shape::builder::polygon::tests::the_all_mighty_bezier_polygon ... ok
[INFO] [stdout] test shape::stored::ellipse::tests::erase_on_touch_interior_if_fill ... ignored
[INFO] [stdout] test shape::builder::polygon::tests::no_clunky_path_ends ... ok
[INFO] [stdout] test shape::builder::polygon::tests::the_polygon_closes_itself_in_screen_units ... ok
[INFO] [stdout] test shape::builder::rectangle::tests::very_tall_and_skinny_rectangle_doesnt_paint_helper_red ... ok
[INFO] [stdout] test shape::builder::polygon::tests::handles_are_rendered_instead_of_incomplete_paths ... ok
[INFO] [stdout] test shape::stored::ellipse::tests::erase_on_touch_stroke_rotated ... ok
[INFO] [stdout] test shape::stored::path::tests::can_delete_beizer_curves ... ok
[INFO] [stdout] test shape::stored::ellipse::tests::test_intersects_circle ... ok
[INFO] [stdout] test shape::stored::path::tests::can_delete_single_point_paths ... ok
[INFO] [stdout] test shape::stored::path::tests::erase_on_touch_interior_if_fill ... ignored
[INFO] [stdout] test shape::stored::ellipse::tests::the_bbox_of_an_ellipse ... ok
[INFO] [stdout] test shape::stored::path::tests::erase_on_touch_stroke ... ok
[INFO] [stdout] test shape::stored::ellipse::tests::line_thickness_affects_bbox ... ok
[INFO] [stdout] test shape::builder::rectangle::tests::finished_shape_has_all_sides ... ok
[INFO] [stdout] test shape::stored::path::tests::line_thickness_affects_bbox ... ok
[INFO] [stdout] test shape::stored::path::tests::test_bbox ... ok
[INFO] [stdout] test shape::builder::polygon::tests::sharp_polygons_are_still_possible_by_hand ... ok
[INFO] [stdout] test shape::stored::path::tests::test_bbox_twisted_line ... ok
[INFO] [stdout] test shape::stored::ellipse::tests::erase_on_touch_stroke ... ok
[INFO] [stdout] test storage::tests::add_shapes_at_zoom ... ok
[INFO] [stdout] test storage::tests::draw_oder_is_respected ... ok
[INFO] [stdout] test storage::tests::remove_by_id ... ok
[INFO] [stdout] test storage::tests::remove_by_id_2 ... ok
[INFO] [stdout] test storage::tests::remove_line ... ok
[INFO] [stdout] test transform::tests::default_viewport_transform_centers_the_origin ... ok
[INFO] [stdout] test transform::tests::drawing_origin_is_screen_center ... ok
[INFO] [stdout] test transform::tests::screen_center_is_drawing_origin ... ok
[INFO] [stdout] test storage::tests::erase_invalidates_cache ... ok
[INFO] [stdout] test storage::tests::iter_by_bounds ... ok
[INFO] [stdout] test transform::tests::translated_screen_point_preserves_drawing_coordinates ... ok
[INFO] [stdout] test transform::tests::units_in_screen_coordinates_can_be_converted_to_world ... ok
[INFO] [stdout] test transform::tests::zoom_fixes_viewport_center_even_when_translated ... ok
[INFO] [stdout] test transform::tests::zoom_fixes_world_origin ... ok
[INFO] [stdout] test transform::tests::zoom_in_preserves_center_point ... ok
[INFO] [stdout] test transform::tests::zoom_in_scales_as_expected ... ok
[INFO] [stdout] test transform::tests::zoom_out_preserves_center_point ... ok
[INFO] [stdout] test storage::tests::get_bounds ... ok
[INFO] [stdout] test serialize::tests::serialize_to_new_format ... FAILED
[INFO] [stdout] test deserialize::tests::v1_format_can_be_read ... ok
[INFO] [stdout] test serialize::tests::serialize_ellipse ... FAILED
[INFO] [stdout] test serialize::tests::test_serialize ... FAILED
[INFO] [stdout] test serialize::tests::test_serialize_color_with_alpha ... FAILED
[INFO] [stdout] test shape::stored::path::tests::can_delete_straight_segments ... ok
[INFO] [stdout] test serialize::tests::an_empty_drawing_is_serializable ... FAILED
[INFO] [stdout] test serialize::tests::fill_and_stroke_color_are_properly_serialized ... FAILED
[INFO] [stdout] test deserialize::tests::v2_edited_is_recovered ... ok
[INFO] [stdout] test deserialize::tests::v1_edited_is_recovered ... ok
[INFO] [stdout] 
[INFO] [stdout] failures:
[INFO] [stdout] 
[INFO] [stdout] ---- serialize::tests::serialize_to_new_format stdout ----
[INFO] [stdout] thread 'serialize::tests::serialize_to_new_format' panicked at src/serialize.rs:241:9:
[INFO] [stdout] assertion failed: `(left == right)`
[INFO] [stdout] 
[INFO] [stdout] [1mDiff[0m [31m< left[0m / [32mright >[0m :
[INFO] [stdout] [31m<<?xml version="1.0" encoding="[0m[1;48;5;52;31mUTF[0m[31m-8"?>[0m
[INFO] [stdout] [32m><?xml version="1.0" encoding="[0m[1;48;5;22;32mutf[0m[32m-8"?>[0m
[INFO] [stdout]  <svg xmlns="http://www.w3.org/2000/svg" xmlns:inkscape="http://www.inkscape.org/namespaces/inkscape" xmlns:pizarra="http://pizarra.categulario.xyz/pizarra_svg.html" xmlns:sodipodi="http://sodipodi.sourceforge.net/DTD/sodipodi-0.dtd" pizarra:format="2" width="63" height="72" viewBox="-31 -36 63 72" version="1.1">
[INFO] [stdout]    <g id="background" inkscape:groupmode="layer" inkscape:label="Background" sodipodi:insensitive="true">
[INFO] [stdout]      <rect x="-31" y="-36" width="63" height="72" style="fill:#303633;fill-opacity:1;stroke:none;" />
[INFO] [stdout]    </g>
[INFO] [stdout]    <g id="shapes" inkscape:groupmode="layer" inkscape:label="Shapes">
[INFO] [stdout]      <path style="fill:none;stroke-width:2;stroke-linecap:round;stroke-linejoin:round;stroke:#FFFFFF;stroke-opacity:1;stroke-miterlimit:10;" d="M 0 0 L 10 10 " />
[INFO] [stdout]      <ellipse cx="0" cy="0" rx="10" ry="15" transform="rotate(0 0 0)" style="fill:none;stroke-width:2;stroke:#FFFFFF;stroke-opacity:1;stroke-miterlimit:10;" />
[INFO] [stdout]    </g>
[INFO] [stdout]  </svg>
[INFO] [stdout]  
[INFO] [stdout] 
[INFO] [stdout] 
[INFO] [stdout] stack backtrace:
[INFO] [stdout]    0:     0x61578a2212aa - std::backtrace_rs::backtrace::libunwind::trace::h8810477743020387
[INFO] [stdout]                                at /rustc/202008a1b8de96d2e5b6bc02d379db03a877d34d/library/std/src/../../backtrace/src/backtrace/libunwind.rs:116:5
[INFO] [stdout]    1:     0x61578a2212aa - std::backtrace_rs::backtrace::trace_unsynchronized::h3aa55355dd6c54a6
[INFO] [stdout]                                at /rustc/202008a1b8de96d2e5b6bc02d379db03a877d34d/library/std/src/../../backtrace/src/backtrace/mod.rs:66:5
[INFO] [stdout]    2:     0x61578a2212aa - std::sys::backtrace::_print_fmt::h8588b0f62410823f
[INFO] [stdout]                                at /rustc/202008a1b8de96d2e5b6bc02d379db03a877d34d/library/std/src/sys/backtrace.rs:66:9
[INFO] [stdout]    3:     0x61578a2212aa - <std::sys::backtrace::BacktraceLock::print::DisplayBacktrace as core::fmt::Display>::fmt::h98c26ac25ffe89bb
[INFO] [stdout]                                at /rustc/202008a1b8de96d2e5b6bc02d379db03a877d34d/library/std/src/sys/backtrace.rs:39:26
[INFO] [stdout]    4:     0x61578a2493e3 - core::fmt::rt::Argument::fmt::hf95377f4aebd453b
[INFO] [stdout]                                at /rustc/202008a1b8de96d2e5b6bc02d379db03a877d34d/library/core/src/fmt/rt.rs:177:76
[INFO] [stdout]    5:     0x61578a2493e3 - core::fmt::write::h0dd5f6e2238c7982
[INFO] [stdout]                                at /rustc/202008a1b8de96d2e5b6bc02d379db03a877d34d/library/core/src/fmt/mod.rs:1189:21
[INFO] [stdout]    6:     0x61578a21e413 - std::io::Write::write_fmt::h03bb0ca26e6faf8c
[INFO] [stdout]                                at /rustc/202008a1b8de96d2e5b6bc02d379db03a877d34d/library/std/src/io/mod.rs:1884:15
[INFO] [stdout]    7:     0x61578a2210f2 - std::sys::backtrace::BacktraceLock::print::h5c19c1c038ee186d
[INFO] [stdout]                                at /rustc/202008a1b8de96d2e5b6bc02d379db03a877d34d/library/std/src/sys/backtrace.rs:42:9
[INFO] [stdout]    8:     0x61578a22272d - std::panicking::default_hook::{{closure}}::h77172f079a1fcb13
[INFO] [stdout]                                at /rustc/202008a1b8de96d2e5b6bc02d379db03a877d34d/library/std/src/panicking.rs:268:22
[INFO] [stdout]    9:     0x61578a222537 - std::panicking::default_hook::he5f8e3b203ccddba
[INFO] [stdout]                                at /rustc/202008a1b8de96d2e5b6bc02d379db03a877d34d/library/std/src/panicking.rs:292:9
[INFO] [stdout]   10:     0x615789efad67 - <alloc::boxed::Box<F,A> as core::ops::function::Fn<Args>>::call::h7a3c7b4a1ae77f2f
[INFO] [stdout]                                at /rustc/202008a1b8de96d2e5b6bc02d379db03a877d34d/library/alloc/src/boxed.rs:1986:9
[INFO] [stdout]   11:     0x615789efad67 - test::test_main::{{closure}}::hf0d3b69ae9b353d1
[INFO] [stdout]                                at /rustc/202008a1b8de96d2e5b6bc02d379db03a877d34d/library/test/src/lib.rs:134:21
[INFO] [stdout]   12:     0x61578a222dd8 - <alloc::boxed::Box<F,A> as core::ops::function::Fn<Args>>::call::h6332e82e7b189abd
[INFO] [stdout]                                at /rustc/202008a1b8de96d2e5b6bc02d379db03a877d34d/library/alloc/src/boxed.rs:1986:9
[INFO] [stdout]   13:     0x61578a222dd8 - std::panicking::rust_panic_with_hook::h53863d4e9018df39
[INFO] [stdout]                                at /rustc/202008a1b8de96d2e5b6bc02d379db03a877d34d/library/std/src/panicking.rs:809:13
[INFO] [stdout]   14:     0x61578a222b9a - std::panicking::begin_panic_handler::{{closure}}::h67280e6fa0757873
[INFO] [stdout]                                at /rustc/202008a1b8de96d2e5b6bc02d379db03a877d34d/library/std/src/panicking.rs:674:13
[INFO] [stdout]   15:     0x61578a221789 - std::sys::backtrace::__rust_end_short_backtrace::h1dac3f54d6fbbeb2
[INFO] [stdout]                                at /rustc/202008a1b8de96d2e5b6bc02d379db03a877d34d/library/std/src/sys/backtrace.rs:170:18
[INFO] [stdout]   16:     0x61578a22282c - rust_begin_unwind
[INFO] [stdout]                                at /rustc/202008a1b8de96d2e5b6bc02d379db03a877d34d/library/std/src/panicking.rs:665:5
[INFO] [stdout]   17:     0x615789dc51e0 - core::panicking::panic_fmt::h6792bd1b2bf01041
[INFO] [stdout]                                at /rustc/202008a1b8de96d2e5b6bc02d379db03a877d34d/library/core/src/panicking.rs:76:14
[INFO] [stdout]   18:     0x615789e48662 - pizarra::serialize::tests::serialize_to_new_format::h8823f4682fd4ccf9
[INFO] [stdout]                                at /opt/rustwide/workdir/src/serialize.rs:241:9
[INFO] [stdout]   19:     0x615789e48067 - pizarra::serialize::tests::serialize_to_new_format::{{closure}}::hbc602e69a7c4bb6d
[INFO] [stdout]                                at /opt/rustwide/workdir/src/serialize.rs:226:33
[INFO] [stdout]   20:     0x615789dfb4b6 - core::ops::function::FnOnce::call_once::h035585d80230eb20
[INFO] [stdout]                                at /rustc/202008a1b8de96d2e5b6bc02d379db03a877d34d/library/core/src/ops/function.rs:250:5
[INFO] [stdout]   21:     0x615789eff88b - core::ops::function::FnOnce::call_once::h871bf86719ec9aa4
[INFO] [stdout]                                at /rustc/202008a1b8de96d2e5b6bc02d379db03a877d34d/library/core/src/ops/function.rs:250:5
[INFO] [stdout]   22:     0x615789eff88b - test::__rust_begin_short_backtrace::h2167df1e2b7d76fd
[INFO] [stdout]                                at /rustc/202008a1b8de96d2e5b6bc02d379db03a877d34d/library/test/src/lib.rs:632:18
[INFO] [stdout]   23:     0x615789eff278 - test::run_test_in_process::{{closure}}::h15d92f75a3adfb79
[INFO] [stdout]                                at /rustc/202008a1b8de96d2e5b6bc02d379db03a877d34d/library/test/src/lib.rs:655:60
[INFO] [stdout]   24:     0x615789eff278 - <core::panic::unwind_safe::AssertUnwindSafe<F> as core::ops::function::FnOnce<()>>::call_once::hb6c8955835a8dbbb
[INFO] [stdout]                                at /rustc/202008a1b8de96d2e5b6bc02d379db03a877d34d/library/core/src/panic/unwind_safe.rs:272:9
[INFO] [stdout]   25:     0x615789eff278 - std::panicking::try::do_call::hc79d0fc888a0bd30
[INFO] [stdout]                                at /rustc/202008a1b8de96d2e5b6bc02d379db03a877d34d/library/std/src/panicking.rs:557:40
[INFO] [stdout]   26:     0x615789eff278 - std::panicking::try::hb8a7878e3a8589d6
[INFO] [stdout]                                at /rustc/202008a1b8de96d2e5b6bc02d379db03a877d34d/library/std/src/panicking.rs:520:19
[INFO] [stdout]   27:     0x615789eff278 - std::panic::catch_unwind::hb8e4600ff0ff5cfa
[INFO] [stdout]                                at /rustc/202008a1b8de96d2e5b6bc02d379db03a877d34d/library/std/src/panic.rs:358:14
[INFO] [stdout]   28:     0x615789eff278 - test::run_test_in_process::hc2900b0b18688dd6
[INFO] [stdout]                                at /rustc/202008a1b8de96d2e5b6bc02d379db03a877d34d/library/test/src/lib.rs:655:27
[INFO] [stdout]   29:     0x615789eff278 - test::run_test::{{closure}}::hac2a9cb07be3d48d
[INFO] [stdout]                                at /rustc/202008a1b8de96d2e5b6bc02d379db03a877d34d/library/test/src/lib.rs:576:43
[INFO] [stdout]   30:     0x615789ec2d1a - test::run_test::{{closure}}::h4a5b729e66a38cd8
[INFO] [stdout]                                at /rustc/202008a1b8de96d2e5b6bc02d379db03a877d34d/library/test/src/lib.rs:606:41
[INFO] [stdout]   31:     0x615789ec2d1a - std::sys::backtrace::__rust_begin_short_backtrace::h0496fb742492f573
[INFO] [stdout]                                at /rustc/202008a1b8de96d2e5b6bc02d379db03a877d34d/library/std/src/sys/backtrace.rs:154:18
[INFO] [stdout]   32:     0x615789ec6694 - std::thread::Builder::spawn_unchecked_::{{closure}}::{{closure}}::hbb6d257c550a54bd
[INFO] [stdout]                                at /rustc/202008a1b8de96d2e5b6bc02d379db03a877d34d/library/std/src/thread/mod.rs:561:17
[INFO] [stdout]   33:     0x615789ec6694 - <core::panic::unwind_safe::AssertUnwindSafe<F> as core::ops::function::FnOnce<()>>::call_once::h46696fe4a6832328
[INFO] [stdout]                                at /rustc/202008a1b8de96d2e5b6bc02d379db03a877d34d/library/core/src/panic/unwind_safe.rs:272:9
[INFO] [stdout]   34:     0x615789ec6694 - std::panicking::try::do_call::h2625a51b667bfb64
[INFO] [stdout]                                at /rustc/202008a1b8de96d2e5b6bc02d379db03a877d34d/library/std/src/panicking.rs:557:40
[INFO] [stdout]   35:     0x615789ec6694 - std::panicking::try::hb956a59a1973aa4c
[INFO] [stdout]                                at /rustc/202008a1b8de96d2e5b6bc02d379db03a877d34d/library/std/src/panicking.rs:520:19
[INFO] [stdout]   36:     0x615789ec6694 - std::panic::catch_unwind::h64f3b9d1067ef6a0
[INFO] [stdout]                                at /rustc/202008a1b8de96d2e5b6bc02d379db03a877d34d/library/std/src/panic.rs:358:14
[INFO] [stdout]   37:     0x615789ec6694 - std::thread::Builder::spawn_unchecked_::{{closure}}::h42b2841295b6c0b2
[INFO] [stdout]                                at /rustc/202008a1b8de96d2e5b6bc02d379db03a877d34d/library/std/src/thread/mod.rs:559:30
[INFO] [stdout]   38:     0x615789ec6694 - core::ops::function::FnOnce::call_once{{vtable.shim}}::h6127de71b8124639
[INFO] [stdout]                                at /rustc/202008a1b8de96d2e5b6bc02d379db03a877d34d/library/core/src/ops/function.rs:250:5
[INFO] [stdout]   39:     0x61578a226d1b - <alloc::boxed::Box<F,A> as core::ops::function::FnOnce<Args>>::call_once::h42f0ba71002a1b2c
[INFO] [stdout]                                at /rustc/202008a1b8de96d2e5b6bc02d379db03a877d34d/library/alloc/src/boxed.rs:1972:9
[INFO] [stdout]   40:     0x61578a226d1b - <alloc::boxed::Box<F,A> as core::ops::function::FnOnce<Args>>::call_once::had9e47d7a3dcecb8
[INFO] [stdout]                                at /rustc/202008a1b8de96d2e5b6bc02d379db03a877d34d/library/alloc/src/boxed.rs:1972:9
[INFO] [stdout]   41:     0x61578a226d1b - std::sys::pal::unix::thread::Thread::new::thread_start::h48cf765408f6f5f2
[INFO] [stdout]                                at /rustc/202008a1b8de96d2e5b6bc02d379db03a877d34d/library/std/src/sys/pal/unix/thread.rs:105:17
[INFO] [stdout]   42:     0x7e2b7a7faac3 - <unknown>
[INFO] [stdout]   43:     0x7e2b7a88ba04 - clone
[INFO] [stdout]   44:                0x0 - <unknown>
[INFO] [stdout] 
[INFO] [stdout] ---- serialize::tests::serialize_ellipse stdout ----
[INFO] [stdout] thread 'serialize::tests::serialize_ellipse' panicked at src/serialize.rs:172:9:
[INFO] [stdout] assertion failed: `(left == right)`
[INFO] [stdout] 
[INFO] [stdout] [1mDiff[0m [31m< left[0m / [32mright >[0m :
[INFO] [stdout] [31m<<?xml version="1.0" encoding="[0m[1;48;5;52;31mUTF[0m[31m-8"?>[0m
[INFO] [stdout] [32m><?xml version="1.0" encoding="[0m[1;48;5;22;32mutf[0m[32m-8"?>[0m
[INFO] [stdout]  <svg xmlns="http://www.w3.org/2000/svg" xmlns:inkscape="http://www.inkscape.org/namespaces/inkscape" xmlns:pizarra="http://pizarra.categulario.xyz/pizarra_svg.html" xmlns:sodipodi="http://sodipodi.sourceforge.net/DTD/sodipodi-0.dtd" pizarra:format="2" width="58.23482920635402" height="58.20473501343099" viewBox="-52.143144603177014 -47.839827506715494 58.23482920635402 58.20473501343099" version="1.1">
[INFO] [stdout]    <g id="background" inkscape:groupmode="layer" inkscape:label="Background" sodipodi:insensitive="true">
[INFO] [stdout]      <rect x="-52.143144603177014" y="-47.839827506715494" width="58.23482920635402" height="58.20473501343099" style="fill:#303633;fill-opacity:1;stroke:none;" />
[INFO] [stdout]    </g>
[INFO] [stdout]    <g id="shapes" inkscape:groupmode="layer" inkscape:label="Shapes">
[INFO] [stdout]      <ellipse cx="-23.025730000000003" cy="-18.73746" rx="7.793799303722535" ry="6.898753387548063" transform="rotate(-44.51746959257765 -23.025730000000003 -18.73746)" style="fill:none;stroke-width:3.5;stroke:#FF0000;stroke-opacity:1;stroke-miterlimit:10;" />
[INFO] [stdout]    </g>
[INFO] [stdout]  </svg>
[INFO] [stdout]  
[INFO] [stdout] 
[INFO] [stdout] 
[INFO] [stdout] stack backtrace:
[INFO] [stdout]    0:     0x61578a2212aa - std::backtrace_rs::backtrace::libunwind::trace::h8810477743020387
[INFO] [stdout]                                at /rustc/202008a1b8de96d2e5b6bc02d379db03a877d34d/library/std/src/../../backtrace/src/backtrace/libunwind.rs:116:5
[INFO] [stdout]    1:     0x61578a2212aa - std::backtrace_rs::backtrace::trace_unsynchronized::h3aa55355dd6c54a6
[INFO] [stdout]                                at /rustc/202008a1b8de96d2e5b6bc02d379db03a877d34d/library/std/src/../../backtrace/src/backtrace/mod.rs:66:5
[INFO] [stdout]    2:     0x61578a2212aa - std::sys::backtrace::_print_fmt::h8588b0f62410823f
[INFO] [stdout]                                at /rustc/202008a1b8de96d2e5b6bc02d379db03a877d34d/library/std/src/sys/backtrace.rs:66:9
[INFO] [stdout]    3:     0x61578a2212aa - <std::sys::backtrace::BacktraceLock::print::DisplayBacktrace as core::fmt::Display>::fmt::h98c26ac25ffe89bb
[INFO] [stdout]                                at /rustc/202008a1b8de96d2e5b6bc02d379db03a877d34d/library/std/src/sys/backtrace.rs:39:26
[INFO] [stdout]    4:     0x61578a2493e3 - core::fmt::rt::Argument::fmt::hf95377f4aebd453b
[INFO] [stdout]                                at /rustc/202008a1b8de96d2e5b6bc02d379db03a877d34d/library/core/src/fmt/rt.rs:177:76
[INFO] [stdout]    5:     0x61578a2493e3 - core::fmt::write::h0dd5f6e2238c7982
[INFO] [stdout]                                at /rustc/202008a1b8de96d2e5b6bc02d379db03a877d34d/library/core/src/fmt/mod.rs:1189:21
[INFO] [stdout]    6:     0x61578a21e413 - std::io::Write::write_fmt::h03bb0ca26e6faf8c
[INFO] [stdout]                                at /rustc/202008a1b8de96d2e5b6bc02d379db03a877d34d/library/std/src/io/mod.rs:1884:15
[INFO] [stdout]    7:     0x61578a2210f2 - std::sys::backtrace::BacktraceLock::print::h5c19c1c038ee186d
[INFO] [stdout]                                at /rustc/202008a1b8de96d2e5b6bc02d379db03a877d34d/library/std/src/sys/backtrace.rs:42:9
[INFO] [stdout]    8:     0x61578a22272d - std::panicking::default_hook::{{closure}}::h77172f079a1fcb13
[INFO] [stdout]                                at /rustc/202008a1b8de96d2e5b6bc02d379db03a877d34d/library/std/src/panicking.rs:268:22
[INFO] [stdout]    9:     0x61578a222537 - std::panicking::default_hook::he5f8e3b203ccddba
[INFO] [stdout]                                at /rustc/202008a1b8de96d2e5b6bc02d379db03a877d34d/library/std/src/panicking.rs:292:9
[INFO] [stdout]   10:     0x615789efad67 - <alloc::boxed::Box<F,A> as core::ops::function::Fn<Args>>::call::h7a3c7b4a1ae77f2f
[INFO] [stdout]                                at /rustc/202008a1b8de96d2e5b6bc02d379db03a877d34d/library/alloc/src/boxed.rs:1986:9
[INFO] [stdout]   11:     0x615789efad67 - test::test_main::{{closure}}::hf0d3b69ae9b353d1
[INFO] [stdout]                                at /rustc/202008a1b8de96d2e5b6bc02d379db03a877d34d/library/test/src/lib.rs:134:21
[INFO] [stdout]   12:     0x61578a222dd8 - <alloc::boxed::Box<F,A> as core::ops::function::Fn<Args>>::call::h6332e82e7b189abd
[INFO] [stdout]                                at /rustc/202008a1b8de96d2e5b6bc02d379db03a877d34d/library/alloc/src/boxed.rs:1986:9
[INFO] [stdout]   13:     0x61578a222dd8 - std::panicking::rust_panic_with_hook::h53863d4e9018df39
[INFO] [stdout]                                at /rustc/202008a1b8de96d2e5b6bc02d379db03a877d34d/library/std/src/panicking.rs:809:13
[INFO] [stdout]   14:     0x61578a222b9a - std::panicking::begin_panic_handler::{{closure}}::h67280e6fa0757873
[INFO] [stdout]                                at /rustc/202008a1b8de96d2e5b6bc02d379db03a877d34d/library/std/src/panicking.rs:674:13
[INFO] [stdout]   15:     0x61578a221789 - std::sys::backtrace::__rust_end_short_backtrace::h1dac3f54d6fbbeb2
[INFO] [stdout]                                at /rustc/202008a1b8de96d2e5b6bc02d379db03a877d34d/library/std/src/sys/backtrace.rs:170:18
[INFO] [stdout]   16:     0x61578a22282c - rust_begin_unwind
[INFO] [stdout]                                at /rustc/202008a1b8de96d2e5b6bc02d379db03a877d34d/library/std/src/panicking.rs:665:5
[INFO] [stdout]   17:     0x615789dc51e0 - core::panicking::panic_fmt::h6792bd1b2bf01041
[INFO] [stdout]                                at /rustc/202008a1b8de96d2e5b6bc02d379db03a877d34d/library/core/src/panicking.rs:76:14
[INFO] [stdout]   18:     0x615789e471cf - pizarra::serialize::tests::serialize_ellipse::h5e2d4de9d159b1bf
[INFO] [stdout]                                at /opt/rustwide/workdir/src/serialize.rs:172:9
[INFO] [stdout]   19:     0x615789e46c47 - pizarra::serialize::tests::serialize_ellipse::{{closure}}::h139919ff1e9df58e
[INFO] [stdout]                                at /opt/rustwide/workdir/src/serialize.rs:142:27
[INFO] [stdout]   20:     0x615789dfc056 - core::ops::function::FnOnce::call_once::h49de99542f4c59c5
[INFO] [stdout]                                at /rustc/202008a1b8de96d2e5b6bc02d379db03a877d34d/library/core/src/ops/function.rs:250:5
[INFO] [stdout]   21:     0x615789eff88b - core::ops::function::FnOnce::call_once::h871bf86719ec9aa4
[INFO] [stdout]                                at /rustc/202008a1b8de96d2e5b6bc02d379db03a877d34d/library/core/src/ops/function.rs:250:5
[INFO] [stdout]   22:     0x615789eff88b - test::__rust_begin_short_backtrace::h2167df1e2b7d76fd
[INFO] [stdout]                                at /rustc/202008a1b8de96d2e5b6bc02d379db03a877d34d/library/test/src/lib.rs:632:18
[INFO] [stdout]   23:     0x615789eff278 - test::run_test_in_process::{{closure}}::h15d92f75a3adfb79
[INFO] [stdout]                                at /rustc/202008a1b8de96d2e5b6bc02d379db03a877d34d/library/test/src/lib.rs:655:60
[INFO] [stdout]   24:     0x615789eff278 - <core::panic::unwind_safe::AssertUnwindSafe<F> as core::ops::function::FnOnce<()>>::call_once::hb6c8955835a8dbbb
[INFO] [stdout]                                at /rustc/202008a1b8de96d2e5b6bc02d379db03a877d34d/library/core/src/panic/unwind_safe.rs:272:9
[INFO] [stdout]   25:     0x615789eff278 - std::panicking::try::do_call::hc79d0fc888a0bd30
[INFO] [stdout]                                at /rustc/202008a1b8de96d2e5b6bc02d379db03a877d34d/library/std/src/panicking.rs:557:40
[INFO] [stdout]   26:     0x615789eff278 - std::panicking::try::hb8a7878e3a8589d6
[INFO] [stdout]                                at /rustc/202008a1b8de96d2e5b6bc02d379db03a877d34d/library/std/src/panicking.rs:520:19
[INFO] [stdout]   27:     0x615789eff278 - std::panic::catch_unwind::hb8e4600ff0ff5cfa
[INFO] [stdout]                                at /rustc/202008a1b8de96d2e5b6bc02d379db03a877d34d/library/std/src/panic.rs:358:14
[INFO] [stdout]   28:     0x615789eff278 - test::run_test_in_process::hc2900b0b18688dd6
[INFO] [stdout]                                at /rustc/202008a1b8de96d2e5b6bc02d379db03a877d34d/library/test/src/lib.rs:655:27
[INFO] [stdout]   29:     0x615789eff278 - test::run_test::{{closure}}::hac2a9cb07be3d48d
[INFO] [stdout]                                at /rustc/202008a1b8de96d2e5b6bc02d379db03a877d34d/library/test/src/lib.rs:576:43
[INFO] [stdout]   30:     0x615789ec2d1a - test::run_test::{{closure}}::h4a5b729e66a38cd8
[INFO] [stdout]                                at /rustc/202008a1b8de96d2e5b6bc02d379db03a877d34d/library/test/src/lib.rs:606:41
[INFO] [stdout]   31:     0x615789ec2d1a - std::sys::backtrace::__rust_begin_short_backtrace::h0496fb742492f573
[INFO] [stdout]                                at /rustc/202008a1b8de96d2e5b6bc02d379db03a877d34d/library/std/src/sys/backtrace.rs:154:18
[INFO] [stdout]   32:     0x615789ec6694 - std::thread::Builder::spawn_unchecked_::{{closure}}::{{closure}}::hbb6d257c550a54bd
[INFO] [stdout]                                at /rustc/202008a1b8de96d2e5b6bc02d379db03a877d34d/library/std/src/thread/mod.rs:561:17
[INFO] [stdout]   33:     0x615789ec6694 - <core::panic::unwind_safe::AssertUnwindSafe<F> as core::ops::function::FnOnce<()>>::call_once::h46696fe4a6832328
[INFO] [stdout]                                at /rustc/202008a1b8de96d2e5b6bc02d379db03a877d34d/library/core/src/panic/unwind_safe.rs:272:9
[INFO] [stdout]   34:     0x615789ec6694 - std::panicking::try::do_call::h2625a51b667bfb64
[INFO] [stdout]                                at /rustc/202008a1b8de96d2e5b6bc02d379db03a877d34d/library/std/src/panicking.rs:557:40
[INFO] [stdout]   35:     0x615789ec6694 - std::panicking::try::hb956a59a1973aa4c
[INFO] [stdout]                                at /rustc/202008a1b8de96d2e5b6bc02d379db03a877d34d/library/std/src/panicking.rs:520:19
[INFO] [stdout]   36:     0x615789ec6694 - std::panic::catch_unwind::h64f3b9d1067ef6a0
[INFO] [stdout]                                at /rustc/202008a1b8de96d2e5b6bc02d379db03a877d34d/library/std/src/panic.rs:358:14
[INFO] [stdout]   37:     0x615789ec6694 - std::thread::Builder::spawn_unchecked_::{{closure}}::h42b2841295b6c0b2
[INFO] [stdout]                                at /rustc/202008a1b8de96d2e5b6bc02d379db03a877d34d/library/std/src/thread/mod.rs:559:30
[INFO] [stdout]   38:     0x615789ec6694 - core::ops::function::FnOnce::call_once{{vtable.shim}}::h6127de71b8124639
[INFO] [stdout]                                at /rustc/202008a1b8de96d2e5b6bc02d379db03a877d34d/library/core/src/ops/function.rs:250:5
[INFO] [stdout]   39:     0x61578a226d1b - <alloc::boxed::Box<F,A> as core::ops::function::FnOnce<Args>>::call_once::h42f0ba71002a1b2c
[INFO] [stdout]                                at /rustc/202008a1b8de96d2e5b6bc02d379db03a877d34d/library/alloc/src/boxed.rs:1972:9
[INFO] [stdout]   40:     0x61578a226d1b - <alloc::boxed::Box<F,A> as core::ops::function::FnOnce<Args>>::call_once::had9e47d7a3dcecb8
[INFO] [stdout]                                at /rustc/202008a1b8de96d2e5b6bc02d379db03a877d34d/library/alloc/src/boxed.rs:1972:9
[INFO] [stdout]   41:     0x61578a226d1b - std::sys::pal::unix::thread::Thread::new::thread_start::h48cf765408f6f5f2
[INFO] [stdout]                                at /rustc/202008a1b8de96d2e5b6bc02d379db03a877d34d/library/std/src/sys/pal/unix/thread.rs:105:17
[INFO] [stdout]   42:     0x7e2b7a7faac3 - <unknown>
[INFO] [stdout]   43:     0x7e2b7a88ba04 - clone
[INFO] [stdout]   44:                0x0 - <unknown>
[INFO] [stdout] 
[INFO] [stdout] ---- serialize::tests::test_serialize stdout ----
[INFO] [stdout] thread 'serialize::tests::test_serialize' panicked at src/serialize.rs:138:9:
[INFO] [stdout] assertion failed: `(left == right)`
[INFO] [stdout] 
[INFO] [stdout] [1mDiff[0m [31m< left[0m / [32mright >[0m :
[INFO] [stdout] [31m<<?xml version="1.0" encoding="[0m[1;48;5;52;31mUTF[0m[31m-8"?>[0m
[INFO] [stdout] [32m><?xml version="1.0" encoding="[0m[1;48;5;22;32mutf[0m[32m-8"?>[0m
[INFO] [stdout]  <svg xmlns="http://www.w3.org/2000/svg" xmlns:inkscape="http://www.inkscape.org/namespaces/inkscape" xmlns:pizarra="http://pizarra.categulario.xyz/pizarra_svg.html" xmlns:sodipodi="http://sodipodi.sourceforge.net/DTD/sodipodi-0.dtd" pizarra:format="2" width="47" height="47" viewBox="-23.5 -23.5 47 47" version="1.1">
[INFO] [stdout]    <g id="background" inkscape:groupmode="layer" inkscape:label="Background" sodipodi:insensitive="true">
[INFO] [stdout]      <rect x="-23.5" y="-23.5" width="47" height="47" style="fill:#303633;fill-opacity:1;stroke:none;" />
[INFO] [stdout]    </g>
[INFO] [stdout]    <g id="shapes" inkscape:groupmode="layer" inkscape:label="Shapes">
[INFO] [stdout]      <path style="fill:none;stroke-width:3.5;stroke-linecap:round;stroke-linejoin:round;stroke:#FF0000;stroke-opacity:1;stroke-miterlimit:10;" d="M 0 0 " />
[INFO] [stdout]    </g>
[INFO] [stdout]  </svg>
[INFO] [stdout]  
[INFO] [stdout] 
[INFO] [stdout] 
[INFO] [stdout] stack backtrace:
[INFO] [stdout]    0:     0x61578a2212aa - std::backtrace_rs::backtrace::libunwind::trace::h8810477743020387
[INFO] [stdout]                                at /rustc/202008a1b8de96d2e5b6bc02d379db03a877d34d/library/std/src/../../backtrace/src/backtrace/libunwind.rs:116:5
[INFO] [stdout]    1:     0x61578a2212aa - std::backtrace_rs::backtrace::trace_unsynchronized::h3aa55355dd6c54a6
[INFO] [stdout]                                at /rustc/202008a1b8de96d2e5b6bc02d379db03a877d34d/library/std/src/../../backtrace/src/backtrace/mod.rs:66:5
[INFO] [stdout]    2:     0x61578a2212aa - std::sys::backtrace::_print_fmt::h8588b0f62410823f
[INFO] [stdout]                                at /rustc/202008a1b8de96d2e5b6bc02d379db03a877d34d/library/std/src/sys/backtrace.rs:66:9
[INFO] [stdout]    3:     0x61578a2212aa - <std::sys::backtrace::BacktraceLock::print::DisplayBacktrace as core::fmt::Display>::fmt::h98c26ac25ffe89bb
[INFO] [stdout]                                at /rustc/202008a1b8de96d2e5b6bc02d379db03a877d34d/library/std/src/sys/backtrace.rs:39:26
[INFO] [stdout]    4:     0x61578a2493e3 - core::fmt::rt::Argument::fmt::hf95377f4aebd453b
[INFO] [stdout]                                at /rustc/202008a1b8de96d2e5b6bc02d379db03a877d34d/library/core/src/fmt/rt.rs:177:76
[INFO] [stdout]    5:     0x61578a2493e3 - core::fmt::write::h0dd5f6e2238c7982
[INFO] [stdout]                                at /rustc/202008a1b8de96d2e5b6bc02d379db03a877d34d/library/core/src/fmt/mod.rs:1189:21
[INFO] [stdout]    6:     0x61578a21e413 - std::io::Write::write_fmt::h03bb0ca26e6faf8c
[INFO] [stdout]                                at /rustc/202008a1b8de96d2e5b6bc02d379db03a877d34d/library/std/src/io/mod.rs:1884:15
[INFO] [stdout]    7:     0x61578a2210f2 - std::sys::backtrace::BacktraceLock::print::h5c19c1c038ee186d
[INFO] [stdout]                                at /rustc/202008a1b8de96d2e5b6bc02d379db03a877d34d/library/std/src/sys/backtrace.rs:42:9
[INFO] [stdout]    8:     0x61578a22272d - std::panicking::default_hook::{{closure}}::h77172f079a1fcb13
[INFO] [stdout]                                at /rustc/202008a1b8de96d2e5b6bc02d379db03a877d34d/library/std/src/panicking.rs:268:22
[INFO] [stdout]    9:     0x61578a222537 - std::panicking::default_hook::he5f8e3b203ccddba
[INFO] [stdout]                                at /rustc/202008a1b8de96d2e5b6bc02d379db03a877d34d/library/std/src/panicking.rs:292:9
[INFO] [stdout]   10:     0x615789efad67 - <alloc::boxed::Box<F,A> as core::ops::function::Fn<Args>>::call::h7a3c7b4a1ae77f2f
[INFO] [stdout]                                at /rustc/202008a1b8de96d2e5b6bc02d379db03a877d34d/library/alloc/src/boxed.rs:1986:9
[INFO] [stdout]   11:     0x615789efad67 - test::test_main::{{closure}}::hf0d3b69ae9b353d1
[INFO] [stdout]                                at /rustc/202008a1b8de96d2e5b6bc02d379db03a877d34d/library/test/src/lib.rs:134:21
[INFO] [stdout]   12:     0x61578a222dd8 - <alloc::boxed::Box<F,A> as core::ops::function::Fn<Args>>::call::h6332e82e7b189abd
[INFO] [stdout]                                at /rustc/202008a1b8de96d2e5b6bc02d379db03a877d34d/library/alloc/src/boxed.rs:1986:9
[INFO] [stdout]   13:     0x61578a222dd8 - std::panicking::rust_panic_with_hook::h53863d4e9018df39
[INFO] [stdout]                                at /rustc/202008a1b8de96d2e5b6bc02d379db03a877d34d/library/std/src/panicking.rs:809:13
[INFO] [stdout]   14:     0x61578a222b9a - std::panicking::begin_panic_handler::{{closure}}::h67280e6fa0757873
[INFO] [stdout]                                at /rustc/202008a1b8de96d2e5b6bc02d379db03a877d34d/library/std/src/panicking.rs:674:13
[INFO] [stdout]   15:     0x61578a221789 - std::sys::backtrace::__rust_end_short_backtrace::h1dac3f54d6fbbeb2
[INFO] [stdout]                                at /rustc/202008a1b8de96d2e5b6bc02d379db03a877d34d/library/std/src/sys/backtrace.rs:170:18
[INFO] [stdout]   16:     0x61578a22282c - rust_begin_unwind
[INFO] [stdout]                                at /rustc/202008a1b8de96d2e5b6bc02d379db03a877d34d/library/std/src/panicking.rs:665:5
[INFO] [stdout]   17:     0x615789dc51e0 - core::panicking::panic_fmt::h6792bd1b2bf01041
[INFO] [stdout]                                at /rustc/202008a1b8de96d2e5b6bc02d379db03a877d34d/library/core/src/panicking.rs:76:14
[INFO] [stdout]   18:     0x615789e46c04 - pizarra::serialize::tests::test_serialize::hff85feffad34791e
[INFO] [stdout]                                at /opt/rustwide/workdir/src/serialize.rs:138:9
[INFO] [stdout]   19:     0x615789e468d7 - pizarra::serialize::tests::test_serialize::{{closure}}::h91d502f5465c14ac
[INFO] [stdout]                                at /opt/rustwide/workdir/src/serialize.rs:126:24
[INFO] [stdout]   20:     0x615789e06fa6 - core::ops::function::FnOnce::call_once::h9632959be735cc61
[INFO] [stdout]                                at /rustc/202008a1b8de96d2e5b6bc02d379db03a877d34d/library/core/src/ops/function.rs:250:5
[INFO] [stdout]   21:     0x615789eff88b - core::ops::function::FnOnce::call_once::h871bf86719ec9aa4
[INFO] [stdout]                                at /rustc/202008a1b8de96d2e5b6bc02d379db03a877d34d/library/core/src/ops/function.rs:250:5
[INFO] [stdout]   22:     0x615789eff88b - test::__rust_begin_short_backtrace::h2167df1e2b7d76fd
[INFO] [stdout]                                at /rustc/202008a1b8de96d2e5b6bc02d379db03a877d34d/library/test/src/lib.rs:632:18
[INFO] [stdout]   23:     0x615789eff278 - test::run_test_in_process::{{closure}}::h15d92f75a3adfb79
[INFO] [stdout]                                at /rustc/202008a1b8de96d2e5b6bc02d379db03a877d34d/library/test/src/lib.rs:655:60
[INFO] [stdout]   24:     0x615789eff278 - <core::panic::unwind_safe::AssertUnwindSafe<F> as core::ops::function::FnOnce<()>>::call_once::hb6c8955835a8dbbb
[INFO] [stdout]                                at /rustc/202008a1b8de96d2e5b6bc02d379db03a877d34d/library/core/src/panic/unwind_safe.rs:272:9
[INFO] [stdout]   25:     0x615789eff278 - std::panicking::try::do_call::hc79d0fc888a0bd30
[INFO] [stdout]                                at /rustc/202008a1b8de96d2e5b6bc02d379db03a877d34d/library/std/src/panicking.rs:557:40
[INFO] [stdout]   26:     0x615789eff278 - std::panicking::try::hb8a7878e3a8589d6
[INFO] [stdout]                                at /rustc/202008a1b8de96d2e5b6bc02d379db03a877d34d/library/std/src/panicking.rs:520:19
[INFO] [stdout]   27:     0x615789eff278 - std::panic::catch_unwind::hb8e4600ff0ff5cfa
[INFO] [stdout]                                at /rustc/202008a1b8de96d2e5b6bc02d379db03a877d34d/library/std/src/panic.rs:358:14
[INFO] [stdout]   28:     0x615789eff278 - test::run_test_in_process::hc2900b0b18688dd6
[INFO] [stdout]                                at /rustc/202008a1b8de96d2e5b6bc02d379db03a877d34d/library/test/src/lib.rs:655:27
[INFO] [stdout]   29:     0x615789eff278 - test::run_test::{{closure}}::hac2a9cb07be3d48d
[INFO] [stdout]                                at /rustc/202008a1b8de96d2e5b6bc02d379db03a877d34d/library/test/src/lib.rs:576:43
[INFO] [stdout]   30:     0x615789ec2d1a - test::run_test::{{closure}}::h4a5b729e66a38cd8
[INFO] [stdout]                                at /rustc/202008a1b8de96d2e5b6bc02d379db03a877d34d/library/test/src/lib.rs:606:41
[INFO] [stdout]   31:     0x615789ec2d1a - std::sys::backtrace::__rust_begin_short_backtrace::h0496fb742492f573
[INFO] [stdout]                                at /rustc/202008a1b8de96d2e5b6bc02d379db03a877d34d/library/std/src/sys/backtrace.rs:154:18
[INFO] [stdout]   32:     0x615789ec6694 - std::thread::Builder::spawn_unchecked_::{{closure}}::{{closure}}::hbb6d257c550a54bd
[INFO] [stdout]                                at /rustc/202008a1b8de96d2e5b6bc02d379db03a877d34d/library/std/src/thread/mod.rs:561:17
[INFO] [stdout]   33:     0x615789ec6694 - <core::panic::unwind_safe::AssertUnwindSafe<F> as core::ops::function::FnOnce<()>>::call_once::h46696fe4a6832328
[INFO] [stdout]                                at /rustc/202008a1b8de96d2e5b6bc02d379db03a877d34d/library/core/src/panic/unwind_safe.rs:272:9
[INFO] [stdout]   34:     0x615789ec6694 - std::panicking::try::do_call::h2625a51b667bfb64
[INFO] [stdout]                                at /rustc/202008a1b8de96d2e5b6bc02d379db03a877d34d/library/std/src/panicking.rs:557:40
[INFO] [stdout]   35:     0x615789ec6694 - std::panicking::try::hb956a59a1973aa4c
[INFO] [stdout]                                at /rustc/202008a1b8de96d2e5b6bc02d379db03a877d34d/library/std/src/panicking.rs:520:19
[INFO] [stdout]   36:     0x615789ec6694 - std::panic::catch_unwind::h64f3b9d1067ef6a0
[INFO] [stdout]                                at /rustc/202008a1b8de96d2e5b6bc02d379db03a877d34d/library/std/src/panic.rs:358:14
[INFO] [stdout]   37:     0x615789ec6694 - std::thread::Builder::spawn_unchecked_::{{closure}}::h42b2841295b6c0b2
[INFO] [stdout]                                at /rustc/202008a1b8de96d2e5b6bc02d379db03a877d34d/library/std/src/thread/mod.rs:559:30
[INFO] [stdout]   38:     0x615789ec6694 - core::ops::function::FnOnce::call_once{{vtable.shim}}::h6127de71b8124639
[INFO] [stdout]                                at /rustc/202008a1b8de96d2e5b6bc02d379db03a877d34d/library/core/src/ops/function.rs:250:5
[INFO] [stdout]   39:     0x61578a226d1b - <alloc::boxed::Box<F,A> as core::ops::function::FnOnce<Args>>::call_once::h42f0ba71002a1b2c
[INFO] [stdout]                                at /rustc/202008a1b8de96d2e5b6bc02d379db03a877d34d/library/alloc/src/boxed.rs:1972:9
[INFO] [stdout]   40:     0x61578a226d1b - <alloc::boxed::Box<F,A> as core::ops::function::FnOnce<Args>>::call_once::had9e47d7a3dcecb8
[INFO] [stdout]                                at /rustc/202008a1b8de96d2e5b6bc02d379db03a877d34d/library/alloc/src/boxed.rs:1972:9
[INFO] [stdout]   41:     0x61578a226d1b - std::sys::pal::unix::thread::Thread::new::thread_start::h48cf765408f6f5f2
[INFO] [stdout]                                at /rustc/202008a1b8de96d2e5b6bc02d379db03a877d34d/library/std/src/sys/pal/unix/thread.rs:105:17
[INFO] [stdout]   42:     0x7e2b7a7faac3 - <unknown>
[INFO] [stdout]   43:     0x7e2b7a88ba04 - clone
[INFO] [stdout]   44:                0x0 - <unknown>
[INFO] [stdout] 
[INFO] [stdout] ---- serialize::tests::test_serialize_color_with_alpha stdout ----
[INFO] [stdout] thread 'serialize::tests::test_serialize_color_with_alpha' panicked at src/serialize.rs:190:9:
[INFO] [stdout] assertion failed: `(left == right)`
[INFO] [stdout] 
[INFO] [stdout] [1mDiff[0m [31m< left[0m / [32mright >[0m :
[INFO] [stdout] [31m<<?xml version="1.0" encoding="[0m[1;48;5;52;31mUTF[0m[31m-8"?>[0m
[INFO] [stdout] [32m><?xml version="1.0" encoding="[0m[1;48;5;22;32mutf[0m[32m-8"?>[0m
[INFO] [stdout]  <svg xmlns="http://www.w3.org/2000/svg" xmlns:inkscape="http://www.inkscape.org/namespaces/inkscape" xmlns:pizarra="http://pizarra.categulario.xyz/pizarra_svg.html" xmlns:sodipodi="http://sodipodi.sourceforge.net/DTD/sodipodi-0.dtd" pizarra:format="2" width="46" height="46" viewBox="-13 -13 46 46" version="1.1">
[INFO] [stdout]    <g id="background" inkscape:groupmode="layer" inkscape:label="Background" sodipodi:insensitive="true">
[INFO] [stdout]      <rect x="-13" y="-13" width="46" height="46" style="fill:#303633;fill-opacity:1;stroke:none;" />
[INFO] [stdout]    </g>
[INFO] [stdout]    <g id="shapes" inkscape:groupmode="layer" inkscape:label="Shapes">
[INFO] [stdout]      <path style="fill:none;stroke-width:3;stroke-linecap:round;stroke-linejoin:round;stroke:#8AE234;stroke-opacity:0.4980392156862745;stroke-miterlimit:10;" d="M 10 10 L 10 10 " />
[INFO] [stdout]    </g>
[INFO] [stdout]  </svg>
[INFO] [stdout]  
[INFO] [stdout] 
[INFO] [stdout] 
[INFO] [stdout] stack backtrace:
[INFO] [stdout]    0:     0x61578a2212aa - std::backtrace_rs::backtrace::libunwind::trace::h8810477743020387
[INFO] [stdout]                                at /rustc/202008a1b8de96d2e5b6bc02d379db03a877d34d/library/std/src/../../backtrace/src/backtrace/libunwind.rs:116:5
[INFO] [stdout]    1:     0x61578a2212aa - std::backtrace_rs::backtrace::trace_unsynchronized::h3aa55355dd6c54a6
[INFO] [stdout]                                at /rustc/202008a1b8de96d2e5b6bc02d379db03a877d34d/library/std/src/../../backtrace/src/backtrace/mod.rs:66:5
[INFO] [stdout]    2:     0x61578a2212aa - std::sys::backtrace::_print_fmt::h8588b0f62410823f
[INFO] [stdout]                                at /rustc/202008a1b8de96d2e5b6bc02d379db03a877d34d/library/std/src/sys/backtrace.rs:66:9
[INFO] [stdout]    3:     0x61578a2212aa - <std::sys::backtrace::BacktraceLock::print::DisplayBacktrace as core::fmt::Display>::fmt::h98c26ac25ffe89bb
[INFO] [stdout]                                at /rustc/202008a1b8de96d2e5b6bc02d379db03a877d34d/library/std/src/sys/backtrace.rs:39:26
[INFO] [stdout]    4:     0x61578a2493e3 - core::fmt::rt::Argument::fmt::hf95377f4aebd453b
[INFO] [stdout]                                at /rustc/202008a1b8de96d2e5b6bc02d379db03a877d34d/library/core/src/fmt/rt.rs:177:76
[INFO] [stdout]    5:     0x61578a2493e3 - core::fmt::write::h0dd5f6e2238c7982
[INFO] [stdout]                                at /rustc/202008a1b8de96d2e5b6bc02d379db03a877d34d/library/core/src/fmt/mod.rs:1189:21
[INFO] [stdout]    6:     0x61578a21e413 - std::io::Write::write_fmt::h03bb0ca26e6faf8c
[INFO] [stdout]                                at /rustc/202008a1b8de96d2e5b6bc02d379db03a877d34d/library/std/src/io/mod.rs:1884:15
[INFO] [stdout]    7:     0x61578a2210f2 - std::sys::backtrace::BacktraceLock::print::h5c19c1c038ee186d
[INFO] [stdout]                                at /rustc/202008a1b8de96d2e5b6bc02d379db03a877d34d/library/std/src/sys/backtrace.rs:42:9
[INFO] [stdout]    8:     0x61578a22272d - std::panicking::default_hook::{{closure}}::h77172f079a1fcb13
[INFO] [stdout]                                at /rustc/202008a1b8de96d2e5b6bc02d379db03a877d34d/library/std/src/panicking.rs:268:22
[INFO] [stdout]    9:     0x61578a222537 - std::panicking::default_hook::he5f8e3b203ccddba
[INFO] [stdout]                                at /rustc/202008a1b8de96d2e5b6bc02d379db03a877d34d/library/std/src/panicking.rs:292:9
[INFO] [stdout]   10:     0x615789efad67 - <alloc::boxed::Box<F,A> as core::ops::function::Fn<Args>>::call::h7a3c7b4a1ae77f2f
[INFO] [stdout]                                at /rustc/202008a1b8de96d2e5b6bc02d379db03a877d34d/library/alloc/src/boxed.rs:1986:9
[INFO] [stdout]   11:     0x615789efad67 - test::test_main::{{closure}}::hf0d3b69ae9b353d1
[INFO] [stdout]                                at /rustc/202008a1b8de96d2e5b6bc02d379db03a877d34d/library/test/src/lib.rs:134:21
[INFO] [stdout]   12:     0x61578a222dd8 - <alloc::boxed::Box<F,A> as core::ops::function::Fn<Args>>::call::h6332e82e7b189abd
[INFO] [stdout]                                at /rustc/202008a1b8de96d2e5b6bc02d379db03a877d34d/library/alloc/src/boxed.rs:1986:9
[INFO] [stdout]   13:     0x61578a222dd8 - std::panicking::rust_panic_with_hook::h53863d4e9018df39
[INFO] [stdout]                                at /rustc/202008a1b8de96d2e5b6bc02d379db03a877d34d/library/std/src/panicking.rs:809:13
[INFO] [stdout]   14:     0x61578a222b9a - std::panicking::begin_panic_handler::{{closure}}::h67280e6fa0757873
[INFO] [stdout]                                at /rustc/202008a1b8de96d2e5b6bc02d379db03a877d34d/library/std/src/panicking.rs:674:13
[INFO] [stdout]   15:     0x61578a221789 - std::sys::backtrace::__rust_end_short_backtrace::h1dac3f54d6fbbeb2
[INFO] [stdout]                                at /rustc/202008a1b8de96d2e5b6bc02d379db03a877d34d/library/std/src/sys/backtrace.rs:170:18
[INFO] [stdout]   16:     0x61578a22282c - rust_begin_unwind
[INFO] [stdout]                                at /rustc/202008a1b8de96d2e5b6bc02d379db03a877d34d/library/std/src/panicking.rs:665:5
[INFO] [stdout]   17:     0x615789dc51e0 - core::panicking::panic_fmt::h6792bd1b2bf01041
[INFO] [stdout]                                at /rustc/202008a1b8de96d2e5b6bc02d379db03a877d34d/library/core/src/panicking.rs:76:14
[INFO] [stdout]   18:     0x615789e47774 - pizarra::serialize::tests::test_serialize_color_with_alpha::h40a88d8c999796ae
[INFO] [stdout]                                at /opt/rustwide/workdir/src/serialize.rs:190:9
[INFO] [stdout]   19:     0x615789e47217 - pizarra::serialize::tests::test_serialize_color_with_alpha::{{closure}}::hc4071e70eeac2fc1
[INFO] [stdout]                                at /opt/rustwide/workdir/src/serialize.rs:176:41
[INFO] [stdout]   20:     0x615789e08216 - core::ops::function::FnOnce::call_once::hf59f5c1fccf1ee53
[INFO] [stdout]                                at /rustc/202008a1b8de96d2e5b6bc02d379db03a877d34d/library/core/src/ops/function.rs:250:5
[INFO] [stdout]   21:     0x615789eff88b - core::ops::function::FnOnce::call_once::h871bf86719ec9aa4
[INFO] [stdout]                                at /rustc/202008a1b8de96d2e5b6bc02d379db03a877d34d/library/core/src/ops/function.rs:250:5
[INFO] [stdout]   22:     0x615789eff88b - test::__rust_begin_short_backtrace::h2167df1e2b7d76fd
[INFO] [stdout]                                at /rustc/202008a1b8de96d2e5b6bc02d379db03a877d34d/library/test/src/lib.rs:632:18
[INFO] [stdout]   23:     0x615789eff278 - test::run_test_in_process::{{closure}}::h15d92f75a3adfb79
[INFO] [stdout]                                at /rustc/202008a1b8de96d2e5b6bc02d379db03a877d34d/library/test/src/lib.rs:655:60
[INFO] [stdout]   24:     0x615789eff278 - <core::panic::unwind_safe::AssertUnwindSafe<F> as core::ops::function::FnOnce<()>>::call_once::hb6c8955835a8dbbb
[INFO] [stdout]                                at /rustc/202008a1b8de96d2e5b6bc02d379db03a877d34d/library/core/src/panic/unwind_safe.rs:272:9
[INFO] [stdout]   25:     0x615789eff278 - std::panicking::try::do_call::hc79d0fc888a0bd30
[INFO] [stdout]                                at /rustc/202008a1b8de96d2e5b6bc02d379db03a877d34d/library/std/src/panicking.rs:557:40
[INFO] [stdout]   26:     0x615789eff278 - std::panicking::try::hb8a7878e3a8589d6
[INFO] [stdout]                                at /rustc/202008a1b8de96d2e5b6bc02d379db03a877d34d/library/std/src/panicking.rs:520:19
[INFO] [stdout]   27:     0x615789eff278 - std::panic::catch_unwind::hb8e4600ff0ff5cfa
[INFO] [stdout]                                at /rustc/202008a1b8de96d2e5b6bc02d379db03a877d34d/library/std/src/panic.rs:358:14
[INFO] [stdout]   28:     0x615789eff278 - test::run_test_in_process::hc2900b0b18688dd6
[INFO] [stdout]                                at /rustc/202008a1b8de96d2e5b6bc02d379db03a877d34d/library/test/src/lib.rs:655:27
[INFO] [stdout]   29:     0x615789eff278 - test::run_test::{{closure}}::hac2a9cb07be3d48d
[INFO] [stdout]                                at /rustc/202008a1b8de96d2e5b6bc02d379db03a877d34d/library/test/src/lib.rs:576:43
[INFO] [stdout]   30:     0x615789ec2d1a - test::run_test::{{closure}}::h4a5b729e66a38cd8
[INFO] [stdout]                                at /rustc/202008a1b8de96d2e5b6bc02d379db03a877d34d/library/test/src/lib.rs:606:41
[INFO] [stdout]   31:     0x615789ec2d1a - std::sys::backtrace::__rust_begin_short_backtrace::h0496fb742492f573
[INFO] [stdout]                                at /rustc/202008a1b8de96d2e5b6bc02d379db03a877d34d/library/std/src/sys/backtrace.rs:154:18
[INFO] [stdout]   32:     0x615789ec6694 - std::thread::Builder::spawn_unchecked_::{{closure}}::{{closure}}::hbb6d257c550a54bd
[INFO] [stdout]                                at /rustc/202008a1b8de96d2e5b6bc02d379db03a877d34d/library/std/src/thread/mod.rs:561:17
[INFO] [stdout]   33:     0x615789ec6694 - <core::panic::unwind_safe::AssertUnwindSafe<F> as core::ops::function::FnOnce<()>>::call_once::h46696fe4a6832328
[INFO] [stdout]                                at /rustc/202008a1b8de96d2e5b6bc02d379db03a877d34d/library/core/src/panic/unwind_safe.rs:272:9
[INFO] [stdout]   34:     0x615789ec6694 - std::panicking::try::do_call::h2625a51b667bfb64
[INFO] [stdout]                                at /rustc/202008a1b8de96d2e5b6bc02d379db03a877d34d/library/std/src/panicking.rs:557:40
[INFO] [stdout]   35:     0x615789ec6694 - std::panicking::try::hb956a59a1973aa4c
[INFO] [stdout]                                at /rustc/202008a1b8de96d2e5b6bc02d379db03a877d34d/library/std/src/panicking.rs:520:19
[INFO] [stdout]   36:     0x615789ec6694 - std::panic::catch_unwind::h64f3b9d1067ef6a0
[INFO] [stdout]                                at /rustc/202008a1b8de96d2e5b6bc02d379db03a877d34d/library/std/src/panic.rs:358:14
[INFO] [stdout]   37:     0x615789ec6694 - std::thread::Builder::spawn_unchecked_::{{closure}}::h42b2841295b6c0b2
[INFO] [stdout]                                at /rustc/202008a1b8de96d2e5b6bc02d379db03a877d34d/library/std/src/thread/mod.rs:559:30
[INFO] [stdout]   38:     0x615789ec6694 - core::ops::function::FnOnce::call_once{{vtable.shim}}::h6127de71b8124639
[INFO] [stdout]                                at /rustc/202008a1b8de96d2e5b6bc02d379db03a877d34d/library/core/src/ops/function.rs:250:5
[INFO] [stdout]   39:     0x61578a226d1b - <alloc::boxed::Box<F,A> as core::ops::function::FnOnce<Args>>::call_once::h42f0ba71002a1b2c
[INFO] [stdout]                                at /rustc/202008a1b8de96d2e5b6bc02d379db03a877d34d/library/alloc/src/boxed.rs:1972:9
[INFO] [stdout]   40:     0x61578a226d1b - <alloc::boxed::Box<F,A> as core::ops::function::FnOnce<Args>>::call_once::had9e47d7a3dcecb8
[INFO] [stdout]                                at /rustc/202008a1b8de96d2e5b6bc02d379db03a877d34d/library/alloc/src/boxed.rs:1972:9
[INFO] [stdout]   41:     0x61578a226d1b - std::sys::pal::unix::thread::Thread::new::thread_start::h48cf765408f6f5f2
[INFO] [stdout]                                at /rustc/202008a1b8de96d2e5b6bc02d379db03a877d34d/library/std/src/sys/pal/unix/thread.rs:105:17
[INFO] [stdout]   42:     0x7e2b7a7faac3 - <unknown>
[INFO] [stdout]   43:     0x7e2b7a88ba04 - clone
[INFO] [stdout]   44:                0x0 - <unknown>
[INFO] [stdout] 
[INFO] [stdout] ---- serialize::tests::an_empty_drawing_is_serializable stdout ----
[INFO] [stdout] thread 'serialize::tests::an_empty_drawing_is_serializable' panicked at src/serialize.rs:197:9:
[INFO] [stdout] assertion failed: `(left == right)`
[INFO] [stdout] 
[INFO] [stdout] [1mDiff[0m [31m< left[0m / [32mright >[0m :
[INFO] [stdout] [31m<<?xml version="1.0" encoding="[0m[1;48;5;52;31mUTF[0m[31m-8"?>[0m
[INFO] [stdout] [32m><?xml version="1.0" encoding="[0m[1;48;5;22;32mutf[0m[32m-8"?>[0m
[INFO] [stdout]  <svg xmlns="http://www.w3.org/2000/svg" xmlns:inkscape="http://www.inkscape.org/namespaces/inkscape" xmlns:pizarra="http://pizarra.categulario.xyz/pizarra_svg.html" xmlns:sodipodi="http://sodipodi.sourceforge.net/DTD/sodipodi-0.dtd" pizarra:format="2" width="40" height="40" viewBox="-20 -20 40 40" version="1.1">
[INFO] [stdout]    <g id="background" inkscape:groupmode="layer" inkscape:label="Background" sodipodi:insensitive="true">
[INFO] [stdout]      <rect x="-20" y="-20" width="40" height="40" style="fill:#303633;fill-opacity:1;stroke:none;" />
[INFO] [stdout]    </g>
[INFO] [stdout]    <g id="shapes" inkscape:groupmode="layer" inkscape:label="Shapes" />
[INFO] [stdout]  </svg>
[INFO] [stdout]  
[INFO] [stdout] 
[INFO] [stdout] 
[INFO] [stdout] stack backtrace:
[INFO] [stdout]    0:     0x61578a2212aa - std::backtrace_rs::backtrace::libunwind::trace::h8810477743020387
[INFO] [stdout]                                at /rustc/202008a1b8de96d2e5b6bc02d379db03a877d34d/library/std/src/../../backtrace/src/backtrace/libunwind.rs:116:5
[INFO] [stdout]    1:     0x61578a2212aa - std::backtrace_rs::backtrace::trace_unsynchronized::h3aa55355dd6c54a6
[INFO] [stdout]                                at /rustc/202008a1b8de96d2e5b6bc02d379db03a877d34d/library/std/src/../../backtrace/src/backtrace/mod.rs:66:5
[INFO] [stdout]    2:     0x61578a2212aa - std::sys::backtrace::_print_fmt::h8588b0f62410823f
[INFO] [stdout]                                at /rustc/202008a1b8de96d2e5b6bc02d379db03a877d34d/library/std/src/sys/backtrace.rs:66:9
[INFO] [stdout]    3:     0x61578a2212aa - <std::sys::backtrace::BacktraceLock::print::DisplayBacktrace as core::fmt::Display>::fmt::h98c26ac25ffe89bb
[INFO] [stdout]                                at /rustc/202008a1b8de96d2e5b6bc02d379db03a877d34d/library/std/src/sys/backtrace.rs:39:26
[INFO] [stdout]    4:     0x61578a2493e3 - core::fmt::rt::Argument::fmt::hf95377f4aebd453b
[INFO] [stdout]                                at /rustc/202008a1b8de96d2e5b6bc02d379db03a877d34d/library/core/src/fmt/rt.rs:177:76
[INFO] [stdout]    5:     0x61578a2493e3 - core::fmt::write::h0dd5f6e2238c7982
[INFO] [stdout]                                at /rustc/202008a1b8de96d2e5b6bc02d379db03a877d34d/library/core/src/fmt/mod.rs:1189:21
[INFO] [stdout]    6:     0x61578a21e413 - std::io::Write::write_fmt::h03bb0ca26e6faf8c
[INFO] [stdout]                                at /rustc/202008a1b8de96d2e5b6bc02d379db03a877d34d/library/std/src/io/mod.rs:1884:15
[INFO] [stdout]    7:     0x61578a2210f2 - std::sys::backtrace::BacktraceLock::print::h5c19c1c038ee186d
[INFO] [stdout]                                at /rustc/202008a1b8de96d2e5b6bc02d379db03a877d34d/library/std/src/sys/backtrace.rs:42:9
[INFO] [stdout]    8:     0x61578a22272d - std::panicking::default_hook::{{closure}}::h77172f079a1fcb13
[INFO] [stdout]                                at /rustc/202008a1b8de96d2e5b6bc02d379db03a877d34d/library/std/src/panicking.rs:268:22
[INFO] [stdout]    9:     0x61578a222537 - std::panicking::default_hook::he5f8e3b203ccddba
[INFO] [stdout]                                at /rustc/202008a1b8de96d2e5b6bc02d379db03a877d34d/library/std/src/panicking.rs:292:9
[INFO] [stdout]   10:     0x615789efad67 - <alloc::boxed::Box<F,A> as core::ops::function::Fn<Args>>::call::h7a3c7b4a1ae77f2f
[INFO] [stdout]                                at /rustc/202008a1b8de96d2e5b6bc02d379db03a877d34d/library/alloc/src/boxed.rs:1986:9
[INFO] [stdout]   11:     0x615789efad67 - test::test_main::{{closure}}::hf0d3b69ae9b353d1
[INFO] [stdout]                                at /rustc/202008a1b8de96d2e5b6bc02d379db03a877d34d/library/test/src/lib.rs:134:21
[INFO] [stdout]   12:     0x61578a222dd8 - <alloc::boxed::Box<F,A> as core::ops::function::Fn<Args>>::call::h6332e82e7b189abd
[INFO] [stdout]                                at /rustc/202008a1b8de96d2e5b6bc02d379db03a877d34d/library/alloc/src/boxed.rs:1986:9
[INFO] [stdout]   13:     0x61578a222dd8 - std::panicking::rust_panic_with_hook::h53863d4e9018df39
[INFO] [stdout]                                at /rustc/202008a1b8de96d2e5b6bc02d379db03a877d34d/library/std/src/panicking.rs:809:13
[INFO] [stdout]   14:     0x61578a222b9a - std::panicking::begin_panic_handler::{{closure}}::h67280e6fa0757873
[INFO] [stdout]                                at /rustc/202008a1b8de96d2e5b6bc02d379db03a877d34d/library/std/src/panicking.rs:674:13
[INFO] [stdout]   15:     0x61578a221789 - std::sys::backtrace::__rust_end_short_backtrace::h1dac3f54d6fbbeb2
[INFO] [stdout]                                at /rustc/202008a1b8de96d2e5b6bc02d379db03a877d34d/library/std/src/sys/backtrace.rs:170:18
[INFO] [stdout]   16:     0x61578a22282c - rust_begin_unwind
[INFO] [stdout]                                at /rustc/202008a1b8de96d2e5b6bc02d379db03a877d34d/library/std/src/panicking.rs:665:5
[INFO] [stdout]   17:     0x615789dc51e0 - core::panicking::panic_fmt::h6792bd1b2bf01041
[INFO] [stdout]                                at /rustc/202008a1b8de96d2e5b6bc02d379db03a877d34d/library/core/src/panicking.rs:76:14
[INFO] [stdout]   18:     0x615789e479a4 - pizarra::serialize::tests::an_empty_drawing_is_serializable::h3833774493a9c99b
[INFO] [stdout]                                at /opt/rustwide/workdir/src/serialize.rs:197:9
[INFO] [stdout]   19:     0x615789e477d7 - pizarra::serialize::tests::an_empty_drawing_is_serializable::{{closure}}::h1b90b43c59a71acf
[INFO] [stdout]                                at /opt/rustwide/workdir/src/serialize.rs:194:42
[INFO] [stdout]   20:     0x615789e07686 - core::ops::function::FnOnce::call_once::hbd723fdfa62784ce
[INFO] [stdout]                                at /rustc/202008a1b8de96d2e5b6bc02d379db03a877d34d/library/core/src/ops/function.rs:250:5
[INFO] [stdout]   21:     0x615789eff88b - core::ops::function::FnOnce::call_once::h871bf86719ec9aa4
[INFO] [stdout]                                at /rustc/202008a1b8de96d2e5b6bc02d379db03a877d34d/library/core/src/ops/function.rs:250:5
[INFO] [stdout]   22:     0x615789eff88b - test::__rust_begin_short_backtrace::h2167df1e2b7d76fd
[INFO] [stdout]                                at /rustc/202008a1b8de96d2e5b6bc02d379db03a877d34d/library/test/src/lib.rs:632:18
[INFO] [stdout]   23:     0x615789eff278 - test::run_test_in_process::{{closure}}::h15d92f75a3adfb79
[INFO] [stdout]                                at /rustc/202008a1b8de96d2e5b6bc02d379db03a877d34d/library/test/src/lib.rs:655:60
[INFO] [stdout]   24:     0x615789eff278 - <core::panic::unwind_safe::AssertUnwindSafe<F> as core::ops::function::FnOnce<()>>::call_once::hb6c8955835a8dbbb
[INFO] [stdout]                                at /rustc/202008a1b8de96d2e5b6bc02d379db03a877d34d/library/core/src/panic/unwind_safe.rs:272:9
[INFO] [stdout]   25:     0x615789eff278 - std::panicking::try::do_call::hc79d0fc888a0bd30
[INFO] [stdout]                                at /rustc/202008a1b8de96d2e5b6bc02d379db03a877d34d/library/std/src/panicking.rs:557:40
[INFO] [stdout]   26:     0x615789eff278 - std::panicking::try::hb8a7878e3a8589d6
[INFO] [stdout]                                at /rustc/202008a1b8de96d2e5b6bc02d379db03a877d34d/library/std/src/panicking.rs:520:19
[INFO] [stdout]   27:     0x615789eff278 - std::panic::catch_unwind::hb8e4600ff0ff5cfa
[INFO] [stdout]                                at /rustc/202008a1b8de96d2e5b6bc02d379db03a877d34d/library/std/src/panic.rs:358:14
[INFO] [stdout]   28:     0x615789eff278 - test::run_test_in_process::hc2900b0b18688dd6
[INFO] [stdout]                                at /rustc/202008a1b8de96d2e5b6bc02d379db03a877d34d/library/test/src/lib.rs:655:27
[INFO] [stdout]   29:     0x615789eff278 - test::run_test::{{closure}}::hac2a9cb07be3d48d
[INFO] [stdout]                                at /rustc/202008a1b8de96d2e5b6bc02d379db03a877d34d/library/test/src/lib.rs:576:43
[INFO] [stdout]   30:     0x615789ec2d1a - test::run_test::{{closure}}::h4a5b729e66a38cd8
[INFO] [stdout]                                at /rustc/202008a1b8de96d2e5b6bc02d379db03a877d34d/library/test/src/lib.rs:606:41
[INFO] [stdout]   31:     0x615789ec2d1a - std::sys::backtrace::__rust_begin_short_backtrace::h0496fb742492f573
[INFO] [stdout]                                at /rustc/202008a1b8de96d2e5b6bc02d379db03a877d34d/library/std/src/sys/backtrace.rs:154:18
[INFO] [stdout]   32:     0x615789ec6694 - std::thread::Builder::spawn_unchecked_::{{closure}}::{{closure}}::hbb6d257c550a54bd
[INFO] [stdout]                                at /rustc/202008a1b8de96d2e5b6bc02d379db03a877d34d/library/std/src/thread/mod.rs:561:17
[INFO] [stdout]   33:     0x615789ec6694 - <core::panic::unwind_safe::AssertUnwindSafe<F> as core::ops::function::FnOnce<()>>::call_once::h46696fe4a6832328
[INFO] [stdout]                                at /rustc/202008a1b8de96d2e5b6bc02d379db03a877d34d/library/core/src/panic/unwind_safe.rs:272:9
[INFO] [stdout]   34:     0x615789ec6694 - std::panicking::try::do_call::h2625a51b667bfb64
[INFO] [stdout]                                at /rustc/202008a1b8de96d2e5b6bc02d379db03a877d34d/library/std/src/panicking.rs:557:40
[INFO] [stdout]   35:     0x615789ec6694 - std::panicking::try::hb956a59a1973aa4c
[INFO] [stdout]                                at /rustc/202008a1b8de96d2e5b6bc02d379db03a877d34d/library/std/src/panicking.rs:520:19
[INFO] [stdout]   36:     0x615789ec6694 - std::panic::catch_unwind::h64f3b9d1067ef6a0
[INFO] [stdout]                                at /rustc/202008a1b8de96d2e5b6bc02d379db03a877d34d/library/std/src/panic.rs:358:14
[INFO] [stdout]   37:     0x615789ec6694 - std::thread::Builder::spawn_unchecked_::{{closure}}::h42b2841295b6c0b2
[INFO] [stdout]                                at /rustc/202008a1b8de96d2e5b6bc02d379db03a877d34d/library/std/src/thread/mod.rs:559:30
[INFO] [stdout]   38:     0x615789ec6694 - core::ops::function::FnOnce::call_once{{vtable.shim}}::h6127de71b8124639
[INFO] [stdout]                                at /rustc/202008a1b8de96d2e5b6bc02d379db03a877d34d/library/core/src/ops/function.rs:250:5
[INFO] [stdout]   39:     0x61578a226d1b - <alloc::boxed::Box<F,A> as core::ops::function::FnOnce<Args>>::call_once::h42f0ba71002a1b2c
[INFO] [stdout]                                at /rustc/202008a1b8de96d2e5b6bc02d379db03a877d34d/library/alloc/src/boxed.rs:1972:9
[INFO] [stdout]   40:     0x61578a226d1b - <alloc::boxed::Box<F,A> as core::ops::function::FnOnce<Args>>::call_once::had9e47d7a3dcecb8
[INFO] [stdout]                                at /rustc/202008a1b8de96d2e5b6bc02d379db03a877d34d/library/alloc/src/boxed.rs:1972:9
[INFO] [stdout]   41:     0x61578a226d1b - std::sys::pal::unix::thread::Thread::new::thread_start::h48cf765408f6f5f2
[INFO] [stdout]                                at /rustc/202008a1b8de96d2e5b6bc02d379db03a877d34d/library/std/src/sys/pal/unix/thread.rs:105:17
[INFO] [stdout]   42:     0x7e2b7a7faac3 - <unknown>
[INFO] [stdout]   43:     0x7e2b7a88ba04 - clone
[INFO] [stdout]   44:                0x0 - <unknown>
[INFO] [stdout] 
[INFO] [stdout] ---- serialize::tests::fill_and_stroke_color_are_properly_serialized stdout ----
[INFO] [stdout] thread 'serialize::tests::fill_and_stroke_color_are_properly_serialized' panicked at src/serialize.rs:222:9:
[INFO] [stdout] assertion failed: `(left == right)`
[INFO] [stdout] 
[INFO] [stdout] [1mDiff[0m [31m< left[0m / [32mright >[0m :
[INFO] [stdout] [31m<<?xml version="1.0" encoding="[0m[1;48;5;52;31mUTF[0m[31m-8"?>[0m
[INFO] [stdout] [32m><?xml version="1.0" encoding="[0m[1;48;5;22;32mutf[0m[32m-8"?>[0m
[INFO] [stdout]  <svg xmlns="http://www.w3.org/2000/svg" xmlns:inkscape="http://www.inkscape.org/namespaces/inkscape" xmlns:pizarra="http://pizarra.categulario.xyz/pizarra_svg.html" xmlns:sodipodi="http://sodipodi.sourceforge.net/DTD/sodipodi-0.dtd" pizarra:format="2" width="60" height="70" viewBox="-30 -35 60 70" version="1.1">
[INFO] [stdout]    <g id="background" inkscape:groupmode="layer" inkscape:label="Background" sodipodi:insensitive="true">
[INFO] [stdout]      <rect x="-30" y="-35" width="60" height="70" style="fill:#303633;fill-opacity:1;stroke:none;" />
[INFO] [stdout]    </g>
[INFO] [stdout]    <g id="shapes" inkscape:groupmode="layer" inkscape:label="Shapes">
[INFO] [stdout]      <path style="fill:none;stroke-width:0;stroke-linecap:round;stroke-linejoin:round;stroke:none;stroke-opacity:1;stroke-miterlimit:10;" d="M 0 0 L 10 10 " />
[INFO] [stdout]      <ellipse cx="0" cy="0" rx="10" ry="15" transform="rotate(0 0 0)" style="fill:none;stroke-width:0;stroke:none;stroke-opacity:1;stroke-miterlimit:10;" />
[INFO] [stdout]    </g>
[INFO] [stdout]  </svg>
[INFO] [stdout]  
[INFO] [stdout] 
[INFO] [stdout] 
[INFO] [stdout] stack backtrace:
[INFO] [stdout]    0:     0x61578a2212aa - std::backtrace_rs::backtrace::libunwind::trace::h8810477743020387
[INFO] [stdout]                                at /rustc/202008a1b8de96d2e5b6bc02d379db03a877d34d/library/std/src/../../backtrace/src/backtrace/libunwind.rs:116:5
[INFO] [stdout]    1:     0x61578a2212aa - std::backtrace_rs::backtrace::trace_unsynchronized::h3aa55355dd6c54a6
[INFO] [stdout]                                at /rustc/202008a1b8de96d2e5b6bc02d379db03a877d34d/library/std/src/../../backtrace/src/backtrace/mod.rs:66:5
[INFO] [stdout]    2:     0x61578a2212aa - std::sys::backtrace::_print_fmt::h8588b0f62410823f
[INFO] [stdout]                                at /rustc/202008a1b8de96d2e5b6bc02d379db03a877d34d/library/std/src/sys/backtrace.rs:66:9
[INFO] [stdout]    3:     0x61578a2212aa - <std::sys::backtrace::BacktraceLock::print::DisplayBacktrace as core::fmt::Display>::fmt::h98c26ac25ffe89bb
[INFO] [stdout]                                at /rustc/202008a1b8de96d2e5b6bc02d379db03a877d34d/library/std/src/sys/backtrace.rs:39:26
[INFO] [stdout]    4:     0x61578a2493e3 - core::fmt::rt::Argument::fmt::hf95377f4aebd453b
[INFO] [stdout]                                at /rustc/202008a1b8de96d2e5b6bc02d379db03a877d34d/library/core/src/fmt/rt.rs:177:76
[INFO] [stdout]    5:     0x61578a2493e3 - core::fmt::write::h0dd5f6e2238c7982
[INFO] [stdout]                                at /rustc/202008a1b8de96d2e5b6bc02d379db03a877d34d/library/core/src/fmt/mod.rs:1189:21
[INFO] [stdout]    6:     0x61578a21e413 - std::io::Write::write_fmt::h03bb0ca26e6faf8c
[INFO] [stdout]                                at /rustc/202008a1b8de96d2e5b6bc02d379db03a877d34d/library/std/src/io/mod.rs:1884:15
[INFO] [stdout]    7:     0x61578a2210f2 - std::sys::backtrace::BacktraceLock::print::h5c19c1c038ee186d
[INFO] [stdout]                                at /rustc/202008a1b8de96d2e5b6bc02d379db03a877d34d/library/std/src/sys/backtrace.rs:42:9
[INFO] [stdout]    8:     0x61578a22272d - std::panicking::default_hook::{{closure}}::h77172f079a1fcb13
[INFO] [stdout]                                at /rustc/202008a1b8de96d2e5b6bc02d379db03a877d34d/library/std/src/panicking.rs:268:22
[INFO] [stdout]    9:     0x61578a222537 - std::panicking::default_hook::he5f8e3b203ccddba
[INFO] [stdout]                                at /rustc/202008a1b8de96d2e5b6bc02d379db03a877d34d/library/std/src/panicking.rs:292:9
[INFO] [stdout]   10:     0x615789efad67 - <alloc::boxed::Box<F,A> as core::ops::function::Fn<Args>>::call::h7a3c7b4a1ae77f2f
[INFO] [stdout]                                at /rustc/202008a1b8de96d2e5b6bc02d379db03a877d34d/library/alloc/src/boxed.rs:1986:9
[INFO] [stdout]   11:     0x615789efad67 - test::test_main::{{closure}}::hf0d3b69ae9b353d1
[INFO] [stdout]                                at /rustc/202008a1b8de96d2e5b6bc02d379db03a877d34d/library/test/src/lib.rs:134:21
[INFO] [stdout]   12:     0x61578a222dd8 - <alloc::boxed::Box<F,A> as core::ops::function::Fn<Args>>::call::h6332e82e7b189abd
[INFO] [stdout]                                at /rustc/202008a1b8de96d2e5b6bc02d379db03a877d34d/library/alloc/src/boxed.rs:1986:9
[INFO] [stdout]   13:     0x61578a222dd8 - std::panicking::rust_panic_with_hook::h53863d4e9018df39
[INFO] [stdout]                                at /rustc/202008a1b8de96d2e5b6bc02d379db03a877d34d/library/std/src/panicking.rs:809:13
[INFO] [stdout]   14:     0x61578a222b9a - std::panicking::begin_panic_handler::{{closure}}::h67280e6fa0757873
[INFO] [stdout]                                at /rustc/202008a1b8de96d2e5b6bc02d379db03a877d34d/library/std/src/panicking.rs:674:13
[INFO] [stdout]   15:     0x61578a221789 - std::sys::backtrace::__rust_end_short_backtrace::h1dac3f54d6fbbeb2
[INFO] [stdout]                                at /rustc/202008a1b8de96d2e5b6bc02d379db03a877d34d/library/std/src/sys/backtrace.rs:170:18
[INFO] [stdout]   16:     0x61578a22282c - rust_begin_unwind
[INFO] [stdout]                                at /rustc/202008a1b8de96d2e5b6bc02d379db03a877d34d/library/std/src/panicking.rs:665:5
[INFO] [stdout]   17:     0x615789dc51e0 - core::panicking::panic_fmt::h6792bd1b2bf01041
[INFO] [stdout]                                at /rustc/202008a1b8de96d2e5b6bc02d379db03a877d34d/library/core/src/panicking.rs:76:14
[INFO] [stdout]   18:     0x615789e4801b - pizarra::serialize::tests::fill_and_stroke_color_are_properly_serialized::h9040f9fc3de7726e
[INFO] [stdout]                                at /opt/rustwide/workdir/src/serialize.rs:222:9
[INFO] [stdout]   19:     0x615789e479e7 - pizarra::serialize::tests::fill_and_stroke_color_are_properly_serialized::{{closure}}::heb759c7f5c23b577
[INFO] [stdout]                                at /opt/rustwide/workdir/src/serialize.rs:201:55
[INFO] [stdout]   20:     0x615789dfc4e6 - core::ops::function::FnOnce::call_once::h62f6d8c1e92dfc14
[INFO] [stdout]                                at /rustc/202008a1b8de96d2e5b6bc02d379db03a877d34d/library/core/src/ops/function.rs:250:5
[INFO] [stdout]   21:     0x615789eff88b - core::ops::function::FnOnce::call_once::h871bf86719ec9aa4
[INFO] [stdout]                                at /rustc/202008a1b8de96d2e5b6bc02d379db03a877d34d/library/core/src/ops/function.rs:250:5
[INFO] [stdout]   22:     0x615789eff88b - test::__rust_begin_short_backtrace::h2167df1e2b7d76fd
[INFO] [stdout]                                at /rustc/202008a1b8de96d2e5b6bc02d379db03a877d34d/library/test/src/lib.rs:632:18
[INFO] [stdout]   23:     0x615789eff278 - test::run_test_in_process::{{closure}}::h15d92f75a3adfb79
[INFO] [stdout]                                at /rustc/202008a1b8de96d2e5b6bc02d379db03a877d34d/library/test/src/lib.rs:655:60
[INFO] [stdout]   24:     0x615789eff278 - <core::panic::unwind_safe::AssertUnwindSafe<F> as core::ops::function::FnOnce<()>>::call_once::hb6c8955835a8dbbb
[INFO] [stdout]                                at /rustc/202008a1b8de96d2e5b6bc02d379db03a877d34d/library/core/src/panic/unwind_safe.rs:272:9
[INFO] [stdout]   25:     0x615789eff278 - std::panicking::try::do_call::hc79d0fc888a0bd30
[INFO] [stdout]                                at /rustc/202008a1b8de96d2e5b6bc02d379db03a877d34d/library/std/src/panicking.rs:557:40
[INFO] [stdout]   26:     0x615789eff278 - std::panicking::try::hb8a7878e3a8589d6
[INFO] [stdout]                                at /rustc/202008a1b8de96d2e5b6bc02d379db03a877d34d/library/std/src/panicking.rs:520:19
[INFO] [stdout]   27:     0x615789eff278 - std::panic::catch_unwind::hb8e4600ff0ff5cfa
[INFO] [stdout]                                at /rustc/202008a1b8de96d2e5b6bc02d379db03a877d34d/library/std/src/panic.rs:358:14
[INFO] [stdout]   28:     0x615789eff278 - test::run_test_in_process::hc2900b0b18688dd6
[INFO] [stdout]                                at /rustc/202008a1b8de96d2e5b6bc02d379db03a877d34d/library/test/src/lib.rs:655:27
[INFO] [stdout]   29:     0x615789eff278 - test::run_test::{{closure}}::hac2a9cb07be3d48d
[INFO] [stdout]                                at /rustc/202008a1b8de96d2e5b6bc02d379db03a877d34d/library/test/src/lib.rs:576:43
[INFO] [stdout]   30:     0x615789ec2d1a - test::run_test::{{closure}}::h4a5b729e66a38cd8
[INFO] [stdout]                                at /rustc/202008a1b8de96d2e5b6bc02d379db03a877d34d/library/test/src/lib.rs:606:41
[INFO] [stdout]   31:     0x615789ec2d1a - std::sys::backtrace::__rust_begin_short_backtrace::h0496fb742492f573
[INFO] [stdout]                                at /rustc/202008a1b8de96d2e5b6bc02d379db03a877d34d/library/std/src/sys/backtrace.rs:154:18
[INFO] [stdout]   32:     0x615789ec6694 - std::thread::Builder::spawn_unchecked_::{{closure}}::{{closure}}::hbb6d257c550a54bd
[INFO] [stdout]                                at /rustc/202008a1b8de96d2e5b6bc02d379db03a877d34d/library/std/src/thread/mod.rs:561:17
[INFO] [stdout]   33:     0x615789ec6694 - <core::panic::unwind_safe::AssertUnwindSafe<F> as core::ops::function::FnOnce<()>>::call_once::h46696fe4a6832328
[INFO] [stdout]                                at /rustc/202008a1b8de96d2e5b6bc02d379db03a877d34d/library/core/src/panic/unwind_safe.rs:272:9
[INFO] [stdout]   34:     0x615789ec6694 - std::panicking::try::do_call::h2625a51b667bfb64
[INFO] [stdout]                                at /rustc/202008a1b8de96d2e5b6bc02d379db03a877d34d/library/std/src/panicking.rs:557:40
[INFO] [stdout]   35:     0x615789ec6694 - std::panicking::try::hb956a59a1973aa4c
[INFO] [stdout]                                at /rustc/202008a1b8de96d2e5b6bc02d379db03a877d34d/library/std/src/panicking.rs:520:19
[INFO] [stdout]   36:     0x615789ec6694 - std::panic::catch_unwind::h64f3b9d1067ef6a0
[INFO] [stdout]                                at /rustc/202008a1b8de96d2e5b6bc02d379db03a877d34d/library/std/src/panic.rs:358:14
[INFO] [stdout]   37:     0x615789ec6694 - std::thread::Builder::spawn_unchecked_::{{closure}}::h42b2841295b6c0b2
[INFO] [stdout]                                at /rustc/202008a1b8de96d2e5b6bc02d379db03a877d34d/library/std/src/thread/mod.rs:559:30
[INFO] [stdout]   38:     0x615789ec6694 - core::ops::function::FnOnce::call_once{{vtable.shim}}::h6127de71b8124639
[INFO] [stdout]                                at /rustc/202008a1b8de96d2e5b6bc02d379db03a877d34d/library/core/src/ops/function.rs:250:5
[INFO] [stdout]   39:     0x61578a226d1b - <alloc::boxed::Box<F,A> as core::ops::function::FnOnce<Args>>::call_once::h42f0ba71002a1b2c
[INFO] [stdout]                                at /rustc/202008a1b8de96d2e5b6bc02d379db03a877d34d/library/alloc/src/boxed.rs:1972:9
[INFO] [stdout]   40:     0x61578a226d1b - <alloc::boxed::Box<F,A> as core::ops::function::FnOnce<Args>>::call_once::had9e47d7a3dcecb8
[INFO] [stdout]                                at /rustc/202008a1b8de96d2e5b6bc02d379db03a877d34d/library/alloc/src/boxed.rs:1972:9
[INFO] [stdout]   41:     0x61578a226d1b - std::sys::pal::unix::thread::Thread::new::thread_start::h48cf765408f6f5f2
[INFO] [stdout]                                at /rustc/202008a1b8de96d2e5b6bc02d379db03a877d34d/library/std/src/sys/pal/unix/thread.rs:105:17
[INFO] [stdout]   42:     0x7e2b7a7faac3 - <unknown>
[INFO] [stdout]   43:     0x7e2b7a88ba04 - clone
[INFO] [stdout]   44:                0x0 - <unknown>
[INFO] [stdout] 
[INFO] [stdout] 
[INFO] [stdout] failures:
[INFO] [stdout]     serialize::tests::an_empty_drawing_is_serializable
[INFO] [stdout]     serialize::tests::fill_and_stroke_color_are_properly_serialized
[INFO] [stdout]     serialize::tests::serialize_ellipse
[INFO] [stdout]     serialize::tests::serialize_to_new_format
[INFO] [stdout]     serialize::tests::test_serialize
[INFO] [stdout]     serialize::tests::test_serialize_color_with_alpha
[INFO] [stdout] 
[INFO] [stdout] test result: FAILED. 144 passed; 6 failed; 2 ignored; 0 measured; 0 filtered out; finished in 0.15s
[INFO] [stdout] 
[INFO] [stderr] error: test failed, to rerun pass `--lib`
[INFO] running `Command { std: "docker" "inspect" "8cecdd739dcc1fe0aa42f5d1c601dc49d754eb39e43aeccd5f8711d0a831910a", kill_on_drop: false }`
[INFO] running `Command { std: "docker" "rm" "-f" "8cecdd739dcc1fe0aa42f5d1c601dc49d754eb39e43aeccd5f8711d0a831910a", kill_on_drop: false }`
[INFO] [stdout] 8cecdd739dcc1fe0aa42f5d1c601dc49d754eb39e43aeccd5f8711d0a831910a
