[INFO] fetching crate pinpoint 0.1.2...
[INFO] testing pinpoint-0.1.2 against beta-2024-12-08 for beta-1.84.0-4-retry
[INFO] extracting crate pinpoint 0.1.2 into /workspace/builds/worker-2-tc2/source
[INFO] validating manifest of crates.io crate pinpoint 0.1.2 on toolchain beta-2024-12-08
[INFO] running `Command { std: CARGO_HOME="/workspace/cargo-home" RUSTUP_HOME="/workspace/rustup-home" "/workspace/cargo-home/bin/cargo" "+beta-2024-12-08" "metadata" "--manifest-path" "Cargo.toml" "--no-deps", kill_on_drop: false }`
[INFO] started tweaking crates.io crate pinpoint 0.1.2
[INFO] finished tweaking crates.io crate pinpoint 0.1.2
[INFO] tweaked toml for crates.io crate pinpoint 0.1.2 written to /workspace/builds/worker-2-tc2/source/Cargo.toml
[INFO] running `Command { std: CARGO_HOME="/workspace/cargo-home" RUSTUP_HOME="/workspace/rustup-home" "/workspace/cargo-home/bin/cargo" "+beta-2024-12-08" "generate-lockfile" "--manifest-path" "Cargo.toml", kill_on_drop: false }`
[INFO] running `Command { std: CARGO_HOME="/workspace/cargo-home" RUSTUP_HOME="/workspace/rustup-home" "/workspace/cargo-home/bin/cargo" "+beta-2024-12-08" "fetch" "--manifest-path" "Cargo.toml", kill_on_drop: false }`
[INFO] running `Command { std: "docker" "create" "-v" "/var/lib/crater-agent-workspace/builds/worker-2-tc2/target:/opt/rustwide/target:rw,Z" "-v" "/var/lib/crater-agent-workspace/builds/worker-2-tc2/source:/opt/rustwide/workdir:ro,Z" "-v" "/var/lib/crater-agent-workspace/cargo-home:/opt/rustwide/cargo-home:ro,Z" "-v" "/var/lib/crater-agent-workspace/rustup-home:/opt/rustwide/rustup-home:ro,Z" "-e" "SOURCE_DIR=/opt/rustwide/workdir" "-e" "CARGO_TARGET_DIR=/opt/rustwide/target" "-e" "CARGO_HOME=/opt/rustwide/cargo-home" "-e" "RUSTUP_HOME=/opt/rustwide/rustup-home" "-w" "/opt/rustwide/workdir" "-m" "1610612736" "--user" "0:0" "--network" "none" "ghcr.io/rust-lang/crates-build-env/linux@sha256:f3a9d4ad9d972b27faf3965f35b62e55ba32bbce8f20bc8fe909558a86702fde" "/opt/rustwide/cargo-home/bin/cargo" "+beta-2024-12-08" "metadata" "--no-deps" "--format-version=1", kill_on_drop: false }`
[INFO] [stdout] d8c70e34959d8f8d16c57fdec259b340921074fab679e6bb469311497d9eade5
[INFO] running `Command { std: "docker" "start" "-a" "d8c70e34959d8f8d16c57fdec259b340921074fab679e6bb469311497d9eade5", kill_on_drop: false }`
[INFO] running `Command { std: "docker" "inspect" "d8c70e34959d8f8d16c57fdec259b340921074fab679e6bb469311497d9eade5", kill_on_drop: false }`
[INFO] running `Command { std: "docker" "rm" "-f" "d8c70e34959d8f8d16c57fdec259b340921074fab679e6bb469311497d9eade5", kill_on_drop: false }`
[INFO] [stdout] d8c70e34959d8f8d16c57fdec259b340921074fab679e6bb469311497d9eade5
[INFO] running `Command { std: "docker" "create" "-v" "/var/lib/crater-agent-workspace/builds/worker-2-tc2/target:/opt/rustwide/target:rw,Z" "-v" "/var/lib/crater-agent-workspace/builds/worker-2-tc2/source:/opt/rustwide/workdir:ro,Z" "-v" "/var/lib/crater-agent-workspace/cargo-home:/opt/rustwide/cargo-home:ro,Z" "-v" "/var/lib/crater-agent-workspace/rustup-home:/opt/rustwide/rustup-home:ro,Z" "-e" "SOURCE_DIR=/opt/rustwide/workdir" "-e" "CARGO_TARGET_DIR=/opt/rustwide/target" "-e" "CARGO_INCREMENTAL=0" "-e" "RUST_BACKTRACE=full" "-e" "RUSTFLAGS=--cap-lints=warn" "-e" "RUSTDOCFLAGS=--cap-lints=warn" "-e" "CARGO_HOME=/opt/rustwide/cargo-home" "-e" "RUSTUP_HOME=/opt/rustwide/rustup-home" "-w" "/opt/rustwide/workdir" "-m" "1610612736" "--user" "0:0" "--network" "none" "ghcr.io/rust-lang/crates-build-env/linux@sha256:f3a9d4ad9d972b27faf3965f35b62e55ba32bbce8f20bc8fe909558a86702fde" "/opt/rustwide/cargo-home/bin/cargo" "+beta-2024-12-08" "build" "--frozen" "--message-format=json", kill_on_drop: false }`
[INFO] [stdout] 376f85030773bb333dc45a18c739b1a93f6fcca5d965c1c934ee993716bf0221
[INFO] running `Command { std: "docker" "start" "-a" "376f85030773bb333dc45a18c739b1a93f6fcca5d965c1c934ee993716bf0221", kill_on_drop: false }`
[INFO] [stderr]    Compiling pinpoint v0.1.2 (/opt/rustwide/workdir)
[INFO] [stderr]     Finished `dev` profile [unoptimized + debuginfo] target(s) in 0.18s
[INFO] running `Command { std: "docker" "inspect" "376f85030773bb333dc45a18c739b1a93f6fcca5d965c1c934ee993716bf0221", kill_on_drop: false }`
[INFO] running `Command { std: "docker" "rm" "-f" "376f85030773bb333dc45a18c739b1a93f6fcca5d965c1c934ee993716bf0221", kill_on_drop: false }`
[INFO] [stdout] 376f85030773bb333dc45a18c739b1a93f6fcca5d965c1c934ee993716bf0221
[INFO] running `Command { std: "docker" "create" "-v" "/var/lib/crater-agent-workspace/builds/worker-2-tc2/target:/opt/rustwide/target:rw,Z" "-v" "/var/lib/crater-agent-workspace/builds/worker-2-tc2/source:/opt/rustwide/workdir:ro,Z" "-v" "/var/lib/crater-agent-workspace/cargo-home:/opt/rustwide/cargo-home:ro,Z" "-v" "/var/lib/crater-agent-workspace/rustup-home:/opt/rustwide/rustup-home:ro,Z" "-e" "SOURCE_DIR=/opt/rustwide/workdir" "-e" "CARGO_TARGET_DIR=/opt/rustwide/target" "-e" "CARGO_INCREMENTAL=0" "-e" "RUST_BACKTRACE=full" "-e" "RUSTFLAGS=--cap-lints=warn" "-e" "RUSTDOCFLAGS=--cap-lints=warn" "-e" "CARGO_HOME=/opt/rustwide/cargo-home" "-e" "RUSTUP_HOME=/opt/rustwide/rustup-home" "-w" "/opt/rustwide/workdir" "-m" "1610612736" "--user" "0:0" "--network" "none" "ghcr.io/rust-lang/crates-build-env/linux@sha256:f3a9d4ad9d972b27faf3965f35b62e55ba32bbce8f20bc8fe909558a86702fde" "/opt/rustwide/cargo-home/bin/cargo" "+beta-2024-12-08" "test" "--frozen" "--no-run" "--message-format=json", kill_on_drop: false }`
[INFO] [stdout] ed21f4644a92e0119cf669a326eb80018b05d9b773eb1e627965225ada3a87ab
[INFO] running `Command { std: "docker" "start" "-a" "ed21f4644a92e0119cf669a326eb80018b05d9b773eb1e627965225ada3a87ab", kill_on_drop: false }`
[INFO] [stderr]    Compiling pinpoint v0.1.2 (/opt/rustwide/workdir)
[INFO] [stderr]     Finished `test` profile [unoptimized + debuginfo] target(s) in 0.39s
[INFO] running `Command { std: "docker" "inspect" "ed21f4644a92e0119cf669a326eb80018b05d9b773eb1e627965225ada3a87ab", kill_on_drop: false }`
[INFO] running `Command { std: "docker" "rm" "-f" "ed21f4644a92e0119cf669a326eb80018b05d9b773eb1e627965225ada3a87ab", kill_on_drop: false }`
[INFO] [stdout] ed21f4644a92e0119cf669a326eb80018b05d9b773eb1e627965225ada3a87ab
[INFO] running `Command { std: "docker" "create" "-v" "/var/lib/crater-agent-workspace/builds/worker-2-tc2/target:/opt/rustwide/target:rw,Z" "-v" "/var/lib/crater-agent-workspace/builds/worker-2-tc2/source:/opt/rustwide/workdir:ro,Z" "-v" "/var/lib/crater-agent-workspace/cargo-home:/opt/rustwide/cargo-home:ro,Z" "-v" "/var/lib/crater-agent-workspace/rustup-home:/opt/rustwide/rustup-home:ro,Z" "-e" "SOURCE_DIR=/opt/rustwide/workdir" "-e" "CARGO_TARGET_DIR=/opt/rustwide/target" "-e" "CARGO_INCREMENTAL=0" "-e" "RUST_BACKTRACE=full" "-e" "RUSTFLAGS=--cap-lints=warn" "-e" "RUSTDOCFLAGS=--cap-lints=warn" "-e" "CARGO_HOME=/opt/rustwide/cargo-home" "-e" "RUSTUP_HOME=/opt/rustwide/rustup-home" "-w" "/opt/rustwide/workdir" "-m" "1610612736" "--user" "0:0" "--network" "none" "ghcr.io/rust-lang/crates-build-env/linux@sha256:f3a9d4ad9d972b27faf3965f35b62e55ba32bbce8f20bc8fe909558a86702fde" "/opt/rustwide/cargo-home/bin/cargo" "+beta-2024-12-08" "test" "--frozen", kill_on_drop: false }`
[INFO] [stdout] a779a65c5dbb98b55b48618a23563c362f7d8635daad4bec6337065a47504dc6
[INFO] running `Command { std: "docker" "start" "-a" "a779a65c5dbb98b55b48618a23563c362f7d8635daad4bec6337065a47504dc6", kill_on_drop: false }`
[INFO] [stderr]     Finished `test` profile [unoptimized + debuginfo] target(s) in 0.01s
[INFO] [stderr]      Running unittests src/lib.rs (/opt/rustwide/target/debug/deps/pinpoint-36530568d8190af0)
[INFO] [stdout] 
[INFO] [stdout] running 0 tests
[INFO] [stdout] 
[INFO] [stdout] test result: ok. 0 passed; 0 failed; 0 ignored; 0 measured; 0 filtered out; finished in 0.00s
[INFO] [stdout] 
[INFO] [stderr]    Doc-tests pinpoint
[INFO] [stdout] 
[INFO] [stdout] running 2 tests
[INFO] [stdout] test src/lib.rs - (line 9) ... FAILED
[INFO] [stdout] test src/lib.rs - (line 22) ... FAILED
[INFO] [stdout] 
[INFO] [stdout] failures:
[INFO] [stdout] 
[INFO] [stdout] ---- src/lib.rs - (line 9) stdout ----
[INFO] [stdout] error[E0432]: unresolved import `pinpoint::IntoPin`
[INFO] [stdout]   --> src/lib.rs:14:5
[INFO] [stdout]    |
[INFO] [stdout] 7  | use pinpoint::IntoPin;
[INFO] [stdout]    |     ^^^^^^^^^^^^^^^^^ no `IntoPin` in the root
[INFO] [stdout]    |
[INFO] [stdout] note: found an item that was configured out
[INFO] [stdout]   --> /opt/rustwide/workdir/src/lib.rs:55:23
[INFO] [stdout]    |
[INFO] [stdout] 55 | pub use self::pinned::IntoPin;
[INFO] [stdout]    |                       ^^^^^^^
[INFO] [stdout] note: the item is gated behind the `pinned` feature
[INFO] [stdout]   --> /opt/rustwide/workdir/src/lib.rs:54:7
[INFO] [stdout]    |
[INFO] [stdout] 54 | #[cfg(feature = "pinned")]
[INFO] [stdout]    |       ^^^^^^^^^^^^^^^^^^
[INFO] [stdout] 
[INFO] [stdout] error[E0554]: `#![feature]` may not be used on the beta release channel
[INFO] [stdout]  --> src/lib.rs:9:1
[INFO] [stdout]   |
[INFO] [stdout] 2 | #![feature(pin)]
[INFO] [stdout]   | ^^^^^^^^^^^^^^^^
[INFO] [stdout] 
[INFO] [stdout] warning: the feature `pin` has been stable since 1.33.0 and no longer requires an attribute to enable
[INFO] [stdout]  --> src/lib.rs:9:12
[INFO] [stdout]   |
[INFO] [stdout] 2 | #![feature(pin)]
[INFO] [stdout]   |            ^^^
[INFO] [stdout]   |
[INFO] [stdout]   = note: `#[warn(stable_features)]` on by default
[INFO] [stdout] 
[INFO] [stdout] error[E0599]: no method named `into_pin` found for reference `&Vec<{integer}>` in the current scope
[INFO] [stdout]   --> src/lib.rs:18:38
[INFO] [stdout]    |
[INFO] [stdout] 11 | let pinned_slice: Pin<&[u32]> = (&v).into_pin();
[INFO] [stdout]    |                                      ^^^^^^^^
[INFO] [stdout]    |
[INFO] [stdout] help: there is a method `into` with a similar name
[INFO] [stdout]    |
[INFO] [stdout] 11 | let pinned_slice: Pin<&[u32]> = (&v).into();
[INFO] [stdout]    |                                      ~~~~
[INFO] [stdout] 
[INFO] [stdout] error: aborting due to 3 previous errors; 1 warning emitted
[INFO] [stdout] 
[INFO] [stdout] Some errors have detailed explanations: E0432, E0554, E0599.
[INFO] [stdout] For more information about an error, try `rustc --explain E0432`.
[INFO] [stdout] Couldn't compile the test.
[INFO] [stdout] ---- src/lib.rs - (line 22) stdout ----
[INFO] [stdout] error[E0432]: unresolved import `pinpoint::IntoPin`
[INFO] [stdout]   --> src/lib.rs:27:5
[INFO] [stdout]    |
[INFO] [stdout] 7  | use pinpoint::IntoPin;
[INFO] [stdout]    |     ^^^^^^^^^^^^^^^^^ no `IntoPin` in the root
[INFO] [stdout]    |
[INFO] [stdout] note: found an item that was configured out
[INFO] [stdout]   --> /opt/rustwide/workdir/src/lib.rs:55:23
[INFO] [stdout]    |
[INFO] [stdout] 55 | pub use self::pinned::IntoPin;
[INFO] [stdout]    |                       ^^^^^^^
[INFO] [stdout] note: the item is gated behind the `pinned` feature
[INFO] [stdout]   --> /opt/rustwide/workdir/src/lib.rs:54:7
[INFO] [stdout]    |
[INFO] [stdout] 54 | #[cfg(feature = "pinned")]
[INFO] [stdout]    |       ^^^^^^^^^^^^^^^^^^
[INFO] [stdout] 
[INFO] [stdout] error[E0554]: `#![feature]` may not be used on the beta release channel
[INFO] [stdout]  --> src/lib.rs:22:1
[INFO] [stdout]   |
[INFO] [stdout] 2 | #![feature(pin)]
[INFO] [stdout]   | ^^^^^^^^^^^^^^^^
[INFO] [stdout] 
[INFO] [stdout] warning: the feature `pin` has been stable since 1.33.0 and no longer requires an attribute to enable
[INFO] [stdout]  --> src/lib.rs:22:12
[INFO] [stdout]   |
[INFO] [stdout] 2 | #![feature(pin)]
[INFO] [stdout]   |            ^^^
[INFO] [stdout]   |
[INFO] [stdout]   = note: `#[warn(stable_features)]` on by default
[INFO] [stdout] 
[INFO] [stdout] error: aborting due to 2 previous errors; 1 warning emitted
[INFO] [stdout] 
[INFO] [stdout] Some errors have detailed explanations: E0432, E0554.
[INFO] [stdout] For more information about an error, try `rustc --explain E0432`.
[INFO] [stdout] Couldn't compile the test.
[INFO] [stdout] 
[INFO] [stdout] failures:
[INFO] [stdout]     src/lib.rs - (line 22)
[INFO] [stdout]     src/lib.rs - (line 9)
[INFO] [stdout] 
[INFO] [stdout] test result: FAILED. 0 passed; 2 failed; 0 ignored; 0 measured; 0 filtered out; finished in 0.20s
[INFO] [stdout] 
[INFO] [stderr] error: doctest failed, to rerun pass `--doc`
[INFO] running `Command { std: "docker" "inspect" "a779a65c5dbb98b55b48618a23563c362f7d8635daad4bec6337065a47504dc6", kill_on_drop: false }`
[INFO] running `Command { std: "docker" "rm" "-f" "a779a65c5dbb98b55b48618a23563c362f7d8635daad4bec6337065a47504dc6", kill_on_drop: false }`
[INFO] [stdout] a779a65c5dbb98b55b48618a23563c362f7d8635daad4bec6337065a47504dc6
