[INFO] fetching crate partially 0.2.1...
[INFO] testing partially-0.2.1 against 1.83.0 for beta-1.84.0-4-retry
[INFO] extracting crate partially 0.2.1 into /workspace/builds/worker-2-tc1/source
[INFO] validating manifest of crates.io crate partially 0.2.1 on toolchain 1.83.0
[INFO] running `Command { std: CARGO_HOME="/workspace/cargo-home" RUSTUP_HOME="/workspace/rustup-home" "/workspace/cargo-home/bin/cargo" "+1.83.0" "metadata" "--manifest-path" "Cargo.toml" "--no-deps", kill_on_drop: false }`
[INFO] started tweaking crates.io crate partially 0.2.1
[INFO] finished tweaking crates.io crate partially 0.2.1
[INFO] tweaked toml for crates.io crate partially 0.2.1 written to /workspace/builds/worker-2-tc1/source/Cargo.toml
[INFO] running `Command { std: CARGO_HOME="/workspace/cargo-home" RUSTUP_HOME="/workspace/rustup-home" "/workspace/cargo-home/bin/cargo" "+1.83.0" "generate-lockfile" "--manifest-path" "Cargo.toml", kill_on_drop: false }`
[INFO] [stderr]     Blocking waiting for file lock on package cache
[INFO] [stderr]     Updating crates.io index
[INFO] [stderr]      Locking 17 packages to latest compatible versions
[INFO] running `Command { std: CARGO_HOME="/workspace/cargo-home" RUSTUP_HOME="/workspace/rustup-home" "/workspace/cargo-home/bin/cargo" "+1.83.0" "fetch" "--manifest-path" "Cargo.toml", kill_on_drop: false }`
[INFO] [stderr]     Blocking waiting for file lock on package cache
[INFO] [stderr]  Downloading crates ...
[INFO] [stderr]   Downloaded partially_derive v0.2.1
[INFO] running `Command { std: "docker" "create" "-v" "/var/lib/crater-agent-workspace/builds/worker-2-tc1/target:/opt/rustwide/target:rw,Z" "-v" "/var/lib/crater-agent-workspace/builds/worker-2-tc1/source:/opt/rustwide/workdir:ro,Z" "-v" "/var/lib/crater-agent-workspace/cargo-home:/opt/rustwide/cargo-home:ro,Z" "-v" "/var/lib/crater-agent-workspace/rustup-home:/opt/rustwide/rustup-home:ro,Z" "-e" "SOURCE_DIR=/opt/rustwide/workdir" "-e" "CARGO_TARGET_DIR=/opt/rustwide/target" "-e" "CARGO_HOME=/opt/rustwide/cargo-home" "-e" "RUSTUP_HOME=/opt/rustwide/rustup-home" "-w" "/opt/rustwide/workdir" "-m" "1610612736" "--user" "0:0" "--network" "none" "ghcr.io/rust-lang/crates-build-env/linux@sha256:f3a9d4ad9d972b27faf3965f35b62e55ba32bbce8f20bc8fe909558a86702fde" "/opt/rustwide/cargo-home/bin/cargo" "+1.83.0" "metadata" "--no-deps" "--format-version=1", kill_on_drop: false }`
[INFO] [stdout] d84c0327d43d5c5c7fd846bd9534d2eb3dec61eefa58d85f35b3f3484ffd2b32
[INFO] running `Command { std: "docker" "start" "-a" "d84c0327d43d5c5c7fd846bd9534d2eb3dec61eefa58d85f35b3f3484ffd2b32", kill_on_drop: false }`
[INFO] running `Command { std: "docker" "inspect" "d84c0327d43d5c5c7fd846bd9534d2eb3dec61eefa58d85f35b3f3484ffd2b32", kill_on_drop: false }`
[INFO] running `Command { std: "docker" "rm" "-f" "d84c0327d43d5c5c7fd846bd9534d2eb3dec61eefa58d85f35b3f3484ffd2b32", kill_on_drop: false }`
[INFO] [stdout] d84c0327d43d5c5c7fd846bd9534d2eb3dec61eefa58d85f35b3f3484ffd2b32
[INFO] running `Command { std: "docker" "create" "-v" "/var/lib/crater-agent-workspace/builds/worker-2-tc1/target:/opt/rustwide/target:rw,Z" "-v" "/var/lib/crater-agent-workspace/builds/worker-2-tc1/source:/opt/rustwide/workdir:ro,Z" "-v" "/var/lib/crater-agent-workspace/cargo-home:/opt/rustwide/cargo-home:ro,Z" "-v" "/var/lib/crater-agent-workspace/rustup-home:/opt/rustwide/rustup-home:ro,Z" "-e" "SOURCE_DIR=/opt/rustwide/workdir" "-e" "CARGO_TARGET_DIR=/opt/rustwide/target" "-e" "CARGO_INCREMENTAL=0" "-e" "RUST_BACKTRACE=full" "-e" "RUSTFLAGS=--cap-lints=warn" "-e" "RUSTDOCFLAGS=--cap-lints=warn" "-e" "CARGO_HOME=/opt/rustwide/cargo-home" "-e" "RUSTUP_HOME=/opt/rustwide/rustup-home" "-w" "/opt/rustwide/workdir" "-m" "1610612736" "--user" "0:0" "--network" "none" "ghcr.io/rust-lang/crates-build-env/linux@sha256:f3a9d4ad9d972b27faf3965f35b62e55ba32bbce8f20bc8fe909558a86702fde" "/opt/rustwide/cargo-home/bin/cargo" "+1.83.0" "build" "--frozen" "--message-format=json", kill_on_drop: false }`
[INFO] [stdout] f97dbe93d7eda299b90f20fb1cae1e2c7e9425b5126f72406a603d554cc32434
[INFO] running `Command { std: "docker" "start" "-a" "f97dbe93d7eda299b90f20fb1cae1e2c7e9425b5126f72406a603d554cc32434", kill_on_drop: false }`
[INFO] [stderr]    Compiling partially v0.2.1 (/opt/rustwide/workdir)
[INFO] [stderr]     Finished `dev` profile [unoptimized + debuginfo] target(s) in 0.14s
[INFO] running `Command { std: "docker" "inspect" "f97dbe93d7eda299b90f20fb1cae1e2c7e9425b5126f72406a603d554cc32434", kill_on_drop: false }`
[INFO] running `Command { std: "docker" "rm" "-f" "f97dbe93d7eda299b90f20fb1cae1e2c7e9425b5126f72406a603d554cc32434", kill_on_drop: false }`
[INFO] [stdout] f97dbe93d7eda299b90f20fb1cae1e2c7e9425b5126f72406a603d554cc32434
[INFO] running `Command { std: "docker" "create" "-v" "/var/lib/crater-agent-workspace/builds/worker-2-tc1/target:/opt/rustwide/target:rw,Z" "-v" "/var/lib/crater-agent-workspace/builds/worker-2-tc1/source:/opt/rustwide/workdir:ro,Z" "-v" "/var/lib/crater-agent-workspace/cargo-home:/opt/rustwide/cargo-home:ro,Z" "-v" "/var/lib/crater-agent-workspace/rustup-home:/opt/rustwide/rustup-home:ro,Z" "-e" "SOURCE_DIR=/opt/rustwide/workdir" "-e" "CARGO_TARGET_DIR=/opt/rustwide/target" "-e" "CARGO_INCREMENTAL=0" "-e" "RUST_BACKTRACE=full" "-e" "RUSTFLAGS=--cap-lints=warn" "-e" "RUSTDOCFLAGS=--cap-lints=warn" "-e" "CARGO_HOME=/opt/rustwide/cargo-home" "-e" "RUSTUP_HOME=/opt/rustwide/rustup-home" "-w" "/opt/rustwide/workdir" "-m" "1610612736" "--user" "0:0" "--network" "none" "ghcr.io/rust-lang/crates-build-env/linux@sha256:f3a9d4ad9d972b27faf3965f35b62e55ba32bbce8f20bc8fe909558a86702fde" "/opt/rustwide/cargo-home/bin/cargo" "+1.83.0" "test" "--frozen" "--no-run" "--message-format=json", kill_on_drop: false }`
[INFO] [stdout] f4c95759027859ac04f2df253d0be56c8cada6365a60bd81d761bbd147ac2fb2
[INFO] running `Command { std: "docker" "start" "-a" "f4c95759027859ac04f2df253d0be56c8cada6365a60bd81d761bbd147ac2fb2", kill_on_drop: false }`
[INFO] [stderr]    Compiling proc-macro2 v1.0.92
[INFO] [stderr]    Compiling unicode-ident v1.0.14
[INFO] [stderr]    Compiling serde v1.0.216
[INFO] [stderr]    Compiling serde_json v1.0.133
[INFO] [stderr]    Compiling itoa v1.0.14
[INFO] [stderr]    Compiling memchr v2.7.4
[INFO] [stderr]    Compiling ryu v1.0.18
[INFO] [stderr]    Compiling quote v1.0.37
[INFO] [stderr]    Compiling syn v2.0.90
[INFO] [stderr]    Compiling serde_derive v1.0.216
[INFO] [stderr]    Compiling partially v0.2.1 (/opt/rustwide/workdir)
[INFO] [stderr]     Finished `test` profile [unoptimized + debuginfo] target(s) in 13.17s
[INFO] running `Command { std: "docker" "inspect" "f4c95759027859ac04f2df253d0be56c8cada6365a60bd81d761bbd147ac2fb2", kill_on_drop: false }`
[INFO] running `Command { std: "docker" "rm" "-f" "f4c95759027859ac04f2df253d0be56c8cada6365a60bd81d761bbd147ac2fb2", kill_on_drop: false }`
[INFO] [stdout] f4c95759027859ac04f2df253d0be56c8cada6365a60bd81d761bbd147ac2fb2
[INFO] running `Command { std: "docker" "create" "-v" "/var/lib/crater-agent-workspace/builds/worker-2-tc1/target:/opt/rustwide/target:rw,Z" "-v" "/var/lib/crater-agent-workspace/builds/worker-2-tc1/source:/opt/rustwide/workdir:ro,Z" "-v" "/var/lib/crater-agent-workspace/cargo-home:/opt/rustwide/cargo-home:ro,Z" "-v" "/var/lib/crater-agent-workspace/rustup-home:/opt/rustwide/rustup-home:ro,Z" "-e" "SOURCE_DIR=/opt/rustwide/workdir" "-e" "CARGO_TARGET_DIR=/opt/rustwide/target" "-e" "CARGO_INCREMENTAL=0" "-e" "RUST_BACKTRACE=full" "-e" "RUSTFLAGS=--cap-lints=warn" "-e" "RUSTDOCFLAGS=--cap-lints=warn" "-e" "CARGO_HOME=/opt/rustwide/cargo-home" "-e" "RUSTUP_HOME=/opt/rustwide/rustup-home" "-w" "/opt/rustwide/workdir" "-m" "1610612736" "--user" "0:0" "--network" "none" "ghcr.io/rust-lang/crates-build-env/linux@sha256:f3a9d4ad9d972b27faf3965f35b62e55ba32bbce8f20bc8fe909558a86702fde" "/opt/rustwide/cargo-home/bin/cargo" "+1.83.0" "test" "--frozen", kill_on_drop: false }`
[INFO] [stdout] 03e4cf0665abcef8e3d01e2368b9753a9b498a16075fa33800a48187ff5ff0cf
[INFO] running `Command { std: "docker" "start" "-a" "03e4cf0665abcef8e3d01e2368b9753a9b498a16075fa33800a48187ff5ff0cf", kill_on_drop: false }`
[INFO] [stderr]     Finished `test` profile [unoptimized + debuginfo] target(s) in 0.03s
[INFO] [stderr]      Running unittests src/lib.rs (/opt/rustwide/target/debug/deps/partially-aea4a372056816f6)
[INFO] [stdout] 
[INFO] [stdout] running 0 tests
[INFO] [stdout] 
[INFO] [stdout] test result: ok. 0 passed; 0 failed; 0 ignored; 0 measured; 0 filtered out; finished in 0.00s
[INFO] [stdout] 
[INFO] [stderr]      Running tests/apply_some.rs (/opt/rustwide/target/debug/deps/apply_some-b4d776d5f97a731f)
[INFO] [stdout] 
[INFO] [stdout] running 2 tests
[INFO] [stdout] test partial_apply ... ok
[INFO] [stdout] test basic_apply ... ok
[INFO] [stdout] 
[INFO] [stdout] test result: ok. 2 passed; 0 failed; 0 ignored; 0 measured; 0 filtered out; finished in 0.00s
[INFO] [stdout] 
[INFO] [stderr]      Running tests/mod.rs (/opt/rustwide/target/debug/deps/mod-dd16d2d7422d6175)
[INFO] [stdout] 
[INFO] [stdout] running 2 tests
[INFO] [stdout] test apply_some::partial_apply ... ok
[INFO] [stdout] test apply_some::basic_apply ... ok
[INFO] [stdout] 
[INFO] [stdout] test result: ok. 2 passed; 0 failed; 0 ignored; 0 measured; 0 filtered out; finished in 0.00s
[INFO] [stdout] 
[INFO] [stderr]    Doc-tests partially
[INFO] [stdout] 
[INFO] [stdout] running 2 tests
[INFO] [stdout] test src/../README.md - (line 13) ... FAILED
[INFO] [stdout] test src/../README.md - (line 59) ... ok
[INFO] [stdout] 
[INFO] [stdout] failures:
[INFO] [stdout] 
[INFO] [stdout] ---- src/../README.md - (line 13) stdout ----
[INFO] [stdout] error: cannot find derive macro `Partial` in this scope
[INFO] [stdout]  --> src/../README.md:19:10
[INFO] [stdout]   |
[INFO] [stdout] 8 | #[derive(Partial)]
[INFO] [stdout]   |          ^^^^^^^ help: a derive macro with a similar name exists: `PartialEq`
[INFO] [stdout]  --> /rustc/90b35a6239c3d8bdabc530a6a0816f7ff89a0aaf/library/core/src/cmp.rs:271:1
[INFO] [stdout]   |
[INFO] [stdout]   = note: similarly named derive macro `PartialEq` defined here
[INFO] [stdout]   |
[INFO] [stdout] note: `Partial` is imported here, but it is only a trait, without a derive macro
[INFO] [stdout]  --> src/../README.md:16:5
[INFO] [stdout]   |
[INFO] [stdout] 5 | use partially::Partial;
[INFO] [stdout]   |     ^^^^^^^^^^^^^^^^^^
[INFO] [stdout] 
[INFO] [stdout] error: cannot find attribute `partially` in this scope
[INFO] [stdout]   --> src/../README.md:21:3
[INFO] [stdout]    |
[INFO] [stdout] 10 | #[partially(derive(Default))]
[INFO] [stdout]    |   ^^^^^^^^^
[INFO] [stdout]    |
[INFO] [stdout] note: `partially` is imported here, but it is a crate, not an attribute
[INFO] [stdout]   --> src/../README.md:15:1
[INFO] [stdout]    |
[INFO] [stdout] 4  | extern crate r#partially;
[INFO] [stdout]    | ^^^^^^^^^^^^^^^^^^^^^^^^^
[INFO] [stdout] 
[INFO] [stdout] error[E0422]: cannot find struct, variant or union type `PartialData` in this scope
[INFO] [stdout]   --> src/../README.md:35:24
[INFO] [stdout]    |
[INFO] [stdout] 24 |     let full_partial = PartialData {
[INFO] [stdout]    |                        ^^^^^^^^^^^ not found in this scope
[INFO] [stdout] 
[INFO] [stdout] error[E0433]: failed to resolve: use of undeclared type `PartialData`
[INFO] [stdout]   --> src/../README.md:32:25
[INFO] [stdout]    |
[INFO] [stdout] 21 |     let empty_partial = PartialData::default();
[INFO] [stdout]    |                         ^^^^^^^^^^^ use of undeclared type `PartialData`
[INFO] [stdout] 
[INFO] [stdout] error[E0599]: no method named `apply_some` found for struct `Data` in the current scope
[INFO] [stdout]   --> src/../README.md:45:19
[INFO] [stdout]    |
[INFO] [stdout] 11 | struct Data {
[INFO] [stdout]    | ----------- method `apply_some` not found for this struct
[INFO] [stdout] ...
[INFO] [stdout] 34 |     assert!(!full.apply_some(empty_partial));
[INFO] [stdout]    |                   ^^^^^^^^^^ method not found in `Data`
[INFO] [stdout]    |
[INFO] [stdout]    = help: items from traits can only be used if the trait is implemented and in scope
[INFO] [stdout]    = note: the following trait defines an item `apply_some`, perhaps you need to implement it:
[INFO] [stdout]            candidate #1: `Partial`
[INFO] [stdout] 
[INFO] [stdout] error[E0599]: no method named `apply_some` found for struct `Data` in the current scope
[INFO] [stdout]   --> src/../README.md:51:18
[INFO] [stdout]    |
[INFO] [stdout] 11 | struct Data {
[INFO] [stdout]    | ----------- method `apply_some` not found for this struct
[INFO] [stdout] ...
[INFO] [stdout] 40 |     assert!(full.apply_some(full_partial));
[INFO] [stdout]    |                  ^^^^^^^^^^ method not found in `Data`
[INFO] [stdout]    |
[INFO] [stdout]    = help: items from traits can only be used if the trait is implemented and in scope
[INFO] [stdout]    = note: the following trait defines an item `apply_some`, perhaps you need to implement it:
[INFO] [stdout]            candidate #1: `Partial`
[INFO] [stdout] 
[INFO] [stdout] error: aborting due to 6 previous errors
[INFO] [stdout] 
[INFO] [stdout] Some errors have detailed explanations: E0422, E0433, E0599.
[INFO] [stdout] For more information about an error, try `rustc --explain E0422`.
[INFO] [stdout] Couldn't compile the test.
[INFO] [stdout] 
[INFO] [stdout] failures:
[INFO] [stdout]     src/../README.md - (line 13)
[INFO] [stdout] 
[INFO] [stdout] test result: FAILED. 1 passed; 1 failed; 0 ignored; 0 measured; 0 filtered out; finished in 0.29s
[INFO] [stdout] 
[INFO] [stderr] error: doctest failed, to rerun pass `--doc`
[INFO] running `Command { std: "docker" "inspect" "03e4cf0665abcef8e3d01e2368b9753a9b498a16075fa33800a48187ff5ff0cf", kill_on_drop: false }`
[INFO] running `Command { std: "docker" "rm" "-f" "03e4cf0665abcef8e3d01e2368b9753a9b498a16075fa33800a48187ff5ff0cf", kill_on_drop: false }`
[INFO] [stdout] 03e4cf0665abcef8e3d01e2368b9753a9b498a16075fa33800a48187ff5ff0cf
