[INFO] fetching crate partial_ref 0.3.3...
[INFO] testing partial_ref-0.3.3 against 1.83.0 for beta-1.84.0-4-retry
[INFO] extracting crate partial_ref 0.3.3 into /workspace/builds/worker-1-tc1/source
[INFO] validating manifest of crates.io crate partial_ref 0.3.3 on toolchain 1.83.0
[INFO] running `Command { std: CARGO_HOME="/workspace/cargo-home" RUSTUP_HOME="/workspace/rustup-home" "/workspace/cargo-home/bin/cargo" "+1.83.0" "metadata" "--manifest-path" "Cargo.toml" "--no-deps", kill_on_drop: false }`
[INFO] started tweaking crates.io crate partial_ref 0.3.3
[INFO] finished tweaking crates.io crate partial_ref 0.3.3
[INFO] tweaked toml for crates.io crate partial_ref 0.3.3 written to /workspace/builds/worker-1-tc1/source/Cargo.toml
[INFO] running `Command { std: CARGO_HOME="/workspace/cargo-home" RUSTUP_HOME="/workspace/rustup-home" "/workspace/cargo-home/bin/cargo" "+1.83.0" "generate-lockfile" "--manifest-path" "Cargo.toml", kill_on_drop: false }`
[INFO] [stderr]     Updating crates.io index
[INFO] [stderr]      Locking 5 packages to latest compatible versions
[INFO] running `Command { std: CARGO_HOME="/workspace/cargo-home" RUSTUP_HOME="/workspace/rustup-home" "/workspace/cargo-home/bin/cargo" "+1.83.0" "fetch" "--manifest-path" "Cargo.toml", kill_on_drop: false }`
[INFO] running `Command { std: "docker" "create" "-v" "/var/lib/crater-agent-workspace/builds/worker-1-tc1/target:/opt/rustwide/target:rw,Z" "-v" "/var/lib/crater-agent-workspace/builds/worker-1-tc1/source:/opt/rustwide/workdir:ro,Z" "-v" "/var/lib/crater-agent-workspace/cargo-home:/opt/rustwide/cargo-home:ro,Z" "-v" "/var/lib/crater-agent-workspace/rustup-home:/opt/rustwide/rustup-home:ro,Z" "-e" "SOURCE_DIR=/opt/rustwide/workdir" "-e" "CARGO_TARGET_DIR=/opt/rustwide/target" "-e" "CARGO_HOME=/opt/rustwide/cargo-home" "-e" "RUSTUP_HOME=/opt/rustwide/rustup-home" "-w" "/opt/rustwide/workdir" "-m" "1610612736" "--user" "0:0" "--network" "none" "ghcr.io/rust-lang/crates-build-env/linux@sha256:f3a9d4ad9d972b27faf3965f35b62e55ba32bbce8f20bc8fe909558a86702fde" "/opt/rustwide/cargo-home/bin/cargo" "+1.83.0" "metadata" "--no-deps" "--format-version=1", kill_on_drop: false }`
[INFO] [stdout] 757da2efc3ba8f09d3c4bc57e6dbb9f4e8326321aab60dcee4fc9ffca084b585
[INFO] running `Command { std: "docker" "start" "-a" "757da2efc3ba8f09d3c4bc57e6dbb9f4e8326321aab60dcee4fc9ffca084b585", kill_on_drop: false }`
[INFO] running `Command { std: "docker" "inspect" "757da2efc3ba8f09d3c4bc57e6dbb9f4e8326321aab60dcee4fc9ffca084b585", kill_on_drop: false }`
[INFO] running `Command { std: "docker" "rm" "-f" "757da2efc3ba8f09d3c4bc57e6dbb9f4e8326321aab60dcee4fc9ffca084b585", kill_on_drop: false }`
[INFO] [stdout] 757da2efc3ba8f09d3c4bc57e6dbb9f4e8326321aab60dcee4fc9ffca084b585
[INFO] running `Command { std: "docker" "create" "-v" "/var/lib/crater-agent-workspace/builds/worker-1-tc1/target:/opt/rustwide/target:rw,Z" "-v" "/var/lib/crater-agent-workspace/builds/worker-1-tc1/source:/opt/rustwide/workdir:ro,Z" "-v" "/var/lib/crater-agent-workspace/cargo-home:/opt/rustwide/cargo-home:ro,Z" "-v" "/var/lib/crater-agent-workspace/rustup-home:/opt/rustwide/rustup-home:ro,Z" "-e" "SOURCE_DIR=/opt/rustwide/workdir" "-e" "CARGO_TARGET_DIR=/opt/rustwide/target" "-e" "CARGO_INCREMENTAL=0" "-e" "RUST_BACKTRACE=full" "-e" "RUSTFLAGS=--cap-lints=warn" "-e" "RUSTDOCFLAGS=--cap-lints=warn" "-e" "CARGO_HOME=/opt/rustwide/cargo-home" "-e" "RUSTUP_HOME=/opt/rustwide/rustup-home" "-w" "/opt/rustwide/workdir" "-m" "1610612736" "--user" "0:0" "--network" "none" "ghcr.io/rust-lang/crates-build-env/linux@sha256:f3a9d4ad9d972b27faf3965f35b62e55ba32bbce8f20bc8fe909558a86702fde" "/opt/rustwide/cargo-home/bin/cargo" "+1.83.0" "build" "--frozen" "--message-format=json", kill_on_drop: false }`
[INFO] [stdout] 9b9355ab844737d34fbb93bbadc37b2408cd1ee65fdcff6059f67f933aa8f2dd
[INFO] running `Command { std: "docker" "start" "-a" "9b9355ab844737d34fbb93bbadc37b2408cd1ee65fdcff6059f67f933aa8f2dd", kill_on_drop: false }`
[INFO] [stderr]    Compiling proc-macro2 v1.0.92
[INFO] [stderr]    Compiling unicode-ident v1.0.14
[INFO] [stderr]    Compiling syn v1.0.109
[INFO] [stderr]    Compiling quote v1.0.37
[INFO] [stderr]    Compiling partial_ref_derive v0.3.3
[INFO] [stderr]    Compiling partial_ref v0.3.3 (/opt/rustwide/workdir)
[INFO] [stderr]     Finished `dev` profile [unoptimized + debuginfo] target(s) in 5.06s
[INFO] running `Command { std: "docker" "inspect" "9b9355ab844737d34fbb93bbadc37b2408cd1ee65fdcff6059f67f933aa8f2dd", kill_on_drop: false }`
[INFO] running `Command { std: "docker" "rm" "-f" "9b9355ab844737d34fbb93bbadc37b2408cd1ee65fdcff6059f67f933aa8f2dd", kill_on_drop: false }`
[INFO] [stdout] 9b9355ab844737d34fbb93bbadc37b2408cd1ee65fdcff6059f67f933aa8f2dd
[INFO] running `Command { std: "docker" "create" "-v" "/var/lib/crater-agent-workspace/builds/worker-1-tc1/target:/opt/rustwide/target:rw,Z" "-v" "/var/lib/crater-agent-workspace/builds/worker-1-tc1/source:/opt/rustwide/workdir:ro,Z" "-v" "/var/lib/crater-agent-workspace/cargo-home:/opt/rustwide/cargo-home:ro,Z" "-v" "/var/lib/crater-agent-workspace/rustup-home:/opt/rustwide/rustup-home:ro,Z" "-e" "SOURCE_DIR=/opt/rustwide/workdir" "-e" "CARGO_TARGET_DIR=/opt/rustwide/target" "-e" "CARGO_INCREMENTAL=0" "-e" "RUST_BACKTRACE=full" "-e" "RUSTFLAGS=--cap-lints=warn" "-e" "RUSTDOCFLAGS=--cap-lints=warn" "-e" "CARGO_HOME=/opt/rustwide/cargo-home" "-e" "RUSTUP_HOME=/opt/rustwide/rustup-home" "-w" "/opt/rustwide/workdir" "-m" "1610612736" "--user" "0:0" "--network" "none" "ghcr.io/rust-lang/crates-build-env/linux@sha256:f3a9d4ad9d972b27faf3965f35b62e55ba32bbce8f20bc8fe909558a86702fde" "/opt/rustwide/cargo-home/bin/cargo" "+1.83.0" "test" "--frozen" "--no-run" "--message-format=json", kill_on_drop: false }`
[INFO] [stdout] 45c4ac9d15364adbf91dd1fb1055ff032ed587cd2393ff2a7ada651c9661990a
[INFO] running `Command { std: "docker" "start" "-a" "45c4ac9d15364adbf91dd1fb1055ff032ed587cd2393ff2a7ada651c9661990a", kill_on_drop: false }`
[INFO] [stderr]    Compiling partial_ref v0.3.3 (/opt/rustwide/workdir)
[INFO] [stderr]     Finished `test` profile [unoptimized + debuginfo] target(s) in 0.55s
[INFO] running `Command { std: "docker" "inspect" "45c4ac9d15364adbf91dd1fb1055ff032ed587cd2393ff2a7ada651c9661990a", kill_on_drop: false }`
[INFO] running `Command { std: "docker" "rm" "-f" "45c4ac9d15364adbf91dd1fb1055ff032ed587cd2393ff2a7ada651c9661990a", kill_on_drop: false }`
[INFO] [stdout] 45c4ac9d15364adbf91dd1fb1055ff032ed587cd2393ff2a7ada651c9661990a
[INFO] running `Command { std: "docker" "create" "-v" "/var/lib/crater-agent-workspace/builds/worker-1-tc1/target:/opt/rustwide/target:rw,Z" "-v" "/var/lib/crater-agent-workspace/builds/worker-1-tc1/source:/opt/rustwide/workdir:ro,Z" "-v" "/var/lib/crater-agent-workspace/cargo-home:/opt/rustwide/cargo-home:ro,Z" "-v" "/var/lib/crater-agent-workspace/rustup-home:/opt/rustwide/rustup-home:ro,Z" "-e" "SOURCE_DIR=/opt/rustwide/workdir" "-e" "CARGO_TARGET_DIR=/opt/rustwide/target" "-e" "CARGO_INCREMENTAL=0" "-e" "RUST_BACKTRACE=full" "-e" "RUSTFLAGS=--cap-lints=warn" "-e" "RUSTDOCFLAGS=--cap-lints=warn" "-e" "CARGO_HOME=/opt/rustwide/cargo-home" "-e" "RUSTUP_HOME=/opt/rustwide/rustup-home" "-w" "/opt/rustwide/workdir" "-m" "1610612736" "--user" "0:0" "--network" "none" "ghcr.io/rust-lang/crates-build-env/linux@sha256:f3a9d4ad9d972b27faf3965f35b62e55ba32bbce8f20bc8fe909558a86702fde" "/opt/rustwide/cargo-home/bin/cargo" "+1.83.0" "test" "--frozen", kill_on_drop: false }`
[INFO] [stdout] 186d60d3fd8414346502483f1f7c1d234cb23e1703bcf2b565b6d942b8c4692d
[INFO] running `Command { std: "docker" "start" "-a" "186d60d3fd8414346502483f1f7c1d234cb23e1703bcf2b565b6d942b8c4692d", kill_on_drop: false }`
[INFO] [stderr]     Finished `test` profile [unoptimized + debuginfo] target(s) in 0.02s
[INFO] [stderr]      Running unittests src/lib.rs (/opt/rustwide/target/debug/deps/partial_ref-0c7a68e58eec8eb9)
[INFO] [stdout] 
[INFO] [stdout] running 0 tests
[INFO] [stdout] 
[INFO] [stderr]    Doc-tests partial_ref
[INFO] [stdout] test result: ok. 0 passed; 0 failed; 0 ignored; 0 measured; 0 filtered out; finished in 0.00s
[INFO] [stdout] 
[INFO] [stdout] 
[INFO] [stdout] running 5 tests
[INFO] [stdout] test src/lib.rs - (line 98) ... FAILED
[INFO] [stdout] test src/lib.rs - (line 46) ... FAILED
[INFO] [stdout] test src/lib.rs - (line 33) ... FAILED
[INFO] [stdout] test src/lib.rs - (line 70) ... FAILED
[INFO] [stdout] test src/lib.rs - (line 11) ... ok
[INFO] [stdout] 
[INFO] [stdout] failures:
[INFO] [stdout] 
[INFO] [stdout] ---- src/lib.rs - (line 98) stdout ----
[INFO] [stdout] error[E0433]: failed to resolve: use of undeclared crate or module `partial_ref_tests`
[INFO] [stdout]  --> src/lib.rs:101:5
[INFO] [stdout]   |
[INFO] [stdout] 6 | use partial_ref_tests::doctest_helpers::*;
[INFO] [stdout]   |     ^^^^^^^^^^^^^^^^^ use of undeclared crate or module `partial_ref_tests`
[INFO] [stdout]   |
[INFO] [stdout] help: there is a crate or module with a similar name
[INFO] [stdout]   |
[INFO] [stdout] 6 | use partial_ref_derive::doctest_helpers::*;
[INFO] [stdout]   |     ~~~~~~~~~~~~~~~~~~
[INFO] [stdout] 
[INFO] [stdout] error[E0425]: cannot find value `Neighbors` in this scope
[INFO] [stdout]  --> src/lib.rs:104:51
[INFO] [stdout]   |
[INFO] [stdout] 9 | let (neighbors, mut g_ref) = g_ref.split_part_mut(Neighbors);
[INFO] [stdout]   |                                                   ^^^^^^^^^ not found in this scope
[INFO] [stdout] 
[INFO] [stderr] error: doctest failed, to rerun pass `--doc`
[INFO] [stdout] error[E0425]: cannot find value `Colors` in this scope
[INFO] [stdout]   --> src/lib.rs:105:44
[INFO] [stdout]    |
[INFO] [stdout] 10 | let (colors, mut g_ref) = g_ref.split_part(Colors);
[INFO] [stdout]    |                                            ^^^^^^ not found in this scope
[INFO] [stdout] 
[INFO] [stdout] error[E0425]: cannot find function `example_graph` in this scope
[INFO] [stdout]  --> src/lib.rs:102:13
[INFO] [stdout]   |
[INFO] [stdout] 7 | let mut g = example_graph();
[INFO] [stdout]   |             ^^^^^^^^^^^^^ not found in this scope
[INFO] [stdout] 
[INFO] [stdout] error[E0425]: cannot find function `add_color_to_weight` in this scope
[INFO] [stdout]   --> src/lib.rs:111:9
[INFO] [stdout]    |
[INFO] [stdout] 16 |         add_color_to_weight(g_ref.borrow(), neighbor);
[INFO] [stdout]    |         ^^^^^^^^^^^^^^^^^^^ not found in this scope
[INFO] [stdout] 
[INFO] [stdout] error: aborting due to 5 previous errors
[INFO] [stdout] 
[INFO] [stdout] Some errors have detailed explanations: E0425, E0433.
[INFO] [stdout] For more information about an error, try `rustc --explain E0425`.
[INFO] [stdout] Couldn't compile the test.
[INFO] [stdout] ---- src/lib.rs - (line 46) stdout ----
[INFO] [stdout] error[E0433]: failed to resolve: use of undeclared crate or module `partial_ref_tests`
[INFO] [stdout]  --> src/lib.rs:49:5
[INFO] [stdout]   |
[INFO] [stdout] 6 | use partial_ref_tests::doctest_helpers::*;
[INFO] [stdout]   |     ^^^^^^^^^^^^^^^^^ use of undeclared crate or module `partial_ref_tests`
[INFO] [stdout]   |
[INFO] [stdout] help: there is a crate or module with a similar name
[INFO] [stdout]   |
[INFO] [stdout] 6 | use partial_ref_derive::doctest_helpers::*;
[INFO] [stdout]   |     ~~~~~~~~~~~~~~~~~~
[INFO] [stdout] 
[INFO] [stdout] error[E0425]: cannot find value `Colors` in this scope
[INFO] [stdout]   --> src/lib.rs:54:16
[INFO] [stdout]    |
[INFO] [stdout] 11 | g_ref.part_mut(Colors).extend(&[0, 1, 0]);
[INFO] [stdout]    |                ^^^^^^ not found in this scope
[INFO] [stdout] 
[INFO] [stdout] error[E0425]: cannot find value `Weights` in this scope
[INFO] [stdout]   --> src/lib.rs:55:16
[INFO] [stdout]    |
[INFO] [stdout] 12 | g_ref.part_mut(Weights).extend(&[0.25, 0.5, 0.75]);
[INFO] [stdout]    |                ^^^^^^^ not found in this scope
[INFO] [stdout] 
[INFO] [stdout] error[E0425]: cannot find value `Neighbors` in this scope
[INFO] [stdout]   --> src/lib.rs:57:16
[INFO] [stdout]    |
[INFO] [stdout] 14 | g_ref.part_mut(Neighbors).push(vec![1, 2]);
[INFO] [stdout]    |                ^^^^^^^^^ not found in this scope
[INFO] [stdout] 
[INFO] [stdout] error[E0425]: cannot find value `Neighbors` in this scope
[INFO] [stdout]   --> src/lib.rs:58:16
[INFO] [stdout]    |
[INFO] [stdout] 15 | g_ref.part_mut(Neighbors).push(vec![0, 2]);
[INFO] [stdout]    |                ^^^^^^^^^ not found in this scope
[INFO] [stdout] 
[INFO] [stdout] error[E0425]: cannot find value `Neighbors` in this scope
[INFO] [stdout]   --> src/lib.rs:59:16
[INFO] [stdout]    |
[INFO] [stdout] 16 | g_ref.part_mut(Neighbors).push(vec![0, 1]);
[INFO] [stdout]    |                ^^^^^^^^^ not found in this scope
[INFO] [stdout] 
[INFO] [stdout] error[E0425]: cannot find value `Colors` in this scope
[INFO] [stdout]   --> src/lib.rs:61:23
[INFO] [stdout]    |
[INFO] [stdout] 18 | assert_eq!(g_ref.part(Colors).len(), g_ref.part(Neighbors).len());
[INFO] [stdout]    |                       ^^^^^^ not found in this scope
[INFO] [stdout] 
[INFO] [stdout] error[E0425]: cannot find value `Neighbors` in this scope
[INFO] [stdout]   --> src/lib.rs:61:49
[INFO] [stdout]    |
[INFO] [stdout] 18 | assert_eq!(g_ref.part(Colors).len(), g_ref.part(Neighbors).len());
[INFO] [stdout]    |                                                 ^^^^^^^^^ not found in this scope
[INFO] [stdout] 
[INFO] [stdout] error[E0425]: cannot find value `Colors` in this scope
[INFO] [stdout]   --> src/lib.rs:62:23
[INFO] [stdout]    |
[INFO] [stdout] 19 | assert_eq!(g_ref.part(Colors).len(), g_ref.part(Weights).len());
[INFO] [stdout]    |                       ^^^^^^ not found in this scope
[INFO] [stdout] 
[INFO] [stdout] error[E0425]: cannot find value `Weights` in this scope
[INFO] [stdout]   --> src/lib.rs:62:49
[INFO] [stdout]    |
[INFO] [stdout] 19 | assert_eq!(g_ref.part(Colors).len(), g_ref.part(Weights).len());
[INFO] [stdout]    |                                                 ^^^^^^^ not found in this scope
[INFO] [stdout] 
[INFO] [stdout] error[E0433]: failed to resolve: use of undeclared type `Graph`
[INFO] [stdout]  --> src/lib.rs:50:13
[INFO] [stdout]   |
[INFO] [stdout] 7 | let mut g = Graph::default();
[INFO] [stdout]   |             ^^^^^ use of undeclared type `Graph`
[INFO] [stdout] 
[INFO] [stdout] error: aborting due to 11 previous errors
[INFO] [stdout] 
[INFO] [stdout] Some errors have detailed explanations: E0425, E0433.
[INFO] [stdout] For more information about an error, try `rustc --explain E0425`.
[INFO] [stdout] Couldn't compile the test.
[INFO] [stdout] ---- src/lib.rs - (line 33) stdout ----
[INFO] [stdout] error[E0433]: failed to resolve: use of undeclared crate or module `partial_ref_tests`
[INFO] [stdout]  --> src/lib.rs:36:5
[INFO] [stdout]   |
[INFO] [stdout] 6 | use partial_ref_tests::doctest_helpers::*;
[INFO] [stdout]   |     ^^^^^^^^^^^^^^^^^ use of undeclared crate or module `partial_ref_tests`
[INFO] [stdout]   |
[INFO] [stdout] help: there is a crate or module with a similar name
[INFO] [stdout]   |
[INFO] [stdout] 6 | use partial_ref_derive::doctest_helpers::*;
[INFO] [stdout]   |     ~~~~~~~~~~~~~~~~~~
[INFO] [stdout] 
[INFO] [stdout] error[E0433]: failed to resolve: use of undeclared type `Graph`
[INFO] [stdout]  --> src/lib.rs:39:13
[INFO] [stdout]   |
[INFO] [stdout] 9 | let mut g = Graph::default();
[INFO] [stdout]   |             ^^^^^ use of undeclared type `Graph`
[INFO] [stdout] 
[INFO] [stdout] error: aborting due to 2 previous errors
[INFO] [stdout] 
[INFO] [stdout] For more information about this error, try `rustc --explain E0433`.
[INFO] [stdout] Couldn't compile the test.
[INFO] [stdout] ---- src/lib.rs - (line 70) stdout ----
[INFO] [stdout] error[E0433]: failed to resolve: use of undeclared crate or module `partial_ref_tests`
[INFO] [stdout]  --> src/lib.rs:73:5
[INFO] [stdout]   |
[INFO] [stdout] 6 | use partial_ref_tests::doctest_helpers::*;
[INFO] [stdout]   |     ^^^^^^^^^^^^^^^^^ use of undeclared crate or module `partial_ref_tests`
[INFO] [stdout]   |
[INFO] [stdout] help: there is a crate or module with a similar name
[INFO] [stdout]   |
[INFO] [stdout] 6 | use partial_ref_derive::doctest_helpers::*;
[INFO] [stdout]   |     ~~~~~~~~~~~~~~~~~~
[INFO] [stdout] 
[INFO] [stdout] error[E0412]: cannot find type `Colors` in this scope
[INFO] [stdout]   --> src/lib.rs:79:41
[INFO] [stdout]    |
[INFO] [stdout] 12 |     mut g: partial!(Graph, mut Weights, Colors),
[INFO] [stdout]    |                                         ^^^^^^ not found in this scope
[INFO] [stdout]    |
[INFO] [stdout] help: you might be missing a type parameter
[INFO] [stdout]    |
[INFO] [stdout] 11 | pub fn add_color_to_weight<Colors>(
[INFO] [stdout]    |                           ++++++++
[INFO] [stdout] 
[INFO] [stdout] error[E0412]: cannot find type `Weights` in this scope
[INFO] [stdout]   --> src/lib.rs:79:32
[INFO] [stdout]    |
[INFO] [stdout] 12 |     mut g: partial!(Graph, mut Weights, Colors),
[INFO] [stdout]    |                                ^^^^^^^ not found in this scope
[INFO] [stdout]    |
[INFO] [stdout] help: you might be missing a type parameter
[INFO] [stdout]    |
[INFO] [stdout] 11 | pub fn add_color_to_weight<Weights>(
[INFO] [stdout]    |                           +++++++++
[INFO] [stdout] 
[INFO] [stdout] error[E0412]: cannot find type `Graph` in this scope
[INFO] [stdout]   --> src/lib.rs:79:21
[INFO] [stdout]    |
[INFO] [stdout] 12 |     mut g: partial!(Graph, mut Weights, Colors),
[INFO] [stdout]    |                     ^^^^^ not found in this scope
[INFO] [stdout]    |
[INFO] [stdout] help: you might be missing a type parameter
[INFO] [stdout]    |
[INFO] [stdout] 11 | pub fn add_color_to_weight<Graph>(
[INFO] [stdout]    |                           +++++++
[INFO] [stdout] 
[INFO] [stdout] error[E0425]: cannot find value `Weights` in this scope
[INFO] [stdout]   --> src/lib.rs:82:16
[INFO] [stdout]    |
[INFO] [stdout] 15 |     g.part_mut(Weights)[index] += g.part(Colors)[index] as f32;
[INFO] [stdout]    |                ^^^^^^^ not found in this scope
[INFO] [stdout] 
[INFO] [stdout] error[E0425]: cannot find value `Colors` in this scope
[INFO] [stdout]   --> src/lib.rs:82:42
[INFO] [stdout]    |
[INFO] [stdout] 15 |     g.part_mut(Weights)[index] += g.part(Colors)[index] as f32;
[INFO] [stdout]    |                                          ^^^^^^ not found in this scope
[INFO] [stdout] 
[INFO] [stdout] error[E0425]: cannot find value `Weights` in this scope
[INFO] [stdout]   --> src/lib.rs:87:23
[INFO] [stdout]    |
[INFO] [stdout] 20 | assert_eq!(g_ref.part(Weights)[1], 1.5);
[INFO] [stdout]    |                       ^^^^^^^ not found in this scope
[INFO] [stdout] 
[INFO] [stdout] error[E0425]: cannot find function `example_graph` in this scope
[INFO] [stdout]  --> src/lib.rs:74:13
[INFO] [stdout]   |
[INFO] [stdout] 7 | let mut g = example_graph();
[INFO] [stdout]   |             ^^^^^^^^^^^^^ not found in this scope
[INFO] [stdout] 
[INFO] [stdout] error: aborting due to 8 previous errors
[INFO] [stdout] 
[INFO] [stdout] Some errors have detailed explanations: E0412, E0425, E0433.
[INFO] [stdout] For more information about an error, try `rustc --explain E0412`.
[INFO] [stdout] Couldn't compile the test.
[INFO] [stdout] 
[INFO] [stdout] failures:
[INFO] [stdout]     src/lib.rs - (line 33)
[INFO] [stdout]     src/lib.rs - (line 46)
[INFO] [stdout]     src/lib.rs - (line 70)
[INFO] [stdout]     src/lib.rs - (line 98)
[INFO] [stdout] 
[INFO] [stdout] test result: FAILED. 1 passed; 4 failed; 0 ignored; 0 measured; 0 filtered out; finished in 0.35s
[INFO] [stdout] 
[INFO] running `Command { std: "docker" "inspect" "186d60d3fd8414346502483f1f7c1d234cb23e1703bcf2b565b6d942b8c4692d", kill_on_drop: false }`
[INFO] running `Command { std: "docker" "rm" "-f" "186d60d3fd8414346502483f1f7c1d234cb23e1703bcf2b565b6d942b8c4692d", kill_on_drop: false }`
[INFO] [stdout] 186d60d3fd8414346502483f1f7c1d234cb23e1703bcf2b565b6d942b8c4692d
