[INFO] fetching crate parse_argument 0.1.5...
[INFO] testing parse_argument-0.1.5 against 1.83.0 for beta-1.84.0-4-retry
[INFO] extracting crate parse_argument 0.1.5 into /workspace/builds/worker-6-tc1/source
[INFO] validating manifest of crates.io crate parse_argument 0.1.5 on toolchain 1.83.0
[INFO] running `Command { std: CARGO_HOME="/workspace/cargo-home" RUSTUP_HOME="/workspace/rustup-home" "/workspace/cargo-home/bin/cargo" "+1.83.0" "metadata" "--manifest-path" "Cargo.toml" "--no-deps", kill_on_drop: false }`
[INFO] started tweaking crates.io crate parse_argument 0.1.5
[INFO] finished tweaking crates.io crate parse_argument 0.1.5
[INFO] tweaked toml for crates.io crate parse_argument 0.1.5 written to /workspace/builds/worker-6-tc1/source/Cargo.toml
[INFO] crate crates.io crate parse_argument 0.1.5 already has a lockfile, it will not be regenerated
[INFO] running `Command { std: CARGO_HOME="/workspace/cargo-home" RUSTUP_HOME="/workspace/rustup-home" "/workspace/cargo-home/bin/cargo" "+1.83.0" "fetch" "--manifest-path" "Cargo.toml", kill_on_drop: false }`
[INFO] running `Command { std: "docker" "create" "-v" "/var/lib/crater-agent-workspace/builds/worker-6-tc1/target:/opt/rustwide/target:rw,Z" "-v" "/var/lib/crater-agent-workspace/builds/worker-6-tc1/source:/opt/rustwide/workdir:ro,Z" "-v" "/var/lib/crater-agent-workspace/cargo-home:/opt/rustwide/cargo-home:ro,Z" "-v" "/var/lib/crater-agent-workspace/rustup-home:/opt/rustwide/rustup-home:ro,Z" "-e" "SOURCE_DIR=/opt/rustwide/workdir" "-e" "CARGO_TARGET_DIR=/opt/rustwide/target" "-e" "CARGO_HOME=/opt/rustwide/cargo-home" "-e" "RUSTUP_HOME=/opt/rustwide/rustup-home" "-w" "/opt/rustwide/workdir" "-m" "1610612736" "--user" "0:0" "--network" "none" "ghcr.io/rust-lang/crates-build-env/linux@sha256:f3a9d4ad9d972b27faf3965f35b62e55ba32bbce8f20bc8fe909558a86702fde" "/opt/rustwide/cargo-home/bin/cargo" "+1.83.0" "metadata" "--no-deps" "--format-version=1", kill_on_drop: false }`
[INFO] [stdout] 22d43d7390fec6a6382031e4a4f3b37bf3d4490c97f7c7d5fe6051b66b19d09e
[INFO] running `Command { std: "docker" "start" "-a" "22d43d7390fec6a6382031e4a4f3b37bf3d4490c97f7c7d5fe6051b66b19d09e", kill_on_drop: false }`
[INFO] running `Command { std: "docker" "inspect" "22d43d7390fec6a6382031e4a4f3b37bf3d4490c97f7c7d5fe6051b66b19d09e", kill_on_drop: false }`
[INFO] running `Command { std: "docker" "rm" "-f" "22d43d7390fec6a6382031e4a4f3b37bf3d4490c97f7c7d5fe6051b66b19d09e", kill_on_drop: false }`
[INFO] [stdout] 22d43d7390fec6a6382031e4a4f3b37bf3d4490c97f7c7d5fe6051b66b19d09e
[INFO] running `Command { std: "docker" "create" "-v" "/var/lib/crater-agent-workspace/builds/worker-6-tc1/target:/opt/rustwide/target:rw,Z" "-v" "/var/lib/crater-agent-workspace/builds/worker-6-tc1/source:/opt/rustwide/workdir:ro,Z" "-v" "/var/lib/crater-agent-workspace/cargo-home:/opt/rustwide/cargo-home:ro,Z" "-v" "/var/lib/crater-agent-workspace/rustup-home:/opt/rustwide/rustup-home:ro,Z" "-e" "SOURCE_DIR=/opt/rustwide/workdir" "-e" "CARGO_TARGET_DIR=/opt/rustwide/target" "-e" "CARGO_INCREMENTAL=0" "-e" "RUST_BACKTRACE=full" "-e" "RUSTFLAGS=--cap-lints=warn" "-e" "RUSTDOCFLAGS=--cap-lints=warn" "-e" "CARGO_HOME=/opt/rustwide/cargo-home" "-e" "RUSTUP_HOME=/opt/rustwide/rustup-home" "-w" "/opt/rustwide/workdir" "-m" "1610612736" "--user" "0:0" "--network" "none" "ghcr.io/rust-lang/crates-build-env/linux@sha256:f3a9d4ad9d972b27faf3965f35b62e55ba32bbce8f20bc8fe909558a86702fde" "/opt/rustwide/cargo-home/bin/cargo" "+1.83.0" "build" "--frozen" "--message-format=json", kill_on_drop: false }`
[INFO] [stdout] f16aa0cbef6d2184f7de14fccf21a66f27747cb2df3296968383db1ddf79ecd6
[INFO] running `Command { std: "docker" "start" "-a" "f16aa0cbef6d2184f7de14fccf21a66f27747cb2df3296968383db1ddf79ecd6", kill_on_drop: false }`
[INFO] [stderr]    Compiling parse_argument v0.1.5 (/opt/rustwide/workdir)
[INFO] [stderr]     Finished `dev` profile [unoptimized + debuginfo] target(s) in 0.31s
[INFO] running `Command { std: "docker" "inspect" "f16aa0cbef6d2184f7de14fccf21a66f27747cb2df3296968383db1ddf79ecd6", kill_on_drop: false }`
[INFO] running `Command { std: "docker" "rm" "-f" "f16aa0cbef6d2184f7de14fccf21a66f27747cb2df3296968383db1ddf79ecd6", kill_on_drop: false }`
[INFO] [stdout] f16aa0cbef6d2184f7de14fccf21a66f27747cb2df3296968383db1ddf79ecd6
[INFO] running `Command { std: "docker" "create" "-v" "/var/lib/crater-agent-workspace/builds/worker-6-tc1/target:/opt/rustwide/target:rw,Z" "-v" "/var/lib/crater-agent-workspace/builds/worker-6-tc1/source:/opt/rustwide/workdir:ro,Z" "-v" "/var/lib/crater-agent-workspace/cargo-home:/opt/rustwide/cargo-home:ro,Z" "-v" "/var/lib/crater-agent-workspace/rustup-home:/opt/rustwide/rustup-home:ro,Z" "-e" "SOURCE_DIR=/opt/rustwide/workdir" "-e" "CARGO_TARGET_DIR=/opt/rustwide/target" "-e" "CARGO_INCREMENTAL=0" "-e" "RUST_BACKTRACE=full" "-e" "RUSTFLAGS=--cap-lints=warn" "-e" "RUSTDOCFLAGS=--cap-lints=warn" "-e" "CARGO_HOME=/opt/rustwide/cargo-home" "-e" "RUSTUP_HOME=/opt/rustwide/rustup-home" "-w" "/opt/rustwide/workdir" "-m" "1610612736" "--user" "0:0" "--network" "none" "ghcr.io/rust-lang/crates-build-env/linux@sha256:f3a9d4ad9d972b27faf3965f35b62e55ba32bbce8f20bc8fe909558a86702fde" "/opt/rustwide/cargo-home/bin/cargo" "+1.83.0" "test" "--frozen" "--no-run" "--message-format=json", kill_on_drop: false }`
[INFO] [stdout] 0c3ab05acc9cc4e71dd5d7a54315dbde193025939797ebe05d5e1a09972413f0
[INFO] running `Command { std: "docker" "start" "-a" "0c3ab05acc9cc4e71dd5d7a54315dbde193025939797ebe05d5e1a09972413f0", kill_on_drop: false }`
[INFO] [stderr]    Compiling parse_argument v0.1.5 (/opt/rustwide/workdir)
[INFO] [stderr]     Finished `test` profile [unoptimized + debuginfo] target(s) in 1.22s
[INFO] running `Command { std: "docker" "inspect" "0c3ab05acc9cc4e71dd5d7a54315dbde193025939797ebe05d5e1a09972413f0", kill_on_drop: false }`
[INFO] running `Command { std: "docker" "rm" "-f" "0c3ab05acc9cc4e71dd5d7a54315dbde193025939797ebe05d5e1a09972413f0", kill_on_drop: false }`
[INFO] [stdout] 0c3ab05acc9cc4e71dd5d7a54315dbde193025939797ebe05d5e1a09972413f0
[INFO] running `Command { std: "docker" "create" "-v" "/var/lib/crater-agent-workspace/builds/worker-6-tc1/target:/opt/rustwide/target:rw,Z" "-v" "/var/lib/crater-agent-workspace/builds/worker-6-tc1/source:/opt/rustwide/workdir:ro,Z" "-v" "/var/lib/crater-agent-workspace/cargo-home:/opt/rustwide/cargo-home:ro,Z" "-v" "/var/lib/crater-agent-workspace/rustup-home:/opt/rustwide/rustup-home:ro,Z" "-e" "SOURCE_DIR=/opt/rustwide/workdir" "-e" "CARGO_TARGET_DIR=/opt/rustwide/target" "-e" "CARGO_INCREMENTAL=0" "-e" "RUST_BACKTRACE=full" "-e" "RUSTFLAGS=--cap-lints=warn" "-e" "RUSTDOCFLAGS=--cap-lints=warn" "-e" "CARGO_HOME=/opt/rustwide/cargo-home" "-e" "RUSTUP_HOME=/opt/rustwide/rustup-home" "-w" "/opt/rustwide/workdir" "-m" "1610612736" "--user" "0:0" "--network" "none" "ghcr.io/rust-lang/crates-build-env/linux@sha256:f3a9d4ad9d972b27faf3965f35b62e55ba32bbce8f20bc8fe909558a86702fde" "/opt/rustwide/cargo-home/bin/cargo" "+1.83.0" "test" "--frozen", kill_on_drop: false }`
[INFO] [stdout] 1954ec45bdaea9c00d4b4b03013b476e43bd095618f81fab5aff8015aefe859e
[INFO] running `Command { std: "docker" "start" "-a" "1954ec45bdaea9c00d4b4b03013b476e43bd095618f81fab5aff8015aefe859e", kill_on_drop: false }`
[INFO] [stderr]     Finished `test` profile [unoptimized + debuginfo] target(s) in 0.01s
[INFO] [stderr]      Running unittests src/lib.rs (/opt/rustwide/target/debug/deps/parse_argument-5cde9d682262a833)
[INFO] [stdout] 
[INFO] [stdout] running 1 test
[INFO] [stdout] test tests::example_test ... ok
[INFO] [stdout] 
[INFO] [stdout] test result: ok. 1 passed; 0 failed; 0 ignored; 0 measured; 0 filtered out; finished in 0.00s
[INFO] [stdout] 
[INFO] [stderr]    Doc-tests parse_argument
[INFO] [stdout] 
[INFO] [stdout] running 2 tests
[INFO] [stdout] test src/lib.rs - args_to_hashmap (line 70) ... FAILED
[INFO] [stdout] test src/lib.rs - parse_argument (line 43) ... FAILED
[INFO] [stdout] 
[INFO] [stdout] failures:
[INFO] [stdout] 
[INFO] [stdout] ---- src/lib.rs - args_to_hashmap (line 70) stdout ----
[INFO] [stdout] error[E0425]: cannot find function `args_to_hashmap` in this scope
[INFO] [stdout]  --> src/lib.rs:71:17
[INFO] [stdout]   |
[INFO] [stdout] 3 | let arguments = args_to_hashmap();
[INFO] [stdout]   |                 ^^^^^^^^^^^^^^^ not found in this scope
[INFO] [stdout]   |
[INFO] [stdout] help: consider importing this function
[INFO] [stdout]   |
[INFO] [stdout] 2 + use parse_argument::args_to_hashmap;
[INFO] [stdout]   |
[INFO] [stdout] 
[INFO] [stdout] error: aborting due to 1 previous error
[INFO] [stdout] 
[INFO] [stdout] For more information about this error, try `rustc --explain E0425`.
[INFO] [stdout] Couldn't compile the test.
[INFO] [stdout] ---- src/lib.rs - parse_argument (line 43) stdout ----
[INFO] [stdout] error[E0423]: expected function, found crate `parse_argument`
[INFO] [stdout]  --> src/lib.rs:47:5
[INFO] [stdout]   |
[INFO] [stdout] 7 |     parse_argument::<u8>("num")
[INFO] [stdout]   |     ^^^^^^^^^^^^^^^^^^^^ not a function
[INFO] [stdout]   |
[INFO] [stdout] help: consider importing this function instead
[INFO] [stdout]   |
[INFO] [stdout] 3 + use parse_argument::parse_argument;
[INFO] [stdout]   |
[INFO] [stdout] 
[INFO] [stdout] error: aborting due to 1 previous error
[INFO] [stdout] 
[INFO] [stdout] For more information about this error, try `rustc --explain E0423`.
[INFO] [stdout] Couldn't compile the test.
[INFO] [stdout] 
[INFO] [stdout] failures:
[INFO] [stdout]     src/lib.rs - args_to_hashmap (line 70)
[INFO] [stdout]     src/lib.rs - parse_argument (line 43)
[INFO] [stdout] 
[INFO] [stdout] test result: FAILED. 0 passed; 2 failed; 0 ignored; 0 measured; 0 filtered out; finished in 0.14s
[INFO] [stdout] 
[INFO] [stderr] error: doctest failed, to rerun pass `--doc`
[INFO] running `Command { std: "docker" "inspect" "1954ec45bdaea9c00d4b4b03013b476e43bd095618f81fab5aff8015aefe859e", kill_on_drop: false }`
[INFO] running `Command { std: "docker" "rm" "-f" "1954ec45bdaea9c00d4b4b03013b476e43bd095618f81fab5aff8015aefe859e", kill_on_drop: false }`
[INFO] [stdout] 1954ec45bdaea9c00d4b4b03013b476e43bd095618f81fab5aff8015aefe859e
