[INFO] fetching crate parameterized-macro 2.0.0...
[INFO] testing parameterized-macro-2.0.0 against beta-2024-12-08 for beta-1.84.0-4-retry
[INFO] extracting crate parameterized-macro 2.0.0 into /workspace/builds/worker-6-tc2/source
[INFO] validating manifest of crates.io crate parameterized-macro 2.0.0 on toolchain beta-2024-12-08
[INFO] running `Command { std: CARGO_HOME="/workspace/cargo-home" RUSTUP_HOME="/workspace/rustup-home" "/workspace/cargo-home/bin/cargo" "+beta-2024-12-08" "metadata" "--manifest-path" "Cargo.toml" "--no-deps", kill_on_drop: false }`
[INFO] started tweaking crates.io crate parameterized-macro 2.0.0
[INFO] removed 0 missing tests
[INFO] finished tweaking crates.io crate parameterized-macro 2.0.0
[INFO] tweaked toml for crates.io crate parameterized-macro 2.0.0 written to /workspace/builds/worker-6-tc2/source/Cargo.toml
[INFO] running `Command { std: CARGO_HOME="/workspace/cargo-home" RUSTUP_HOME="/workspace/rustup-home" "/workspace/cargo-home/bin/cargo" "+beta-2024-12-08" "generate-lockfile" "--manifest-path" "Cargo.toml", kill_on_drop: false }`
[INFO] [stderr]     Updating crates.io index
[INFO] [stderr]      Locking 36 packages to latest compatible versions
[INFO] [stderr]       Adding indexmap v1.9.3 (available: v2.7.0)
[INFO] running `Command { std: CARGO_HOME="/workspace/cargo-home" RUSTUP_HOME="/workspace/rustup-home" "/workspace/cargo-home/bin/cargo" "+beta-2024-12-08" "fetch" "--manifest-path" "Cargo.toml", kill_on_drop: false }`
[INFO] running `Command { std: "docker" "create" "-v" "/var/lib/crater-agent-workspace/builds/worker-6-tc2/target:/opt/rustwide/target:rw,Z" "-v" "/var/lib/crater-agent-workspace/builds/worker-6-tc2/source:/opt/rustwide/workdir:ro,Z" "-v" "/var/lib/crater-agent-workspace/cargo-home:/opt/rustwide/cargo-home:ro,Z" "-v" "/var/lib/crater-agent-workspace/rustup-home:/opt/rustwide/rustup-home:ro,Z" "-e" "SOURCE_DIR=/opt/rustwide/workdir" "-e" "CARGO_TARGET_DIR=/opt/rustwide/target" "-e" "CARGO_HOME=/opt/rustwide/cargo-home" "-e" "RUSTUP_HOME=/opt/rustwide/rustup-home" "-w" "/opt/rustwide/workdir" "-m" "1610612736" "--user" "0:0" "--network" "none" "ghcr.io/rust-lang/crates-build-env/linux@sha256:f3a9d4ad9d972b27faf3965f35b62e55ba32bbce8f20bc8fe909558a86702fde" "/opt/rustwide/cargo-home/bin/cargo" "+beta-2024-12-08" "metadata" "--no-deps" "--format-version=1", kill_on_drop: false }`
[INFO] [stdout] f9229366d4c8c65967058a0301b959791a88d07636f026671da45d379f0c2a2a
[INFO] running `Command { std: "docker" "start" "-a" "f9229366d4c8c65967058a0301b959791a88d07636f026671da45d379f0c2a2a", kill_on_drop: false }`
[INFO] running `Command { std: "docker" "inspect" "f9229366d4c8c65967058a0301b959791a88d07636f026671da45d379f0c2a2a", kill_on_drop: false }`
[INFO] running `Command { std: "docker" "rm" "-f" "f9229366d4c8c65967058a0301b959791a88d07636f026671da45d379f0c2a2a", kill_on_drop: false }`
[INFO] [stdout] f9229366d4c8c65967058a0301b959791a88d07636f026671da45d379f0c2a2a
[INFO] running `Command { std: "docker" "create" "-v" "/var/lib/crater-agent-workspace/builds/worker-6-tc2/target:/opt/rustwide/target:rw,Z" "-v" "/var/lib/crater-agent-workspace/builds/worker-6-tc2/source:/opt/rustwide/workdir:ro,Z" "-v" "/var/lib/crater-agent-workspace/cargo-home:/opt/rustwide/cargo-home:ro,Z" "-v" "/var/lib/crater-agent-workspace/rustup-home:/opt/rustwide/rustup-home:ro,Z" "-e" "SOURCE_DIR=/opt/rustwide/workdir" "-e" "CARGO_TARGET_DIR=/opt/rustwide/target" "-e" "CARGO_INCREMENTAL=0" "-e" "RUST_BACKTRACE=full" "-e" "RUSTFLAGS=--cap-lints=warn" "-e" "RUSTDOCFLAGS=--cap-lints=warn" "-e" "CARGO_HOME=/opt/rustwide/cargo-home" "-e" "RUSTUP_HOME=/opt/rustwide/rustup-home" "-w" "/opt/rustwide/workdir" "-m" "1610612736" "--user" "0:0" "--network" "none" "ghcr.io/rust-lang/crates-build-env/linux@sha256:f3a9d4ad9d972b27faf3965f35b62e55ba32bbce8f20bc8fe909558a86702fde" "/opt/rustwide/cargo-home/bin/cargo" "+beta-2024-12-08" "build" "--frozen" "--message-format=json", kill_on_drop: false }`
[INFO] [stdout] 08946885918c50da48a88ceada8ce637b357ca1db2faa506363c0bcdfc497436
[INFO] running `Command { std: "docker" "start" "-a" "08946885918c50da48a88ceada8ce637b357ca1db2faa506363c0bcdfc497436", kill_on_drop: false }`
[INFO] [stderr]    Compiling proc-macro2 v1.0.92
[INFO] [stderr]    Compiling autocfg v1.4.0
[INFO] [stderr]    Compiling unicode-ident v1.0.14
[INFO] [stderr]    Compiling hashbrown v0.12.3
[INFO] [stderr]    Compiling indexmap v1.9.3
[INFO] [stderr]    Compiling quote v1.0.37
[INFO] [stderr]    Compiling syn v2.0.90
[INFO] [stderr]    Compiling parameterized-macro v2.0.0 (/opt/rustwide/workdir)
[INFO] [stderr]     Finished `dev` profile [unoptimized + debuginfo] target(s) in 6.29s
[INFO] running `Command { std: "docker" "inspect" "08946885918c50da48a88ceada8ce637b357ca1db2faa506363c0bcdfc497436", kill_on_drop: false }`
[INFO] running `Command { std: "docker" "rm" "-f" "08946885918c50da48a88ceada8ce637b357ca1db2faa506363c0bcdfc497436", kill_on_drop: false }`
[INFO] [stdout] 08946885918c50da48a88ceada8ce637b357ca1db2faa506363c0bcdfc497436
[INFO] running `Command { std: "docker" "create" "-v" "/var/lib/crater-agent-workspace/builds/worker-6-tc2/target:/opt/rustwide/target:rw,Z" "-v" "/var/lib/crater-agent-workspace/builds/worker-6-tc2/source:/opt/rustwide/workdir:ro,Z" "-v" "/var/lib/crater-agent-workspace/cargo-home:/opt/rustwide/cargo-home:ro,Z" "-v" "/var/lib/crater-agent-workspace/rustup-home:/opt/rustwide/rustup-home:ro,Z" "-e" "SOURCE_DIR=/opt/rustwide/workdir" "-e" "CARGO_TARGET_DIR=/opt/rustwide/target" "-e" "CARGO_INCREMENTAL=0" "-e" "RUST_BACKTRACE=full" "-e" "RUSTFLAGS=--cap-lints=warn" "-e" "RUSTDOCFLAGS=--cap-lints=warn" "-e" "CARGO_HOME=/opt/rustwide/cargo-home" "-e" "RUSTUP_HOME=/opt/rustwide/rustup-home" "-w" "/opt/rustwide/workdir" "-m" "1610612736" "--user" "0:0" "--network" "none" "ghcr.io/rust-lang/crates-build-env/linux@sha256:f3a9d4ad9d972b27faf3965f35b62e55ba32bbce8f20bc8fe909558a86702fde" "/opt/rustwide/cargo-home/bin/cargo" "+beta-2024-12-08" "test" "--frozen" "--no-run" "--message-format=json", kill_on_drop: false }`
[INFO] [stdout] 5a3428e8c9341c757e90414c8fe3406f874e1e56b45e28939312dc122c74d724
[INFO] running `Command { std: "docker" "start" "-a" "5a3428e8c9341c757e90414c8fe3406f874e1e56b45e28939312dc122c74d724", kill_on_drop: false }`
[INFO] [stderr]    Compiling serde v1.0.216
[INFO] [stderr]    Compiling unicode-ident v1.0.14
[INFO] [stderr]    Compiling equivalent v1.0.1
[INFO] [stderr]    Compiling hashbrown v0.15.2
[INFO] [stderr]    Compiling target-triple v0.1.3
[INFO] [stderr]    Compiling winnow v0.6.20
[INFO] [stderr]    Compiling serde_json v1.0.133
[INFO] [stderr]    Compiling proc-macro2 v1.0.92
[INFO] [stderr]    Compiling ryu v1.0.18
[INFO] [stderr]    Compiling itoa v1.0.14
[INFO] [stderr]    Compiling memchr v2.7.4
[INFO] [stderr]    Compiling hashbrown v0.12.3
[INFO] [stderr]    Compiling glob v0.3.1
[INFO] [stderr]    Compiling termcolor v1.4.1
[INFO] [stderr]    Compiling indexmap v1.9.3
[INFO] [stderr]    Compiling quote v1.0.37
[INFO] [stderr]    Compiling indexmap v2.7.0
[INFO] [stderr]    Compiling syn v2.0.90
[INFO] [stderr]    Compiling toml_datetime v0.6.8
[INFO] [stderr]    Compiling serde_spanned v0.6.8
[INFO] [stderr]    Compiling toml_edit v0.22.22
[INFO] [stderr]    Compiling serde_derive v1.0.216
[INFO] [stderr]    Compiling parameterized-macro v2.0.0 (/opt/rustwide/workdir)
[INFO] [stderr]    Compiling toml v0.8.19
[INFO] [stderr]    Compiling trybuild v1.0.101
[INFO] [stderr]     Finished `test` profile [unoptimized + debuginfo] target(s) in 12.48s
[INFO] running `Command { std: "docker" "inspect" "5a3428e8c9341c757e90414c8fe3406f874e1e56b45e28939312dc122c74d724", kill_on_drop: false }`
[INFO] running `Command { std: "docker" "rm" "-f" "5a3428e8c9341c757e90414c8fe3406f874e1e56b45e28939312dc122c74d724", kill_on_drop: false }`
[INFO] [stdout] 5a3428e8c9341c757e90414c8fe3406f874e1e56b45e28939312dc122c74d724
[INFO] running `Command { std: "docker" "create" "-v" "/var/lib/crater-agent-workspace/builds/worker-6-tc2/target:/opt/rustwide/target:rw,Z" "-v" "/var/lib/crater-agent-workspace/builds/worker-6-tc2/source:/opt/rustwide/workdir:ro,Z" "-v" "/var/lib/crater-agent-workspace/cargo-home:/opt/rustwide/cargo-home:ro,Z" "-v" "/var/lib/crater-agent-workspace/rustup-home:/opt/rustwide/rustup-home:ro,Z" "-e" "SOURCE_DIR=/opt/rustwide/workdir" "-e" "CARGO_TARGET_DIR=/opt/rustwide/target" "-e" "CARGO_INCREMENTAL=0" "-e" "RUST_BACKTRACE=full" "-e" "RUSTFLAGS=--cap-lints=warn" "-e" "RUSTDOCFLAGS=--cap-lints=warn" "-e" "CARGO_HOME=/opt/rustwide/cargo-home" "-e" "RUSTUP_HOME=/opt/rustwide/rustup-home" "-w" "/opt/rustwide/workdir" "-m" "1610612736" "--user" "0:0" "--network" "none" "ghcr.io/rust-lang/crates-build-env/linux@sha256:f3a9d4ad9d972b27faf3965f35b62e55ba32bbce8f20bc8fe909558a86702fde" "/opt/rustwide/cargo-home/bin/cargo" "+beta-2024-12-08" "test" "--frozen", kill_on_drop: false }`
[INFO] [stdout] 3261e6ea4ec5fe4e7d34010cdfb3d9b835b2b093f91e701989a0f7f546fe77a0
[INFO] running `Command { std: "docker" "start" "-a" "3261e6ea4ec5fe4e7d34010cdfb3d9b835b2b093f91e701989a0f7f546fe77a0", kill_on_drop: false }`
[INFO] [stderr]     Finished `test` profile [unoptimized + debuginfo] target(s) in 0.05s
[INFO] [stderr]      Running unittests src/lib.rs (/opt/rustwide/target/debug/deps/parameterized_macro-d92dd320b15b8f34)
[INFO] [stdout] 
[INFO] [stdout] running 0 tests
[INFO] [stdout] 
[INFO] [stdout] test result: ok. 0 passed; 0 failed; 0 ignored; 0 measured; 0 filtered out; finished in 0.00s
[INFO] [stdout] 
[INFO] [stderr]      Running tests/cases.rs (/opt/rustwide/target/debug/deps/tests-ad2a8f3b90547e5d)
[INFO] [stdout] 
[INFO] [stdout] running 1 test
[INFO] [stderr]    Compiling proc-macro2 v1.0.92
[INFO] [stderr]    Compiling autocfg v1.4.0
[INFO] [stderr]    Compiling unicode-ident v1.0.14
[INFO] [stderr]    Compiling hashbrown v0.12.3
[INFO] [stderr]    Compiling indexmap v1.9.3
[INFO] [stderr]    Compiling quote v1.0.37
[INFO] [stderr]    Compiling syn v2.0.90
[INFO] [stderr]    Compiling parameterized-macro v2.0.0 (/opt/rustwide/workdir)
[INFO] [stderr]    Compiling parameterized-macro-tests v0.0.0 (/opt/rustwide/target/tests/trybuild/parameterized-macro)
[INFO] [stderr]     Finished `dev` profile [unoptimized + debuginfo] target(s) in 6.11s
[INFO] [stderr] 
[INFO] [stderr] 
[INFO] [stderr] test tests/ok/01_import.rs [should pass] ... ok
[INFO] [stderr] test tests/ok/02_multiple_ids.rs [should pass] ... ok
[INFO] [stderr] test tests/ok/03_multiline.rs [should pass] ... ok
[INFO] [stderr] test tests/ok/04_many_arg.rs [should pass] ... ok
[INFO] [stderr] test tests/ok/06_vis.rs [should pass] ... ok
[INFO] [stderr] test tests/ok/07_vis2.rs [should pass] ... ok
[INFO] [stderr] test tests/ok/08_neg.rs [should pass] ... ok
[INFO] [stderr] test tests/ok/09_option.rs [should pass] ... ok
[INFO] [stderr] test tests/ok/10_result.rs [should pass] ... ok
[INFO] [stderr] test tests/ok/11_enum.rs [should pass] ... ok
[INFO] [stderr] test tests/ok/12_enum_with_variant_value.rs [should pass] ... ok
[INFO] [stderr] test tests/ok/13_import_rename.rs [should pass] ... ok
[INFO] [stderr] test tests/ok/14_transitive_attr.rs [should pass] ... ok
[INFO] [stderr] test tests/ok/15_comment_in_test_case.rs [should pass] ... ok
[INFO] [stderr] test tests/ok/16_trailing_comma1.rs [should pass] ... ok
[INFO] [stderr] test tests/ok/17_trailing_comma2.rs [should pass] ... ok
[INFO] [stderr] test tests/ok/18_trailing_comma3.rs [should pass] ... ok
[INFO] [stderr] test tests/ok/19_trailing_comma4.rs [should pass] ... ok
[INFO] [stderr] test tests/ok/20_empty.rs [should pass] ... ok
[INFO] [stderr] test tests/ok/21_custom_test_attribute.rs [should pass] ... ok
[INFO] [stderr] test tests/ok/22_custom_test_attribute_complex_meta.rs [should pass] ... ok
[INFO] [stderr] test tests/fail/id_already_defined.rs [should fail to compile] ... ok
[INFO] [stderr] test tests/fail/inequal_amount_of_arg.rs [should fail to compile] ... ok
[INFO] [stderr] test tests/fail/inequal_amount_of_arg_order.rs [should fail to compile] ... ok
[INFO] [stderr] test tests/fail/input_param_order_in_err_message.rs [should fail to compile] ... ok
[INFO] [stderr] test tests/fail/not_a_fn.rs [should fail to compile] ... ok
[INFO] [stderr] test tests/fail/on_visibility.rs [should fail to compile] ... mismatch
[INFO] [stderr] 
[INFO] [stderr] EXPECTED:
[INFO] [stderr] ┈┈┈┈┈┈┈┈┈┈┈┈┈┈┈┈┈┈┈┈┈┈┈┈┈┈┈┈┈┈┈┈┈┈┈┈┈┈┈┈┈┈┈┈┈┈┈┈┈┈┈┈┈┈┈┈┈┈┈┈
[INFO] [stderr] error[E0433]: failed to resolve: could not find `my_test` in `a`
[INFO] [stderr]   --> $DIR/on_visibility.rs:20:12
[INFO] [stderr]    |
[INFO] [stderr] 20 |         a::my_test::case_0(); // this isn't ok
[INFO] [stderr]    |            ^^^^^^^ could not find `my_test` in `a`
[INFO] [stderr] ┈┈┈┈┈┈┈┈┈┈┈┈┈┈┈┈┈┈┈┈┈┈┈┈┈┈┈┈┈┈┈┈┈┈┈┈┈┈┈┈┈┈┈┈┈┈┈┈┈┈┈┈┈┈┈┈┈┈┈┈
[INFO] [stderr] 
[INFO] [stderr] ACTUAL OUTPUT:
[INFO] [stderr] ┈┈┈┈┈┈┈┈┈┈┈┈┈┈┈┈┈┈┈┈┈┈┈┈┈┈┈┈┈┈┈┈┈┈┈┈┈┈┈┈┈┈┈┈┈┈┈┈┈┈┈┈┈┈┈┈┈┈┈┈
[INFO] [stderr] error[E0433]: failed to resolve: could not find `my_test` in `a`
[INFO] [stderr]   --> tests/fail/on_visibility.rs:20:12
[INFO] [stderr]    |
[INFO] [stderr] 20 |         a::my_test::case_0(); // this isn't ok
[INFO] [stderr]    |            ^^^^^^^ could not find `my_test` in `a`
[INFO] [stderr]    |
[INFO] [stderr] note: found an item that was configured out
[INFO] [stderr]   --> tests/fail/on_visibility.rs:8:25
[INFO] [stderr]    |
[INFO] [stderr] 8  |     pub(in crate::b) fn my_test(v: Option<i32>) {}
[INFO] [stderr]    |                         ^^^^^^^
[INFO] [stderr] note: the item is gated here
[INFO] [stderr]   --> tests/fail/on_visibility.rs:7:5
[INFO] [stderr]    |
[INFO] [stderr] 7  |     #[parameterized(v = { Some(- 1), None })]
[INFO] [stderr]    |     ^^^^^^^^^^^^^^^^^^^^^^^^^^^^^^^^^^^^^^^^^
[INFO] [stderr]    = note: this error originates in the attribute macro `parameterized` (in Nightly builds, run with -Z macro-backtrace for more info)
[INFO] [stderr] ┈┈┈┈┈┈┈┈┈┈┈┈┈┈┈┈┈┈┈┈┈┈┈┈┈┈┈┈┈┈┈┈┈┈┈┈┈┈┈┈┈┈┈┈┈┈┈┈┈┈┈┈┈┈┈┈┈┈┈┈
[INFO] [stderr] note: If the actual output is the correct output you can bless it by rerunning
[INFO] [stderr]       your test with the environment variable TRYBUILD=overwrite
[INFO] [stderr] 
[INFO] [stderr] test tests/fail/multiple_custom_test_attributes.rs [should fail to compile] ... ok
[INFO] [stderr] test tests/fail/square_brackets.rs [should fail to compile] ... ok
[INFO] [stderr] test tests/fail/no_argument.rs [should fail to compile] ... ok
[INFO] [stderr] test tests/fail/no_param.rs [should fail to compile] ... ok
[INFO] [stderr] test tests/fail/no_param_nr2.rs [should fail to compile] ... ok
[INFO] [stderr] 
[INFO] [stderr] 
[INFO] [stdout] test individual_cases ... FAILED
[INFO] [stdout] 
[INFO] [stdout] failures:
[INFO] [stdout] 
[INFO] [stdout] ---- individual_cases stdout ----
[INFO] [stdout] thread 'individual_cases' panicked at /opt/rustwide/cargo-home/registry/src/index.crates.io-6f17d22bba15001f/trybuild-1.0.101/src/run.rs:101:13:
[INFO] [stdout] 1 of 32 tests failed
[INFO] [stdout] stack backtrace:
[INFO] [stdout]    0:     0x5b8fb9470b2a - std::backtrace_rs::backtrace::libunwind::trace::h8810477743020387
[INFO] [stdout]                                at /rustc/202008a1b8de96d2e5b6bc02d379db03a877d34d/library/std/src/../../backtrace/src/backtrace/libunwind.rs:116:5
[INFO] [stdout]    1:     0x5b8fb9470b2a - std::backtrace_rs::backtrace::trace_unsynchronized::h3aa55355dd6c54a6
[INFO] [stdout]                                at /rustc/202008a1b8de96d2e5b6bc02d379db03a877d34d/library/std/src/../../backtrace/src/backtrace/mod.rs:66:5
[INFO] [stdout]    2:     0x5b8fb9470b2a - std::sys::backtrace::_print_fmt::h8588b0f62410823f
[INFO] [stdout]                                at /rustc/202008a1b8de96d2e5b6bc02d379db03a877d34d/library/std/src/sys/backtrace.rs:66:9
[INFO] [stdout]    3:     0x5b8fb9470b2a - <std::sys::backtrace::BacktraceLock::print::DisplayBacktrace as core::fmt::Display>::fmt::h98c26ac25ffe89bb
[INFO] [stdout]                                at /rustc/202008a1b8de96d2e5b6bc02d379db03a877d34d/library/std/src/sys/backtrace.rs:39:26
[INFO] [stdout]    4:     0x5b8fb9499e63 - core::fmt::rt::Argument::fmt::hf95377f4aebd453b
[INFO] [stdout]                                at /rustc/202008a1b8de96d2e5b6bc02d379db03a877d34d/library/core/src/fmt/rt.rs:177:76
[INFO] [stdout]    5:     0x5b8fb9499e63 - core::fmt::write::h0dd5f6e2238c7982
[INFO] [stdout]                                at /rustc/202008a1b8de96d2e5b6bc02d379db03a877d34d/library/core/src/fmt/mod.rs:1189:21
[INFO] [stdout]    6:     0x5b8fb946d1d3 - std::io::Write::write_fmt::h03bb0ca26e6faf8c
[INFO] [stdout]                                at /rustc/202008a1b8de96d2e5b6bc02d379db03a877d34d/library/std/src/io/mod.rs:1884:15
[INFO] [stdout]    7:     0x5b8fb9470972 - std::sys::backtrace::BacktraceLock::print::h5c19c1c038ee186d
[INFO] [stdout]                                at /rustc/202008a1b8de96d2e5b6bc02d379db03a877d34d/library/std/src/sys/backtrace.rs:42:9
[INFO] [stdout]    8:     0x5b8fb94725ad - std::panicking::default_hook::{{closure}}::h77172f079a1fcb13
[INFO] [stdout]                                at /rustc/202008a1b8de96d2e5b6bc02d379db03a877d34d/library/std/src/panicking.rs:268:22
[INFO] [stdout]    9:     0x5b8fb94723b7 - std::panicking::default_hook::he5f8e3b203ccddba
[INFO] [stdout]                                at /rustc/202008a1b8de96d2e5b6bc02d379db03a877d34d/library/std/src/panicking.rs:292:9
[INFO] [stdout]   10:     0x5b8fb9438d07 - <alloc::boxed::Box<F,A> as core::ops::function::Fn<Args>>::call::h7a3c7b4a1ae77f2f
[INFO] [stdout]                                at /rustc/202008a1b8de96d2e5b6bc02d379db03a877d34d/library/alloc/src/boxed.rs:1986:9
[INFO] [stdout]   11:     0x5b8fb9438d07 - test::test_main::{{closure}}::hf0d3b69ae9b353d1
[INFO] [stdout]                                at /rustc/202008a1b8de96d2e5b6bc02d379db03a877d34d/library/test/src/lib.rs:134:21
[INFO] [stdout]   12:     0x5b8fb9472c58 - <alloc::boxed::Box<F,A> as core::ops::function::Fn<Args>>::call::h6332e82e7b189abd
[INFO] [stdout]                                at /rustc/202008a1b8de96d2e5b6bc02d379db03a877d34d/library/alloc/src/boxed.rs:1986:9
[INFO] [stdout]   13:     0x5b8fb9472c58 - std::panicking::rust_panic_with_hook::h53863d4e9018df39
[INFO] [stdout]                                at /rustc/202008a1b8de96d2e5b6bc02d379db03a877d34d/library/std/src/panicking.rs:809:13
[INFO] [stdout]   14:     0x5b8fb9472a1a - std::panicking::begin_panic_handler::{{closure}}::h67280e6fa0757873
[INFO] [stdout]                                at /rustc/202008a1b8de96d2e5b6bc02d379db03a877d34d/library/std/src/panicking.rs:674:13
[INFO] [stdout]   15:     0x5b8fb9471009 - std::sys::backtrace::__rust_end_short_backtrace::h1dac3f54d6fbbeb2
[INFO] [stdout]                                at /rustc/202008a1b8de96d2e5b6bc02d379db03a877d34d/library/std/src/sys/backtrace.rs:170:18
[INFO] [stdout]   16:     0x5b8fb94726ac - rust_begin_unwind
[INFO] [stdout]                                at /rustc/202008a1b8de96d2e5b6bc02d379db03a877d34d/library/std/src/panicking.rs:665:5
[INFO] [stdout]   17:     0x5b8fb9147260 - core::panicking::panic_fmt::h6792bd1b2bf01041
[INFO] [stdout]                                at /rustc/202008a1b8de96d2e5b6bc02d379db03a877d34d/library/core/src/panicking.rs:76:14
[INFO] [stdout]   18:     0x5b8fb919b35f - trybuild::run::<impl trybuild::Runner>::run::h2f6adba39c09671b
[INFO] [stdout]                                at /opt/rustwide/cargo-home/registry/src/index.crates.io-6f17d22bba15001f/trybuild-1.0.101/src/run.rs:101:13
[INFO] [stdout]   19:     0x5b8fb91a0878 - <trybuild::TestCases as core::ops::drop::Drop>::drop::hd0e97c0d988daf17
[INFO] [stdout]                                at /opt/rustwide/cargo-home/registry/src/index.crates.io-6f17d22bba15001f/trybuild-1.0.101/src/lib.rs:340:13
[INFO] [stdout]   20:     0x5b8fb9147d87 - core::ptr::drop_in_place<trybuild::TestCases>::h7ab085b3b9b7d805
[INFO] [stdout]                                at /rustc/202008a1b8de96d2e5b6bc02d379db03a877d34d/library/core/src/ptr/mod.rs:521:1
[INFO] [stdout]   21:     0x5b8fb91488fe - tests::individual_cases::ha4c294920966ab93
[INFO] [stdout]                                at /opt/rustwide/workdir/tests/cases.rs:44:1
[INFO] [stdout]   22:     0x5b8fb91485a7 - tests::individual_cases::{{closure}}::hf20914ff4025a8ac
[INFO] [stdout]                                at /opt/rustwide/workdir/tests/cases.rs:2:22
[INFO] [stdout]   23:     0x5b8fb9147d36 - core::ops::function::FnOnce::call_once::h9d88723a2c28608c
[INFO] [stdout]                                at /rustc/202008a1b8de96d2e5b6bc02d379db03a877d34d/library/core/src/ops/function.rs:250:5
[INFO] [stdout]   24:     0x5b8fb943d82b - core::ops::function::FnOnce::call_once::h871bf86719ec9aa4
[INFO] [stdout]                                at /rustc/202008a1b8de96d2e5b6bc02d379db03a877d34d/library/core/src/ops/function.rs:250:5
[INFO] [stdout]   25:     0x5b8fb943d82b - test::__rust_begin_short_backtrace::h2167df1e2b7d76fd
[INFO] [stdout]                                at /rustc/202008a1b8de96d2e5b6bc02d379db03a877d34d/library/test/src/lib.rs:632:18
[INFO] [stdout]   26:     0x5b8fb943d218 - test::run_test_in_process::{{closure}}::h15d92f75a3adfb79
[INFO] [stdout]                                at /rustc/202008a1b8de96d2e5b6bc02d379db03a877d34d/library/test/src/lib.rs:655:60
[INFO] [stdout]   27:     0x5b8fb943d218 - <core::panic::unwind_safe::AssertUnwindSafe<F> as core::ops::function::FnOnce<()>>::call_once::hb6c8955835a8dbbb
[INFO] [stdout]                                at /rustc/202008a1b8de96d2e5b6bc02d379db03a877d34d/library/core/src/panic/unwind_safe.rs:272:9
[INFO] [stdout]   28:     0x5b8fb943d218 - std::panicking::try::do_call::hc79d0fc888a0bd30
[INFO] [stdout]                                at /rustc/202008a1b8de96d2e5b6bc02d379db03a877d34d/library/std/src/panicking.rs:557:40
[INFO] [stdout]   29:     0x5b8fb943d218 - std::panicking::try::hb8a7878e3a8589d6
[INFO] [stdout]                                at /rustc/202008a1b8de96d2e5b6bc02d379db03a877d34d/library/std/src/panicking.rs:520:19
[INFO] [stdout]   30:     0x5b8fb943d218 - std::panic::catch_unwind::hb8e4600ff0ff5cfa
[INFO] [stdout]                                at /rustc/202008a1b8de96d2e5b6bc02d379db03a877d34d/library/std/src/panic.rs:358:14
[INFO] [stdout]   31:     0x5b8fb943d218 - test::run_test_in_process::hc2900b0b18688dd6
[INFO] [stdout]                                at /rustc/202008a1b8de96d2e5b6bc02d379db03a877d34d/library/test/src/lib.rs:655:27
[INFO] [stdout]   32:     0x5b8fb943d218 - test::run_test::{{closure}}::hac2a9cb07be3d48d
[INFO] [stdout]                                at /rustc/202008a1b8de96d2e5b6bc02d379db03a877d34d/library/test/src/lib.rs:576:43
[INFO] [stdout]   33:     0x5b8fb9400cba - test::run_test::{{closure}}::h4a5b729e66a38cd8
[INFO] [stdout]                                at /rustc/202008a1b8de96d2e5b6bc02d379db03a877d34d/library/test/src/lib.rs:606:41
[INFO] [stdout]   34:     0x5b8fb9400cba - std::sys::backtrace::__rust_begin_short_backtrace::h0496fb742492f573
[INFO] [stdout]                                at /rustc/202008a1b8de96d2e5b6bc02d379db03a877d34d/library/std/src/sys/backtrace.rs:154:18
[INFO] [stdout]   35:     0x5b8fb9404634 - std::thread::Builder::spawn_unchecked_::{{closure}}::{{closure}}::hbb6d257c550a54bd
[INFO] [stdout]                                at /rustc/202008a1b8de96d2e5b6bc02d379db03a877d34d/library/std/src/thread/mod.rs:561:17
[INFO] [stdout]   36:     0x5b8fb9404634 - <core::panic::unwind_safe::AssertUnwindSafe<F> as core::ops::function::FnOnce<()>>::call_once::h46696fe4a6832328
[INFO] [stdout]                                at /rustc/202008a1b8de96d2e5b6bc02d379db03a877d34d/library/core/src/panic/unwind_safe.rs:272:9
[INFO] [stdout]   37:     0x5b8fb9404634 - std::panicking::try::do_call::h2625a51b667bfb64
[INFO] [stdout]                                at /rustc/202008a1b8de96d2e5b6bc02d379db03a877d34d/library/std/src/panicking.rs:557:40
[INFO] [stdout]   38:     0x5b8fb9404634 - std::panicking::try::hb956a59a1973aa4c
[INFO] [stdout]                                at /rustc/202008a1b8de96d2e5b6bc02d379db03a877d34d/library/std/src/panicking.rs:520:19
[INFO] [stdout]   39:     0x5b8fb9404634 - std::panic::catch_unwind::h64f3b9d1067ef6a0
[INFO] [stdout]                                at /rustc/202008a1b8de96d2e5b6bc02d379db03a877d34d/library/std/src/panic.rs:358:14
[INFO] [stdout]   40:     0x5b8fb9404634 - std::thread::Builder::spawn_unchecked_::{{closure}}::h42b2841295b6c0b2
[INFO] [stdout]                                at /rustc/202008a1b8de96d2e5b6bc02d379db03a877d34d/library/std/src/thread/mod.rs:559:30
[INFO] [stdout]   41:     0x5b8fb9404634 - core::ops::function::FnOnce::call_once{{vtable.shim}}::h6127de71b8124639
[INFO] [stdout]                                at /rustc/202008a1b8de96d2e5b6bc02d379db03a877d34d/library/core/src/ops/function.rs:250:5
[INFO] [stdout]   42:     0x5b8fb9477b6b - <alloc::boxed::Box<F,A> as core::ops::function::FnOnce<Args>>::call_once::h42f0ba71002a1b2c
[INFO] [stdout]                                at /rustc/202008a1b8de96d2e5b6bc02d379db03a877d34d/library/alloc/src/boxed.rs:1972:9
[INFO] [stdout]   43:     0x5b8fb9477b6b - <alloc::boxed::Box<F,A> as core::ops::function::FnOnce<Args>>::call_once::had9e47d7a3dcecb8
[INFO] [stdout]                                at /rustc/202008a1b8de96d2e5b6bc02d379db03a877d34d/library/alloc/src/boxed.rs:1972:9
[INFO] [stdout]   44:     0x5b8fb9477b6b - std::sys::pal::unix::thread::Thread::new::thread_start::h48cf765408f6f5f2
[INFO] [stdout]                                at /rustc/202008a1b8de96d2e5b6bc02d379db03a877d34d/library/std/src/sys/pal/unix/thread.rs:105:17
[INFO] [stdout]   45:     0x7df0e8350ac3 - <unknown>
[INFO] [stdout]   46:     0x7df0e83e1a04 - clone
[INFO] [stdout]   47:                0x0 - <unknown>
[INFO] [stdout] 
[INFO] [stdout] 
[INFO] [stdout] failures:
[INFO] [stdout]     individual_cases
[INFO] [stdout] 
[INFO] [stdout] test result: FAILED. 0 passed; 1 failed; 0 ignored; 0 measured; 0 filtered out; finished in 12.51s
[INFO] [stdout] 
[INFO] [stderr] error: test failed, to rerun pass `--test tests`
[INFO] running `Command { std: "docker" "inspect" "3261e6ea4ec5fe4e7d34010cdfb3d9b835b2b093f91e701989a0f7f546fe77a0", kill_on_drop: false }`
[INFO] running `Command { std: "docker" "rm" "-f" "3261e6ea4ec5fe4e7d34010cdfb3d9b835b2b093f91e701989a0f7f546fe77a0", kill_on_drop: false }`
[INFO] [stdout] 3261e6ea4ec5fe4e7d34010cdfb3d9b835b2b093f91e701989a0f7f546fe77a0
