[INFO] fetching crate panic-log 0.3.0...
[INFO] testing panic-log-0.3.0 against beta-2024-12-08 for beta-1.84.0-4-retry
[INFO] extracting crate panic-log 0.3.0 into /workspace/builds/worker-7-tc2/source
[INFO] validating manifest of crates.io crate panic-log 0.3.0 on toolchain beta-2024-12-08
[INFO] running `Command { std: CARGO_HOME="/workspace/cargo-home" RUSTUP_HOME="/workspace/rustup-home" "/workspace/cargo-home/bin/cargo" "+beta-2024-12-08" "metadata" "--manifest-path" "Cargo.toml" "--no-deps", kill_on_drop: false }`
[INFO] started tweaking crates.io crate panic-log 0.3.0
[INFO] finished tweaking crates.io crate panic-log 0.3.0
[INFO] tweaked toml for crates.io crate panic-log 0.3.0 written to /workspace/builds/worker-7-tc2/source/Cargo.toml
[INFO] running `Command { std: CARGO_HOME="/workspace/cargo-home" RUSTUP_HOME="/workspace/rustup-home" "/workspace/cargo-home/bin/cargo" "+beta-2024-12-08" "generate-lockfile" "--manifest-path" "Cargo.toml", kill_on_drop: false }`
[INFO] [stderr]     Updating crates.io index
[INFO] [stderr]      Locking 1 package to latest compatible version
[INFO] running `Command { std: CARGO_HOME="/workspace/cargo-home" RUSTUP_HOME="/workspace/rustup-home" "/workspace/cargo-home/bin/cargo" "+beta-2024-12-08" "fetch" "--manifest-path" "Cargo.toml", kill_on_drop: false }`
[INFO] running `Command { std: "docker" "create" "-v" "/var/lib/crater-agent-workspace/builds/worker-7-tc2/target:/opt/rustwide/target:rw,Z" "-v" "/var/lib/crater-agent-workspace/builds/worker-7-tc2/source:/opt/rustwide/workdir:ro,Z" "-v" "/var/lib/crater-agent-workspace/cargo-home:/opt/rustwide/cargo-home:ro,Z" "-v" "/var/lib/crater-agent-workspace/rustup-home:/opt/rustwide/rustup-home:ro,Z" "-e" "SOURCE_DIR=/opt/rustwide/workdir" "-e" "CARGO_TARGET_DIR=/opt/rustwide/target" "-e" "CARGO_HOME=/opt/rustwide/cargo-home" "-e" "RUSTUP_HOME=/opt/rustwide/rustup-home" "-w" "/opt/rustwide/workdir" "-m" "1610612736" "--user" "0:0" "--network" "none" "ghcr.io/rust-lang/crates-build-env/linux@sha256:f3a9d4ad9d972b27faf3965f35b62e55ba32bbce8f20bc8fe909558a86702fde" "/opt/rustwide/cargo-home/bin/cargo" "+beta-2024-12-08" "metadata" "--no-deps" "--format-version=1", kill_on_drop: false }`
[INFO] [stdout] 5dbbb4dab6d8cb4fe1661433cd3402cad1259c4876b53920afda4fef94051d6e
[INFO] running `Command { std: "docker" "start" "-a" "5dbbb4dab6d8cb4fe1661433cd3402cad1259c4876b53920afda4fef94051d6e", kill_on_drop: false }`
[INFO] running `Command { std: "docker" "inspect" "5dbbb4dab6d8cb4fe1661433cd3402cad1259c4876b53920afda4fef94051d6e", kill_on_drop: false }`
[INFO] running `Command { std: "docker" "rm" "-f" "5dbbb4dab6d8cb4fe1661433cd3402cad1259c4876b53920afda4fef94051d6e", kill_on_drop: false }`
[INFO] [stdout] 5dbbb4dab6d8cb4fe1661433cd3402cad1259c4876b53920afda4fef94051d6e
[INFO] running `Command { std: "docker" "create" "-v" "/var/lib/crater-agent-workspace/builds/worker-7-tc2/target:/opt/rustwide/target:rw,Z" "-v" "/var/lib/crater-agent-workspace/builds/worker-7-tc2/source:/opt/rustwide/workdir:ro,Z" "-v" "/var/lib/crater-agent-workspace/cargo-home:/opt/rustwide/cargo-home:ro,Z" "-v" "/var/lib/crater-agent-workspace/rustup-home:/opt/rustwide/rustup-home:ro,Z" "-e" "SOURCE_DIR=/opt/rustwide/workdir" "-e" "CARGO_TARGET_DIR=/opt/rustwide/target" "-e" "CARGO_INCREMENTAL=0" "-e" "RUST_BACKTRACE=full" "-e" "RUSTFLAGS=--cap-lints=warn" "-e" "RUSTDOCFLAGS=--cap-lints=warn" "-e" "CARGO_HOME=/opt/rustwide/cargo-home" "-e" "RUSTUP_HOME=/opt/rustwide/rustup-home" "-w" "/opt/rustwide/workdir" "-m" "1610612736" "--user" "0:0" "--network" "none" "ghcr.io/rust-lang/crates-build-env/linux@sha256:f3a9d4ad9d972b27faf3965f35b62e55ba32bbce8f20bc8fe909558a86702fde" "/opt/rustwide/cargo-home/bin/cargo" "+beta-2024-12-08" "build" "--frozen" "--message-format=json", kill_on_drop: false }`
[INFO] [stdout] 917a81c5f19eb49329d34cd10e0c5ff9245e5d97f660572e67476c0e929a3d46
[INFO] running `Command { std: "docker" "start" "-a" "917a81c5f19eb49329d34cd10e0c5ff9245e5d97f660572e67476c0e929a3d46", kill_on_drop: false }`
[INFO] [stderr]    Compiling panic-log v0.3.0 (/opt/rustwide/workdir)
[INFO] [stderr]     Finished `dev` profile [unoptimized + debuginfo] target(s) in 0.20s
[INFO] running `Command { std: "docker" "inspect" "917a81c5f19eb49329d34cd10e0c5ff9245e5d97f660572e67476c0e929a3d46", kill_on_drop: false }`
[INFO] running `Command { std: "docker" "rm" "-f" "917a81c5f19eb49329d34cd10e0c5ff9245e5d97f660572e67476c0e929a3d46", kill_on_drop: false }`
[INFO] [stdout] 917a81c5f19eb49329d34cd10e0c5ff9245e5d97f660572e67476c0e929a3d46
[INFO] running `Command { std: "docker" "create" "-v" "/var/lib/crater-agent-workspace/builds/worker-7-tc2/target:/opt/rustwide/target:rw,Z" "-v" "/var/lib/crater-agent-workspace/builds/worker-7-tc2/source:/opt/rustwide/workdir:ro,Z" "-v" "/var/lib/crater-agent-workspace/cargo-home:/opt/rustwide/cargo-home:ro,Z" "-v" "/var/lib/crater-agent-workspace/rustup-home:/opt/rustwide/rustup-home:ro,Z" "-e" "SOURCE_DIR=/opt/rustwide/workdir" "-e" "CARGO_TARGET_DIR=/opt/rustwide/target" "-e" "CARGO_INCREMENTAL=0" "-e" "RUST_BACKTRACE=full" "-e" "RUSTFLAGS=--cap-lints=warn" "-e" "RUSTDOCFLAGS=--cap-lints=warn" "-e" "CARGO_HOME=/opt/rustwide/cargo-home" "-e" "RUSTUP_HOME=/opt/rustwide/rustup-home" "-w" "/opt/rustwide/workdir" "-m" "1610612736" "--user" "0:0" "--network" "none" "ghcr.io/rust-lang/crates-build-env/linux@sha256:f3a9d4ad9d972b27faf3965f35b62e55ba32bbce8f20bc8fe909558a86702fde" "/opt/rustwide/cargo-home/bin/cargo" "+beta-2024-12-08" "test" "--frozen" "--no-run" "--message-format=json", kill_on_drop: false }`
[INFO] [stdout] bbeef4d745f6db9bf7b126ccda5f274ccf00ef04b91f2b1467f12ca339fcba3f
[INFO] running `Command { std: "docker" "start" "-a" "bbeef4d745f6db9bf7b126ccda5f274ccf00ef04b91f2b1467f12ca339fcba3f", kill_on_drop: false }`
[INFO] [stderr]    Compiling panic-log v0.3.0 (/opt/rustwide/workdir)
[INFO] [stderr]     Finished `test` profile [unoptimized + debuginfo] target(s) in 0.42s
[INFO] running `Command { std: "docker" "inspect" "bbeef4d745f6db9bf7b126ccda5f274ccf00ef04b91f2b1467f12ca339fcba3f", kill_on_drop: false }`
[INFO] running `Command { std: "docker" "rm" "-f" "bbeef4d745f6db9bf7b126ccda5f274ccf00ef04b91f2b1467f12ca339fcba3f", kill_on_drop: false }`
[INFO] [stdout] bbeef4d745f6db9bf7b126ccda5f274ccf00ef04b91f2b1467f12ca339fcba3f
[INFO] running `Command { std: "docker" "create" "-v" "/var/lib/crater-agent-workspace/builds/worker-7-tc2/target:/opt/rustwide/target:rw,Z" "-v" "/var/lib/crater-agent-workspace/builds/worker-7-tc2/source:/opt/rustwide/workdir:ro,Z" "-v" "/var/lib/crater-agent-workspace/cargo-home:/opt/rustwide/cargo-home:ro,Z" "-v" "/var/lib/crater-agent-workspace/rustup-home:/opt/rustwide/rustup-home:ro,Z" "-e" "SOURCE_DIR=/opt/rustwide/workdir" "-e" "CARGO_TARGET_DIR=/opt/rustwide/target" "-e" "CARGO_INCREMENTAL=0" "-e" "RUST_BACKTRACE=full" "-e" "RUSTFLAGS=--cap-lints=warn" "-e" "RUSTDOCFLAGS=--cap-lints=warn" "-e" "CARGO_HOME=/opt/rustwide/cargo-home" "-e" "RUSTUP_HOME=/opt/rustwide/rustup-home" "-w" "/opt/rustwide/workdir" "-m" "1610612736" "--user" "0:0" "--network" "none" "ghcr.io/rust-lang/crates-build-env/linux@sha256:f3a9d4ad9d972b27faf3965f35b62e55ba32bbce8f20bc8fe909558a86702fde" "/opt/rustwide/cargo-home/bin/cargo" "+beta-2024-12-08" "test" "--frozen", kill_on_drop: false }`
[INFO] [stdout] 77806a830b221651d9b818616ff48ed3579ca2a47bf831181319e66cd8528015
[INFO] running `Command { std: "docker" "start" "-a" "77806a830b221651d9b818616ff48ed3579ca2a47bf831181319e66cd8528015", kill_on_drop: false }`
[INFO] [stderr]     Finished `test` profile [unoptimized + debuginfo] target(s) in 0.02s
[INFO] [stderr]      Running unittests src/lib.rs (/opt/rustwide/target/debug/deps/panic_log-566115e9cac00241)
[INFO] [stdout] 
[INFO] [stdout] running 0 tests
[INFO] [stdout] 
[INFO] [stdout] test result: ok. 0 passed; 0 failed; 0 ignored; 0 measured; 0 filtered out; finished in 0.00s
[INFO] [stdout] 
[INFO] [stderr]    Doc-tests panic_log
[INFO] [stdout] 
[INFO] [stdout] running 1 test
[INFO] [stdout] test src/lib.rs - (line 27) ... FAILED
[INFO] [stdout] 
[INFO] [stdout] failures:
[INFO] [stdout] 
[INFO] [stdout] ---- src/lib.rs - (line 27) stdout ----
[INFO] [stdout] error: unexpected token: `...`
[INFO] [stdout]  --> src/lib.rs:30:2
[INFO] [stdout]   |
[INFO] [stdout] 6 | [...]
[INFO] [stdout]   |  ^^^
[INFO] [stdout]   |
[INFO] [stdout] help: use `..` for an exclusive range
[INFO] [stdout]   |
[INFO] [stdout] 6 | [..]
[INFO] [stdout]   |  ~~
[INFO] [stderr] error: doctest failed, to rerun pass `--doc`
[INFO] [stdout] help: or `..=` for an inclusive range
[INFO] [stdout]   |
[INFO] [stdout] 6 | [..=]
[INFO] [stdout]   |  ~~~
[INFO] [stdout] 
[INFO] [stdout] error[E0586]: inclusive range with no end
[INFO] [stdout]  --> src/lib.rs:30:2
[INFO] [stdout]   |
[INFO] [stdout] 6 | [...]
[INFO] [stdout]   |  ^^^
[INFO] [stdout]   |
[INFO] [stdout]   = note: inclusive ranges must be bounded at the end (`..=b` or `a..=b`)
[INFO] [stdout] help: use `..` instead
[INFO] [stdout]   |
[INFO] [stdout] 6 - [...]
[INFO] [stdout] 6 + [..]
[INFO] [stdout]   |
[INFO] [stdout] 
[INFO] [stdout] error: expected `;`, found `panic_log`
[INFO] [stdout]  --> src/lib.rs:30:6
[INFO] [stdout]   |
[INFO] [stdout] 6 | [...]
[INFO] [stdout]   |      ^ help: add `;` here
[INFO] [stdout] 7 | panic_log::initialize_hook(Configuration::default());
[INFO] [stdout]   | --------- unexpected token
[INFO] [stdout] 
[INFO] [stdout] error: aborting due to 3 previous errors
[INFO] [stdout] 
[INFO] [stdout] For more information about this error, try `rustc --explain E0586`.
[INFO] [stdout] Couldn't compile the test.
[INFO] [stdout] 
[INFO] [stdout] failures:
[INFO] [stdout]     src/lib.rs - (line 27)
[INFO] [stdout] 
[INFO] [stdout] test result: FAILED. 0 passed; 1 failed; 0 ignored; 0 measured; 0 filtered out; finished in 0.07s
[INFO] [stdout] 
[INFO] running `Command { std: "docker" "inspect" "77806a830b221651d9b818616ff48ed3579ca2a47bf831181319e66cd8528015", kill_on_drop: false }`
[INFO] running `Command { std: "docker" "rm" "-f" "77806a830b221651d9b818616ff48ed3579ca2a47bf831181319e66cd8528015", kill_on_drop: false }`
[INFO] [stdout] 77806a830b221651d9b818616ff48ed3579ca2a47bf831181319e66cd8528015
