[INFO] fetching crate panic-custom-proc-macros 0.1.0...
[INFO] testing panic-custom-proc-macros-0.1.0 against beta-2024-12-08 for beta-1.84.0-4-retry
[INFO] extracting crate panic-custom-proc-macros 0.1.0 into /workspace/builds/worker-6-tc2/source
[INFO] validating manifest of crates.io crate panic-custom-proc-macros 0.1.0 on toolchain beta-2024-12-08
[INFO] running `Command { std: CARGO_HOME="/workspace/cargo-home" RUSTUP_HOME="/workspace/rustup-home" "/workspace/cargo-home/bin/cargo" "+beta-2024-12-08" "metadata" "--manifest-path" "Cargo.toml" "--no-deps", kill_on_drop: false }`
[INFO] started tweaking crates.io crate panic-custom-proc-macros 0.1.0
[INFO] finished tweaking crates.io crate panic-custom-proc-macros 0.1.0
[INFO] tweaked toml for crates.io crate panic-custom-proc-macros 0.1.0 written to /workspace/builds/worker-6-tc2/source/Cargo.toml
[INFO] running `Command { std: CARGO_HOME="/workspace/cargo-home" RUSTUP_HOME="/workspace/rustup-home" "/workspace/cargo-home/bin/cargo" "+beta-2024-12-08" "generate-lockfile" "--manifest-path" "Cargo.toml", kill_on_drop: false }`
[INFO] [stderr]     Blocking waiting for file lock on package cache
[INFO] [stderr]     Updating crates.io index
[INFO] [stderr]     Blocking waiting for file lock on package cache
[INFO] [stderr]      Locking 4 packages to latest compatible versions
[INFO] [stderr]       Adding syn v1.0.109 (available: v2.0.90)
[INFO] running `Command { std: CARGO_HOME="/workspace/cargo-home" RUSTUP_HOME="/workspace/rustup-home" "/workspace/cargo-home/bin/cargo" "+beta-2024-12-08" "fetch" "--manifest-path" "Cargo.toml", kill_on_drop: false }`
[INFO] [stderr]     Blocking waiting for file lock on package cache
[INFO] running `Command { std: "docker" "create" "-v" "/var/lib/crater-agent-workspace/builds/worker-6-tc2/target:/opt/rustwide/target:rw,Z" "-v" "/var/lib/crater-agent-workspace/builds/worker-6-tc2/source:/opt/rustwide/workdir:ro,Z" "-v" "/var/lib/crater-agent-workspace/cargo-home:/opt/rustwide/cargo-home:ro,Z" "-v" "/var/lib/crater-agent-workspace/rustup-home:/opt/rustwide/rustup-home:ro,Z" "-e" "SOURCE_DIR=/opt/rustwide/workdir" "-e" "CARGO_TARGET_DIR=/opt/rustwide/target" "-e" "CARGO_HOME=/opt/rustwide/cargo-home" "-e" "RUSTUP_HOME=/opt/rustwide/rustup-home" "-w" "/opt/rustwide/workdir" "-m" "1610612736" "--user" "0:0" "--network" "none" "ghcr.io/rust-lang/crates-build-env/linux@sha256:f3a9d4ad9d972b27faf3965f35b62e55ba32bbce8f20bc8fe909558a86702fde" "/opt/rustwide/cargo-home/bin/cargo" "+beta-2024-12-08" "metadata" "--no-deps" "--format-version=1", kill_on_drop: false }`
[INFO] [stdout] fb7d1bb2b32299181c91702fa249f1381525df14f2850cbbdbf4bc92a1fd52bc
[INFO] running `Command { std: "docker" "start" "-a" "fb7d1bb2b32299181c91702fa249f1381525df14f2850cbbdbf4bc92a1fd52bc", kill_on_drop: false }`
[INFO] running `Command { std: "docker" "inspect" "fb7d1bb2b32299181c91702fa249f1381525df14f2850cbbdbf4bc92a1fd52bc", kill_on_drop: false }`
[INFO] running `Command { std: "docker" "rm" "-f" "fb7d1bb2b32299181c91702fa249f1381525df14f2850cbbdbf4bc92a1fd52bc", kill_on_drop: false }`
[INFO] [stdout] fb7d1bb2b32299181c91702fa249f1381525df14f2850cbbdbf4bc92a1fd52bc
[INFO] running `Command { std: "docker" "create" "-v" "/var/lib/crater-agent-workspace/builds/worker-6-tc2/target:/opt/rustwide/target:rw,Z" "-v" "/var/lib/crater-agent-workspace/builds/worker-6-tc2/source:/opt/rustwide/workdir:ro,Z" "-v" "/var/lib/crater-agent-workspace/cargo-home:/opt/rustwide/cargo-home:ro,Z" "-v" "/var/lib/crater-agent-workspace/rustup-home:/opt/rustwide/rustup-home:ro,Z" "-e" "SOURCE_DIR=/opt/rustwide/workdir" "-e" "CARGO_TARGET_DIR=/opt/rustwide/target" "-e" "CARGO_INCREMENTAL=0" "-e" "RUST_BACKTRACE=full" "-e" "RUSTFLAGS=--cap-lints=warn" "-e" "RUSTDOCFLAGS=--cap-lints=warn" "-e" "CARGO_HOME=/opt/rustwide/cargo-home" "-e" "RUSTUP_HOME=/opt/rustwide/rustup-home" "-w" "/opt/rustwide/workdir" "-m" "1610612736" "--user" "0:0" "--network" "none" "ghcr.io/rust-lang/crates-build-env/linux@sha256:f3a9d4ad9d972b27faf3965f35b62e55ba32bbce8f20bc8fe909558a86702fde" "/opt/rustwide/cargo-home/bin/cargo" "+beta-2024-12-08" "build" "--frozen" "--message-format=json", kill_on_drop: false }`
[INFO] [stdout] 3194f07960a79edff89d828eb648f5cbe089772203dba727da84132d3edec019
[INFO] running `Command { std: "docker" "start" "-a" "3194f07960a79edff89d828eb648f5cbe089772203dba727da84132d3edec019", kill_on_drop: false }`
[INFO] [stderr]    Compiling proc-macro2 v1.0.92
[INFO] [stderr]    Compiling unicode-ident v1.0.14
[INFO] [stderr]    Compiling syn v1.0.109
[INFO] [stderr]    Compiling quote v1.0.37
[INFO] [stderr]    Compiling panic-custom-proc-macros v0.1.0 (/opt/rustwide/workdir)
[INFO] [stderr]     Finished `dev` profile [unoptimized + debuginfo] target(s) in 8.03s
[INFO] running `Command { std: "docker" "inspect" "3194f07960a79edff89d828eb648f5cbe089772203dba727da84132d3edec019", kill_on_drop: false }`
[INFO] running `Command { std: "docker" "rm" "-f" "3194f07960a79edff89d828eb648f5cbe089772203dba727da84132d3edec019", kill_on_drop: false }`
[INFO] [stdout] 3194f07960a79edff89d828eb648f5cbe089772203dba727da84132d3edec019
[INFO] running `Command { std: "docker" "create" "-v" "/var/lib/crater-agent-workspace/builds/worker-6-tc2/target:/opt/rustwide/target:rw,Z" "-v" "/var/lib/crater-agent-workspace/builds/worker-6-tc2/source:/opt/rustwide/workdir:ro,Z" "-v" "/var/lib/crater-agent-workspace/cargo-home:/opt/rustwide/cargo-home:ro,Z" "-v" "/var/lib/crater-agent-workspace/rustup-home:/opt/rustwide/rustup-home:ro,Z" "-e" "SOURCE_DIR=/opt/rustwide/workdir" "-e" "CARGO_TARGET_DIR=/opt/rustwide/target" "-e" "CARGO_INCREMENTAL=0" "-e" "RUST_BACKTRACE=full" "-e" "RUSTFLAGS=--cap-lints=warn" "-e" "RUSTDOCFLAGS=--cap-lints=warn" "-e" "CARGO_HOME=/opt/rustwide/cargo-home" "-e" "RUSTUP_HOME=/opt/rustwide/rustup-home" "-w" "/opt/rustwide/workdir" "-m" "1610612736" "--user" "0:0" "--network" "none" "ghcr.io/rust-lang/crates-build-env/linux@sha256:f3a9d4ad9d972b27faf3965f35b62e55ba32bbce8f20bc8fe909558a86702fde" "/opt/rustwide/cargo-home/bin/cargo" "+beta-2024-12-08" "test" "--frozen" "--no-run" "--message-format=json", kill_on_drop: false }`
[INFO] [stdout] ec60c3f5099b90586d47c756e51ef11f029f76fc072c509a0063d35fa4197522
[INFO] running `Command { std: "docker" "start" "-a" "ec60c3f5099b90586d47c756e51ef11f029f76fc072c509a0063d35fa4197522", kill_on_drop: false }`
[INFO] [stderr]    Compiling panic-custom-proc-macros v0.1.0 (/opt/rustwide/workdir)
[INFO] [stderr]     Finished `test` profile [unoptimized + debuginfo] target(s) in 1.09s
[INFO] running `Command { std: "docker" "inspect" "ec60c3f5099b90586d47c756e51ef11f029f76fc072c509a0063d35fa4197522", kill_on_drop: false }`
[INFO] running `Command { std: "docker" "rm" "-f" "ec60c3f5099b90586d47c756e51ef11f029f76fc072c509a0063d35fa4197522", kill_on_drop: false }`
[INFO] [stdout] ec60c3f5099b90586d47c756e51ef11f029f76fc072c509a0063d35fa4197522
[INFO] running `Command { std: "docker" "create" "-v" "/var/lib/crater-agent-workspace/builds/worker-6-tc2/target:/opt/rustwide/target:rw,Z" "-v" "/var/lib/crater-agent-workspace/builds/worker-6-tc2/source:/opt/rustwide/workdir:ro,Z" "-v" "/var/lib/crater-agent-workspace/cargo-home:/opt/rustwide/cargo-home:ro,Z" "-v" "/var/lib/crater-agent-workspace/rustup-home:/opt/rustwide/rustup-home:ro,Z" "-e" "SOURCE_DIR=/opt/rustwide/workdir" "-e" "CARGO_TARGET_DIR=/opt/rustwide/target" "-e" "CARGO_INCREMENTAL=0" "-e" "RUST_BACKTRACE=full" "-e" "RUSTFLAGS=--cap-lints=warn" "-e" "RUSTDOCFLAGS=--cap-lints=warn" "-e" "CARGO_HOME=/opt/rustwide/cargo-home" "-e" "RUSTUP_HOME=/opt/rustwide/rustup-home" "-w" "/opt/rustwide/workdir" "-m" "1610612736" "--user" "0:0" "--network" "none" "ghcr.io/rust-lang/crates-build-env/linux@sha256:f3a9d4ad9d972b27faf3965f35b62e55ba32bbce8f20bc8fe909558a86702fde" "/opt/rustwide/cargo-home/bin/cargo" "+beta-2024-12-08" "test" "--frozen", kill_on_drop: false }`
[INFO] [stdout] 2a55a44b9258ab55274506795adee531afe0ff6c3289f338ee91ed465ee59d54
[INFO] running `Command { std: "docker" "start" "-a" "2a55a44b9258ab55274506795adee531afe0ff6c3289f338ee91ed465ee59d54", kill_on_drop: false }`
[INFO] [stderr]     Finished `test` profile [unoptimized + debuginfo] target(s) in 0.02s
[INFO] [stderr]      Running unittests src/lib.rs (/opt/rustwide/target/debug/deps/panic_custom_proc_macros-a24e83b39d920c23)
[INFO] [stdout] 
[INFO] [stdout] running 0 tests
[INFO] [stdout] 
[INFO] [stdout] test result: ok. 0 passed; 0 failed; 0 ignored; 0 measured; 0 filtered out; finished in 0.00s
[INFO] [stdout] 
[INFO] [stderr]    Doc-tests panic_custom_proc_macros
[INFO] [stdout] 
[INFO] [stdout] running 2 tests
[INFO] [stdout] test src/lib.rs - define_panic (line 52) ... FAILED
[INFO] [stdout] test src/lib.rs - (line 17) ... FAILED
[INFO] [stdout] 
[INFO] [stdout] failures:
[INFO] [stdout] 
[INFO] [stdout] ---- src/lib.rs - define_panic (line 52) stdout ----
[INFO] [stdout] error[E0432]: unresolved import `my_panic_macro`
[INFO] [stdout]  --> src/lib.rs:53:5
[INFO] [stdout]   |
[INFO] [stdout] 3 | use my_panic_macro::define_panic;
[INFO] [stdout]   |     ^^^^^^^^^^^^^^ use of undeclared crate or module `my_panic_macro`
[INFO] [stdout] 
[INFO] [stdout] error[E0412]: cannot find type `PanicInfo` in this scope
[INFO] [stdout]  --> src/lib.rs:56:29
[INFO] [stdout]   |
[INFO] [stdout] 6 | fn my_panic_function(info: &PanicInfo) -> ! {
[INFO] [stdout]   |                             ^^^^^^^^^ not found in this scope
[INFO] [stdout]   |
[INFO] [stdout] help: consider importing this type alias
[INFO] [stdout]   |
[INFO] [stdout] 2 + use std::panic::PanicInfo;
[INFO] [stdout]   |
[INFO] [stdout] 
[INFO] [stdout] error[E0152]: found duplicate lang item `panic_impl`
[INFO] [stdout]  --> src/lib.rs:56:1
[INFO] [stdout]   |
[INFO] [stdout] 6 | / fn my_panic_function(info: &PanicInfo) -> ! {
[INFO] [stdout] 7 | |     // Custom panic handling logic
[INFO] [stdout] 8 | | }
[INFO] [stdout]   | |_^
[INFO] [stdout]   |
[INFO] [stdout]   = note: the lang item is first defined in crate `std` (which `rust_out` depends on)
[INFO] [stdout]   = note: first definition in `std` loaded from /opt/rustwide/rustup-home/toolchains/beta-2024-12-08-x86_64-unknown-linux-gnu/lib/rustlib/x86_64-unknown-linux-gnu/lib/libstd-02dc84f49135b6b8.so, /opt/rustwide/rustup-home/toolchains/beta-2024-12-08-x86_64-unknown-linux-gnu/lib/rustlib/x86_64-unknown-linux-gnu/lib/libstd-02dc84f49135b6b8.rlib
[INFO] [stdout]   = note: second definition in the local crate (`rust_out`)
[INFO] [stdout] 
[INFO] [stdout] error: aborting due to 3 previous errors
[INFO] [stdout] 
[INFO] [stdout] Some errors have detailed explanations: E0152, E0412, E0432.
[INFO] [stdout] For more information about an error, try `rustc --explain E0152`.
[INFO] [stdout] Couldn't compile the test.
[INFO] [stdout] ---- src/lib.rs - (line 17) stdout ----
[INFO] [stdout] error[E0432]: unresolved import `my_panic_macro`
[INFO] [stdout]  --> src/lib.rs:18:5
[INFO] [stdout]   |
[INFO] [stdout] 3 | use my_panic_macro::define_panic;
[INFO] [stdout]   |     ^^^^^^^^^^^^^^ use of undeclared crate or module `my_panic_macro`
[INFO] [stdout] 
[INFO] [stdout] error[E0412]: cannot find type `PanicInfo` in this scope
[INFO] [stdout]  --> src/lib.rs:21:29
[INFO] [stdout]   |
[INFO] [stdout] 6 | fn my_panic_function(info: &PanicInfo) -> ! {
[INFO] [stdout]   |                             ^^^^^^^^^ not found in this scope
[INFO] [stdout]   |
[INFO] [stdout] help: consider importing this type alias
[INFO] [stdout]   |
[INFO] [stdout] 2 + use std::panic::PanicInfo;
[INFO] [stdout]   |
[INFO] [stdout] 
[INFO] [stdout] error[E0152]: found duplicate lang item `panic_impl`
[INFO] [stdout]  --> src/lib.rs:21:1
[INFO] [stdout]   |
[INFO] [stdout] 6 | / fn my_panic_function(info: &PanicInfo) -> ! {
[INFO] [stdout] 7 | |     // Custom panic handling logic
[INFO] [stdout] 8 | | }
[INFO] [stdout]   | |_^
[INFO] [stdout]   |
[INFO] [stdout]   = note: the lang item is first defined in crate `std` (which `rust_out` depends on)
[INFO] [stdout]   = note: first definition in `std` loaded from /opt/rustwide/rustup-home/toolchains/beta-2024-12-08-x86_64-unknown-linux-gnu/lib/rustlib/x86_64-unknown-linux-gnu/lib/libstd-02dc84f49135b6b8.so, /opt/rustwide/rustup-home/toolchains/beta-2024-12-08-x86_64-unknown-linux-gnu/lib/rustlib/x86_64-unknown-linux-gnu/lib/libstd-02dc84f49135b6b8.rlib
[INFO] [stdout]   = note: second definition in the local crate (`rust_out`)
[INFO] [stdout] 
[INFO] [stdout] error: aborting due to 3 previous errors
[INFO] [stdout] 
[INFO] [stdout] Some errors have detailed explanations: E0152, E0412, E0432.
[INFO] [stdout] For more information about an error, try `rustc --explain E0152`.
[INFO] [stdout] Couldn't compile the test.
[INFO] [stdout] 
[INFO] [stdout] failures:
[INFO] [stdout]     src/lib.rs - (line 17)
[INFO] [stdout]     src/lib.rs - define_panic (line 52)
[INFO] [stdout] 
[INFO] [stdout] test result: FAILED. 0 passed; 2 failed; 0 ignored; 0 measured; 0 filtered out; finished in 0.11s
[INFO] [stdout] 
[INFO] [stderr] error: doctest failed, to rerun pass `--doc`
[INFO] running `Command { std: "docker" "inspect" "2a55a44b9258ab55274506795adee531afe0ff6c3289f338ee91ed465ee59d54", kill_on_drop: false }`
[INFO] running `Command { std: "docker" "rm" "-f" "2a55a44b9258ab55274506795adee531afe0ff6c3289f338ee91ed465ee59d54", kill_on_drop: false }`
[INFO] [stdout] 2a55a44b9258ab55274506795adee531afe0ff6c3289f338ee91ed465ee59d54
