[INFO] fetching crate oxyroot_derive 0.1.25...
[INFO] testing oxyroot_derive-0.1.25 against beta-2024-12-08 for beta-1.84.0-4-retry
[INFO] extracting crate oxyroot_derive 0.1.25 into /workspace/builds/worker-4-tc2/source
[INFO] validating manifest of crates.io crate oxyroot_derive 0.1.25 on toolchain beta-2024-12-08
[INFO] running `Command { std: CARGO_HOME="/workspace/cargo-home" RUSTUP_HOME="/workspace/rustup-home" "/workspace/cargo-home/bin/cargo" "+beta-2024-12-08" "metadata" "--manifest-path" "Cargo.toml" "--no-deps", kill_on_drop: false }`
[INFO] started tweaking crates.io crate oxyroot_derive 0.1.25
[INFO] finished tweaking crates.io crate oxyroot_derive 0.1.25
[INFO] tweaked toml for crates.io crate oxyroot_derive 0.1.25 written to /workspace/builds/worker-4-tc2/source/Cargo.toml
[INFO] running `Command { std: CARGO_HOME="/workspace/cargo-home" RUSTUP_HOME="/workspace/rustup-home" "/workspace/cargo-home/bin/cargo" "+beta-2024-12-08" "generate-lockfile" "--manifest-path" "Cargo.toml", kill_on_drop: false }`
[INFO] [stderr]     Blocking waiting for file lock on package cache
[INFO] [stderr]     Updating crates.io index
[INFO] [stderr]      Locking 10 packages to latest compatible versions
[INFO] running `Command { std: CARGO_HOME="/workspace/cargo-home" RUSTUP_HOME="/workspace/rustup-home" "/workspace/cargo-home/bin/cargo" "+beta-2024-12-08" "fetch" "--manifest-path" "Cargo.toml", kill_on_drop: false }`
[INFO] [stderr]     Blocking waiting for file lock on package cache
[INFO] running `Command { std: "docker" "create" "-v" "/var/lib/crater-agent-workspace/builds/worker-4-tc2/target:/opt/rustwide/target:rw,Z" "-v" "/var/lib/crater-agent-workspace/builds/worker-4-tc2/source:/opt/rustwide/workdir:ro,Z" "-v" "/var/lib/crater-agent-workspace/cargo-home:/opt/rustwide/cargo-home:ro,Z" "-v" "/var/lib/crater-agent-workspace/rustup-home:/opt/rustwide/rustup-home:ro,Z" "-e" "SOURCE_DIR=/opt/rustwide/workdir" "-e" "CARGO_TARGET_DIR=/opt/rustwide/target" "-e" "CARGO_HOME=/opt/rustwide/cargo-home" "-e" "RUSTUP_HOME=/opt/rustwide/rustup-home" "-w" "/opt/rustwide/workdir" "-m" "1610612736" "--user" "0:0" "--network" "none" "ghcr.io/rust-lang/crates-build-env/linux@sha256:f3a9d4ad9d972b27faf3965f35b62e55ba32bbce8f20bc8fe909558a86702fde" "/opt/rustwide/cargo-home/bin/cargo" "+beta-2024-12-08" "metadata" "--no-deps" "--format-version=1", kill_on_drop: false }`
[INFO] [stdout] d9b897bb44893d9e6340800dbbc3ef1bb8eb0c505fb3cf440750d9a7343af18b
[INFO] running `Command { std: "docker" "start" "-a" "d9b897bb44893d9e6340800dbbc3ef1bb8eb0c505fb3cf440750d9a7343af18b", kill_on_drop: false }`
[INFO] running `Command { std: "docker" "inspect" "d9b897bb44893d9e6340800dbbc3ef1bb8eb0c505fb3cf440750d9a7343af18b", kill_on_drop: false }`
[INFO] running `Command { std: "docker" "rm" "-f" "d9b897bb44893d9e6340800dbbc3ef1bb8eb0c505fb3cf440750d9a7343af18b", kill_on_drop: false }`
[INFO] [stdout] d9b897bb44893d9e6340800dbbc3ef1bb8eb0c505fb3cf440750d9a7343af18b
[INFO] running `Command { std: "docker" "create" "-v" "/var/lib/crater-agent-workspace/builds/worker-4-tc2/target:/opt/rustwide/target:rw,Z" "-v" "/var/lib/crater-agent-workspace/builds/worker-4-tc2/source:/opt/rustwide/workdir:ro,Z" "-v" "/var/lib/crater-agent-workspace/cargo-home:/opt/rustwide/cargo-home:ro,Z" "-v" "/var/lib/crater-agent-workspace/rustup-home:/opt/rustwide/rustup-home:ro,Z" "-e" "SOURCE_DIR=/opt/rustwide/workdir" "-e" "CARGO_TARGET_DIR=/opt/rustwide/target" "-e" "CARGO_INCREMENTAL=0" "-e" "RUST_BACKTRACE=full" "-e" "RUSTFLAGS=--cap-lints=warn" "-e" "RUSTDOCFLAGS=--cap-lints=warn" "-e" "CARGO_HOME=/opt/rustwide/cargo-home" "-e" "RUSTUP_HOME=/opt/rustwide/rustup-home" "-w" "/opt/rustwide/workdir" "-m" "1610612736" "--user" "0:0" "--network" "none" "ghcr.io/rust-lang/crates-build-env/linux@sha256:f3a9d4ad9d972b27faf3965f35b62e55ba32bbce8f20bc8fe909558a86702fde" "/opt/rustwide/cargo-home/bin/cargo" "+beta-2024-12-08" "build" "--frozen" "--message-format=json", kill_on_drop: false }`
[INFO] [stdout] c3b4dc22c46541148e91f54a76cbf0e24f4aa8833b4c2cc90f0127df8b1d0351
[INFO] running `Command { std: "docker" "start" "-a" "c3b4dc22c46541148e91f54a76cbf0e24f4aa8833b4c2cc90f0127df8b1d0351", kill_on_drop: false }`
[INFO] [stderr]    Compiling proc-macro2 v1.0.92
[INFO] [stderr]    Compiling unicode-ident v1.0.14
[INFO] [stderr]    Compiling fnv v1.0.7
[INFO] [stderr]    Compiling strsim v0.11.1
[INFO] [stderr]    Compiling ident_case v1.0.1
[INFO] [stderr]    Compiling quote v1.0.37
[INFO] [stderr]    Compiling syn v2.0.90
[INFO] [stderr]    Compiling darling_core v0.20.10
[INFO] [stderr]    Compiling darling_macro v0.20.10
[INFO] [stderr]    Compiling darling v0.20.10
[INFO] [stderr]    Compiling oxyroot_derive v0.1.25 (/opt/rustwide/workdir)
[INFO] [stderr]     Finished `dev` profile [unoptimized + debuginfo] target(s) in 10.57s
[INFO] running `Command { std: "docker" "inspect" "c3b4dc22c46541148e91f54a76cbf0e24f4aa8833b4c2cc90f0127df8b1d0351", kill_on_drop: false }`
[INFO] running `Command { std: "docker" "rm" "-f" "c3b4dc22c46541148e91f54a76cbf0e24f4aa8833b4c2cc90f0127df8b1d0351", kill_on_drop: false }`
[INFO] [stdout] c3b4dc22c46541148e91f54a76cbf0e24f4aa8833b4c2cc90f0127df8b1d0351
[INFO] running `Command { std: "docker" "create" "-v" "/var/lib/crater-agent-workspace/builds/worker-4-tc2/target:/opt/rustwide/target:rw,Z" "-v" "/var/lib/crater-agent-workspace/builds/worker-4-tc2/source:/opt/rustwide/workdir:ro,Z" "-v" "/var/lib/crater-agent-workspace/cargo-home:/opt/rustwide/cargo-home:ro,Z" "-v" "/var/lib/crater-agent-workspace/rustup-home:/opt/rustwide/rustup-home:ro,Z" "-e" "SOURCE_DIR=/opt/rustwide/workdir" "-e" "CARGO_TARGET_DIR=/opt/rustwide/target" "-e" "CARGO_INCREMENTAL=0" "-e" "RUST_BACKTRACE=full" "-e" "RUSTFLAGS=--cap-lints=warn" "-e" "RUSTDOCFLAGS=--cap-lints=warn" "-e" "CARGO_HOME=/opt/rustwide/cargo-home" "-e" "RUSTUP_HOME=/opt/rustwide/rustup-home" "-w" "/opt/rustwide/workdir" "-m" "1610612736" "--user" "0:0" "--network" "none" "ghcr.io/rust-lang/crates-build-env/linux@sha256:f3a9d4ad9d972b27faf3965f35b62e55ba32bbce8f20bc8fe909558a86702fde" "/opt/rustwide/cargo-home/bin/cargo" "+beta-2024-12-08" "test" "--frozen" "--no-run" "--message-format=json", kill_on_drop: false }`
[INFO] [stdout] db4d6d779750cc3e6e8c6de7940cf64326ec51b9b3f69b6dea3e0b1fc9cc3e57
[INFO] running `Command { std: "docker" "start" "-a" "db4d6d779750cc3e6e8c6de7940cf64326ec51b9b3f69b6dea3e0b1fc9cc3e57", kill_on_drop: false }`
[INFO] [stderr]    Compiling oxyroot_derive v0.1.25 (/opt/rustwide/workdir)
[INFO] [stderr]     Finished `test` profile [unoptimized + debuginfo] target(s) in 1.46s
[INFO] running `Command { std: "docker" "inspect" "db4d6d779750cc3e6e8c6de7940cf64326ec51b9b3f69b6dea3e0b1fc9cc3e57", kill_on_drop: false }`
[INFO] running `Command { std: "docker" "rm" "-f" "db4d6d779750cc3e6e8c6de7940cf64326ec51b9b3f69b6dea3e0b1fc9cc3e57", kill_on_drop: false }`
[INFO] [stdout] db4d6d779750cc3e6e8c6de7940cf64326ec51b9b3f69b6dea3e0b1fc9cc3e57
[INFO] running `Command { std: "docker" "create" "-v" "/var/lib/crater-agent-workspace/builds/worker-4-tc2/target:/opt/rustwide/target:rw,Z" "-v" "/var/lib/crater-agent-workspace/builds/worker-4-tc2/source:/opt/rustwide/workdir:ro,Z" "-v" "/var/lib/crater-agent-workspace/cargo-home:/opt/rustwide/cargo-home:ro,Z" "-v" "/var/lib/crater-agent-workspace/rustup-home:/opt/rustwide/rustup-home:ro,Z" "-e" "SOURCE_DIR=/opt/rustwide/workdir" "-e" "CARGO_TARGET_DIR=/opt/rustwide/target" "-e" "CARGO_INCREMENTAL=0" "-e" "RUST_BACKTRACE=full" "-e" "RUSTFLAGS=--cap-lints=warn" "-e" "RUSTDOCFLAGS=--cap-lints=warn" "-e" "CARGO_HOME=/opt/rustwide/cargo-home" "-e" "RUSTUP_HOME=/opt/rustwide/rustup-home" "-w" "/opt/rustwide/workdir" "-m" "1610612736" "--user" "0:0" "--network" "none" "ghcr.io/rust-lang/crates-build-env/linux@sha256:f3a9d4ad9d972b27faf3965f35b62e55ba32bbce8f20bc8fe909558a86702fde" "/opt/rustwide/cargo-home/bin/cargo" "+beta-2024-12-08" "test" "--frozen", kill_on_drop: false }`
[INFO] [stdout] 9c96f5d2dae4cc1bb0c90abbbeabb76b9191432a5e27cca3b375a24f8e74f2c9
[INFO] running `Command { std: "docker" "start" "-a" "9c96f5d2dae4cc1bb0c90abbbeabb76b9191432a5e27cca3b375a24f8e74f2c9", kill_on_drop: false }`
[INFO] [stderr]     Finished `test` profile [unoptimized + debuginfo] target(s) in 0.02s
[INFO] [stderr]      Running unittests src/lib.rs (/opt/rustwide/target/debug/deps/oxyroot_derive-50a282e33aa8afaa)
[INFO] [stdout] 
[INFO] [stdout] running 0 tests
[INFO] [stdout] 
[INFO] [stdout] test result: ok. 0 passed; 0 failed; 0 ignored; 0 measured; 0 filtered out; finished in 0.00s
[INFO] [stdout] 
[INFO] [stderr]    Doc-tests oxyroot_derive
[INFO] [stdout] 
[INFO] [stdout] running 9 tests
[INFO] [stdout] test src/lib.rs - derive_ead_from_tree (line 93) - compile ... FAILED
[INFO] [stdout] test src/lib.rs - derive_ead_from_tree (line 106) - compile ... FAILED
[INFO] [stdout] test src/lib.rs - derive_ead_from_tree (line 157) - compile ... FAILED
[INFO] [stdout] test src/lib.rs - derive_ead_from_tree (line 143) - compile ... FAILED
[INFO] [stdout] test src/lib.rs - derive_ead_from_tree (line 56) - compile ... FAILED
[INFO] [stdout] test src/lib.rs - derive_write_to_tree (line 723) - compile ... FAILED
[INFO] [stdout] test src/lib.rs - derive_ead_from_tree (line 119) - compile ... FAILED
[INFO] [stdout] test src/lib.rs - derive_ead_from_tree (line 69) - compile ... FAILED
[INFO] [stdout] test src/lib.rs - derive_ead_from_tree (line 132) - compile ... FAILED
[INFO] [stdout] 
[INFO] [stdout] failures:
[INFO] [stdout] 
[INFO] [stdout] ---- src/lib.rs - derive_ead_from_tree (line 93) stdout ----
[INFO] [stdout] error[E0432]: unresolved import `oxyroot`
[INFO] [stdout]  --> src/lib.rs:94:5
[INFO] [stdout]   |
[INFO] [stdout] 3 | use oxyroot::ReadFromTree;
[INFO] [stdout]   |     ^^^^^^^ use of undeclared crate or module `oxyroot`
[INFO] [stdout] 
[INFO] [stdout] error: cannot find attribute `oxyroot` in this scope
[INFO] [stdout]  --> src/lib.rs:98:8
[INFO] [stdout]   |
[INFO] [stdout] 7 |      #[oxyroot(rename = "b")]
[INFO] [stdout]   |        ^^^^^^^
[INFO] [stdout] 
[INFO] [stdout] error: aborting due to 2 previous errors
[INFO] [stdout] 
[INFO] [stdout] For more information about this error, try `rustc --explain E0432`.
[INFO] [stdout] Couldn't compile the test.
[INFO] [stdout] ---- src/lib.rs - derive_ead_from_tree (line 106) stdout ----
[INFO] [stdout] error[E0432]: unresolved import `oxyroot`
[INFO] [stdout]  --> src/lib.rs:107:5
[INFO] [stdout]   |
[INFO] [stdout] 3 | use oxyroot::ReadFromTree;
[INFO] [stdout]   |     ^^^^^^^ use of undeclared crate or module `oxyroot`
[INFO] [stdout] 
[INFO] [stdout] error: cannot find attribute `oxyroot` in this scope
[INFO] [stdout]  --> src/lib.rs:110:3
[INFO] [stdout]   |
[INFO] [stdout] 6 | #[oxyroot(branch_prefix = "branch_")]
[INFO] [stdout]   |   ^^^^^^^
[INFO] [stdout] 
[INFO] [stdout] error: aborting due to 2 previous errors
[INFO] [stdout] 
[INFO] [stdout] For more information about this error, try `rustc --explain E0432`.
[INFO] [stdout] Couldn't compile the test.
[INFO] [stdout] ---- src/lib.rs - derive_ead_from_tree (line 157) stdout ----
[INFO] [stdout] error[E0432]: unresolved import `oxyroot`
[INFO] [stdout]  --> src/lib.rs:158:5
[INFO] [stdout]   |
[INFO] [stdout] 3 | use oxyroot::ReadFromTree;
[INFO] [stdout]   |     ^^^^^^^ use of undeclared crate or module `oxyroot`
[INFO] [stdout] 
[INFO] [stdout] error: cannot find attribute `oxyroot` in this scope
[INFO] [stdout]   --> src/lib.rs:169:7
[INFO] [stdout]    |
[INFO] [stdout] 14 |     #[oxyroot(slicable = "Point")]
[INFO] [stdout]    |       ^^^^^^^
[INFO] [stdout] 
[INFO] [stdout] error: cannot find attribute `oxyroot` in this scope
[INFO] [stdout]  --> src/lib.rs:161:3
[INFO] [stdout]   |
[INFO] [stdout] 6 | #[oxyroot(slicable)]
[INFO] [stdout]   |   ^^^^^^^
[INFO] [stdout] 
[INFO] [stdout] error: aborting due to 3 previous errors
[INFO] [stdout] 
[INFO] [stdout] For more information about this error, try `rustc --explain E0432`.
[INFO] [stdout] Couldn't compile the test.
[INFO] [stdout] ---- src/lib.rs - derive_ead_from_tree (line 143) stdout ----
[INFO] [stdout] error[E0432]: unresolved import `oxyroot`
[INFO] [stdout]  --> src/lib.rs:144:5
[INFO] [stdout]   |
[INFO] [stdout] 3 | use oxyroot::ReadFromTree;
[INFO] [stdout]   |     ^^^^^^^ use of undeclared crate or module `oxyroot`
[INFO] [stdout] 
[INFO] [stdout] error: cannot find attribute `oxyroot` in this scope
[INFO] [stdout]  --> src/lib.rs:147:3
[INFO] [stdout]   |
[INFO] [stdout] 6 | #[oxyroot(branch_prefix = "branch_")]
[INFO] [stdout]   |   ^^^^^^^
[INFO] [stdout] 
[INFO] [stdout] error: cannot find attribute `oxyroot` in this scope
[INFO] [stdout]   --> src/lib.rs:151:5
[INFO] [stdout]    |
[INFO] [stdout] 10 |   #[oxyroot(absolute_name = "zweig_s")]
[INFO] [stdout]    |     ^^^^^^^
[INFO] [stdout] 
[INFO] [stdout] error: aborting due to 3 previous errors
[INFO] [stdout] 
[INFO] [stdout] For more information about this error, try `rustc --explain E0432`.
[INFO] [stdout] Couldn't compile the test.
[INFO] [stdout] ---- src/lib.rs - derive_ead_from_tree (line 56) stdout ----
[INFO] [stdout] error[E0432]: unresolved import `oxyroot`
[INFO] [stdout]  --> src/lib.rs:57:5
[INFO] [stdout]   |
[INFO] [stdout] 3 | use oxyroot::{ReadFromTree, RootFile};
[INFO] [stdout]   |     ^^^^^^^ use of undeclared crate or module `oxyroot`
[INFO] [stdout] 
[INFO] [stdout] error[E0599]: no function or associated item named `from_tree` found for struct `MyStruct` in the current scope
[INFO] [stdout]   --> src/lib.rs:65:11
[INFO] [stdout]    |
[INFO] [stdout] 6  | struct MyStruct {
[INFO] [stdout]    | --------------- function or associated item `from_tree` not found for this struct
[INFO] [stdout] ...
[INFO] [stdout] 11 | MyStruct::from_tree(&tree).unwrap().map(|m: MyStruct | {  /* do something with m */ });
[INFO] [stdout]    |           ^^^^^^^^^ function or associated item not found in `MyStruct`
[INFO] [stdout] 
[INFO] [stdout] error: aborting due to 2 previous errors
[INFO] [stdout] 
[INFO] [stdout] Some errors have detailed explanations: E0432, E0599.
[INFO] [stdout] For more information about an error, try `rustc --explain E0432`.
[INFO] [stdout] Couldn't compile the test.
[INFO] [stdout] ---- src/lib.rs - derive_write_to_tree (line 723) stdout ----
[INFO] [stdout] error[E0432]: unresolved import `oxyroot`
[INFO] [stdout]  --> src/lib.rs:724:5
[INFO] [stdout]   |
[INFO] [stdout] 3 | use oxyroot::{WriteToTree, RootFile};
[INFO] [stdout]   |     ^^^^^^^ use of undeclared crate or module `oxyroot`
[INFO] [stdout] 
[INFO] [stdout] error[E0433]: failed to resolve: use of undeclared crate or module `oxyroot`
[INFO] [stdout]   --> src/lib.rs:731:16
[INFO] [stdout]    |
[INFO] [stdout] 10 | let mut tree = oxyroot::WriterTree::new("tree");
[INFO] [stdout]    |                ^^^^^^^ use of undeclared crate or module `oxyroot`
[INFO] [stdout] 
[INFO] [stdout] error[E0599]: no function or associated item named `to_tree` found for struct `MyStruct` in the current scope
[INFO] [stdout]   --> src/lib.rs:733:11
[INFO] [stdout]    |
[INFO] [stdout] 5  | struct MyStruct {
[INFO] [stdout]    | --------------- function or associated item `to_tree` not found for this struct
[INFO] [stdout] ...
[INFO] [stdout] 12 | MyStruct::to_tree(it, &mut tree).unwrap();
[INFO] [stdout]    |           ^^^^^^^ function or associated item not found in `MyStruct`
[INFO] [stdout] 
[INFO] [stdout] error: aborting due to 3 previous errors
[INFO] [stdout] 
[INFO] [stdout] Some errors have detailed explanations: E0432, E0433, E0599.
[INFO] [stdout] For more information about an error, try `rustc --explain E0432`.
[INFO] [stdout] Couldn't compile the test.
[INFO] [stdout] ---- src/lib.rs - derive_ead_from_tree (line 119) stdout ----
[INFO] [stdout] error[E0432]: unresolved import `oxyroot`
[INFO] [stdout]  --> src/lib.rs:120:5
[INFO] [stdout]   |
[INFO] [stdout] 3 | use oxyroot::ReadFromTree;
[INFO] [stdout]   |     ^^^^^^^ use of undeclared crate or module `oxyroot`
[INFO] [stdout] 
[INFO] [stdout] error: cannot find attribute `oxyroot` in this scope
[INFO] [stdout]  --> src/lib.rs:125:7
[INFO] [stdout]   |
[INFO] [stdout] 8 |     #[oxyroot(branch_prefix = "branch_")]
[INFO] [stdout]   |       ^^^^^^^
[INFO] [stdout] 
[INFO] [stdout] error: aborting due to 2 previous errors
[INFO] [stdout] 
[INFO] [stdout] For more information about this error, try `rustc --explain E0432`.
[INFO] [stdout] Couldn't compile the test.
[INFO] [stdout] ---- src/lib.rs - derive_ead_from_tree (line 69) stdout ----
[INFO] [stdout] error[E0432]: unresolved import `oxyroot`
[INFO] [stdout]  --> src/lib.rs:70:5
[INFO] [stdout]   |
[INFO] [stdout] 3 | use oxyroot::{ReadFromTree, RootFile};
[INFO] [stdout]   |     ^^^^^^^ use of undeclared crate or module `oxyroot`
[INFO] [stdout] 
[INFO] [stdout] error[E0599]: no function or associated item named `from_tree` found for struct `MyStruct` in the current scope
[INFO] [stdout]   --> src/lib.rs:84:11
[INFO] [stdout]    |
[INFO] [stdout] 12 | struct MyStruct {
[INFO] [stdout]    | --------------- function or associated item `from_tree` not found for this struct
[INFO] [stdout] ...
[INFO] [stdout] 17 | MyStruct::from_tree(&tree).unwrap().map(|m: MyStruct | {  /* do something with m */ });
[INFO] [stdout]    |           ^^^^^^^^^ function or associated item not found in `MyStruct`
[INFO] [stdout] 
[INFO] [stdout] error: aborting due to 2 previous errors
[INFO] [stdout] 
[INFO] [stdout] Some errors have detailed explanations: E0432, E0599.
[INFO] [stdout] For more information about an error, try `rustc --explain E0432`.
[INFO] [stdout] Couldn't compile the test.
[INFO] [stdout] ---- src/lib.rs - derive_ead_from_tree (line 132) stdout ----
[INFO] [stdout] error[E0432]: unresolved import `oxyroot`
[INFO] [stdout]  --> src/lib.rs:133:5
[INFO] [stdout]   |
[INFO] [stdout] 3 | use oxyroot::ReadFromTree;
[INFO] [stdout]   |     ^^^^^^^ use of undeclared crate or module `oxyroot`
[INFO] [stdout] 
[INFO] [stdout] error: cannot find attribute `oxyroot` in this scope
[INFO] [stdout]  --> src/lib.rs:138:7
[INFO] [stdout]   |
[INFO] [stdout] 8 |     #[oxyroot(absolute_name = "branch_s")]
[INFO] [stdout]   |       ^^^^^^^
[INFO] [stdout] 
[INFO] [stdout] error: aborting due to 2 previous errors
[INFO] [stdout] 
[INFO] [stdout] For more information about this error, try `rustc --explain E0432`.
[INFO] [stdout] Couldn't compile the test.
[INFO] [stdout] 
[INFO] [stdout] failures:
[INFO] [stdout]     src/lib.rs - derive_ead_from_tree (line 106)
[INFO] [stdout]     src/lib.rs - derive_ead_from_tree (line 119)
[INFO] [stdout]     src/lib.rs - derive_ead_from_tree (line 132)
[INFO] [stdout]     src/lib.rs - derive_ead_from_tree (line 143)
[INFO] [stdout]     src/lib.rs - derive_ead_from_tree (line 157)
[INFO] [stdout]     src/lib.rs - derive_ead_from_tree (line 56)
[INFO] [stdout]     src/lib.rs - derive_ead_from_tree (line 69)
[INFO] [stdout]     src/lib.rs - derive_ead_from_tree (line 93)
[INFO] [stdout]     src/lib.rs - derive_write_to_tree (line 723)
[INFO] [stdout] 
[INFO] [stdout] test result: FAILED. 0 passed; 9 failed; 0 ignored; 0 measured; 0 filtered out; finished in 0.16s
[INFO] [stdout] 
[INFO] [stderr] error: doctest failed, to rerun pass `--doc`
[INFO] running `Command { std: "docker" "inspect" "9c96f5d2dae4cc1bb0c90abbbeabb76b9191432a5e27cca3b375a24f8e74f2c9", kill_on_drop: false }`
[INFO] running `Command { std: "docker" "rm" "-f" "9c96f5d2dae4cc1bb0c90abbbeabb76b9191432a5e27cca3b375a24f8e74f2c9", kill_on_drop: false }`
[INFO] [stdout] 9c96f5d2dae4cc1bb0c90abbbeabb76b9191432a5e27cca3b375a24f8e74f2c9
