[INFO] fetching crate orx-funvec 0.1.6...
[INFO] testing orx-funvec-0.1.6 against 1.83.0 for beta-1.84.0-4-retry
[INFO] extracting crate orx-funvec 0.1.6 into /workspace/builds/worker-1-tc1/source
[INFO] validating manifest of crates.io crate orx-funvec 0.1.6 on toolchain 1.83.0
[INFO] running `Command { std: CARGO_HOME="/workspace/cargo-home" RUSTUP_HOME="/workspace/rustup-home" "/workspace/cargo-home/bin/cargo" "+1.83.0" "metadata" "--manifest-path" "Cargo.toml" "--no-deps", kill_on_drop: false }`
[INFO] started tweaking crates.io crate orx-funvec 0.1.6
[INFO] removed 0 missing tests
[INFO] finished tweaking crates.io crate orx-funvec 0.1.6
[INFO] tweaked toml for crates.io crate orx-funvec 0.1.6 written to /workspace/builds/worker-1-tc1/source/Cargo.toml
[INFO] running `Command { std: CARGO_HOME="/workspace/cargo-home" RUSTUP_HOME="/workspace/rustup-home" "/workspace/cargo-home/bin/cargo" "+1.83.0" "generate-lockfile" "--manifest-path" "Cargo.toml", kill_on_drop: false }`
[INFO] [stderr]     Updating crates.io index
[INFO] [stderr]      Locking 83 packages to latest compatible versions
[INFO] [stderr]       Adding derive-new v0.6.0 (available: v0.7.0)
[INFO] [stderr]       Adding ndarray v0.15.6 (available: v0.16.1)
[INFO] running `Command { std: CARGO_HOME="/workspace/cargo-home" RUSTUP_HOME="/workspace/rustup-home" "/workspace/cargo-home/bin/cargo" "+1.83.0" "fetch" "--manifest-path" "Cargo.toml", kill_on_drop: false }`
[INFO] [stderr]  Downloading crates ...
[INFO] [stderr]   Downloaded orx-closure v0.1.4
[INFO] running `Command { std: "docker" "create" "-v" "/var/lib/crater-agent-workspace/builds/worker-1-tc1/target:/opt/rustwide/target:rw,Z" "-v" "/var/lib/crater-agent-workspace/builds/worker-1-tc1/source:/opt/rustwide/workdir:ro,Z" "-v" "/var/lib/crater-agent-workspace/cargo-home:/opt/rustwide/cargo-home:ro,Z" "-v" "/var/lib/crater-agent-workspace/rustup-home:/opt/rustwide/rustup-home:ro,Z" "-e" "SOURCE_DIR=/opt/rustwide/workdir" "-e" "CARGO_TARGET_DIR=/opt/rustwide/target" "-e" "CARGO_HOME=/opt/rustwide/cargo-home" "-e" "RUSTUP_HOME=/opt/rustwide/rustup-home" "-w" "/opt/rustwide/workdir" "-m" "1610612736" "--user" "0:0" "--network" "none" "ghcr.io/rust-lang/crates-build-env/linux@sha256:f3a9d4ad9d972b27faf3965f35b62e55ba32bbce8f20bc8fe909558a86702fde" "/opt/rustwide/cargo-home/bin/cargo" "+1.83.0" "metadata" "--no-deps" "--format-version=1", kill_on_drop: false }`
[INFO] [stdout] fee08854bbe686d8e0287e023e3aadb4ba8ba0150b14fa6b9f05469e19a58734
[INFO] running `Command { std: "docker" "start" "-a" "fee08854bbe686d8e0287e023e3aadb4ba8ba0150b14fa6b9f05469e19a58734", kill_on_drop: false }`
[INFO] running `Command { std: "docker" "inspect" "fee08854bbe686d8e0287e023e3aadb4ba8ba0150b14fa6b9f05469e19a58734", kill_on_drop: false }`
[INFO] running `Command { std: "docker" "rm" "-f" "fee08854bbe686d8e0287e023e3aadb4ba8ba0150b14fa6b9f05469e19a58734", kill_on_drop: false }`
[INFO] [stdout] fee08854bbe686d8e0287e023e3aadb4ba8ba0150b14fa6b9f05469e19a58734
[INFO] running `Command { std: "docker" "create" "-v" "/var/lib/crater-agent-workspace/builds/worker-1-tc1/target:/opt/rustwide/target:rw,Z" "-v" "/var/lib/crater-agent-workspace/builds/worker-1-tc1/source:/opt/rustwide/workdir:ro,Z" "-v" "/var/lib/crater-agent-workspace/cargo-home:/opt/rustwide/cargo-home:ro,Z" "-v" "/var/lib/crater-agent-workspace/rustup-home:/opt/rustwide/rustup-home:ro,Z" "-e" "SOURCE_DIR=/opt/rustwide/workdir" "-e" "CARGO_TARGET_DIR=/opt/rustwide/target" "-e" "CARGO_INCREMENTAL=0" "-e" "RUST_BACKTRACE=full" "-e" "RUSTFLAGS=--cap-lints=warn" "-e" "RUSTDOCFLAGS=--cap-lints=warn" "-e" "CARGO_HOME=/opt/rustwide/cargo-home" "-e" "RUSTUP_HOME=/opt/rustwide/rustup-home" "-w" "/opt/rustwide/workdir" "-m" "1610612736" "--user" "0:0" "--network" "none" "ghcr.io/rust-lang/crates-build-env/linux@sha256:f3a9d4ad9d972b27faf3965f35b62e55ba32bbce8f20bc8fe909558a86702fde" "/opt/rustwide/cargo-home/bin/cargo" "+1.83.0" "build" "--frozen" "--message-format=json", kill_on_drop: false }`
[INFO] [stdout] 9593c9ac1710362310b457a1d6334e3972ad5884a3121be4948ced5fcc5f575a
[INFO] running `Command { std: "docker" "start" "-a" "9593c9ac1710362310b457a1d6334e3972ad5884a3121be4948ced5fcc5f575a", kill_on_drop: false }`
[INFO] [stderr]    Compiling proc-macro2 v1.0.92
[INFO] [stderr]    Compiling unicode-ident v1.0.14
[INFO] [stderr]    Compiling orx-closure v0.1.4
[INFO] [stderr]    Compiling quote v1.0.37
[INFO] [stderr]    Compiling syn v2.0.90
[INFO] [stderr]    Compiling derive-new v0.6.0
[INFO] [stderr]    Compiling orx-funvec v0.1.6 (/opt/rustwide/workdir)
[INFO] [stderr]     Finished `dev` profile [unoptimized + debuginfo] target(s) in 5.05s
[INFO] running `Command { std: "docker" "inspect" "9593c9ac1710362310b457a1d6334e3972ad5884a3121be4948ced5fcc5f575a", kill_on_drop: false }`
[INFO] running `Command { std: "docker" "rm" "-f" "9593c9ac1710362310b457a1d6334e3972ad5884a3121be4948ced5fcc5f575a", kill_on_drop: false }`
[INFO] [stdout] 9593c9ac1710362310b457a1d6334e3972ad5884a3121be4948ced5fcc5f575a
[INFO] running `Command { std: "docker" "create" "-v" "/var/lib/crater-agent-workspace/builds/worker-1-tc1/target:/opt/rustwide/target:rw,Z" "-v" "/var/lib/crater-agent-workspace/builds/worker-1-tc1/source:/opt/rustwide/workdir:ro,Z" "-v" "/var/lib/crater-agent-workspace/cargo-home:/opt/rustwide/cargo-home:ro,Z" "-v" "/var/lib/crater-agent-workspace/rustup-home:/opt/rustwide/rustup-home:ro,Z" "-e" "SOURCE_DIR=/opt/rustwide/workdir" "-e" "CARGO_TARGET_DIR=/opt/rustwide/target" "-e" "CARGO_INCREMENTAL=0" "-e" "RUST_BACKTRACE=full" "-e" "RUSTFLAGS=--cap-lints=warn" "-e" "RUSTDOCFLAGS=--cap-lints=warn" "-e" "CARGO_HOME=/opt/rustwide/cargo-home" "-e" "RUSTUP_HOME=/opt/rustwide/rustup-home" "-w" "/opt/rustwide/workdir" "-m" "1610612736" "--user" "0:0" "--network" "none" "ghcr.io/rust-lang/crates-build-env/linux@sha256:f3a9d4ad9d972b27faf3965f35b62e55ba32bbce8f20bc8fe909558a86702fde" "/opt/rustwide/cargo-home/bin/cargo" "+1.83.0" "test" "--frozen" "--no-run" "--message-format=json", kill_on_drop: false }`
[INFO] [stdout] d51dbea41eb1fa035c93be3a38c72a719f4c9ee83b9fdae15d396e245eff78f8
[INFO] running `Command { std: "docker" "start" "-a" "d51dbea41eb1fa035c93be3a38c72a719f4c9ee83b9fdae15d396e245eff78f8", kill_on_drop: false }`
[INFO] [stderr]    Compiling cfg-if v1.0.0
[INFO] [stderr]    Compiling crossbeam-utils v0.8.20
[INFO] [stderr]    Compiling serde v1.0.216
[INFO] [stderr]    Compiling autocfg v1.4.0
[INFO] [stderr]    Compiling either v1.13.0
[INFO] [stderr]    Compiling serde_json v1.0.133
[INFO] [stderr]    Compiling libc v0.2.168
[INFO] [stderr]    Compiling rayon-core v1.12.1
[INFO] [stderr]    Compiling ciborium-io v0.2.2
[INFO] [stderr]    Compiling anstyle v1.0.10
[INFO] [stderr]    Compiling regex-syntax v0.8.5
[INFO] [stderr]    Compiling ryu v1.0.18
[INFO] [stderr]    Compiling memchr v2.7.4
[INFO] [stderr]    Compiling itoa v1.0.14
[INFO] [stderr]    Compiling plotters-backend v0.3.7
[INFO] [stderr]    Compiling syn v2.0.90
[INFO] [stderr]    Compiling half v2.4.1
[INFO] [stderr]    Compiling clap_lex v0.7.4
[INFO] [stderr]    Compiling cast v0.3.0
[INFO] [stderr]    Compiling same-file v1.0.6
[INFO] [stderr]    Compiling oorandom v11.1.4
[INFO] [stderr]    Compiling once_cell v1.20.2
[INFO] [stderr]    Compiling itertools v0.10.5
[INFO] [stderr]    Compiling anes v0.1.6
[INFO] [stderr]    Compiling walkdir v2.5.0
[INFO] [stderr]    Compiling clap_builder v4.5.23
[INFO] [stderr]    Compiling plotters-svg v0.3.7
[INFO] [stderr]    Compiling ciborium-ll v0.2.2
[INFO] [stderr]    Compiling num-traits v0.2.19
[INFO] [stderr]    Compiling crossbeam-epoch v0.9.18
[INFO] [stderr]    Compiling crossbeam-deque v0.8.5
[INFO] [stderr]    Compiling is-terminal v0.4.13
[INFO] [stderr]    Compiling regex-automata v0.4.9
[INFO] [stderr]    Compiling plotters v0.3.7
[INFO] [stderr]    Compiling rayon v1.10.0
[INFO] [stderr]    Compiling criterion-plot v0.5.0
[INFO] [stderr]    Compiling clap v4.5.23
[INFO] [stderr]    Compiling regex v1.11.1
[INFO] [stderr]    Compiling test-case-core v3.3.1
[INFO] [stderr]    Compiling serde_derive v1.0.216
[INFO] [stderr]    Compiling derive-new v0.6.0
[INFO] [stderr]    Compiling test-case-macros v3.3.1
[INFO] [stderr]    Compiling orx-funvec v0.1.6 (/opt/rustwide/workdir)
[INFO] [stderr]    Compiling test-case v3.3.1
[INFO] [stderr]    Compiling ciborium v0.2.2
[INFO] [stderr]    Compiling tinytemplate v1.2.1
[INFO] [stderr]    Compiling criterion v0.5.1
[INFO] [stderr]     Finished `test` profile [unoptimized + debuginfo] target(s) in 32.22s
[INFO] running `Command { std: "docker" "inspect" "d51dbea41eb1fa035c93be3a38c72a719f4c9ee83b9fdae15d396e245eff78f8", kill_on_drop: false }`
[INFO] running `Command { std: "docker" "rm" "-f" "d51dbea41eb1fa035c93be3a38c72a719f4c9ee83b9fdae15d396e245eff78f8", kill_on_drop: false }`
[INFO] [stdout] d51dbea41eb1fa035c93be3a38c72a719f4c9ee83b9fdae15d396e245eff78f8
[INFO] running `Command { std: "docker" "create" "-v" "/var/lib/crater-agent-workspace/builds/worker-1-tc1/target:/opt/rustwide/target:rw,Z" "-v" "/var/lib/crater-agent-workspace/builds/worker-1-tc1/source:/opt/rustwide/workdir:ro,Z" "-v" "/var/lib/crater-agent-workspace/cargo-home:/opt/rustwide/cargo-home:ro,Z" "-v" "/var/lib/crater-agent-workspace/rustup-home:/opt/rustwide/rustup-home:ro,Z" "-e" "SOURCE_DIR=/opt/rustwide/workdir" "-e" "CARGO_TARGET_DIR=/opt/rustwide/target" "-e" "CARGO_INCREMENTAL=0" "-e" "RUST_BACKTRACE=full" "-e" "RUSTFLAGS=--cap-lints=warn" "-e" "RUSTDOCFLAGS=--cap-lints=warn" "-e" "CARGO_HOME=/opt/rustwide/cargo-home" "-e" "RUSTUP_HOME=/opt/rustwide/rustup-home" "-w" "/opt/rustwide/workdir" "-m" "1610612736" "--user" "0:0" "--network" "none" "ghcr.io/rust-lang/crates-build-env/linux@sha256:f3a9d4ad9d972b27faf3965f35b62e55ba32bbce8f20bc8fe909558a86702fde" "/opt/rustwide/cargo-home/bin/cargo" "+1.83.0" "test" "--frozen", kill_on_drop: false }`
[INFO] [stdout] 95e7ab942abf5d861a55cf27edbff207b411184f7bce41b89f3bfa8199089b47
[INFO] running `Command { std: "docker" "start" "-a" "95e7ab942abf5d861a55cf27edbff207b411184f7bce41b89f3bfa8199089b47", kill_on_drop: false }`
[INFO] [stderr]     Finished `test` profile [unoptimized + debuginfo] target(s) in 0.10s
[INFO] [stderr]      Running unittests src/lib.rs (/opt/rustwide/target/debug/deps/orx_funvec-84c7e2c1c530b1ed)
[INFO] [stdout] 
[INFO] [stdout] running 0 tests
[INFO] [stdout] 
[INFO] [stdout] test result: ok. 0 passed; 0 failed; 0 ignored; 0 measured; 0 filtered out; finished in 0.00s
[INFO] [stdout] 
[INFO] [stderr]      Running tests/d1.rs (/opt/rustwide/target/debug/deps/d1-4968b7198900e759)
[INFO] [stdout] 
[INFO] [stdout] running 9 tests
[INFO] [stdout] test box_dyn_fn ... ok
[INFO] [stdout] test array ... ok
[INFO] [stdout] test closure_no_capture ... ok
[INFO] [stdout] test btreemap ... ok
[INFO] [stdout] test closure_capture ... ok
[INFO] [stdout] test hashmap ... ok
[INFO] [stdout] test scalars_as_vec ... ok
[INFO] [stdout] test empty_vec ... ok
[INFO] [stdout] test vec ... ok
[INFO] [stdout] 
[INFO] [stdout] test result: ok. 9 passed; 0 failed; 0 ignored; 0 measured; 0 filtered out; finished in 0.01s
[INFO] [stdout] 
[INFO] [stderr]      Running tests/mcnf.rs (/opt/rustwide/target/debug/deps/mcnf-afca39cfbc5140de)
[INFO] [stdout] 
[INFO] [stdout] running 3 tests
[INFO] [stdout] test multi_commodity_mcnf ... ok
[INFO] [stdout] test shortest_distance ... ok
[INFO] [stdout] test shortest_num_edges ... ok
[INFO] [stdout] 
[INFO] [stdout] test result: ok. 3 passed; 0 failed; 0 ignored; 0 measured; 0 filtered out; finished in 0.01s
[INFO] [stdout] 
[INFO] [stderr]    Doc-tests orx_funvec
[INFO] [stdout] 
[INFO] [stdout] running 33 tests
[INFO] [stdout] test src/../README.md - (line 149) ... FAILED
[INFO] [stdout] test src/../README.md - (line 361) ... FAILED
[INFO] [stdout] test src/../README.md - (line 281) ... FAILED
[INFO] [stdout] test src/../README.md - (line 350) ... FAILED
[INFO] [stdout] test src/../README.md - (line 202) ... FAILED
[INFO] [stdout] test src/../README.md - (line 11) ... FAILED
[INFO] [stdout] test src/empty_vec.rs - empty_vec::EmptyVec (line 28) ... ok
[INFO] [stdout] test src/empty_vec.rs - empty_vec::EmptyVec (line 42) ... ok
[INFO] [stdout] test src/empty_vec.rs - empty_vec::EmptyVec (line 53) ... ok
[INFO] [stdout] test src/../README.md - (line 320) ... ok
[INFO] [stdout] test src/funvec_ref.rs - funvec_ref::FunVecRef::ref_at (line 118) ... ok
[INFO] [stdout] test src/empty_vec.rs - empty_vec::EmptyVec (line 9) ... ok
[INFO] [stdout] test src/../README.md - (line 84) ... ok
[INFO] [stdout] test src/empty_vec.rs - empty_vec::EmptyVec (line 17) ... ok
[INFO] [stdout] test src/funvec_ref.rs - funvec_ref::FunVecRef (line 12) ... ok
[INFO] [stdout] test src/funvec_ref.rs - funvec_ref::FunVecRef::ref_at (line 180) ... ok
[INFO] [stdout] test src/funvec_val.rs - funvec_val::FunVec::iter_over (line 322) ... ok
[INFO] [stdout] test src/index.rs - index::FromIndex::from_index (line 44) ... ok
[INFO] [stdout] test src/funvec_val.rs - funvec_val::FunVec (line 14) ... ok
[INFO] [stdout] test src/index.rs - index::IntoIndex::into_index (line 13) ... ok
[INFO] [stdout] test src/scalar_as_vec.rs - scalar_as_vec::ScalarAsVec (line 8) ... ok
[INFO] [stdout] test src/scalar_as_vec.rs - scalar_as_vec::ScalarAsVec (line 46) ... ok
[INFO] [stdout] test src/scalar_as_vec.rs - scalar_as_vec::ScalarAsVec (line 57) ... ok
[INFO] [stdout] test src/funvec_ref.rs - funvec_ref::FunVecRef::ref_iter_over (line 248) ... ok
[INFO] [stdout] test src/funvec_ref.rs - funvec_ref::FunVecRef (line 48) ... ok
[INFO] [stdout] test src/funvec_val.rs - funvec_val::FunVec (line 133) ... ok
[INFO] [stdout] test src/scalar_as_vec.rs - scalar_as_vec::ScalarAsVec (line 30) ... ok
[INFO] [stdout] test src/scalar_as_vec.rs - scalar_as_vec::ScalarAsVec (line 17) ... ok
[INFO] [stdout] test src/funvec_val.rs - funvec_val::FunVec::at (line 207) ... ok
[INFO] [stdout] test src/funvec_val.rs - funvec_val::FunVec (line 51) ... ok
[INFO] [stdout] test src/funvec_val.rs - funvec_val::FunVec::at (line 238) ... ok
[INFO] [stdout] test src/funvec_val.rs - funvec_val::FunVec::iter_over (line 351) ... ok
[INFO] [stdout] test src/funvec_ref.rs - funvec_ref::FunVecRef::ref_iter_over (line 302) ... ok
[INFO] [stdout] 
[INFO] [stdout] failures:
[INFO] [stdout] 
[INFO] [stdout] ---- src/../README.md - (line 149) stdout ----
[INFO] [stdout] error[E0425]: cannot find value `N` in this scope
[INFO] [stdout]   --> src/../README.md:191:13
[INFO] [stdout]    |
[INFO] [stdout] 44 | assert_eq!((N * (N - 1) * 100) as i32, result.sum_capacities);
[INFO] [stdout]    |             ^ not found in this scope
[INFO] [stdout]    |
[INFO] [stdout] help: you might be missing a const parameter
[INFO] [stdout]    |
[INFO] [stdout] 2  | fn main() { #[allow(non_snake_case)] fn _doctest_main_src____README_md_149_0<const N: /* Type */>() {
[INFO] [stdout]    |                                                                             +++++++++++++++++++++
[INFO] [stdout] 
[INFO] [stdout] error[E0425]: cannot find value `N` in this scope
[INFO] [stdout]   --> src/../README.md:191:18
[INFO] [stdout]    |
[INFO] [stdout] 44 | assert_eq!((N * (N - 1) * 100) as i32, result.sum_capacities);
[INFO] [stdout]    |                  ^ not found in this scope
[INFO] [stdout]    |
[INFO] [stdout] help: you might be missing a const parameter
[INFO] [stdout]    |
[INFO] [stdout] 2  | fn main() { #[allow(non_snake_case)] fn _doctest_main_src____README_md_149_0<const N: /* Type */>() {
[INFO] [stdout]    |                                                                             +++++++++++++++++++++
[INFO] [stdout] 
[INFO] [stdout] error[E0433]: failed to resolve: use of undeclared type `FakeMcnfSolver`
[INFO] [stdout]   --> src/../README.md:186:14
[INFO] [stdout]    |
[INFO] [stdout] 39 | let solver = FakeMcnfSolver::new(demands, costs, capacities);
[INFO] [stdout]    |              ^^^^^^^^^^^^^^ use of undeclared type `FakeMcnfSolver`
[INFO] [stdout] 
[INFO] [stdout] error: aborting due to 3 previous errors
[INFO] [stdout] 
[INFO] [stdout] Some errors have detailed explanations: E0425, E0433.
[INFO] [stdout] For more information about an error, try `rustc --explain E0425`.
[INFO] [stdout] Couldn't compile the test.
[INFO] [stdout] ---- src/../README.md - (line 361) stdout ----
[INFO] [stdout] error[E0425]: cannot find function, tuple struct or tuple variant `Capture` in this scope
[INFO] [stdout]  --> src/../README.md:366:15
[INFO] [stdout]   |
[INFO] [stdout] 7 | let demands = Capture((source, sink)).fun(|(s, t), i: usize| match (i == *s, i == *t) {
[INFO] [stdout]   |               ^^^^^^^ not found in this scope
[INFO] [stdout]   |
[INFO] [stdout] help: consider importing this tuple struct
[INFO] [stdout]   |
[INFO] [stdout] 2 + use orx_closure::Capture;
[INFO] [stdout]   |
[INFO] [stdout] 
[INFO] [stdout] error[E0425]: cannot find function, tuple struct or tuple variant `ScalarAsVec` in this scope
[INFO] [stdout]   --> src/../README.md:376:18
[INFO] [stdout]    |
[INFO] [stdout] 17 | let capacities = ScalarAsVec(1);
[INFO] [stdout]    |                  ^^^^^^^^^^^ not found in this scope
[INFO] [stdout]    |
[INFO] [stdout] help: consider importing this tuple struct
[INFO] [stdout]    |
[INFO] [stdout] 2  + use orx_funvec::ScalarAsVec;
[INFO] [stdout]    |
[INFO] [stdout] 
[INFO] [stdout] error[E0425]: cannot find value `N` in this scope
[INFO] [stdout]   --> src/../README.md:384:13
[INFO] [stdout]    |
[INFO] [stdout] 25 | assert_eq!((N * N) as i32, result.sum_capacities);
[INFO] [stdout]    |             ^ not found in this scope
[INFO] [stdout]    |
[INFO] [stdout] help: you might be missing a const parameter
[INFO] [stdout]    |
[INFO] [stdout] 2  | fn main() { #[allow(non_snake_case)] fn _doctest_main_src____README_md_361_0<const N: /* Type */>() {
[INFO] [stdout]    |                                                                             +++++++++++++++++++++
[INFO] [stdout] 
[INFO] [stdout] error[E0425]: cannot find value `N` in this scope
[INFO] [stdout]   --> src/../README.md:384:17
[INFO] [stdout]    |
[INFO] [stdout] 25 | assert_eq!((N * N) as i32, result.sum_capacities);
[INFO] [stdout]    |                 ^ not found in this scope
[INFO] [stdout]    |
[INFO] [stdout] help: you might be missing a const parameter
[INFO] [stdout]    |
[INFO] [stdout] 2  | fn main() { #[allow(non_snake_case)] fn _doctest_main_src____README_md_361_0<const N: /* Type */>() {
[INFO] [stdout]    |                                                                             +++++++++++++++++++++
[INFO] [stdout] 
[INFO] [stdout] error[E0433]: failed to resolve: use of undeclared type `DistanceProvider`
[INFO] [stdout]   --> src/../README.md:373:13
[INFO] [stdout]    |
[INFO] [stdout] 14 | let costs = DistanceProvider::default();
[INFO] [stdout]    |             ^^^^^^^^^^^^^^^^ use of undeclared type `DistanceProvider`
[INFO] [stdout] 
[INFO] [stdout] error[E0433]: failed to resolve: use of undeclared type `FakeMcnfSolver`
[INFO] [stdout]   --> src/../README.md:379:14
[INFO] [stdout]    |
[INFO] [stdout] 20 | let solver = FakeMcnfSolver::new(demands, costs, capacities);
[INFO] [stdout]    |              ^^^^^^^^^^^^^^ use of undeclared type `FakeMcnfSolver`
[INFO] [stdout] 
[INFO] [stdout] error: aborting due to 6 previous errors
[INFO] [stdout] 
[INFO] [stdout] Some errors have detailed explanations: E0425, E0433.
[INFO] [stdout] For more information about an error, try `rustc --explain E0425`.
[INFO] [stdout] Couldn't compile the test.
[INFO] [stdout] ---- src/../README.md - (line 281) stdout ----
[INFO] [stdout] error[E0425]: cannot find function, tuple struct or tuple variant `Capture` in this scope
[INFO] [stdout]  --> src/../README.md:286:15
[INFO] [stdout]   |
[INFO] [stdout] 7 | let demands = Capture((source, sink)).fun(|(s, t), i: usize| match (i == *s, i == *t) {
[INFO] [stdout]   |               ^^^^^^^ not found in this scope
[INFO] [stdout]   |
[INFO] [stdout] help: consider importing this tuple struct
[INFO] [stdout]   |
[INFO] [stdout] 2 + use orx_closure::Capture;
[INFO] [stdout]   |
[INFO] [stdout] 
[INFO] [stdout] error[E0425]: cannot find function, tuple struct or tuple variant `Capture` in this scope
[INFO] [stdout]   --> src/../README.md:294:13
[INFO] [stdout]    |
[INFO] [stdout] 15 | let costs = Capture(locations).fun(|loc, (i, j): (usize, usize)| {
[INFO] [stdout]    |             ^^^^^^^ not found in this scope
[INFO] [stdout]    |
[INFO] [stdout] help: consider importing this tuple struct
[INFO] [stdout]    |
[INFO] [stdout] 2  + use orx_closure::Capture;
[INFO] [stdout]    |
[INFO] [stdout] 
[INFO] [stdout] error[E0425]: cannot find function, tuple struct or tuple variant `ScalarAsVec` in this scope
[INFO] [stdout]   --> src/../README.md:301:18
[INFO] [stdout]    |
[INFO] [stdout] 22 | let capacities = ScalarAsVec(1);
[INFO] [stdout]    |                  ^^^^^^^^^^^ not found in this scope
[INFO] [stdout]    |
[INFO] [stdout] help: consider importing this tuple struct
[INFO] [stdout]    |
[INFO] [stdout] 2  + use orx_funvec::ScalarAsVec;
[INFO] [stdout]    |
[INFO] [stdout] 
[INFO] [stdout] error[E0425]: cannot find value `N` in this scope
[INFO] [stdout]   --> src/../README.md:309:13
[INFO] [stdout]    |
[INFO] [stdout] 30 | assert_eq!((N * N) as i32, result.sum_capacities);
[INFO] [stdout]    |             ^ not found in this scope
[INFO] [stdout]    |
[INFO] [stdout] help: you might be missing a const parameter
[INFO] [stdout]    |
[INFO] [stdout] 2  | fn main() { #[allow(non_snake_case)] fn _doctest_main_src____README_md_281_0<const N: /* Type */>() {
[INFO] [stdout]    |                                                                             +++++++++++++++++++++
[INFO] [stdout] 
[INFO] [stdout] error[E0425]: cannot find value `N` in this scope
[INFO] [stdout]   --> src/../README.md:309:17
[INFO] [stdout]    |
[INFO] [stdout] 30 | assert_eq!((N * N) as i32, result.sum_capacities);
[INFO] [stdout]    |                 ^ not found in this scope
[INFO] [stdout]    |
[INFO] [stdout] help: you might be missing a const parameter
[INFO] [stdout]    |
[INFO] [stdout] 2  | fn main() { #[allow(non_snake_case)] fn _doctest_main_src____README_md_281_0<const N: /* Type */>() {
[INFO] [stdout]    |                                                                             +++++++++++++++++++++
[INFO] [stdout] 
[INFO] [stdout] error[E0425]: cannot find function `get_euclidean_distance` in this scope
[INFO] [stdout]   --> src/../README.md:297:25
[INFO] [stdout]    |
[INFO] [stdout] 18 |         .map(|(l1, l2)| get_euclidean_distance(*l1, *l2))
[INFO] [stdout]    |                         ^^^^^^^^^^^^^^^^^^^^^^ not found in this scope
[INFO] [stdout] 
[INFO] [stdout] error[E0433]: failed to resolve: use of undeclared type `FakeMcnfSolver`
[INFO] [stdout]   --> src/../README.md:304:14
[INFO] [stdout]    |
[INFO] [stdout] 25 | let solver = FakeMcnfSolver::new(demands, costs, capacities);
[INFO] [stdout]    |              ^^^^^^^^^^^^^^ use of undeclared type `FakeMcnfSolver`
[INFO] [stdout] 
[INFO] [stdout] error: aborting due to 7 previous errors
[INFO] [stdout] 
[INFO] [stdout] Some errors have detailed explanations: E0425, E0433.
[INFO] [stdout] For more information about an error, try `rustc --explain E0425`.
[INFO] [stdout] Couldn't compile the test.
[INFO] [stdout] ---- src/../README.md - (line 350) stdout ----
[INFO] [stdout] error[E0405]: cannot find trait `FunVec` in this scope
[INFO] [stdout]  --> src/../README.md:351:6
[INFO] [stdout]   |
[INFO] [stdout] 3 | impl FunVec<2, Unit> for DistanceProvider {
[INFO] [stdout]   |      ^^^^^^ not found in this scope
[INFO] [stdout]   |
[INFO] [stdout] help: consider importing this trait
[INFO] [stdout]   |
[INFO] [stdout] 2 + use orx_funvec::FunVec;
[INFO] [stdout]   |
[INFO] [stdout] 
[INFO] [stdout] error[E0412]: cannot find type `Unit` in this scope
[INFO] [stdout]  --> src/../README.md:351:16
[INFO] [stdout]   |
[INFO] [stdout] 3 | impl FunVec<2, Unit> for DistanceProvider {
[INFO] [stdout]   |                ^^^^ not found in this scope
[INFO] [stdout]   |
[INFO] [stdout] help: you might be missing a type parameter
[INFO] [stdout]   |
[INFO] [stdout] 3 | impl<Unit> FunVec<2, Unit> for DistanceProvider {
[INFO] [stdout]   |     ++++++
[INFO] [stdout] 
[INFO] [stdout] error[E0412]: cannot find type `DistanceProvider` in this scope
[INFO] [stdout]  --> src/../README.md:351:26
[INFO] [stdout]   |
[INFO] [stdout] 3 | impl FunVec<2, Unit> for DistanceProvider {
[INFO] [stdout]   |                          ^^^^^^^^^^^^^^^^ not found in this scope
[INFO] [stdout] 
[INFO] [stdout] error[E0405]: cannot find trait `IntoIndex` in this scope
[INFO] [stdout]  --> src/../README.md:352:16
[INFO] [stdout]   |
[INFO] [stdout] 4 |     fn at<Idx: IntoIndex<2>>(&self, index: Idx) -> Option<Unit> {
[INFO] [stdout]   |                ^^^^^^^^^ not found in this scope
[INFO] [stdout]   |
[INFO] [stdout] help: consider importing this trait
[INFO] [stdout]   |
[INFO] [stdout] 2 + use orx_funvec::IntoIndex;
[INFO] [stdout]   |
[INFO] [stdout] 
[INFO] [stdout] error[E0412]: cannot find type `Unit` in this scope
[INFO] [stdout]  --> src/../README.md:352:59
[INFO] [stdout]   |
[INFO] [stdout] 4 |     fn at<Idx: IntoIndex<2>>(&self, index: Idx) -> Option<Unit> {
[INFO] [stdout]   |                                                           ^^^^ not found in this scope
[INFO] [stdout]   |
[INFO] [stdout] help: you might be missing a type parameter
[INFO] [stdout]   |
[INFO] [stdout] 3 | impl<Unit> FunVec<2, Unit> for DistanceProvider {
[INFO] [stdout]   |     ++++++
[INFO] [stdout] 
[INFO] [stdout] error: aborting due to 5 previous errors
[INFO] [stdout] 
[INFO] [stdout] Some errors have detailed explanations: E0405, E0412.
[INFO] [stdout] For more information about an error, try `rustc --explain E0405`.
[INFO] [stdout] Couldn't compile the test.
[INFO] [stdout] ---- src/../README.md - (line 202) stdout ----
[INFO] [stdout] error[E0412]: cannot find type `Unit` in this scope
[INFO] [stdout]   --> src/../README.md:216:13
[INFO] [stdout]    |
[INFO] [stdout] 16 |     amount: Unit,
[INFO] [stdout]    |             ^^^^ not found in this scope
[INFO] [stdout] 
[INFO] [stdout] error[E0599]: no method named `iter` found for reference `&&Vec<Commodity>` in the current scope
[INFO] [stdout]   --> src/../README.md:234:13
[INFO] [stdout]    |
[INFO] [stdout] 34 |         com.iter()
[INFO] [stdout]    |             ^^^^ method not found in `&&Vec<Commodity>`
[INFO] [stdout] 
[INFO] [stdout] error[E0433]: failed to resolve: use of undeclared type `FakeMcnfSolver`
[INFO] [stdout]   --> src/../README.md:265:14
[INFO] [stdout]    |
[INFO] [stdout] 65 | let solver = FakeMcnfSolver::new(demands, costs, capacities);
[INFO] [stdout]    |              ^^^^^^^^^^^^^^ use of undeclared type `FakeMcnfSolver`
[INFO] [stdout] 
[INFO] [stdout] error: aborting due to 3 previous errors
[INFO] [stdout] 
[INFO] [stdout] Some errors have detailed explanations: E0412, E0433, E0599.
[INFO] [stdout] For more information about an error, try `rustc --explain E0412`.
[INFO] [stdout] Couldn't compile the test.
[INFO] [stdout] ---- src/../README.md - (line 11) stdout ----
[INFO] [stdout] error: expected one of `!`, `+`, `::`, `where`, or `{`, found `}`
[INFO] [stdout]  --> src/../README.md:13:1
[INFO] [stdout]   |
[INFO] [stdout] 3 | fn at<Idx: IntoIndex<DIM>>(&self, index: Idx) -> Option<T>
[INFO] [stdout]   |    -- while parsing this `fn`                             - expected one of `!`, `+`, `::`, `where`, or `{`
[INFO] [stdout] 4 | } _doctest_main_src____README_md_11_0() }
[INFO] [stdout]   | ^ unexpected token
[INFO] [stdout] 
[INFO] [stdout] error: free function without a body
[INFO] [stdout]  --> src/../README.md:12:1
[INFO] [stdout]   |
[INFO] [stdout] 3 | fn at<Idx: IntoIndex<DIM>>(&self, index: Idx) -> Option<T>
[INFO] [stdout]   | ^^^^^^^^^^^^^^^^^^^^^^^^^^^^^^^^^^^^^^^^^^^^^^^^^^^^^^^^^^- help: provide a definition for the function: `{ <body> }`
[INFO] [stdout] 
[INFO] [stdout] error: `self` parameter is only allowed in associated functions
[INFO] [stdout]  --> src/../README.md:12:28
[INFO] [stdout]   |
[INFO] [stdout] 3 | fn at<Idx: IntoIndex<DIM>>(&self, index: Idx) -> Option<T>
[INFO] [stdout]   |                            ^^^^^ not semantically valid as function parameter
[INFO] [stdout]   |
[INFO] [stdout]   = note: associated functions are those in `impl` or `trait` definitions
[INFO] [stdout] 
[INFO] [stdout] error[E0405]: cannot find trait `IntoIndex` in this scope
[INFO] [stdout]  --> src/../README.md:12:12
[INFO] [stdout]   |
[INFO] [stdout] 3 | fn at<Idx: IntoIndex<DIM>>(&self, index: Idx) -> Option<T>
[INFO] [stdout]   |            ^^^^^^^^^ not found in this scope
[INFO] [stdout]   |
[INFO] [stdout] help: consider importing this trait
[INFO] [stdout]   |
[INFO] [stdout] 2 + use orx_funvec::IntoIndex;
[INFO] [stdout]   |
[INFO] [stdout] 
[INFO] [stdout] error[E0412]: cannot find type `DIM` in this scope
[INFO] [stdout]  --> src/../README.md:12:22
[INFO] [stdout]   |
[INFO] [stdout] 3 | fn at<Idx: IntoIndex<DIM>>(&self, index: Idx) -> Option<T>
[INFO] [stdout]   |                      ^^^ not found in this scope
[INFO] [stdout] 
[INFO] [stdout] error[E0412]: cannot find type `T` in this scope
[INFO] [stdout]  --> src/../README.md:12:57
[INFO] [stdout]   |
[INFO] [stdout] 3 | fn at<Idx: IntoIndex<DIM>>(&self, index: Idx) -> Option<T>
[INFO] [stdout]   |                                                         ^ not found in this scope
[INFO] [stdout]   |
[INFO] [stdout] help: you might be missing a type parameter
[INFO] [stdout]   |
[INFO] [stdout] 3 | fn at<Idx: IntoIndex<DIM>, T>(&self, index: Idx) -> Option<T>
[INFO] [stdout]   |                          +++
[INFO] [stdout] 
[INFO] [stdout] error: aborting due to 6 previous errors
[INFO] [stdout] 
[INFO] [stdout] Some errors have detailed explanations: E0405, E0412.
[INFO] [stdout] For more information about an error, try `rustc --explain E0405`.
[INFO] [stdout] Couldn't compile the test.
[INFO] [stdout] 
[INFO] [stdout] failures:
[INFO] [stdout]     src/../README.md - (line 11)
[INFO] [stdout]     src/../README.md - (line 149)
[INFO] [stdout]     src/../README.md - (line 202)
[INFO] [stdout]     src/../README.md - (line 281)
[INFO] [stdout]     src/../README.md - (line 350)
[INFO] [stdout]     src/../README.md - (line 361)
[INFO] [stdout] 
[INFO] [stdout] test result: FAILED. 27 passed; 6 failed; 0 ignored; 0 measured; 0 filtered out; finished in 3.30s
[INFO] [stdout] 
[INFO] [stderr] error: doctest failed, to rerun pass `--doc`
[INFO] running `Command { std: "docker" "inspect" "95e7ab942abf5d861a55cf27edbff207b411184f7bce41b89f3bfa8199089b47", kill_on_drop: false }`
[INFO] running `Command { std: "docker" "rm" "-f" "95e7ab942abf5d861a55cf27edbff207b411184f7bce41b89f3bfa8199089b47", kill_on_drop: false }`
[INFO] [stdout] 95e7ab942abf5d861a55cf27edbff207b411184f7bce41b89f3bfa8199089b47
