[INFO] fetching crate option-pricing 0.1.4...
[INFO] testing option-pricing-0.1.4 against 1.83.0 for beta-1.84.0-4-retry
[INFO] extracting crate option-pricing 0.1.4 into /workspace/builds/worker-3-tc1/source
[INFO] validating manifest of crates.io crate option-pricing 0.1.4 on toolchain 1.83.0
[INFO] running `Command { std: CARGO_HOME="/workspace/cargo-home" RUSTUP_HOME="/workspace/rustup-home" "/workspace/cargo-home/bin/cargo" "+1.83.0" "metadata" "--manifest-path" "Cargo.toml" "--no-deps", kill_on_drop: false }`
[INFO] started tweaking crates.io crate option-pricing 0.1.4
[INFO] finished tweaking crates.io crate option-pricing 0.1.4
[INFO] tweaked toml for crates.io crate option-pricing 0.1.4 written to /workspace/builds/worker-3-tc1/source/Cargo.toml
[INFO] running `Command { std: CARGO_HOME="/workspace/cargo-home" RUSTUP_HOME="/workspace/rustup-home" "/workspace/cargo-home/bin/cargo" "+1.83.0" "generate-lockfile" "--manifest-path" "Cargo.toml", kill_on_drop: false }`
[INFO] [stderr]     Updating crates.io index
[INFO] [stderr]      Locking 8 packages to latest compatible versions
[INFO] running `Command { std: CARGO_HOME="/workspace/cargo-home" RUSTUP_HOME="/workspace/rustup-home" "/workspace/cargo-home/bin/cargo" "+1.83.0" "fetch" "--manifest-path" "Cargo.toml", kill_on_drop: false }`
[INFO] running `Command { std: "docker" "create" "-v" "/var/lib/crater-agent-workspace/builds/worker-3-tc1/target:/opt/rustwide/target:rw,Z" "-v" "/var/lib/crater-agent-workspace/builds/worker-3-tc1/source:/opt/rustwide/workdir:ro,Z" "-v" "/var/lib/crater-agent-workspace/cargo-home:/opt/rustwide/cargo-home:ro,Z" "-v" "/var/lib/crater-agent-workspace/rustup-home:/opt/rustwide/rustup-home:ro,Z" "-e" "SOURCE_DIR=/opt/rustwide/workdir" "-e" "CARGO_TARGET_DIR=/opt/rustwide/target" "-e" "CARGO_HOME=/opt/rustwide/cargo-home" "-e" "RUSTUP_HOME=/opt/rustwide/rustup-home" "-w" "/opt/rustwide/workdir" "-m" "1610612736" "--user" "0:0" "--network" "none" "ghcr.io/rust-lang/crates-build-env/linux@sha256:f3a9d4ad9d972b27faf3965f35b62e55ba32bbce8f20bc8fe909558a86702fde" "/opt/rustwide/cargo-home/bin/cargo" "+1.83.0" "metadata" "--no-deps" "--format-version=1", kill_on_drop: false }`
[INFO] [stdout] 8adb8f936318ed49bd3e79ae7e2caa97c54e5ef8cf700f51407f98ba95a3dfff
[INFO] running `Command { std: "docker" "start" "-a" "8adb8f936318ed49bd3e79ae7e2caa97c54e5ef8cf700f51407f98ba95a3dfff", kill_on_drop: false }`
[INFO] running `Command { std: "docker" "inspect" "8adb8f936318ed49bd3e79ae7e2caa97c54e5ef8cf700f51407f98ba95a3dfff", kill_on_drop: false }`
[INFO] running `Command { std: "docker" "rm" "-f" "8adb8f936318ed49bd3e79ae7e2caa97c54e5ef8cf700f51407f98ba95a3dfff", kill_on_drop: false }`
[INFO] [stdout] 8adb8f936318ed49bd3e79ae7e2caa97c54e5ef8cf700f51407f98ba95a3dfff
[INFO] running `Command { std: "docker" "create" "-v" "/var/lib/crater-agent-workspace/builds/worker-3-tc1/target:/opt/rustwide/target:rw,Z" "-v" "/var/lib/crater-agent-workspace/builds/worker-3-tc1/source:/opt/rustwide/workdir:ro,Z" "-v" "/var/lib/crater-agent-workspace/cargo-home:/opt/rustwide/cargo-home:ro,Z" "-v" "/var/lib/crater-agent-workspace/rustup-home:/opt/rustwide/rustup-home:ro,Z" "-e" "SOURCE_DIR=/opt/rustwide/workdir" "-e" "CARGO_TARGET_DIR=/opt/rustwide/target" "-e" "CARGO_INCREMENTAL=0" "-e" "RUST_BACKTRACE=full" "-e" "RUSTFLAGS=--cap-lints=warn" "-e" "RUSTDOCFLAGS=--cap-lints=warn" "-e" "CARGO_HOME=/opt/rustwide/cargo-home" "-e" "RUSTUP_HOME=/opt/rustwide/rustup-home" "-w" "/opt/rustwide/workdir" "-m" "1610612736" "--user" "0:0" "--network" "none" "ghcr.io/rust-lang/crates-build-env/linux@sha256:f3a9d4ad9d972b27faf3965f35b62e55ba32bbce8f20bc8fe909558a86702fde" "/opt/rustwide/cargo-home/bin/cargo" "+1.83.0" "build" "--frozen" "--message-format=json", kill_on_drop: false }`
[INFO] [stdout] 448390907be29c3820d9fb13cbcd0bd7b426f728d0197843ba35d88f104719de
[INFO] running `Command { std: "docker" "start" "-a" "448390907be29c3820d9fb13cbcd0bd7b426f728d0197843ba35d88f104719de", kill_on_drop: false }`
[INFO] [stderr]    Compiling proc-macro2 v1.0.92
[INFO] [stderr]    Compiling unicode-ident v1.0.14
[INFO] [stderr]    Compiling thiserror v2.0.7
[INFO] [stderr]    Compiling serde v1.0.216
[INFO] [stderr]    Compiling quote v1.0.37
[INFO] [stderr]    Compiling syn v2.0.90
[INFO] [stderr]    Compiling serde_derive v1.0.216
[INFO] [stderr]    Compiling thiserror-impl v2.0.7
[INFO] [stderr]    Compiling option-pricing v0.1.4 (/opt/rustwide/workdir)
[INFO] [stderr]     Finished `dev` profile [unoptimized + debuginfo] target(s) in 9.64s
[INFO] running `Command { std: "docker" "inspect" "448390907be29c3820d9fb13cbcd0bd7b426f728d0197843ba35d88f104719de", kill_on_drop: false }`
[INFO] running `Command { std: "docker" "rm" "-f" "448390907be29c3820d9fb13cbcd0bd7b426f728d0197843ba35d88f104719de", kill_on_drop: false }`
[INFO] [stdout] 448390907be29c3820d9fb13cbcd0bd7b426f728d0197843ba35d88f104719de
[INFO] running `Command { std: "docker" "create" "-v" "/var/lib/crater-agent-workspace/builds/worker-3-tc1/target:/opt/rustwide/target:rw,Z" "-v" "/var/lib/crater-agent-workspace/builds/worker-3-tc1/source:/opt/rustwide/workdir:ro,Z" "-v" "/var/lib/crater-agent-workspace/cargo-home:/opt/rustwide/cargo-home:ro,Z" "-v" "/var/lib/crater-agent-workspace/rustup-home:/opt/rustwide/rustup-home:ro,Z" "-e" "SOURCE_DIR=/opt/rustwide/workdir" "-e" "CARGO_TARGET_DIR=/opt/rustwide/target" "-e" "CARGO_INCREMENTAL=0" "-e" "RUST_BACKTRACE=full" "-e" "RUSTFLAGS=--cap-lints=warn" "-e" "RUSTDOCFLAGS=--cap-lints=warn" "-e" "CARGO_HOME=/opt/rustwide/cargo-home" "-e" "RUSTUP_HOME=/opt/rustwide/rustup-home" "-w" "/opt/rustwide/workdir" "-m" "1610612736" "--user" "0:0" "--network" "none" "ghcr.io/rust-lang/crates-build-env/linux@sha256:f3a9d4ad9d972b27faf3965f35b62e55ba32bbce8f20bc8fe909558a86702fde" "/opt/rustwide/cargo-home/bin/cargo" "+1.83.0" "test" "--frozen" "--no-run" "--message-format=json", kill_on_drop: false }`
[INFO] [stdout] c01b42fce552d4e53c1bc977b54b5a6b338fdc31debe775a8c6895e7972c4810
[INFO] running `Command { std: "docker" "start" "-a" "c01b42fce552d4e53c1bc977b54b5a6b338fdc31debe775a8c6895e7972c4810", kill_on_drop: false }`
[INFO] [stderr]    Compiling option-pricing v0.1.4 (/opt/rustwide/workdir)
[INFO] [stderr]     Finished `test` profile [unoptimized + debuginfo] target(s) in 0.75s
[INFO] running `Command { std: "docker" "inspect" "c01b42fce552d4e53c1bc977b54b5a6b338fdc31debe775a8c6895e7972c4810", kill_on_drop: false }`
[INFO] running `Command { std: "docker" "rm" "-f" "c01b42fce552d4e53c1bc977b54b5a6b338fdc31debe775a8c6895e7972c4810", kill_on_drop: false }`
[INFO] [stdout] c01b42fce552d4e53c1bc977b54b5a6b338fdc31debe775a8c6895e7972c4810
[INFO] running `Command { std: "docker" "create" "-v" "/var/lib/crater-agent-workspace/builds/worker-3-tc1/target:/opt/rustwide/target:rw,Z" "-v" "/var/lib/crater-agent-workspace/builds/worker-3-tc1/source:/opt/rustwide/workdir:ro,Z" "-v" "/var/lib/crater-agent-workspace/cargo-home:/opt/rustwide/cargo-home:ro,Z" "-v" "/var/lib/crater-agent-workspace/rustup-home:/opt/rustwide/rustup-home:ro,Z" "-e" "SOURCE_DIR=/opt/rustwide/workdir" "-e" "CARGO_TARGET_DIR=/opt/rustwide/target" "-e" "CARGO_INCREMENTAL=0" "-e" "RUST_BACKTRACE=full" "-e" "RUSTFLAGS=--cap-lints=warn" "-e" "RUSTDOCFLAGS=--cap-lints=warn" "-e" "CARGO_HOME=/opt/rustwide/cargo-home" "-e" "RUSTUP_HOME=/opt/rustwide/rustup-home" "-w" "/opt/rustwide/workdir" "-m" "1610612736" "--user" "0:0" "--network" "none" "ghcr.io/rust-lang/crates-build-env/linux@sha256:f3a9d4ad9d972b27faf3965f35b62e55ba32bbce8f20bc8fe909558a86702fde" "/opt/rustwide/cargo-home/bin/cargo" "+1.83.0" "test" "--frozen", kill_on_drop: false }`
[INFO] [stdout] 64040484af207d7d96b929243e4a16383a34b6a114eb0a5a5a46991757b5bbef
[INFO] running `Command { std: "docker" "start" "-a" "64040484af207d7d96b929243e4a16383a34b6a114eb0a5a5a46991757b5bbef", kill_on_drop: false }`
[INFO] [stderr]     Finished `test` profile [unoptimized + debuginfo] target(s) in 0.03s
[INFO] [stderr]      Running unittests src/lib.rs (/opt/rustwide/target/debug/deps/option_pricing-c2d23fb577efccd7)
[INFO] [stdout] 
[INFO] [stdout] running 4 tests
[INFO] [stdout] test black_scholes::tests::sample_prices ... ok
[INFO] [stdout] test black_scholes::tests::put_call_parity ... ok
[INFO] [stdout] test implied_vol::tests::test_newton ... ok
[INFO] [stdout] test implied_vol::tests::test_halley ... ok
[INFO] [stdout] 
[INFO] [stdout] test result: ok. 4 passed; 0 failed; 0 ignored; 0 measured; 0 filtered out; finished in 0.01s
[INFO] [stdout] 
[INFO] [stderr]    Doc-tests option_pricing
[INFO] [stdout] 
[INFO] [stdout] running 2 tests
[INFO] [stdout] test src/black_scholes.rs - black_scholes (line 6) ... FAILED
[INFO] [stdout] test src/implied_vol.rs - implied_vol (line 5) ... FAILED
[INFO] [stdout] 
[INFO] [stdout] failures:
[INFO] [stdout] 
[INFO] [stdout] ---- src/black_scholes.rs - black_scholes (line 6) stdout ----
[INFO] [stdout] error: expected identifier, found `:`
[INFO] [stdout]   --> src/black_scholes.rs:18:29
[INFO] [stdout]    |
[INFO] [stdout] 14 | let input_call =  input_call: Input {
[INFO] [stdout]    |                             ^ expected identifier
[INFO] [stdout] 
[INFO] [stdout] error[E0432]: unresolved import `crate::black_scholes`
[INFO] [stdout]  --> src/black_scholes.rs:7:12
[INFO] [stdout]   |
[INFO] [stdout] 3 | use crate::black_scholes::{BlackScholes, Input};
[INFO] [stdout]   |            ^^^^^^^^^^^^^
[INFO] [stdout]   |            |
[INFO] [stdout]   |            unresolved import
[INFO] [stdout]   |            help: a similar path exists: `option_pricing::black_scholes`
[INFO] [stdout] 
[INFO] [stdout] error: aborting due to 2 previous errors
[INFO] [stdout] 
[INFO] [stdout] For more information about this error, try `rustc --explain E0432`.
[INFO] [stdout] Couldn't compile the test.
[INFO] [stdout] ---- src/implied_vol.rs - implied_vol (line 5) stdout ----
[INFO] [stdout] error[E0432]: unresolved import `crate::black_scholes`
[INFO] [stdout]  --> src/implied_vol.rs:6:12
[INFO] [stdout]   |
[INFO] [stdout] 3 | use crate::black_scholes::BlackScholes;
[INFO] [stdout]   |            ^^^^^^^^^^^^^
[INFO] [stdout]   |            |
[INFO] [stdout]   |            unresolved import
[INFO] [stdout]   |            help: a similar path exists: `option_pricing::black_scholes`
[INFO] [stdout] 
[INFO] [stdout] error[E0432]: unresolved import `crate::black_scholes`
[INFO] [stdout]  --> src/implied_vol.rs:7:12
[INFO] [stdout]   |
[INFO] [stdout] 4 | use crate::black_scholes::Input as BSInput;
[INFO] [stdout]   |            ^^^^^^^^^^^^^
[INFO] [stdout]   |            |
[INFO] [stdout]   |            unresolved import
[INFO] [stdout]   |            help: a similar path exists: `option_pricing::black_scholes`
[INFO] [stdout] 
[INFO] [stdout] error[E0432]: unresolved import `crate::implied_vol`
[INFO] [stdout]  --> src/implied_vol.rs:8:12
[INFO] [stdout]   |
[INFO] [stdout] 5 | use crate::implied_vol::Input as IVInput;
[INFO] [stdout]   |            ^^^^^^^^^^^
[INFO] [stdout]   |            |
[INFO] [stdout]   |            unresolved import
[INFO] [stdout]   |            help: a similar path exists: `option_pricing::implied_vol`
[INFO] [stdout] 
[INFO] [stdout] error[E0432]: unresolved import `crate::implied_vol`
[INFO] [stdout]  --> src/implied_vol.rs:9:12
[INFO] [stdout]   |
[INFO] [stdout] 6 | use crate::implied_vol::{ImpliedVol, Method};
[INFO] [stdout]   |            ^^^^^^^^^^^
[INFO] [stdout]   |            |
[INFO] [stdout]   |            unresolved import
[INFO] [stdout]   |            help: a similar path exists: `option_pricing::implied_vol`
[INFO] [stdout] 
[INFO] [stdout] error[E0425]: cannot find value `bs_call` in this scope
[INFO] [stdout]   --> src/implied_vol.rs:22:12
[INFO] [stdout]    |
[INFO] [stdout] 19 |     price: bs_call.output.unwrap().price,
[INFO] [stdout]    |            ^^^^^^^ not found in this scope
[INFO] [stdout] 
[INFO] [stdout] error: aborting due to 5 previous errors
[INFO] [stdout] 
[INFO] [stdout] Some errors have detailed explanations: E0425, E0432.
[INFO] [stdout] For more information about an error, try `rustc --explain E0425`.
[INFO] [stdout] Couldn't compile the test.
[INFO] [stdout] 
[INFO] [stdout] failures:
[INFO] [stdout]     src/black_scholes.rs - black_scholes (line 6)
[INFO] [stdout]     src/implied_vol.rs - implied_vol (line 5)
[INFO] [stdout] 
[INFO] [stdout] test result: FAILED. 0 passed; 2 failed; 0 ignored; 0 measured; 0 filtered out; finished in 0.11s
[INFO] [stdout] 
[INFO] [stderr] error: doctest failed, to rerun pass `--doc`
[INFO] running `Command { std: "docker" "inspect" "64040484af207d7d96b929243e4a16383a34b6a114eb0a5a5a46991757b5bbef", kill_on_drop: false }`
[INFO] running `Command { std: "docker" "rm" "-f" "64040484af207d7d96b929243e4a16383a34b6a114eb0a5a5a46991757b5bbef", kill_on_drop: false }`
[INFO] [stdout] 64040484af207d7d96b929243e4a16383a34b6a114eb0a5a5a46991757b5bbef
