[INFO] fetching crate optee-teec-macros 0.2.0...
[INFO] testing optee-teec-macros-0.2.0 against 1.83.0 for beta-1.84.0-4-retry
[INFO] extracting crate optee-teec-macros 0.2.0 into /workspace/builds/worker-0-tc1/source
[INFO] validating manifest of crates.io crate optee-teec-macros 0.2.0 on toolchain 1.83.0
[INFO] running `Command { std: CARGO_HOME="/workspace/cargo-home" RUSTUP_HOME="/workspace/rustup-home" "/workspace/cargo-home/bin/cargo" "+1.83.0" "metadata" "--manifest-path" "Cargo.toml" "--no-deps", kill_on_drop: false }`
[INFO] started tweaking crates.io crate optee-teec-macros 0.2.0
[INFO] finished tweaking crates.io crate optee-teec-macros 0.2.0
[INFO] tweaked toml for crates.io crate optee-teec-macros 0.2.0 written to /workspace/builds/worker-0-tc1/source/Cargo.toml
[INFO] running `Command { std: CARGO_HOME="/workspace/cargo-home" RUSTUP_HOME="/workspace/rustup-home" "/workspace/cargo-home/bin/cargo" "+1.83.0" "generate-lockfile" "--manifest-path" "Cargo.toml", kill_on_drop: false }`
[INFO] [stderr]     Updating crates.io index
[INFO] [stderr]      Locking 4 packages to latest compatible versions
[INFO] [stderr]       Adding quote v0.6.13 (available: v1.0.37)
[INFO] [stderr]       Adding syn v0.15.44 (available: v2.0.90)
[INFO] running `Command { std: CARGO_HOME="/workspace/cargo-home" RUSTUP_HOME="/workspace/rustup-home" "/workspace/cargo-home/bin/cargo" "+1.83.0" "fetch" "--manifest-path" "Cargo.toml", kill_on_drop: false }`
[INFO] running `Command { std: "docker" "create" "-v" "/var/lib/crater-agent-workspace/builds/worker-0-tc1/target:/opt/rustwide/target:rw,Z" "-v" "/var/lib/crater-agent-workspace/builds/worker-0-tc1/source:/opt/rustwide/workdir:ro,Z" "-v" "/var/lib/crater-agent-workspace/cargo-home:/opt/rustwide/cargo-home:ro,Z" "-v" "/var/lib/crater-agent-workspace/rustup-home:/opt/rustwide/rustup-home:ro,Z" "-e" "SOURCE_DIR=/opt/rustwide/workdir" "-e" "CARGO_TARGET_DIR=/opt/rustwide/target" "-e" "CARGO_HOME=/opt/rustwide/cargo-home" "-e" "RUSTUP_HOME=/opt/rustwide/rustup-home" "-w" "/opt/rustwide/workdir" "-m" "1610612736" "--user" "0:0" "--network" "none" "ghcr.io/rust-lang/crates-build-env/linux@sha256:f3a9d4ad9d972b27faf3965f35b62e55ba32bbce8f20bc8fe909558a86702fde" "/opt/rustwide/cargo-home/bin/cargo" "+1.83.0" "metadata" "--no-deps" "--format-version=1", kill_on_drop: false }`
[INFO] [stdout] 1b31c43db9a05b15e1af814c100b3d2953a198048221eb61f1dd85df2fd0d53c
[INFO] running `Command { std: "docker" "start" "-a" "1b31c43db9a05b15e1af814c100b3d2953a198048221eb61f1dd85df2fd0d53c", kill_on_drop: false }`
[INFO] running `Command { std: "docker" "inspect" "1b31c43db9a05b15e1af814c100b3d2953a198048221eb61f1dd85df2fd0d53c", kill_on_drop: false }`
[INFO] running `Command { std: "docker" "rm" "-f" "1b31c43db9a05b15e1af814c100b3d2953a198048221eb61f1dd85df2fd0d53c", kill_on_drop: false }`
[INFO] [stdout] 1b31c43db9a05b15e1af814c100b3d2953a198048221eb61f1dd85df2fd0d53c
[INFO] running `Command { std: "docker" "create" "-v" "/var/lib/crater-agent-workspace/builds/worker-0-tc1/target:/opt/rustwide/target:rw,Z" "-v" "/var/lib/crater-agent-workspace/builds/worker-0-tc1/source:/opt/rustwide/workdir:ro,Z" "-v" "/var/lib/crater-agent-workspace/cargo-home:/opt/rustwide/cargo-home:ro,Z" "-v" "/var/lib/crater-agent-workspace/rustup-home:/opt/rustwide/rustup-home:ro,Z" "-e" "SOURCE_DIR=/opt/rustwide/workdir" "-e" "CARGO_TARGET_DIR=/opt/rustwide/target" "-e" "CARGO_INCREMENTAL=0" "-e" "RUST_BACKTRACE=full" "-e" "RUSTFLAGS=--cap-lints=warn" "-e" "RUSTDOCFLAGS=--cap-lints=warn" "-e" "CARGO_HOME=/opt/rustwide/cargo-home" "-e" "RUSTUP_HOME=/opt/rustwide/rustup-home" "-w" "/opt/rustwide/workdir" "-m" "1610612736" "--user" "0:0" "--network" "none" "ghcr.io/rust-lang/crates-build-env/linux@sha256:f3a9d4ad9d972b27faf3965f35b62e55ba32bbce8f20bc8fe909558a86702fde" "/opt/rustwide/cargo-home/bin/cargo" "+1.83.0" "build" "--frozen" "--message-format=json", kill_on_drop: false }`
[INFO] [stdout] d3a9bbe8c15075559d946701bc179f54c8761d9c3edbbf5fea0fcceca727aee2
[INFO] running `Command { std: "docker" "start" "-a" "d3a9bbe8c15075559d946701bc179f54c8761d9c3edbbf5fea0fcceca727aee2", kill_on_drop: false }`
[INFO] [stderr]    Compiling proc-macro2 v0.4.30
[INFO] [stderr]    Compiling unicode-xid v0.1.0
[INFO] [stderr]    Compiling syn v0.15.44
[INFO] [stderr]    Compiling quote v0.6.13
[INFO] [stderr]    Compiling optee-teec-macros v0.2.0 (/opt/rustwide/workdir)
[INFO] [stderr]     Finished `dev` profile [unoptimized + debuginfo] target(s) in 5.22s
[INFO] running `Command { std: "docker" "inspect" "d3a9bbe8c15075559d946701bc179f54c8761d9c3edbbf5fea0fcceca727aee2", kill_on_drop: false }`
[INFO] running `Command { std: "docker" "rm" "-f" "d3a9bbe8c15075559d946701bc179f54c8761d9c3edbbf5fea0fcceca727aee2", kill_on_drop: false }`
[INFO] [stdout] d3a9bbe8c15075559d946701bc179f54c8761d9c3edbbf5fea0fcceca727aee2
[INFO] running `Command { std: "docker" "create" "-v" "/var/lib/crater-agent-workspace/builds/worker-0-tc1/target:/opt/rustwide/target:rw,Z" "-v" "/var/lib/crater-agent-workspace/builds/worker-0-tc1/source:/opt/rustwide/workdir:ro,Z" "-v" "/var/lib/crater-agent-workspace/cargo-home:/opt/rustwide/cargo-home:ro,Z" "-v" "/var/lib/crater-agent-workspace/rustup-home:/opt/rustwide/rustup-home:ro,Z" "-e" "SOURCE_DIR=/opt/rustwide/workdir" "-e" "CARGO_TARGET_DIR=/opt/rustwide/target" "-e" "CARGO_INCREMENTAL=0" "-e" "RUST_BACKTRACE=full" "-e" "RUSTFLAGS=--cap-lints=warn" "-e" "RUSTDOCFLAGS=--cap-lints=warn" "-e" "CARGO_HOME=/opt/rustwide/cargo-home" "-e" "RUSTUP_HOME=/opt/rustwide/rustup-home" "-w" "/opt/rustwide/workdir" "-m" "1610612736" "--user" "0:0" "--network" "none" "ghcr.io/rust-lang/crates-build-env/linux@sha256:f3a9d4ad9d972b27faf3965f35b62e55ba32bbce8f20bc8fe909558a86702fde" "/opt/rustwide/cargo-home/bin/cargo" "+1.83.0" "test" "--frozen" "--no-run" "--message-format=json", kill_on_drop: false }`
[INFO] [stdout] 0a8beff37770bc84df3e9534bbac2a80fa65b35f121ddb9464642b03fed46a33
[INFO] running `Command { std: "docker" "start" "-a" "0a8beff37770bc84df3e9534bbac2a80fa65b35f121ddb9464642b03fed46a33", kill_on_drop: false }`
[INFO] [stderr]    Compiling optee-teec-macros v0.2.0 (/opt/rustwide/workdir)
[INFO] [stderr]     Finished `test` profile [unoptimized + debuginfo] target(s) in 0.71s
[INFO] running `Command { std: "docker" "inspect" "0a8beff37770bc84df3e9534bbac2a80fa65b35f121ddb9464642b03fed46a33", kill_on_drop: false }`
[INFO] running `Command { std: "docker" "rm" "-f" "0a8beff37770bc84df3e9534bbac2a80fa65b35f121ddb9464642b03fed46a33", kill_on_drop: false }`
[INFO] [stdout] 0a8beff37770bc84df3e9534bbac2a80fa65b35f121ddb9464642b03fed46a33
[INFO] running `Command { std: "docker" "create" "-v" "/var/lib/crater-agent-workspace/builds/worker-0-tc1/target:/opt/rustwide/target:rw,Z" "-v" "/var/lib/crater-agent-workspace/builds/worker-0-tc1/source:/opt/rustwide/workdir:ro,Z" "-v" "/var/lib/crater-agent-workspace/cargo-home:/opt/rustwide/cargo-home:ro,Z" "-v" "/var/lib/crater-agent-workspace/rustup-home:/opt/rustwide/rustup-home:ro,Z" "-e" "SOURCE_DIR=/opt/rustwide/workdir" "-e" "CARGO_TARGET_DIR=/opt/rustwide/target" "-e" "CARGO_INCREMENTAL=0" "-e" "RUST_BACKTRACE=full" "-e" "RUSTFLAGS=--cap-lints=warn" "-e" "RUSTDOCFLAGS=--cap-lints=warn" "-e" "CARGO_HOME=/opt/rustwide/cargo-home" "-e" "RUSTUP_HOME=/opt/rustwide/rustup-home" "-w" "/opt/rustwide/workdir" "-m" "1610612736" "--user" "0:0" "--network" "none" "ghcr.io/rust-lang/crates-build-env/linux@sha256:f3a9d4ad9d972b27faf3965f35b62e55ba32bbce8f20bc8fe909558a86702fde" "/opt/rustwide/cargo-home/bin/cargo" "+1.83.0" "test" "--frozen", kill_on_drop: false }`
[INFO] [stdout] ee14a6b5318df7490472182ab33d25f978d854f82b08650c09cc391a8f9be9b4
[INFO] running `Command { std: "docker" "start" "-a" "ee14a6b5318df7490472182ab33d25f978d854f82b08650c09cc391a8f9be9b4", kill_on_drop: false }`
[INFO] [stderr]     Finished `test` profile [unoptimized + debuginfo] target(s) in 0.02s
[INFO] [stderr]      Running unittests src/lib.rs (/opt/rustwide/target/debug/deps/optee_teec_macros-96a6843799cb4e45)
[INFO] [stdout] 
[INFO] [stdout] running 0 tests
[INFO] [stdout] 
[INFO] [stdout] test result: ok. 0 passed; 0 failed; 0 ignored; 0 measured; 0 filtered out; finished in 0.00s
[INFO] [stdout] 
[INFO] [stderr]    Doc-tests optee_teec_macros
[INFO] [stdout] 
[INFO] [stdout] running 2 tests
[INFO] [stdout] test src/lib.rs - plugin_invoke (line 72) - compile ... FAILED
[INFO] [stdout] test src/lib.rs - plugin_init (line 28) - compile ... FAILED
[INFO] [stdout] 
[INFO] [stdout] failures:
[INFO] [stdout] 
[INFO] [stdout] ---- src/lib.rs - plugin_invoke (line 72) stdout ----
[INFO] [stdout] error: cannot find attribute `plugin_invoke` in this scope
[INFO] [stdout]  --> src/lib.rs:73:3
[INFO] [stdout]   |
[INFO] [stdout] 3 | #[plugin_invoke]
[INFO] [stdout]   |   ^^^^^^^^^^^^^
[INFO] [stdout]   |
[INFO] [stdout]   = note: `plugin_invoke` is in scope, but it is a function, not an attribute
[INFO] [stdout] help: consider importing this attribute macro
[INFO] [stdout]   |
[INFO] [stdout] 2 + use optee_teec_macros::plugin_invoke;
[INFO] [stdout]   |
[INFO] [stdout] 
[INFO] [stdout] error[E0412]: cannot find type `PluginParameters` in this scope
[INFO] [stdout]  --> src/lib.rs:74:31
[INFO] [stdout]   |
[INFO] [stdout] 4 | fn plugin_invoke(params: &mut PluginParameters) {}
[INFO] [stdout]   |                               ^^^^^^^^^^^^^^^^ not found in this scope
[INFO] [stdout] 
[INFO] [stdout] error: aborting due to 2 previous errors
[INFO] [stdout] 
[INFO] [stdout] For more information about this error, try `rustc --explain E0412`.
[INFO] [stdout] Couldn't compile the test.
[INFO] [stdout] ---- src/lib.rs - plugin_init (line 28) stdout ----
[INFO] [stdout] error: cannot find attribute `plugin_init` in this scope
[INFO] [stdout]  --> src/lib.rs:29:3
[INFO] [stdout]   |
[INFO] [stdout] 3 | #[plugin_init]
[INFO] [stdout]   |   ^^^^^^^^^^^
[INFO] [stdout]   |
[INFO] [stdout]   = note: `plugin_init` is in scope, but it is a function, not an attribute
[INFO] [stdout] help: consider importing this attribute macro
[INFO] [stdout]   |
[INFO] [stdout] 2 + use optee_teec_macros::plugin_init;
[INFO] [stdout]   |
[INFO] [stdout] 
[INFO] [stdout] error[E0107]: enum takes 2 generic arguments but 1 generic argument was supplied
[INFO] [stdout]  --> src/lib.rs:30:21
[INFO] [stdout]   |
[INFO] [stdout] 4 | fn plugin_init() -> Result<()> {}
[INFO] [stdout]   |                     ^^^^^^ -- supplied 1 generic argument
[INFO] [stdout]   |                     |
[INFO] [stdout]   |                     expected 2 generic arguments
[INFO] [stdout]   |
[INFO] [stdout] help: add missing generic argument
[INFO] [stdout]   |
[INFO] [stdout] 4 | fn plugin_init() -> Result<(), E> {}
[INFO] [stdout]   |                              +++
[INFO] [stdout] 
[INFO] [stdout] error: aborting due to 2 previous errors
[INFO] [stdout] 
[INFO] [stdout] For more information about this error, try `rustc --explain E0107`.
[INFO] [stdout] Couldn't compile the test.
[INFO] [stdout] 
[INFO] [stdout] failures:
[INFO] [stdout]     src/lib.rs - plugin_init (line 28)
[INFO] [stdout]     src/lib.rs - plugin_invoke (line 72)
[INFO] [stdout] 
[INFO] [stdout] test result: FAILED. 0 passed; 2 failed; 0 ignored; 0 measured; 0 filtered out; finished in 0.09s
[INFO] [stdout] 
[INFO] [stderr] error: doctest failed, to rerun pass `--doc`
[INFO] running `Command { std: "docker" "inspect" "ee14a6b5318df7490472182ab33d25f978d854f82b08650c09cc391a8f9be9b4", kill_on_drop: false }`
[INFO] running `Command { std: "docker" "rm" "-f" "ee14a6b5318df7490472182ab33d25f978d854f82b08650c09cc391a8f9be9b4", kill_on_drop: false }`
[INFO] [stdout] ee14a6b5318df7490472182ab33d25f978d854f82b08650c09cc391a8f9be9b4
