[INFO] fetching crate okta 0.7.1...
[INFO] testing okta-0.7.1 against 1.83.0 for beta-1.84.0-4-retry
[INFO] extracting crate okta 0.7.1 into /workspace/builds/worker-6-tc1/source
[INFO] validating manifest of crates.io crate okta 0.7.1 on toolchain 1.83.0
[INFO] running `Command { std: CARGO_HOME="/workspace/cargo-home" RUSTUP_HOME="/workspace/rustup-home" "/workspace/cargo-home/bin/cargo" "+1.83.0" "metadata" "--manifest-path" "Cargo.toml" "--no-deps", kill_on_drop: false }`
[INFO] started tweaking crates.io crate okta 0.7.1
[INFO] finished tweaking crates.io crate okta 0.7.1
[INFO] tweaked toml for crates.io crate okta 0.7.1 written to /workspace/builds/worker-6-tc1/source/Cargo.toml
[INFO] running `Command { std: CARGO_HOME="/workspace/cargo-home" RUSTUP_HOME="/workspace/rustup-home" "/workspace/cargo-home/bin/cargo" "+1.83.0" "generate-lockfile" "--manifest-path" "Cargo.toml", kill_on_drop: false }`
[INFO] [stderr]     Updating crates.io index
[INFO] [stderr]     Blocking waiting for file lock on package cache
[INFO] [stderr]      Locking 282 packages to latest compatible versions
[INFO] [stderr]       Adding base64 v0.21.7 (available: v0.22.1)
[INFO] [stderr]       Adding dirs v3.0.2 (available: v5.0.1)
[INFO] [stderr]       Adding http v0.2.12 (available: v1.2.0)
[INFO] [stderr]       Adding jsonwebtoken v8.3.0 (available: v9.3.0)
[INFO] [stderr]       Adding parse_link_header v0.3.3 (available: v0.4.0)
[INFO] [stderr]       Adding pem v1.1.1 (available: v3.0.4)
[INFO] [stderr]       Adding reqwest v0.11.27 (available: v0.12.9)
[INFO] [stderr]       Adding reqwest-conditional-middleware v0.2.1 (available: v0.4.0)
[INFO] [stderr]       Adding reqwest-middleware v0.2.5 (available: v0.4.0)
[INFO] [stderr]       Adding reqwest-retry v0.2.3 (available: v0.7.0)
[INFO] [stderr]       Adding reqwest-tracing v0.4.8 (available: v0.5.5)
[INFO] [stderr]       Adding ring v0.16.20 (available: v0.17.8)
[INFO] [stderr]       Adding rsa v0.8.2 (available: v0.9.7)
[INFO] [stderr]       Adding thiserror v1.0.69 (available: v2.0.7)
[INFO] [stderr]       Adding wiremock v0.5.22 (available: v0.6.2)
[INFO] running `Command { std: CARGO_HOME="/workspace/cargo-home" RUSTUP_HOME="/workspace/rustup-home" "/workspace/cargo-home/bin/cargo" "+1.83.0" "fetch" "--manifest-path" "Cargo.toml", kill_on_drop: false }`
[INFO] [stderr]     Blocking waiting for file lock on package cache
[INFO] [stderr]  Downloading crates ...
[INFO] [stderr]   Downloaded reqwest-retry v0.2.3
[INFO] [stderr]   Downloaded reqwest-conditional-middleware v0.2.1
[INFO] [stderr]   Downloaded reqwest-tracing v0.4.8
[INFO] [stderr]   Downloaded wiremock v0.5.22
[INFO] [stderr]   Downloaded nom_pem v4.0.0
[INFO] [stderr]   Downloaded parse_link_header v0.3.3
[INFO] running `Command { std: "docker" "create" "-v" "/var/lib/crater-agent-workspace/builds/worker-6-tc1/target:/opt/rustwide/target:rw,Z" "-v" "/var/lib/crater-agent-workspace/builds/worker-6-tc1/source:/opt/rustwide/workdir:ro,Z" "-v" "/var/lib/crater-agent-workspace/cargo-home:/opt/rustwide/cargo-home:ro,Z" "-v" "/var/lib/crater-agent-workspace/rustup-home:/opt/rustwide/rustup-home:ro,Z" "-e" "SOURCE_DIR=/opt/rustwide/workdir" "-e" "CARGO_TARGET_DIR=/opt/rustwide/target" "-e" "CARGO_HOME=/opt/rustwide/cargo-home" "-e" "RUSTUP_HOME=/opt/rustwide/rustup-home" "-w" "/opt/rustwide/workdir" "-m" "1610612736" "--user" "0:0" "--network" "none" "ghcr.io/rust-lang/crates-build-env/linux@sha256:f3a9d4ad9d972b27faf3965f35b62e55ba32bbce8f20bc8fe909558a86702fde" "/opt/rustwide/cargo-home/bin/cargo" "+1.83.0" "metadata" "--no-deps" "--format-version=1", kill_on_drop: false }`
[INFO] [stdout] 82b9f483441e5721e675011f153c773aa4949e8ce5b5b32fe51a2d1502ecdae9
[INFO] running `Command { std: "docker" "start" "-a" "82b9f483441e5721e675011f153c773aa4949e8ce5b5b32fe51a2d1502ecdae9", kill_on_drop: false }`
[INFO] running `Command { std: "docker" "inspect" "82b9f483441e5721e675011f153c773aa4949e8ce5b5b32fe51a2d1502ecdae9", kill_on_drop: false }`
[INFO] running `Command { std: "docker" "rm" "-f" "82b9f483441e5721e675011f153c773aa4949e8ce5b5b32fe51a2d1502ecdae9", kill_on_drop: false }`
[INFO] [stdout] 82b9f483441e5721e675011f153c773aa4949e8ce5b5b32fe51a2d1502ecdae9
[INFO] running `Command { std: "docker" "create" "-v" "/var/lib/crater-agent-workspace/builds/worker-6-tc1/target:/opt/rustwide/target:rw,Z" "-v" "/var/lib/crater-agent-workspace/builds/worker-6-tc1/source:/opt/rustwide/workdir:ro,Z" "-v" "/var/lib/crater-agent-workspace/cargo-home:/opt/rustwide/cargo-home:ro,Z" "-v" "/var/lib/crater-agent-workspace/rustup-home:/opt/rustwide/rustup-home:ro,Z" "-e" "SOURCE_DIR=/opt/rustwide/workdir" "-e" "CARGO_TARGET_DIR=/opt/rustwide/target" "-e" "CARGO_INCREMENTAL=0" "-e" "RUST_BACKTRACE=full" "-e" "RUSTFLAGS=--cap-lints=warn" "-e" "RUSTDOCFLAGS=--cap-lints=warn" "-e" "CARGO_HOME=/opt/rustwide/cargo-home" "-e" "RUSTUP_HOME=/opt/rustwide/rustup-home" "-w" "/opt/rustwide/workdir" "-m" "1610612736" "--user" "0:0" "--network" "none" "ghcr.io/rust-lang/crates-build-env/linux@sha256:f3a9d4ad9d972b27faf3965f35b62e55ba32bbce8f20bc8fe909558a86702fde" "/opt/rustwide/cargo-home/bin/cargo" "+1.83.0" "build" "--frozen" "--message-format=json", kill_on_drop: false }`
[INFO] [stdout] 07757f2316a77d243657c5dbe2b81af4e8de059ed691cfa05db9c94d584e253f
[INFO] running `Command { std: "docker" "start" "-a" "07757f2316a77d243657c5dbe2b81af4e8de059ed691cfa05db9c94d584e253f", kill_on_drop: false }`
[INFO] [stderr]    Compiling libc v0.2.168
[INFO] [stderr]    Compiling serde v1.0.216
[INFO] [stderr]    Compiling cfg-if v1.0.0
[INFO] [stderr]    Compiling shlex v1.3.0
[INFO] [stderr]    Compiling memchr v2.7.4
[INFO] [stderr]    Compiling smallvec v1.13.2
[INFO] [stderr]    Compiling stable_deref_trait v1.2.0
[INFO] [stderr]    Compiling itoa v1.0.14
[INFO] [stderr]    Compiling pin-project-lite v0.2.15
[INFO] [stderr]    Compiling writeable v0.5.5
[INFO] [stderr]    Compiling parking_lot_core v0.9.10
[INFO] [stderr]    Compiling litemap v0.7.4
[INFO] [stderr]    Compiling futures-sink v0.3.31
[INFO] [stderr]    Compiling lock_api v0.4.12
[INFO] [stderr]    Compiling slab v0.4.9
[INFO] [stderr]    Compiling syn v2.0.90
[INFO] [stderr]    Compiling futures-core v0.3.31
[INFO] [stderr]    Compiling scopeguard v1.2.0
[INFO] [stderr]    Compiling spin v0.9.8
[INFO] [stderr]    Compiling once_cell v1.20.2
[INFO] [stderr]    Compiling pin-utils v0.1.0
[INFO] [stderr]    Compiling cc v1.2.4
[INFO] [stderr]    Compiling icu_locid_transform_data v1.5.0
[INFO] [stderr]    Compiling futures-channel v0.3.31
[INFO] [stderr]    Compiling futures-io v0.3.31
[INFO] [stderr]    Compiling icu_properties_data v1.5.0
[INFO] [stderr]    Compiling libm v0.2.11
[INFO] [stderr]    Compiling fnv v1.0.7
[INFO] [stderr]    Compiling untrusted v0.9.0
[INFO] [stderr]    Compiling futures-task v0.3.31
[INFO] [stderr]    Compiling num-traits v0.2.19
[INFO] [stderr]    Compiling utf16_iter v1.0.5
[INFO] [stderr]    Compiling icu_normalizer_data v1.5.0
[INFO] [stderr]    Compiling utf8_iter v1.0.4
[INFO] [stderr]    Compiling write16 v1.0.0
[INFO] [stderr]    Compiling tracing-core v0.1.33
[INFO] [stderr]    Compiling hashbrown v0.15.2
[INFO] [stderr]    Compiling equivalent v1.0.1
[INFO] [stderr]    Compiling httparse v1.9.5
[INFO] [stderr]    Compiling percent-encoding v2.3.1
[INFO] [stderr]    Compiling rustls v0.21.12
[INFO] [stderr]    Compiling ryu v1.0.18
[INFO] [stderr]    Compiling serde_json v1.0.133
[INFO] [stderr]    Compiling thiserror v1.0.69
[INFO] [stderr]    Compiling form_urlencoded v1.2.1
[INFO] [stderr]    Compiling try-lock v0.2.5
[INFO] [stderr]    Compiling unicase v2.8.0
[INFO] [stderr]    Compiling want v0.3.1
[INFO] [stderr]    Compiling tower-service v0.3.3
[INFO] [stderr]    Compiling httpdate v1.0.3
[INFO] [stderr]    Compiling base64 v0.21.7
[INFO] [stderr]    Compiling anyhow v1.0.94
[INFO] [stderr]    Compiling byteorder v1.5.0
[INFO] [stderr]    Compiling mime_guess v2.0.5
[INFO] [stderr]    Compiling mime v0.3.17
[INFO] [stderr]    Compiling encoding_rs v0.8.35
[INFO] [stderr]    Compiling ipnet v2.10.1
[INFO] [stderr]    Compiling webpki-roots v0.25.4
[INFO] [stderr]    Compiling sync_wrapper v0.1.2
[INFO] [stderr]    Compiling task-local-extensions v0.1.4
[INFO] [stderr]    Compiling iana-time-zone v0.1.61
[INFO] [stderr]    Compiling powerfmt v0.2.0
[INFO] [stderr]    Compiling rustls-pemfile v1.0.4
[INFO] [stderr]    Compiling num-conv v0.1.0
[INFO] [stderr]    Compiling time-core v0.1.2
[INFO] [stderr]    Compiling aho-corasick v1.1.3
[INFO] [stderr]    Compiling indexmap v2.7.0
[INFO] [stderr]    Compiling regex-syntax v0.8.5
[INFO] [stderr]    Compiling base64 v0.13.1
[INFO] [stderr]    Compiling time-macros v0.2.19
[INFO] [stderr]    Compiling schemars v0.8.21
[INFO] [stderr]    Compiling spin v0.5.2
[INFO] [stderr]    Compiling untrusted v0.7.1
[INFO] [stderr]    Compiling deranged v0.3.11
[INFO] [stderr]    Compiling lazy_static v1.5.0
[INFO] [stderr]    Compiling matchit v0.7.3
[INFO] [stderr]    Compiling dyn-clone v1.0.17
[INFO] [stderr]    Compiling pem v1.1.1
[INFO] [stderr]    Compiling num-integer v0.1.46
[INFO] [stderr]    Compiling getrandom v0.2.15
[INFO] [stderr]    Compiling mio v1.0.3
[INFO] [stderr]    Compiling signal-hook-registry v1.4.2
[INFO] [stderr]    Compiling ring v0.17.8
[INFO] [stderr]    Compiling socket2 v0.5.8
[INFO] [stderr]    Compiling rand_core v0.6.4
[INFO] [stderr]    Compiling ring v0.16.20
[INFO] [stderr]    Compiling parking_lot v0.12.3
[INFO] [stderr]    Compiling num-bigint v0.4.6
[INFO] [stderr]    Compiling time v0.3.37
[INFO] [stderr]    Compiling regex-automata v0.4.9
[INFO] [stderr]    Compiling synstructure v0.13.1
[INFO] [stderr]    Compiling serde_derive_internals v0.29.1
[INFO] [stderr]    Compiling serde_derive v1.0.216
[INFO] [stderr]    Compiling zerofrom-derive v0.1.5
[INFO] [stderr]    Compiling yoke-derive v0.7.5
[INFO] [stderr]    Compiling zerovec-derive v0.10.3
[INFO] [stderr]    Compiling displaydoc v0.2.5
[INFO] [stderr]    Compiling icu_provider_macros v1.5.0
[INFO] [stderr]    Compiling tokio-macros v2.4.0
[INFO] [stderr]    Compiling futures-macro v0.3.31
[INFO] [stderr]    Compiling tracing-attributes v0.1.28
[INFO] [stderr]    Compiling thiserror-impl v1.0.69
[INFO] [stderr]    Compiling zerocopy-derive v0.7.35
[INFO] [stderr]    Compiling async-trait v0.1.83
[INFO] [stderr]    Compiling schemars_derive v0.8.21
[INFO] [stderr]    Compiling async-recursion v1.1.1
[INFO] [stderr]    Compiling futures-util v0.3.31
[INFO] [stderr]    Compiling sct v0.7.1
[INFO] [stderr]    Compiling rustls-webpki v0.101.7
[INFO] [stderr]    Compiling zerocopy v0.7.35
[INFO] [stderr]    Compiling regex v1.11.1
[INFO] [stderr]    Compiling simple_asn1 v0.6.2
[INFO] [stderr]    Compiling zerofrom v0.1.5
[INFO] [stderr]    Compiling yoke v0.7.5
[INFO] [stderr]    Compiling zerovec v0.10.4
[INFO] [stderr]    Compiling tracing v0.1.41
[INFO] [stderr]    Compiling ppv-lite86 v0.2.20
[INFO] [stderr]    Compiling rand_chacha v0.3.1
[INFO] [stderr]    Compiling rand v0.8.5
[INFO] [stderr]    Compiling tinystr v0.7.6
[INFO] [stderr]    Compiling icu_collections v1.5.0
[INFO] [stderr]    Compiling icu_locid v1.5.0
[INFO] [stderr]    Compiling futures-executor v0.3.31
[INFO] [stderr]    Compiling futures v0.3.31
[INFO] [stderr]    Compiling icu_provider v1.5.0
[INFO] [stderr]    Compiling icu_locid_transform v1.5.0
[INFO] [stderr]    Compiling icu_properties v1.5.1
[INFO] [stderr]    Compiling bytes v1.9.0
[INFO] [stderr]    Compiling log v0.4.22
[INFO] [stderr]    Compiling serde_urlencoded v0.7.1
[INFO] [stderr]    Compiling chrono v0.4.39
[INFO] [stderr]    Compiling uuid v1.11.0
[INFO] [stderr]    Compiling http v0.2.12
[INFO] [stderr]    Compiling tokio v1.42.0
[INFO] [stderr]    Compiling icu_normalizer v1.5.0
[INFO] [stderr]    Compiling idna_adapter v1.2.0
[INFO] [stderr]    Compiling idna v1.0.3
[INFO] [stderr]    Compiling jsonwebtoken v8.3.0
[INFO] [stderr]    Compiling url v2.5.4
[INFO] [stderr]    Compiling http-body v0.4.6
[INFO] [stderr]    Compiling parse_link_header v0.3.3
[INFO] [stderr]    Compiling retry-policies v0.1.2
[INFO] [stderr]    Compiling tokio-util v0.7.13
[INFO] [stderr]    Compiling tokio-rustls v0.24.1
[INFO] [stderr]    Compiling h2 v0.3.26
[INFO] [stderr]    Compiling hyper v0.14.31
[INFO] [stderr]    Compiling hyper-rustls v0.24.2
[INFO] [stderr]    Compiling reqwest v0.11.27
[INFO] [stderr]    Compiling reqwest-middleware v0.2.5
[INFO] [stderr]    Compiling reqwest-conditional-middleware v0.2.1
[INFO] [stderr]    Compiling reqwest-retry v0.2.3
[INFO] [stderr]    Compiling reqwest-tracing v0.4.8
[INFO] [stderr]    Compiling okta v0.7.1 (/opt/rustwide/workdir)
[INFO] [stdout] warning: use of deprecated method `chrono::TimeZone::datetime_from_str`: use `DateTime::parse_from_str` or `NaiveDateTime::parse_from_str` with `and_utc()` or `and_local_timezone()` instead
[INFO] [stdout]   --> src/utils.rs:74:31
[INFO] [stdout]    |
[INFO] [stdout] 74 |                     match Utc.datetime_from_str(&s, "%Y-%m-%dT%H:%M:%S%.3fZ") {
[INFO] [stdout]    |                               ^^^^^^^^^^^^^^^^^
[INFO] [stdout]    |
[INFO] [stdout]    = note: `#[warn(deprecated)]` on by default
[INFO] [stdout] 
[INFO] [stdout] 
[INFO] [stdout] warning: use of deprecated method `chrono::TimeZone::datetime_from_str`: use `DateTime::parse_from_str` or `NaiveDateTime::parse_from_str` with `and_utc()` or `and_local_timezone()` instead
[INFO] [stdout]   --> src/utils.rs:76:45
[INFO] [stdout]    |
[INFO] [stdout] 76 |                         Err(_) => match Utc.datetime_from_str(&s, FORMAT) {
[INFO] [stdout]    |                                             ^^^^^^^^^^^^^^^^^
[INFO] [stdout] 
[INFO] [stdout] 
[INFO] [stdout] warning: use of deprecated method `chrono::TimeZone::datetime_from_str`: use `DateTime::parse_from_str` or `NaiveDateTime::parse_from_str` with `and_utc()` or `and_local_timezone()` instead
[INFO] [stdout]   --> src/utils.rs:78:49
[INFO] [stdout]    |
[INFO] [stdout] 78 | ...                   Err(_) => match Utc.datetime_from_str(&s, "%+") {
[INFO] [stdout]    |                                           ^^^^^^^^^^^^^^^^^
[INFO] [stdout] 
[INFO] [stdout] 
[INFO] [stdout] warning: use of deprecated associated function `chrono::DateTime::<Tz>::from_utc`: Use TimeZone::from_utc_datetime() or DateTime::from_naive_utc_and_offset instead
[INFO] [stdout]   --> src/utils.rs:81:71
[INFO] [stdout]    |
[INFO] [stdout] 81 | ...                   Ok(d) => Ok(Some(DateTime::<Utc>::from_utc(
[INFO] [stdout]    |                                                         ^^^^^^^^
[INFO] [stdout] 
[INFO] [stdout] 
[INFO] [stdout] warning: use of deprecated method `chrono::TimeZone::datetime_from_str`: use `DateTime::parse_from_str` or `NaiveDateTime::parse_from_str` with `and_utc()` or `and_local_timezone()` instead
[INFO] [stdout]   --> src/utils.rs:90:51
[INFO] [stdout]    |
[INFO] [stdout] 90 | ...                   match Utc.datetime_from_str(&s, FORMAT) {
[INFO] [stdout]    |                                 ^^^^^^^^^^^^^^^^^
[INFO] [stdout] 
[INFO] [stdout] 
[INFO] [stdout] warning: use of deprecated method `chrono::TimeZone::datetime_from_str`: use `DateTime::parse_from_str` or `NaiveDateTime::parse_from_str` with `and_utc()` or `and_local_timezone()` instead
[INFO] [stdout]   --> src/utils.rs:92:65
[INFO] [stdout]    |
[INFO] [stdout] 92 | ...                   Err(_) => match Utc.datetime_from_str(&s, "%+") {
[INFO] [stdout]    |                                           ^^^^^^^^^^^^^^^^^
[INFO] [stdout] 
[INFO] [stdout] 
[INFO] [stderr]     Finished `dev` profile [unoptimized + debuginfo] target(s) in 1m 10s
[INFO] running `Command { std: "docker" "inspect" "07757f2316a77d243657c5dbe2b81af4e8de059ed691cfa05db9c94d584e253f", kill_on_drop: false }`
[INFO] running `Command { std: "docker" "rm" "-f" "07757f2316a77d243657c5dbe2b81af4e8de059ed691cfa05db9c94d584e253f", kill_on_drop: false }`
[INFO] [stdout] 07757f2316a77d243657c5dbe2b81af4e8de059ed691cfa05db9c94d584e253f
[INFO] running `Command { std: "docker" "create" "-v" "/var/lib/crater-agent-workspace/builds/worker-6-tc1/target:/opt/rustwide/target:rw,Z" "-v" "/var/lib/crater-agent-workspace/builds/worker-6-tc1/source:/opt/rustwide/workdir:ro,Z" "-v" "/var/lib/crater-agent-workspace/cargo-home:/opt/rustwide/cargo-home:ro,Z" "-v" "/var/lib/crater-agent-workspace/rustup-home:/opt/rustwide/rustup-home:ro,Z" "-e" "SOURCE_DIR=/opt/rustwide/workdir" "-e" "CARGO_TARGET_DIR=/opt/rustwide/target" "-e" "CARGO_INCREMENTAL=0" "-e" "RUST_BACKTRACE=full" "-e" "RUSTFLAGS=--cap-lints=warn" "-e" "RUSTDOCFLAGS=--cap-lints=warn" "-e" "CARGO_HOME=/opt/rustwide/cargo-home" "-e" "RUSTUP_HOME=/opt/rustwide/rustup-home" "-w" "/opt/rustwide/workdir" "-m" "1610612736" "--user" "0:0" "--network" "none" "ghcr.io/rust-lang/crates-build-env/linux@sha256:f3a9d4ad9d972b27faf3965f35b62e55ba32bbce8f20bc8fe909558a86702fde" "/opt/rustwide/cargo-home/bin/cargo" "+1.83.0" "test" "--frozen" "--no-run" "--message-format=json", kill_on_drop: false }`
[INFO] [stdout] d4e86b3458bf42e632ba71ccf4d353cf8f734e72e6ca8ccaaa06ec8b896101a9
[INFO] running `Command { std: "docker" "start" "-a" "d4e86b3458bf42e632ba71ccf4d353cf8f734e72e6ca8ccaaa06ec8b896101a9", kill_on_drop: false }`
[INFO] [stderr]    Compiling typenum v1.17.0
[INFO] [stderr]    Compiling getrandom v0.1.16
[INFO] [stderr]    Compiling const-oid v0.9.6
[INFO] [stderr]    Compiling version_check v0.9.5
[INFO] [stderr]    Compiling crossbeam-utils v0.8.20
[INFO] [stderr]    Compiling zeroize v1.8.1
[INFO] [stderr]    Compiling base64ct v1.6.0
[INFO] [stderr]    Compiling version_check v0.1.5
[INFO] [stderr]    Compiling parking v2.2.1
[INFO] [stderr]    Compiling num-bigint-dig v0.8.4
[INFO] [stderr]    Compiling http-types v2.12.0
[INFO] [stderr]    Compiling fastrand v1.9.0
[INFO] [stderr]    Compiling event-listener v2.5.3
[INFO] [stderr]    Compiling waker-fn v1.2.0
[INFO] [stderr]    Compiling num-iter v0.1.45
[INFO] [stderr]    Compiling serde_qs v0.8.5
[INFO] [stderr]    Compiling num_cpus v1.16.0
[INFO] [stderr]    Compiling infer v0.2.3
[INFO] [stderr]    Compiling retain_mut v0.1.9
[INFO] [stderr]    Compiling futures-lite v1.13.0
[INFO] [stderr]    Compiling deadpool-runtime v0.1.4
[INFO] [stderr]    Compiling assert-json-diff v2.0.2
[INFO] [stderr]    Compiling dirs-sys v0.3.7
[INFO] [stderr]    Compiling deadpool v0.9.5
[INFO] [stderr]    Compiling subtle v2.6.1
[INFO] [stderr]    Compiling pem-rfc7468 v0.6.0
[INFO] [stderr]    Compiling nom v4.2.3
[INFO] [stderr]    Compiling futures-timer v3.0.3
[INFO] [stderr]    Compiling generic-array v0.14.7
[INFO] [stderr]    Compiling dirs v3.0.2
[INFO] [stderr]    Compiling rand_core v0.5.1
[INFO] [stderr]    Compiling der v0.6.1
[INFO] [stdout] warning: use of deprecated method `chrono::TimeZone::datetime_from_str`: use `DateTime::parse_from_str` or `NaiveDateTime::parse_from_str` with `and_utc()` or `and_local_timezone()` instead
[INFO] [stdout]   --> src/utils.rs:74:31
[INFO] [stdout]    |
[INFO] [stdout] 74 |                     match Utc.datetime_from_str(&s, "%Y-%m-%dT%H:%M:%S%.3fZ") {
[INFO] [stdout]    |                               ^^^^^^^^^^^^^^^^^
[INFO] [stdout]    |
[INFO] [stdout]    = note: `#[warn(deprecated)]` on by default
[INFO] [stdout] 
[INFO] [stdout] 
[INFO] [stdout] warning: use of deprecated method `chrono::TimeZone::datetime_from_str`: use `DateTime::parse_from_str` or `NaiveDateTime::parse_from_str` with `and_utc()` or `and_local_timezone()` instead
[INFO] [stdout]   --> src/utils.rs:76:45
[INFO] [stdout]    |
[INFO] [stdout] 76 |                         Err(_) => match Utc.datetime_from_str(&s, FORMAT) {
[INFO] [stdout]    |                                             ^^^^^^^^^^^^^^^^^
[INFO] [stdout] 
[INFO] [stdout] 
[INFO] [stdout] warning: use of deprecated method `chrono::TimeZone::datetime_from_str`: use `DateTime::parse_from_str` or `NaiveDateTime::parse_from_str` with `and_utc()` or `and_local_timezone()` instead
[INFO] [stdout]   --> src/utils.rs:78:49
[INFO] [stdout]    |
[INFO] [stdout] 78 | ...                   Err(_) => match Utc.datetime_from_str(&s, "%+") {
[INFO] [stdout]    |                                           ^^^^^^^^^^^^^^^^^
[INFO] [stdout] 
[INFO] [stdout] 
[INFO] [stdout] warning: use of deprecated associated function `chrono::DateTime::<Tz>::from_utc`: Use TimeZone::from_utc_datetime() or DateTime::from_naive_utc_and_offset instead
[INFO] [stdout]   --> src/utils.rs:81:71
[INFO] [stdout]    |
[INFO] [stdout] 81 | ...                   Ok(d) => Ok(Some(DateTime::<Utc>::from_utc(
[INFO] [stdout]    |                                                         ^^^^^^^^
[INFO] [stdout] 
[INFO] [stdout] 
[INFO] [stdout] warning: use of deprecated method `chrono::TimeZone::datetime_from_str`: use `DateTime::parse_from_str` or `NaiveDateTime::parse_from_str` with `and_utc()` or `and_local_timezone()` instead
[INFO] [stdout]   --> src/utils.rs:90:51
[INFO] [stdout]    |
[INFO] [stdout] 90 | ...                   match Utc.datetime_from_str(&s, FORMAT) {
[INFO] [stdout]    |                                 ^^^^^^^^^^^^^^^^^
[INFO] [stdout] 
[INFO] [stdout] 
[INFO] [stdout] warning: use of deprecated method `chrono::TimeZone::datetime_from_str`: use `DateTime::parse_from_str` or `NaiveDateTime::parse_from_str` with `and_utc()` or `and_local_timezone()` instead
[INFO] [stdout]   --> src/utils.rs:92:65
[INFO] [stdout]    |
[INFO] [stdout] 92 | ...                   Err(_) => match Utc.datetime_from_str(&s, "%+") {
[INFO] [stdout]    |                                           ^^^^^^^^^^^^^^^^^
[INFO] [stdout] 
[INFO] [stdout] 
[INFO] [stderr]    Compiling concurrent-queue v2.5.0
[INFO] [stderr]    Compiling rand_chacha v0.2.2
[INFO] [stderr]    Compiling async-channel v1.9.0
[INFO] [stderr]    Compiling rand v0.7.3
[INFO] [stderr]    Compiling spki v0.6.0
[INFO] [stderr]    Compiling nom_pem v4.0.0
[INFO] [stderr]    Compiling pkcs8 v0.9.0
[INFO] [stderr]    Compiling pkcs1 v0.4.1
[INFO] [stderr]    Compiling crypto-common v0.1.6
[INFO] [stderr]    Compiling digest v0.10.7
[INFO] [stderr]    Compiling signature v2.2.0
[INFO] [stderr]    Compiling rsa v0.8.2
[INFO] [stderr]    Compiling wiremock v0.5.22
[INFO] [stderr]    Compiling okta v0.7.1 (/opt/rustwide/workdir)
[INFO] [stdout] warning: use of deprecated method `chrono::TimeZone::datetime_from_str`: use `DateTime::parse_from_str` or `NaiveDateTime::parse_from_str` with `and_utc()` or `and_local_timezone()` instead
[INFO] [stdout]   --> src/utils.rs:74:31
[INFO] [stdout]    |
[INFO] [stdout] 74 |                     match Utc.datetime_from_str(&s, "%Y-%m-%dT%H:%M:%S%.3fZ") {
[INFO] [stdout]    |                               ^^^^^^^^^^^^^^^^^
[INFO] [stdout]    |
[INFO] [stdout]    = note: `#[warn(deprecated)]` on by default
[INFO] [stdout] 
[INFO] [stdout] 
[INFO] [stdout] warning: use of deprecated method `chrono::TimeZone::datetime_from_str`: use `DateTime::parse_from_str` or `NaiveDateTime::parse_from_str` with `and_utc()` or `and_local_timezone()` instead
[INFO] [stdout]   --> src/utils.rs:76:45
[INFO] [stdout]    |
[INFO] [stdout] 76 |                         Err(_) => match Utc.datetime_from_str(&s, FORMAT) {
[INFO] [stdout]    |                                             ^^^^^^^^^^^^^^^^^
[INFO] [stdout] 
[INFO] [stdout] 
[INFO] [stdout] warning: use of deprecated method `chrono::TimeZone::datetime_from_str`: use `DateTime::parse_from_str` or `NaiveDateTime::parse_from_str` with `and_utc()` or `and_local_timezone()` instead
[INFO] [stdout]   --> src/utils.rs:78:49
[INFO] [stdout]    |
[INFO] [stdout] 78 | ...                   Err(_) => match Utc.datetime_from_str(&s, "%+") {
[INFO] [stdout]    |                                           ^^^^^^^^^^^^^^^^^
[INFO] [stdout] 
[INFO] [stdout] 
[INFO] [stdout] warning: use of deprecated associated function `chrono::DateTime::<Tz>::from_utc`: Use TimeZone::from_utc_datetime() or DateTime::from_naive_utc_and_offset instead
[INFO] [stdout]   --> src/utils.rs:81:71
[INFO] [stdout]    |
[INFO] [stdout] 81 | ...                   Ok(d) => Ok(Some(DateTime::<Utc>::from_utc(
[INFO] [stdout]    |                                                         ^^^^^^^^
[INFO] [stdout] 
[INFO] [stdout] 
[INFO] [stdout] warning: use of deprecated method `chrono::TimeZone::datetime_from_str`: use `DateTime::parse_from_str` or `NaiveDateTime::parse_from_str` with `and_utc()` or `and_local_timezone()` instead
[INFO] [stdout]   --> src/utils.rs:90:51
[INFO] [stdout]    |
[INFO] [stdout] 90 | ...                   match Utc.datetime_from_str(&s, FORMAT) {
[INFO] [stdout]    |                                 ^^^^^^^^^^^^^^^^^
[INFO] [stdout] 
[INFO] [stdout] 
[INFO] [stdout] warning: use of deprecated method `chrono::TimeZone::datetime_from_str`: use `DateTime::parse_from_str` or `NaiveDateTime::parse_from_str` with `and_utc()` or `and_local_timezone()` instead
[INFO] [stdout]   --> src/utils.rs:92:65
[INFO] [stdout]    |
[INFO] [stdout] 92 | ...                   Err(_) => match Utc.datetime_from_str(&s, "%+") {
[INFO] [stdout]    |                                           ^^^^^^^^^^^^^^^^^
[INFO] [stdout] 
[INFO] [stdout] 
[INFO] [stderr]     Finished `test` profile [unoptimized + debuginfo] target(s) in 26.68s
[INFO] [stderr] warning: the following packages contain code that will be rejected by a future version of Rust: nom v4.2.3
[INFO] [stderr] note: to see what the problems were, use the option `--future-incompat-report`, or run `cargo report future-incompatibilities --id 1`
[INFO] running `Command { std: "docker" "inspect" "d4e86b3458bf42e632ba71ccf4d353cf8f734e72e6ca8ccaaa06ec8b896101a9", kill_on_drop: false }`
[INFO] running `Command { std: "docker" "rm" "-f" "d4e86b3458bf42e632ba71ccf4d353cf8f734e72e6ca8ccaaa06ec8b896101a9", kill_on_drop: false }`
[INFO] [stdout] d4e86b3458bf42e632ba71ccf4d353cf8f734e72e6ca8ccaaa06ec8b896101a9
[INFO] running `Command { std: "docker" "create" "-v" "/var/lib/crater-agent-workspace/builds/worker-6-tc1/target:/opt/rustwide/target:rw,Z" "-v" "/var/lib/crater-agent-workspace/builds/worker-6-tc1/source:/opt/rustwide/workdir:ro,Z" "-v" "/var/lib/crater-agent-workspace/cargo-home:/opt/rustwide/cargo-home:ro,Z" "-v" "/var/lib/crater-agent-workspace/rustup-home:/opt/rustwide/rustup-home:ro,Z" "-e" "SOURCE_DIR=/opt/rustwide/workdir" "-e" "CARGO_TARGET_DIR=/opt/rustwide/target" "-e" "CARGO_INCREMENTAL=0" "-e" "RUST_BACKTRACE=full" "-e" "RUSTFLAGS=--cap-lints=warn" "-e" "RUSTDOCFLAGS=--cap-lints=warn" "-e" "CARGO_HOME=/opt/rustwide/cargo-home" "-e" "RUSTUP_HOME=/opt/rustwide/rustup-home" "-w" "/opt/rustwide/workdir" "-m" "1610612736" "--user" "0:0" "--network" "none" "ghcr.io/rust-lang/crates-build-env/linux@sha256:f3a9d4ad9d972b27faf3965f35b62e55ba32bbce8f20bc8fe909558a86702fde" "/opt/rustwide/cargo-home/bin/cargo" "+1.83.0" "test" "--frozen", kill_on_drop: false }`
[INFO] [stdout] faa967ae7beffcccca6e5c8b2faa5aac57794126f03c28474fc755f2a3b335f8
[INFO] running `Command { std: "docker" "start" "-a" "faa967ae7beffcccca6e5c8b2faa5aac57794126f03c28474fc755f2a3b335f8", kill_on_drop: false }`
[INFO] [stderr] warning: use of deprecated method `chrono::TimeZone::datetime_from_str`: use `DateTime::parse_from_str` or `NaiveDateTime::parse_from_str` with `and_utc()` or `and_local_timezone()` instead
[INFO] [stderr]   --> src/utils.rs:74:31
[INFO] [stderr]    |
[INFO] [stderr] 74 |                     match Utc.datetime_from_str(&s, "%Y-%m-%dT%H:%M:%S%.3fZ") {
[INFO] [stderr]    |                               ^^^^^^^^^^^^^^^^^
[INFO] [stderr]    |
[INFO] [stderr]    = note: `#[warn(deprecated)]` on by default
[INFO] [stderr] 
[INFO] [stderr] warning: use of deprecated method `chrono::TimeZone::datetime_from_str`: use `DateTime::parse_from_str` or `NaiveDateTime::parse_from_str` with `and_utc()` or `and_local_timezone()` instead
[INFO] [stderr]   --> src/utils.rs:76:45
[INFO] [stderr]    |
[INFO] [stderr] 76 |                         Err(_) => match Utc.datetime_from_str(&s, FORMAT) {
[INFO] [stderr]    |                                             ^^^^^^^^^^^^^^^^^
[INFO] [stderr] 
[INFO] [stderr] warning: use of deprecated method `chrono::TimeZone::datetime_from_str`: use `DateTime::parse_from_str` or `NaiveDateTime::parse_from_str` with `and_utc()` or `and_local_timezone()` instead
[INFO] [stderr]   --> src/utils.rs:78:49
[INFO] [stderr]    |
[INFO] [stderr] 78 | ...                   Err(_) => match Utc.datetime_from_str(&s, "%+") {
[INFO] [stderr]    |                                           ^^^^^^^^^^^^^^^^^
[INFO] [stderr] 
[INFO] [stderr] warning: use of deprecated associated function `chrono::DateTime::<Tz>::from_utc`: Use TimeZone::from_utc_datetime() or DateTime::from_naive_utc_and_offset instead
[INFO] [stderr]   --> src/utils.rs:81:71
[INFO] [stderr]    |
[INFO] [stderr] 81 | ...                   Ok(d) => Ok(Some(DateTime::<Utc>::from_utc(
[INFO] [stderr]    |                                                         ^^^^^^^^
[INFO] [stderr] 
[INFO] [stderr] warning: use of deprecated method `chrono::TimeZone::datetime_from_str`: use `DateTime::parse_from_str` or `NaiveDateTime::parse_from_str` with `and_utc()` or `and_local_timezone()` instead
[INFO] [stderr]   --> src/utils.rs:90:51
[INFO] [stderr]    |
[INFO] [stderr] 90 | ...                   match Utc.datetime_from_str(&s, FORMAT) {
[INFO] [stderr]    |                                 ^^^^^^^^^^^^^^^^^
[INFO] [stderr] 
[INFO] [stderr] warning: use of deprecated method `chrono::TimeZone::datetime_from_str`: use `DateTime::parse_from_str` or `NaiveDateTime::parse_from_str` with `and_utc()` or `and_local_timezone()` instead
[INFO] [stderr]   --> src/utils.rs:92:65
[INFO] [stderr]    |
[INFO] [stderr] 92 | ...                   Err(_) => match Utc.datetime_from_str(&s, "%+") {
[INFO] [stderr]    |                                           ^^^^^^^^^^^^^^^^^
[INFO] [stderr] 
[INFO] [stderr] warning: `okta` (lib) generated 6 warnings
[INFO] [stderr] warning: `okta` (lib test) generated 6 warnings (6 duplicates)
[INFO] [stderr]     Finished `test` profile [unoptimized + debuginfo] target(s) in 0.30s
[INFO] [stderr] warning: the following packages contain code that will be rejected by a future version of Rust: nom v4.2.3
[INFO] [stderr] note: to see what the problems were, use the option `--future-incompat-report`, or run `cargo report future-incompatibilities --id 1`
[INFO] [stderr]      Running unittests src/lib.rs (/opt/rustwide/target/debug/deps/okta-7bd24d0e7d9c549e)
[INFO] [stdout] 
[INFO] [stdout] running 1 test
[INFO] [stdout] test utils::tests::test_hyperx_next_link_compat ... ok
[INFO] [stdout] 
[INFO] [stdout] test result: ok. 1 passed; 0 failed; 0 ignored; 0 measured; 0 filtered out; finished in 0.00s
[INFO] [stdout] 
[INFO] [stderr]      Running tests/tests.rs (/opt/rustwide/target/debug/deps/tests-df3d73e3e41a1c8b)
[INFO] [stdout] 
[INFO] [stdout] running 0 tests
[INFO] [stdout] 
[INFO] [stdout] test result: ok. 0 passed; 0 failed; 0 ignored; 0 measured; 0 filtered out; finished in 0.00s
[INFO] [stdout] 
[INFO] [stderr]    Doc-tests okta
[INFO] [stdout] 
[INFO] [stdout] running 2 tests
[INFO] [stdout] test src/lib.rs - (line 47) ... ok
[INFO] [stdout] test src/lib.rs - (line 62) ... FAILED
[INFO] [stdout] 
[INFO] [stdout] failures:
[INFO] [stdout] 
[INFO] [stdout] ---- src/lib.rs - (line 62) stdout ----
[INFO] [stdout] Test executable failed (exit status: 101).
[INFO] [stdout] 
[INFO] [stdout] stderr:
[INFO] [stdout] thread 'main' panicked at src/lib.rs:282:46:
[INFO] [stdout] must set OKTA_API_KEY: NotPresent
[INFO] [stdout] stack backtrace:
[INFO] [stdout]    0:     0x5c5f0af9a64a - std::backtrace_rs::backtrace::libunwind::trace::h5a5b8284f2d0c266
[INFO] [stdout]                                at /rustc/90b35a6239c3d8bdabc530a6a0816f7ff89a0aaf/library/std/src/../../backtrace/src/backtrace/libunwind.rs:116:5
[INFO] [stdout]    1:     0x5c5f0af9a64a - std::backtrace_rs::backtrace::trace_unsynchronized::h76d4f1c9b0b875e3
[INFO] [stdout]                                at /rustc/90b35a6239c3d8bdabc530a6a0816f7ff89a0aaf/library/std/src/../../backtrace/src/backtrace/mod.rs:66:5
[INFO] [stdout]    2:     0x5c5f0af9a64a - std::sys::backtrace::_print_fmt::hc4546b8364a537c6
[INFO] [stdout]                                at /rustc/90b35a6239c3d8bdabc530a6a0816f7ff89a0aaf/library/std/src/sys/backtrace.rs:66:9
[INFO] [stdout]    3:     0x5c5f0af9a64a - <std::sys::backtrace::BacktraceLock::print::DisplayBacktrace as core::fmt::Display>::fmt::h5b6bd5631a6d1f6b
[INFO] [stdout]                                at /rustc/90b35a6239c3d8bdabc530a6a0816f7ff89a0aaf/library/std/src/sys/backtrace.rs:39:26
[INFO] [stdout]    4:     0x5c5f0afbd473 - core::fmt::rt::Argument::fmt::h270f6602a2b96f62
[INFO] [stdout]                                at /rustc/90b35a6239c3d8bdabc530a6a0816f7ff89a0aaf/library/core/src/fmt/rt.rs:177:76
[INFO] [stdout]    5:     0x5c5f0afbd473 - core::fmt::write::h7550c97b06c86515
[INFO] [stdout]                                at /rustc/90b35a6239c3d8bdabc530a6a0816f7ff89a0aaf/library/core/src/fmt/mod.rs:1186:21
[INFO] [stdout]    6:     0x5c5f0af976e3 - std::io::Write::write_fmt::h7b09c64fe0be9c84
[INFO] [stdout]                                at /rustc/90b35a6239c3d8bdabc530a6a0816f7ff89a0aaf/library/std/src/io/mod.rs:1839:15
[INFO] [stdout]    7:     0x5c5f0af9a492 - std::sys::backtrace::BacktraceLock::print::h2395ccd2c84ba3aa
[INFO] [stdout]                                at /rustc/90b35a6239c3d8bdabc530a6a0816f7ff89a0aaf/library/std/src/sys/backtrace.rs:42:9
[INFO] [stdout]    8:     0x5c5f0af9b43c - std::panicking::default_hook::{{closure}}::he19d4c7230e07961
[INFO] [stdout]                                at /rustc/90b35a6239c3d8bdabc530a6a0816f7ff89a0aaf/library/std/src/panicking.rs:268:22
[INFO] [stdout]    9:     0x5c5f0af9b282 - std::panicking::default_hook::hf614597d3c67bbdb
[INFO] [stdout]                                at /rustc/90b35a6239c3d8bdabc530a6a0816f7ff89a0aaf/library/std/src/panicking.rs:295:9
[INFO] [stdout]   10:     0x5c5f0af9ba17 - std::panicking::rust_panic_with_hook::h8942133a8b252070
[INFO] [stdout]                                at /rustc/90b35a6239c3d8bdabc530a6a0816f7ff89a0aaf/library/std/src/panicking.rs:801:13
[INFO] [stdout]   11:     0x5c5f0af9b8aa - std::panicking::begin_panic_handler::{{closure}}::hb5f5963570096b29
[INFO] [stdout]                                at /rustc/90b35a6239c3d8bdabc530a6a0816f7ff89a0aaf/library/std/src/panicking.rs:674:13
[INFO] [stdout]   12:     0x5c5f0af9ab29 - std::sys::backtrace::__rust_end_short_backtrace::h6208cedc1922feda
[INFO] [stdout]                                at /rustc/90b35a6239c3d8bdabc530a6a0816f7ff89a0aaf/library/std/src/sys/backtrace.rs:170:18
[INFO] [stdout]   13:     0x5c5f0af9b53c - rust_begin_unwind
[INFO] [stdout]                                at /rustc/90b35a6239c3d8bdabc530a6a0816f7ff89a0aaf/library/std/src/panicking.rs:665:5
[INFO] [stdout]   14:     0x5c5f0aa09ac0 - core::panicking::panic_fmt::h0c3082644d1bf418
[INFO] [stdout]                                at /rustc/90b35a6239c3d8bdabc530a6a0816f7ff89a0aaf/library/core/src/panicking.rs:74:14
[INFO] [stdout]   15:     0x5c5f0aa09f46 - core::result::unwrap_failed::hd20b4aa073bda1e2
[INFO] [stdout]                                at /rustc/90b35a6239c3d8bdabc530a6a0816f7ff89a0aaf/library/core/src/result.rs:1700:5
[INFO] [stdout]   16:     0x5c5f0aa0eec6 - core::result::Result<T,E>::expect::hfd7bd51c1c2ecae0
[INFO] [stdout]                                at /rustc/90b35a6239c3d8bdabc530a6a0816f7ff89a0aaf/library/core/src/result.rs:1061:23
[INFO] [stdout]   17:     0x5c5f0aa0da07 - okta::Client::new_from_env::ha7d169ad91aa4cc7
[INFO] [stdout]                                at /opt/rustwide/workdir/src/lib.rs:282:21
[INFO] [stdout]   18:     0x5c5f0aa0a7df - rust_out::main::_doctest_main_src_lib_rs_62_0::h90dffe0d6592e75d
[INFO] [stdout]   19:     0x5c5f0aa0a7c6 - rust_out::main::h86d391cc11b8a827
[INFO] [stdout]   20:     0x5c5f0aa0a693 - core::ops::function::FnOnce::call_once::hd1e0b33d350e8c2e
[INFO] [stdout]   21:     0x5c5f0aa0a676 - std::sys::backtrace::__rust_begin_short_backtrace::hb7c4fd168269da08
[INFO] [stdout]   22:     0x5c5f0aa0a659 - std::rt::lang_start::{{closure}}::h7630186e3858a44d
[INFO] [stdout]   23:     0x5c5f0af9441e - core::ops::function::impls::<impl core::ops::function::FnOnce<A> for &F>::call_once::hfdb85f4ee94732d3
[INFO] [stdout]                                at /rustc/90b35a6239c3d8bdabc530a6a0816f7ff89a0aaf/library/core/src/ops/function.rs:284:13
[INFO] [stdout]   24:     0x5c5f0af9441e - std::panicking::try::do_call::h6e577310f330cbef
[INFO] [stdout]                                at /rustc/90b35a6239c3d8bdabc530a6a0816f7ff89a0aaf/library/std/src/panicking.rs:557:40
[INFO] [stdout]   25:     0x5c5f0af9441e - std::panicking::try::ha588d438267d2645
[INFO] [stdout]                                at /rustc/90b35a6239c3d8bdabc530a6a0816f7ff89a0aaf/library/std/src/panicking.rs:520:19
[INFO] [stdout]   26:     0x5c5f0af9441e - std::panic::catch_unwind::h429fda1e025f26d9
[INFO] [stdout]                                at /rustc/90b35a6239c3d8bdabc530a6a0816f7ff89a0aaf/library/std/src/panic.rs:358:14
[INFO] [stdout]   27:     0x5c5f0af9441e - std::rt::lang_start_internal::{{closure}}::h7b731265e841c4bf
[INFO] [stdout]                                at /rustc/90b35a6239c3d8bdabc530a6a0816f7ff89a0aaf/library/std/src/rt.rs:174:48
[INFO] [stdout]   28:     0x5c5f0af9441e - std::panicking::try::do_call::hc0f6a675b7ae5a36
[INFO] [stdout]                                at /rustc/90b35a6239c3d8bdabc530a6a0816f7ff89a0aaf/library/std/src/panicking.rs:557:40
[INFO] [stdout]   29:     0x5c5f0af9441e - std::panicking::try::h4c93b7ff0671f1ff
[INFO] [stdout]                                at /rustc/90b35a6239c3d8bdabc530a6a0816f7ff89a0aaf/library/std/src/panicking.rs:520:19
[INFO] [stdout]   30:     0x5c5f0af9441e - std::panic::catch_unwind::hcc1e154961d16ce6
[INFO] [stdout]                                at /rustc/90b35a6239c3d8bdabc530a6a0816f7ff89a0aaf/library/std/src/panic.rs:358:14
[INFO] [stdout]   31:     0x5c5f0af9441e - std::rt::lang_start_internal::h1c66660c99c8424c
[INFO] [stdout]                                at /rustc/90b35a6239c3d8bdabc530a6a0816f7ff89a0aaf/library/std/src/rt.rs:174:20
[INFO] [stdout]   32:     0x5c5f0aa0a637 - std::rt::lang_start::hcdb31f4834f76b8c
[INFO] [stdout]   33:     0x5c5f0aa0a805 - main
[INFO] [stdout]   34:     0x75e7b59ded90 - <unknown>
[INFO] [stdout]   35:     0x75e7b59dee40 - __libc_start_main
[INFO] [stdout]   36:     0x5c5f0aa0a545 - _start
[INFO] [stdout]   37:                0x0 - <unknown>
[INFO] [stdout] 
[INFO] [stdout] 
[INFO] [stdout] 
[INFO] [stdout] failures:
[INFO] [stdout]     src/lib.rs - (line 62)
[INFO] [stdout] 
[INFO] [stdout] test result: FAILED. 1 passed; 1 failed; 0 ignored; 0 measured; 0 filtered out; finished in 5.15s
[INFO] [stdout] 
[INFO] [stderr] error: doctest failed, to rerun pass `--doc`
[INFO] running `Command { std: "docker" "inspect" "faa967ae7beffcccca6e5c8b2faa5aac57794126f03c28474fc755f2a3b335f8", kill_on_drop: false }`
[INFO] running `Command { std: "docker" "rm" "-f" "faa967ae7beffcccca6e5c8b2faa5aac57794126f03c28474fc755f2a3b335f8", kill_on_drop: false }`
[INFO] [stdout] faa967ae7beffcccca6e5c8b2faa5aac57794126f03c28474fc755f2a3b335f8
