[INFO] fetching crate office-to-pdf 0.2.2...
[INFO] testing office-to-pdf-0.2.2 against beta-2024-12-08 for beta-1.84.0-4-retry
[INFO] extracting crate office-to-pdf 0.2.2 into /workspace/builds/worker-7-tc2/source
[INFO] validating manifest of crates.io crate office-to-pdf 0.2.2 on toolchain beta-2024-12-08
[INFO] running `Command { std: CARGO_HOME="/workspace/cargo-home" RUSTUP_HOME="/workspace/rustup-home" "/workspace/cargo-home/bin/cargo" "+beta-2024-12-08" "metadata" "--manifest-path" "Cargo.toml" "--no-deps", kill_on_drop: false }`
[INFO] started tweaking crates.io crate office-to-pdf 0.2.2
[INFO] finished tweaking crates.io crate office-to-pdf 0.2.2
[INFO] tweaked toml for crates.io crate office-to-pdf 0.2.2 written to /workspace/builds/worker-7-tc2/source/Cargo.toml
[INFO] running `Command { std: CARGO_HOME="/workspace/cargo-home" RUSTUP_HOME="/workspace/rustup-home" "/workspace/cargo-home/bin/cargo" "+beta-2024-12-08" "generate-lockfile" "--manifest-path" "Cargo.toml", kill_on_drop: false }`
[INFO] [stderr]     Updating crates.io index
[INFO] [stderr]      Locking 46 packages to latest compatible versions
[INFO] [stderr]       Adding thiserror v1.0.69 (available: v2.0.7)
[INFO] running `Command { std: CARGO_HOME="/workspace/cargo-home" RUSTUP_HOME="/workspace/rustup-home" "/workspace/cargo-home/bin/cargo" "+beta-2024-12-08" "fetch" "--manifest-path" "Cargo.toml", kill_on_drop: false }`
[INFO] running `Command { std: "docker" "create" "-v" "/var/lib/crater-agent-workspace/builds/worker-7-tc2/target:/opt/rustwide/target:rw,Z" "-v" "/var/lib/crater-agent-workspace/builds/worker-7-tc2/source:/opt/rustwide/workdir:ro,Z" "-v" "/var/lib/crater-agent-workspace/cargo-home:/opt/rustwide/cargo-home:ro,Z" "-v" "/var/lib/crater-agent-workspace/rustup-home:/opt/rustwide/rustup-home:ro,Z" "-e" "SOURCE_DIR=/opt/rustwide/workdir" "-e" "CARGO_TARGET_DIR=/opt/rustwide/target" "-e" "CARGO_HOME=/opt/rustwide/cargo-home" "-e" "RUSTUP_HOME=/opt/rustwide/rustup-home" "-w" "/opt/rustwide/workdir" "-m" "1610612736" "--user" "0:0" "--network" "none" "ghcr.io/rust-lang/crates-build-env/linux@sha256:f3a9d4ad9d972b27faf3965f35b62e55ba32bbce8f20bc8fe909558a86702fde" "/opt/rustwide/cargo-home/bin/cargo" "+beta-2024-12-08" "metadata" "--no-deps" "--format-version=1", kill_on_drop: false }`
[INFO] [stdout] 15e880810569ba4dbc51779256666176cfcabd6cd4da3329d95cb71e2e4f6d82
[INFO] running `Command { std: "docker" "start" "-a" "15e880810569ba4dbc51779256666176cfcabd6cd4da3329d95cb71e2e4f6d82", kill_on_drop: false }`
[INFO] running `Command { std: "docker" "inspect" "15e880810569ba4dbc51779256666176cfcabd6cd4da3329d95cb71e2e4f6d82", kill_on_drop: false }`
[INFO] running `Command { std: "docker" "rm" "-f" "15e880810569ba4dbc51779256666176cfcabd6cd4da3329d95cb71e2e4f6d82", kill_on_drop: false }`
[INFO] [stdout] 15e880810569ba4dbc51779256666176cfcabd6cd4da3329d95cb71e2e4f6d82
[INFO] running `Command { std: "docker" "create" "-v" "/var/lib/crater-agent-workspace/builds/worker-7-tc2/target:/opt/rustwide/target:rw,Z" "-v" "/var/lib/crater-agent-workspace/builds/worker-7-tc2/source:/opt/rustwide/workdir:ro,Z" "-v" "/var/lib/crater-agent-workspace/cargo-home:/opt/rustwide/cargo-home:ro,Z" "-v" "/var/lib/crater-agent-workspace/rustup-home:/opt/rustwide/rustup-home:ro,Z" "-e" "SOURCE_DIR=/opt/rustwide/workdir" "-e" "CARGO_TARGET_DIR=/opt/rustwide/target" "-e" "CARGO_INCREMENTAL=0" "-e" "RUST_BACKTRACE=full" "-e" "RUSTFLAGS=--cap-lints=warn" "-e" "RUSTDOCFLAGS=--cap-lints=warn" "-e" "CARGO_HOME=/opt/rustwide/cargo-home" "-e" "RUSTUP_HOME=/opt/rustwide/rustup-home" "-w" "/opt/rustwide/workdir" "-m" "1610612736" "--user" "0:0" "--network" "none" "ghcr.io/rust-lang/crates-build-env/linux@sha256:f3a9d4ad9d972b27faf3965f35b62e55ba32bbce8f20bc8fe909558a86702fde" "/opt/rustwide/cargo-home/bin/cargo" "+beta-2024-12-08" "build" "--frozen" "--message-format=json", kill_on_drop: false }`
[INFO] [stdout] a98935b99ceb1f87b480af3e53aa47a31892f419f2009d131e3659e594ec25ab
[INFO] running `Command { std: "docker" "start" "-a" "a98935b99ceb1f87b480af3e53aa47a31892f419f2009d131e3659e594ec25ab", kill_on_drop: false }`
[INFO] [stderr]    Compiling proc-macro2 v1.0.92
[INFO] [stderr]    Compiling unicode-ident v1.0.14
[INFO] [stderr]    Compiling libc v0.2.168
[INFO] [stderr]    Compiling autocfg v1.4.0
[INFO] [stderr]    Compiling parking_lot_core v0.9.10
[INFO] [stderr]    Compiling smallvec v1.13.2
[INFO] [stderr]    Compiling cfg-if v1.0.0
[INFO] [stderr]    Compiling scopeguard v1.2.0
[INFO] [stderr]    Compiling pin-project-lite v0.2.15
[INFO] [stderr]    Compiling thiserror v1.0.69
[INFO] [stderr]    Compiling once_cell v1.20.2
[INFO] [stderr]    Compiling bytes v1.9.0
[INFO] [stderr]    Compiling tracing-core v0.1.33
[INFO] [stderr]    Compiling lock_api v0.4.12
[INFO] [stderr]    Compiling quote v1.0.37
[INFO] [stderr]    Compiling mio v1.0.3
[INFO] [stderr]    Compiling socket2 v0.5.8
[INFO] [stderr]    Compiling signal-hook-registry v1.4.2
[INFO] [stderr]    Compiling syn v2.0.90
[INFO] [stderr]    Compiling parking_lot v0.12.3
[INFO] [stderr]    Compiling tokio-macros v2.4.0
[INFO] [stderr]    Compiling tracing-attributes v0.1.28
[INFO] [stderr]    Compiling thiserror-impl v1.0.69
[INFO] [stderr]    Compiling tokio v1.42.0
[INFO] [stderr]    Compiling tracing v0.1.41
[INFO] [stderr]    Compiling office-to-pdf v0.2.2 (/opt/rustwide/workdir)
[INFO] [stderr]     Finished `dev` profile [unoptimized + debuginfo] target(s) in 28.66s
[INFO] running `Command { std: "docker" "inspect" "a98935b99ceb1f87b480af3e53aa47a31892f419f2009d131e3659e594ec25ab", kill_on_drop: false }`
[INFO] running `Command { std: "docker" "rm" "-f" "a98935b99ceb1f87b480af3e53aa47a31892f419f2009d131e3659e594ec25ab", kill_on_drop: false }`
[INFO] [stdout] a98935b99ceb1f87b480af3e53aa47a31892f419f2009d131e3659e594ec25ab
[INFO] running `Command { std: "docker" "create" "-v" "/var/lib/crater-agent-workspace/builds/worker-7-tc2/target:/opt/rustwide/target:rw,Z" "-v" "/var/lib/crater-agent-workspace/builds/worker-7-tc2/source:/opt/rustwide/workdir:ro,Z" "-v" "/var/lib/crater-agent-workspace/cargo-home:/opt/rustwide/cargo-home:ro,Z" "-v" "/var/lib/crater-agent-workspace/rustup-home:/opt/rustwide/rustup-home:ro,Z" "-e" "SOURCE_DIR=/opt/rustwide/workdir" "-e" "CARGO_TARGET_DIR=/opt/rustwide/target" "-e" "CARGO_INCREMENTAL=0" "-e" "RUST_BACKTRACE=full" "-e" "RUSTFLAGS=--cap-lints=warn" "-e" "RUSTDOCFLAGS=--cap-lints=warn" "-e" "CARGO_HOME=/opt/rustwide/cargo-home" "-e" "RUSTUP_HOME=/opt/rustwide/rustup-home" "-w" "/opt/rustwide/workdir" "-m" "1610612736" "--user" "0:0" "--network" "none" "ghcr.io/rust-lang/crates-build-env/linux@sha256:f3a9d4ad9d972b27faf3965f35b62e55ba32bbce8f20bc8fe909558a86702fde" "/opt/rustwide/cargo-home/bin/cargo" "+beta-2024-12-08" "test" "--frozen" "--no-run" "--message-format=json", kill_on_drop: false }`
[INFO] [stdout] 3e12ed927ef6967e1599631c64b95bfef2df4fc515d823945101f7a5d778b766
[INFO] running `Command { std: "docker" "start" "-a" "3e12ed927ef6967e1599631c64b95bfef2df4fc515d823945101f7a5d778b766", kill_on_drop: false }`
[INFO] [stderr]    Compiling office-to-pdf v0.2.2 (/opt/rustwide/workdir)
[INFO] [stderr]     Finished `test` profile [unoptimized + debuginfo] target(s) in 3.47s
[INFO] running `Command { std: "docker" "inspect" "3e12ed927ef6967e1599631c64b95bfef2df4fc515d823945101f7a5d778b766", kill_on_drop: false }`
[INFO] running `Command { std: "docker" "rm" "-f" "3e12ed927ef6967e1599631c64b95bfef2df4fc515d823945101f7a5d778b766", kill_on_drop: false }`
[INFO] [stdout] 3e12ed927ef6967e1599631c64b95bfef2df4fc515d823945101f7a5d778b766
[INFO] running `Command { std: "docker" "create" "-v" "/var/lib/crater-agent-workspace/builds/worker-7-tc2/target:/opt/rustwide/target:rw,Z" "-v" "/var/lib/crater-agent-workspace/builds/worker-7-tc2/source:/opt/rustwide/workdir:ro,Z" "-v" "/var/lib/crater-agent-workspace/cargo-home:/opt/rustwide/cargo-home:ro,Z" "-v" "/var/lib/crater-agent-workspace/rustup-home:/opt/rustwide/rustup-home:ro,Z" "-e" "SOURCE_DIR=/opt/rustwide/workdir" "-e" "CARGO_TARGET_DIR=/opt/rustwide/target" "-e" "CARGO_INCREMENTAL=0" "-e" "RUST_BACKTRACE=full" "-e" "RUSTFLAGS=--cap-lints=warn" "-e" "RUSTDOCFLAGS=--cap-lints=warn" "-e" "CARGO_HOME=/opt/rustwide/cargo-home" "-e" "RUSTUP_HOME=/opt/rustwide/rustup-home" "-w" "/opt/rustwide/workdir" "-m" "1610612736" "--user" "0:0" "--network" "none" "ghcr.io/rust-lang/crates-build-env/linux@sha256:f3a9d4ad9d972b27faf3965f35b62e55ba32bbce8f20bc8fe909558a86702fde" "/opt/rustwide/cargo-home/bin/cargo" "+beta-2024-12-08" "test" "--frozen", kill_on_drop: false }`
[INFO] [stdout] 23a7671280c2a72e32a54b7ee00f1ea5ae74695927f0af597863f7e6b26d7e40
[INFO] running `Command { std: "docker" "start" "-a" "23a7671280c2a72e32a54b7ee00f1ea5ae74695927f0af597863f7e6b26d7e40", kill_on_drop: false }`
[INFO] [stderr]     Finished `test` profile [unoptimized + debuginfo] target(s) in 0.06s
[INFO] [stderr]      Running unittests src/lib.rs (/opt/rustwide/target/debug/deps/office_to_pdf-62597dcbb1a63006)
[INFO] [stdout] 
[INFO] [stdout] running 11 tests
[INFO] [stdout] test test::test_sample_docx ... ignored, slow and resource intensive if these tests are run all at once
[INFO] [stdout] test test::test_sample_docx_encrypted ... ignored, slow and resource intensive if these tests are run all at once
[INFO] [stdout] test test::test_sample_docx_local_load_balanced ... ignored, slow and resource intensive if these tests are run all at once, requires running remote instance
[INFO] [stdout] test test::test_sample_docx_remote ... ignored, slow and resource intensive if these tests are run all at once, requires running remote instance
[INFO] [stdout] test test::test_sample_docx_remote_load_balanced ... ignored, slow and resource intensive if these tests are run all at once, requires running remote instance
[INFO] [stdout] test test::test_sample_docx_with_image ... ignored, slow and resource intensive if these tests are run all at once
[INFO] [stderr]    Doc-tests office_to_pdf
[INFO] [stdout] test test::test_sample_xlsx ... ignored, slow and resource intensive if these tests are run all at once
[INFO] [stdout] test test::test_sample_xlsx_encrypted ... ignored, slow and resource intensive if these tests are run all at once
[INFO] [stdout] test test::test_unoserver ... ignored, slow and resource intensive if these tests are run all at once
[INFO] [stdout] test test::test_unoserver_is_busy ... ignored, requires setting up an unoserver and making it busy while testing
[INFO] [stdout] test test::test_unoserver_is_running ... ignored, requires unoserver started in advance to compare
[INFO] [stdout] 
[INFO] [stdout] test result: ok. 0 passed; 0 failed; 11 ignored; 0 measured; 0 filtered out; finished in 0.00s
[INFO] [stdout] 
[INFO] [stdout] 
[INFO] [stdout] running 6 tests
[INFO] [stdout] test src/lib.rs - (line 58) ... FAILED
[INFO] [stdout] test src/lib.rs - (line 76) ... FAILED
[INFO] [stdout] test src/lib.rs - (line 37) ... FAILED
[INFO] [stdout] test src/lib.rs - (line 90) ... FAILED
[INFO] [stdout] test src/lib.rs - (line 109) ... FAILED
[INFO] [stdout] test src/lib.rs - (line 164) ... ok
[INFO] [stdout] 
[INFO] [stdout] failures:
[INFO] [stdout] 
[INFO] [stdout] ---- src/lib.rs - (line 58) stdout ----
[INFO] [stdout] error: expected `;`, found keyword `let`
[INFO] [stdout]  --> src/lib.rs:62:44
[INFO] [stdout]   |
[INFO] [stdout] 7 | let input_bytes = &[/* YOUR INPUT BYTES */]
[INFO] [stdout]   |                                            ^ help: add `;` here
[INFO] [stdout] 8 | let output = ConvertServer::default()
[INFO] [stdout]   | --- unexpected token
[INFO] [stdout] 
[INFO] [stdout] error[E0728]: `await` is only allowed inside `async` functions and blocks
[INFO] [stdout]   --> src/lib.rs:65:6
[INFO] [stdout]    |
[INFO] [stdout] 4  | fn main() { #[allow(non_snake_case)] fn _doctest_main_src_lib_rs_58_0() {
[INFO] [stdout]    |                                      ---------------------------------- this is not `async`
[INFO] [stdout] ...
[INFO] [stdout] 10 |     .await
[INFO] [stdout]    |      ^^^^^ only allowed inside `async` functions and blocks
[INFO] [stdout] 
[INFO] [stdout] error: aborting due to 2 previous errors
[INFO] [stdout] 
[INFO] [stdout] For more information about this error, try `rustc --explain E0728`.
[INFO] [stdout] Couldn't compile the test.
[INFO] [stdout] ---- src/lib.rs - (line 76) stdout ----
[INFO] [stdout] error: expected `;`, found keyword `let`
[INFO] [stdout]  --> src/lib.rs:80:44
[INFO] [stdout]   |
[INFO] [stdout] 7 | let input_bytes = &[/* YOUR INPUT BYTES */]
[INFO] [stdout]   |                                            ^ help: add `;` here
[INFO] [stdout] 8 | let output = ConvertServer::new(ConvertServerHost::Local { port: 5000 })
[INFO] [stdout]   | --- unexpected token
[INFO] [stdout] 
[INFO] [stdout] error[E0728]: `await` is only allowed inside `async` functions and blocks
[INFO] [stdout]   --> src/lib.rs:83:6
[INFO] [stdout]    |
[INFO] [stdout] 4  | fn main() { #[allow(non_snake_case)] fn _doctest_main_src_lib_rs_76_0() {
[INFO] [stdout]    |                                      ---------------------------------- this is not `async`
[INFO] [stdout] ...
[INFO] [stdout] 10 |     .await
[INFO] [stdout]    |      ^^^^^ only allowed inside `async` functions and blocks
[INFO] [stdout] 
[INFO] [stdout] error: aborting due to 2 previous errors
[INFO] [stdout] 
[INFO] [stdout] For more information about this error, try `rustc --explain E0728`.
[INFO] [stdout] Couldn't compile the test.
[INFO] [stdout] ---- src/lib.rs - (line 37) stdout ----
[INFO] [stdout] error[E0728]: `await` is only allowed inside `async` functions and blocks
[INFO] [stdout]   --> src/lib.rs:46:62
[INFO] [stdout]    |
[INFO] [stdout] 4  | fn main() { #[allow(non_snake_case)] fn _doctest_main_src_lib_rs_37_0() {
[INFO] [stdout]    |                                      ---------------------------------- this is not `async`
[INFO] [stdout] ...
[INFO] [stdout] 12 | if server.is_running(ConvertServer::DEFAULT_RUNNING_TIMEOUT).await {
[INFO] [stdout]    |                                                              ^^^^^ only allowed inside `async` functions and blocks
[INFO] [stdout] 
[INFO] [stdout] error[E0728]: `await` is only allowed inside `async` functions and blocks
[INFO] [stdout]   --> src/lib.rs:49:33
[INFO] [stdout]    |
[INFO] [stdout] 4  | fn main() { #[allow(non_snake_case)] fn _doctest_main_src_lib_rs_37_0() {
[INFO] [stdout]    |                                      ---------------------------------- this is not `async`
[INFO] [stdout] ...
[INFO] [stdout] 15 |     start_unoserver(2003, 2002).await.unwrap();
[INFO] [stdout]    |                                 ^^^^^ only allowed inside `async` functions and blocks
[INFO] [stdout] 
[INFO] [stdout] error: aborting due to 2 previous errors
[INFO] [stdout] 
[INFO] [stdout] For more information about this error, try `rustc --explain E0728`.
[INFO] [stdout] Couldn't compile the test.
[INFO] [stdout] ---- src/lib.rs - (line 90) stdout ----
[INFO] [stdout] error: expected `;`, found keyword `let`
[INFO] [stdout]  --> src/lib.rs:94:44
[INFO] [stdout]   |
[INFO] [stdout] 7 | let input_bytes = &[/* YOUR INPUT BYTES */]
[INFO] [stdout]   |                                            ^ help: add `;` here
[INFO] [stdout] 8 | let output = ConvertServer::new(ConvertServerHost::Remote {
[INFO] [stdout]   | --- unexpected token
[INFO] [stdout] 
[INFO] [stdout] error[E0728]: `await` is only allowed inside `async` functions and blocks
[INFO] [stdout]   --> src/lib.rs:100:2
[INFO] [stdout]    |
[INFO] [stdout] 4  | fn main() { #[allow(non_snake_case)] fn _doctest_main_src_lib_rs_90_0() {
[INFO] [stdout]    |                                      ---------------------------------- this is not `async`
[INFO] [stdout] ...
[INFO] [stdout] 13 | .await
[INFO] [stdout]    |  ^^^^^ only allowed inside `async` functions and blocks
[INFO] [stdout] 
[INFO] [stdout] error: aborting due to 2 previous errors
[INFO] [stdout] 
[INFO] [stdout] For more information about this error, try `rustc --explain E0728`.
[INFO] [stdout] Couldn't compile the test.
[INFO] [stdout] ---- src/lib.rs - (line 109) stdout ----
[INFO] [stdout] error[E0728]: `await` is only allowed inside `async` functions and blocks
[INFO] [stdout]   --> src/lib.rs:157:29
[INFO] [stdout]    |
[INFO] [stdout] 4  | fn main() { #[allow(non_snake_case)] fn _doctest_main_src_lib_rs_109_0() {
[INFO] [stdout]    |                                      ----------------------------------- this is not `async`
[INFO] [stdout] ...
[INFO] [stdout] 51 | while (join_set.join_next().await).is_some() {}
[INFO] [stdout]    |                             ^^^^^ only allowed inside `async` functions and blocks
[INFO] [stdout] 
[INFO] [stdout] error: aborting due to 1 previous error
[INFO] [stdout] 
[INFO] [stdout] For more information about this error, try `rustc --explain E0728`.
[INFO] [stdout] Couldn't compile the test.
[INFO] [stdout] 
[INFO] [stdout] failures:
[INFO] [stdout]     src/lib.rs - (line 109)
[INFO] [stdout]     src/lib.rs - (line 37)
[INFO] [stdout]     src/lib.rs - (line 58)
[INFO] [stdout]     src/lib.rs - (line 76)
[INFO] [stdout]     src/lib.rs - (line 90)
[INFO] [stdout] 
[INFO] [stdout] test result: FAILED. 1 passed; 5 failed; 0 ignored; 0 measured; 0 filtered out; finished in 1.02s
[INFO] [stdout] 
[INFO] [stderr] error: doctest failed, to rerun pass `--doc`
[INFO] running `Command { std: "docker" "inspect" "23a7671280c2a72e32a54b7ee00f1ea5ae74695927f0af597863f7e6b26d7e40", kill_on_drop: false }`
[INFO] running `Command { std: "docker" "rm" "-f" "23a7671280c2a72e32a54b7ee00f1ea5ae74695927f0af597863f7e6b26d7e40", kill_on_drop: false }`
[INFO] [stdout] 23a7671280c2a72e32a54b7ee00f1ea5ae74695927f0af597863f7e6b26d7e40
