[INFO] fetching crate ocli 0.1.2...
[INFO] testing ocli-0.1.2 against 1.83.0 for beta-1.84.0-4-retry
[INFO] extracting crate ocli 0.1.2 into /workspace/builds/worker-3-tc1/source
[INFO] validating manifest of crates.io crate ocli 0.1.2 on toolchain 1.83.0
[INFO] running `Command { std: CARGO_HOME="/workspace/cargo-home" RUSTUP_HOME="/workspace/rustup-home" "/workspace/cargo-home/bin/cargo" "+1.83.0" "metadata" "--manifest-path" "Cargo.toml" "--no-deps", kill_on_drop: false }`
[INFO] started tweaking crates.io crate ocli 0.1.2
[INFO] finished tweaking crates.io crate ocli 0.1.2
[INFO] tweaked toml for crates.io crate ocli 0.1.2 written to /workspace/builds/worker-3-tc1/source/Cargo.toml
[INFO] crate crates.io crate ocli 0.1.2 already has a lockfile, it will not be regenerated
[INFO] running `Command { std: CARGO_HOME="/workspace/cargo-home" RUSTUP_HOME="/workspace/rustup-home" "/workspace/cargo-home/bin/cargo" "+1.83.0" "fetch" "--manifest-path" "Cargo.toml", kill_on_drop: false }`
[INFO] running `Command { std: "docker" "create" "-v" "/var/lib/crater-agent-workspace/builds/worker-3-tc1/target:/opt/rustwide/target:rw,Z" "-v" "/var/lib/crater-agent-workspace/builds/worker-3-tc1/source:/opt/rustwide/workdir:ro,Z" "-v" "/var/lib/crater-agent-workspace/cargo-home:/opt/rustwide/cargo-home:ro,Z" "-v" "/var/lib/crater-agent-workspace/rustup-home:/opt/rustwide/rustup-home:ro,Z" "-e" "SOURCE_DIR=/opt/rustwide/workdir" "-e" "CARGO_TARGET_DIR=/opt/rustwide/target" "-e" "CARGO_HOME=/opt/rustwide/cargo-home" "-e" "RUSTUP_HOME=/opt/rustwide/rustup-home" "-w" "/opt/rustwide/workdir" "-m" "1610612736" "--user" "0:0" "--network" "none" "ghcr.io/rust-lang/crates-build-env/linux@sha256:f3a9d4ad9d972b27faf3965f35b62e55ba32bbce8f20bc8fe909558a86702fde" "/opt/rustwide/cargo-home/bin/cargo" "+1.83.0" "metadata" "--no-deps" "--format-version=1", kill_on_drop: false }`
[INFO] [stdout] d8481dcb0de282aa2aafb769dead72dca6519c21f07a4fc79fd41650ba7fa36b
[INFO] running `Command { std: "docker" "start" "-a" "d8481dcb0de282aa2aafb769dead72dca6519c21f07a4fc79fd41650ba7fa36b", kill_on_drop: false }`
[INFO] running `Command { std: "docker" "inspect" "d8481dcb0de282aa2aafb769dead72dca6519c21f07a4fc79fd41650ba7fa36b", kill_on_drop: false }`
[INFO] running `Command { std: "docker" "rm" "-f" "d8481dcb0de282aa2aafb769dead72dca6519c21f07a4fc79fd41650ba7fa36b", kill_on_drop: false }`
[INFO] [stdout] d8481dcb0de282aa2aafb769dead72dca6519c21f07a4fc79fd41650ba7fa36b
[INFO] running `Command { std: "docker" "create" "-v" "/var/lib/crater-agent-workspace/builds/worker-3-tc1/target:/opt/rustwide/target:rw,Z" "-v" "/var/lib/crater-agent-workspace/builds/worker-3-tc1/source:/opt/rustwide/workdir:ro,Z" "-v" "/var/lib/crater-agent-workspace/cargo-home:/opt/rustwide/cargo-home:ro,Z" "-v" "/var/lib/crater-agent-workspace/rustup-home:/opt/rustwide/rustup-home:ro,Z" "-e" "SOURCE_DIR=/opt/rustwide/workdir" "-e" "CARGO_TARGET_DIR=/opt/rustwide/target" "-e" "CARGO_INCREMENTAL=0" "-e" "RUST_BACKTRACE=full" "-e" "RUSTFLAGS=--cap-lints=warn" "-e" "RUSTDOCFLAGS=--cap-lints=warn" "-e" "CARGO_HOME=/opt/rustwide/cargo-home" "-e" "RUSTUP_HOME=/opt/rustwide/rustup-home" "-w" "/opt/rustwide/workdir" "-m" "1610612736" "--user" "0:0" "--network" "none" "ghcr.io/rust-lang/crates-build-env/linux@sha256:f3a9d4ad9d972b27faf3965f35b62e55ba32bbce8f20bc8fe909558a86702fde" "/opt/rustwide/cargo-home/bin/cargo" "+1.83.0" "build" "--frozen" "--message-format=json", kill_on_drop: false }`
[INFO] [stdout] ec8e09880aa38989f8efe4fa8e17393ae3a56913ffcf42b11458a522e2661da6
[INFO] running `Command { std: "docker" "start" "-a" "ec8e09880aa38989f8efe4fa8e17393ae3a56913ffcf42b11458a522e2661da6", kill_on_drop: false }`
[INFO] [stderr]    Compiling libc v0.2.153
[INFO] [stderr]    Compiling log v0.4.20
[INFO] [stderr]    Compiling anstyle v1.0.6
[INFO] [stderr]    Compiling is-terminal v0.4.12
[INFO] [stderr]    Compiling ocli v0.1.2 (/opt/rustwide/workdir)
[INFO] [stderr]     Finished `dev` profile [unoptimized + debuginfo] target(s) in 2.07s
[INFO] running `Command { std: "docker" "inspect" "ec8e09880aa38989f8efe4fa8e17393ae3a56913ffcf42b11458a522e2661da6", kill_on_drop: false }`
[INFO] running `Command { std: "docker" "rm" "-f" "ec8e09880aa38989f8efe4fa8e17393ae3a56913ffcf42b11458a522e2661da6", kill_on_drop: false }`
[INFO] [stdout] ec8e09880aa38989f8efe4fa8e17393ae3a56913ffcf42b11458a522e2661da6
[INFO] running `Command { std: "docker" "create" "-v" "/var/lib/crater-agent-workspace/builds/worker-3-tc1/target:/opt/rustwide/target:rw,Z" "-v" "/var/lib/crater-agent-workspace/builds/worker-3-tc1/source:/opt/rustwide/workdir:ro,Z" "-v" "/var/lib/crater-agent-workspace/cargo-home:/opt/rustwide/cargo-home:ro,Z" "-v" "/var/lib/crater-agent-workspace/rustup-home:/opt/rustwide/rustup-home:ro,Z" "-e" "SOURCE_DIR=/opt/rustwide/workdir" "-e" "CARGO_TARGET_DIR=/opt/rustwide/target" "-e" "CARGO_INCREMENTAL=0" "-e" "RUST_BACKTRACE=full" "-e" "RUSTFLAGS=--cap-lints=warn" "-e" "RUSTDOCFLAGS=--cap-lints=warn" "-e" "CARGO_HOME=/opt/rustwide/cargo-home" "-e" "RUSTUP_HOME=/opt/rustwide/rustup-home" "-w" "/opt/rustwide/workdir" "-m" "1610612736" "--user" "0:0" "--network" "none" "ghcr.io/rust-lang/crates-build-env/linux@sha256:f3a9d4ad9d972b27faf3965f35b62e55ba32bbce8f20bc8fe909558a86702fde" "/opt/rustwide/cargo-home/bin/cargo" "+1.83.0" "test" "--frozen" "--no-run" "--message-format=json", kill_on_drop: false }`
[INFO] [stdout] ee2569dcb96c9f02265131da45fcb41ba23d1bfbf83624ea6f46ec57e4e2bdb1
[INFO] running `Command { std: "docker" "start" "-a" "ee2569dcb96c9f02265131da45fcb41ba23d1bfbf83624ea6f46ec57e4e2bdb1", kill_on_drop: false }`
[INFO] [stderr]    Compiling proc-macro2 v1.0.78
[INFO] [stderr]    Compiling unicode-ident v1.0.12
[INFO] [stderr]    Compiling utf8parse v0.2.1
[INFO] [stderr]    Compiling anstyle-query v1.0.2
[INFO] [stderr]    Compiling colorchoice v1.0.0
[INFO] [stderr]    Compiling heck v0.4.1
[INFO] [stderr]    Compiling clap_lex v0.7.0
[INFO] [stderr]    Compiling strsim v0.11.0
[INFO] [stderr]    Compiling anstyle-parse v0.2.3
[INFO] [stderr]    Compiling anstream v0.6.11
[INFO] [stderr]    Compiling clap_builder v4.5.1
[INFO] [stderr]    Compiling quote v1.0.35
[INFO] [stderr]    Compiling syn v2.0.49
[INFO] [stderr]    Compiling clap_derive v4.5.0
[INFO] [stderr]    Compiling clap v4.5.1
[INFO] [stderr]    Compiling clap-verbosity-flag v2.2.0
[INFO] [stderr]    Compiling ocli v0.1.2 (/opt/rustwide/workdir)
[INFO] [stderr]     Finished `test` profile [unoptimized + debuginfo] target(s) in 17.79s
[INFO] running `Command { std: "docker" "inspect" "ee2569dcb96c9f02265131da45fcb41ba23d1bfbf83624ea6f46ec57e4e2bdb1", kill_on_drop: false }`
[INFO] running `Command { std: "docker" "rm" "-f" "ee2569dcb96c9f02265131da45fcb41ba23d1bfbf83624ea6f46ec57e4e2bdb1", kill_on_drop: false }`
[INFO] [stdout] ee2569dcb96c9f02265131da45fcb41ba23d1bfbf83624ea6f46ec57e4e2bdb1
[INFO] running `Command { std: "docker" "create" "-v" "/var/lib/crater-agent-workspace/builds/worker-3-tc1/target:/opt/rustwide/target:rw,Z" "-v" "/var/lib/crater-agent-workspace/builds/worker-3-tc1/source:/opt/rustwide/workdir:ro,Z" "-v" "/var/lib/crater-agent-workspace/cargo-home:/opt/rustwide/cargo-home:ro,Z" "-v" "/var/lib/crater-agent-workspace/rustup-home:/opt/rustwide/rustup-home:ro,Z" "-e" "SOURCE_DIR=/opt/rustwide/workdir" "-e" "CARGO_TARGET_DIR=/opt/rustwide/target" "-e" "CARGO_INCREMENTAL=0" "-e" "RUST_BACKTRACE=full" "-e" "RUSTFLAGS=--cap-lints=warn" "-e" "RUSTDOCFLAGS=--cap-lints=warn" "-e" "CARGO_HOME=/opt/rustwide/cargo-home" "-e" "RUSTUP_HOME=/opt/rustwide/rustup-home" "-w" "/opt/rustwide/workdir" "-m" "1610612736" "--user" "0:0" "--network" "none" "ghcr.io/rust-lang/crates-build-env/linux@sha256:f3a9d4ad9d972b27faf3965f35b62e55ba32bbce8f20bc8fe909558a86702fde" "/opt/rustwide/cargo-home/bin/cargo" "+1.83.0" "test" "--frozen", kill_on_drop: false }`
[INFO] [stdout] 21240d1bdc3b87bed8922bb8ac1a1c14d0df9b38299337a9cb7cfb451f180e8d
[INFO] running `Command { std: "docker" "start" "-a" "21240d1bdc3b87bed8922bb8ac1a1c14d0df9b38299337a9cb7cfb451f180e8d", kill_on_drop: false }`
[INFO] [stderr]     Finished `test` profile [unoptimized + debuginfo] target(s) in 0.05s
[INFO] [stderr]      Running unittests src/lib.rs (/opt/rustwide/target/debug/deps/ocli-ef15f804795ab653)
[INFO] [stdout] 
[INFO] [stdout] running 0 tests
[INFO] [stdout] 
[INFO] [stdout] test result: ok. 0 passed; 0 failed; 0 ignored; 0 measured; 0 filtered out; finished in 0.00s
[INFO] [stdout] 
[INFO] [stderr]    Doc-tests ocli
[INFO] [stdout] 
[INFO] [stdout] running 3 tests
[INFO] [stdout] test src/lib.rs - (line 47) ... FAILED
[INFO] [stdout] test src/lib.rs - init (line 155) ... FAILED
[INFO] [stdout] test src/lib.rs - (line 31) ... ok
[INFO] [stdout] 
[INFO] [stdout] failures:
[INFO] [stdout] 
[INFO] [stdout] ---- src/lib.rs - (line 47) stdout ----
[INFO] [stdout] error[E0762]: unterminated character literal
[INFO] [stdout]  --> src/lib.rs:55:67
[INFO] [stdout]   |
[INFO] [stdout] 8 |      info!(This is printed to stderr, with the 'path(line): info: ' prefix");
[INFO] [stdout]   |                                                                   ^^^^^^^^^^^
[INFO] [stdout] 
[INFO] [stdout] error: aborting due to 1 previous error
[INFO] [stdout] 
[INFO] [stdout] For more information about this error, try `rustc --explain E0762`.
[INFO] [stdout] Couldn't compile the test.
[INFO] [stdout] ---- src/lib.rs - init (line 155) stdout ----
[INFO] [stdout] error: prefix `prefix` is unknown
[INFO] [stdout]  --> src/lib.rs:164:47
[INFO] [stdout]   |
[INFO] [stdout] 9 |     info!("This is printed to stderr, without prefix");
[INFO] [stdout]   |                                               ^^^^^^ unknown prefix
[INFO] [stdout]   |
[INFO] [stdout]   = note: prefixed identifiers and literals are reserved since Rust 2021
[INFO] [stdout] help: consider inserting whitespace here
[INFO] [stdout]   |
[INFO] [stdout] 9 |     info!("This is printed to stderr, without prefix ");
[INFO] [stdout]   |                                                     +
[INFO] [stdout] 
[INFO] [stdout] error: prefix `printed` is unknown
[INFO] [stdout]   --> src/lib.rs:165:25
[INFO] [stdout]    |
[INFO] [stdout] 10 |     debug!("This is not printed");
[INFO] [stdout]    |                         ^^^^^^^ unknown prefix
[INFO] [stdout]    |
[INFO] [stdout]    = note: prefixed identifiers and literals are reserved since Rust 2021
[INFO] [stdout] help: consider inserting whitespace here
[INFO] [stdout]    |
[INFO] [stdout] 10 |     debug!("This is not printed ");
[INFO] [stdout]    |                                +
[INFO] [stdout] 
[INFO] [stdout] error: prefix `printed` is unknown
[INFO] [stdout]   --> src/lib.rs:166:25
[INFO] [stdout]    |
[INFO] [stdout] 11 |     trace!("This is not printed");
[INFO] [stdout]    |                         ^^^^^^^ unknown prefix
[INFO] [stdout]    |
[INFO] [stdout]    = note: prefixed identifiers and literals are reserved since Rust 2021
[INFO] [stdout] help: consider inserting whitespace here
[INFO] [stdout]    |
[INFO] [stdout] 11 |     trace!("This is not printed ");
[INFO] [stdout]    |                                +
[INFO] [stdout] 
[INFO] [stdout] error[E0765]: unterminated double quote string
[INFO] [stdout]   --> src/lib.rs:166:32
[INFO] [stdout]    |
[INFO] [stdout] 11 |       trace!("This is not printed");
[INFO] [stdout]    |  ________________________________^
[INFO] [stdout] 12 | | }
[INFO] [stdout]    | |_^
[INFO] [stdout] 
[INFO] [stdout] error: aborting due to 4 previous errors
[INFO] [stdout] 
[INFO] [stdout] For more information about this error, try `rustc --explain E0765`.
[INFO] [stdout] Couldn't compile the test.
[INFO] [stdout] 
[INFO] [stdout] failures:
[INFO] [stdout]     src/lib.rs - (line 47)
[INFO] [stdout]     src/lib.rs - init (line 155)
[INFO] [stdout] 
[INFO] [stdout] test result: FAILED. 1 passed; 2 failed; 0 ignored; 0 measured; 0 filtered out; finished in 0.47s
[INFO] [stdout] 
[INFO] [stderr] error: doctest failed, to rerun pass `--doc`
[INFO] running `Command { std: "docker" "inspect" "21240d1bdc3b87bed8922bb8ac1a1c14d0df9b38299337a9cb7cfb451f180e8d", kill_on_drop: false }`
[INFO] running `Command { std: "docker" "rm" "-f" "21240d1bdc3b87bed8922bb8ac1a1c14d0df9b38299337a9cb7cfb451f180e8d", kill_on_drop: false }`
[INFO] [stdout] 21240d1bdc3b87bed8922bb8ac1a1c14d0df9b38299337a9cb7cfb451f180e8d
