[INFO] fetching crate objr_procmacro 1.0.0...
[INFO] testing objr_procmacro-1.0.0 against 1.83.0 for beta-1.84.0-4-retry
[INFO] extracting crate objr_procmacro 1.0.0 into /workspace/builds/worker-6-tc1/source
[INFO] validating manifest of crates.io crate objr_procmacro 1.0.0 on toolchain 1.83.0
[INFO] running `Command { std: CARGO_HOME="/workspace/cargo-home" RUSTUP_HOME="/workspace/rustup-home" "/workspace/cargo-home/bin/cargo" "+1.83.0" "metadata" "--manifest-path" "Cargo.toml" "--no-deps", kill_on_drop: false }`
[INFO] started tweaking crates.io crate objr_procmacro 1.0.0
[INFO] finished tweaking crates.io crate objr_procmacro 1.0.0
[INFO] tweaked toml for crates.io crate objr_procmacro 1.0.0 written to /workspace/builds/worker-6-tc1/source/Cargo.toml
[INFO] running `Command { std: CARGO_HOME="/workspace/cargo-home" RUSTUP_HOME="/workspace/rustup-home" "/workspace/cargo-home/bin/cargo" "+1.83.0" "generate-lockfile" "--manifest-path" "Cargo.toml", kill_on_drop: false }`
[INFO] running `Command { std: CARGO_HOME="/workspace/cargo-home" RUSTUP_HOME="/workspace/rustup-home" "/workspace/cargo-home/bin/cargo" "+1.83.0" "fetch" "--manifest-path" "Cargo.toml", kill_on_drop: false }`
[INFO] running `Command { std: "docker" "create" "-v" "/var/lib/crater-agent-workspace/builds/worker-6-tc1/target:/opt/rustwide/target:rw,Z" "-v" "/var/lib/crater-agent-workspace/builds/worker-6-tc1/source:/opt/rustwide/workdir:ro,Z" "-v" "/var/lib/crater-agent-workspace/cargo-home:/opt/rustwide/cargo-home:ro,Z" "-v" "/var/lib/crater-agent-workspace/rustup-home:/opt/rustwide/rustup-home:ro,Z" "-e" "SOURCE_DIR=/opt/rustwide/workdir" "-e" "CARGO_TARGET_DIR=/opt/rustwide/target" "-e" "CARGO_HOME=/opt/rustwide/cargo-home" "-e" "RUSTUP_HOME=/opt/rustwide/rustup-home" "-w" "/opt/rustwide/workdir" "-m" "1610612736" "--user" "0:0" "--network" "none" "ghcr.io/rust-lang/crates-build-env/linux@sha256:f3a9d4ad9d972b27faf3965f35b62e55ba32bbce8f20bc8fe909558a86702fde" "/opt/rustwide/cargo-home/bin/cargo" "+1.83.0" "metadata" "--no-deps" "--format-version=1", kill_on_drop: false }`
[INFO] [stdout] b5de220c03d60e23b3ab13b1ef329d4d00214e330caeb7d179443346ef86fecb
[INFO] running `Command { std: "docker" "start" "-a" "b5de220c03d60e23b3ab13b1ef329d4d00214e330caeb7d179443346ef86fecb", kill_on_drop: false }`
[INFO] running `Command { std: "docker" "inspect" "b5de220c03d60e23b3ab13b1ef329d4d00214e330caeb7d179443346ef86fecb", kill_on_drop: false }`
[INFO] running `Command { std: "docker" "rm" "-f" "b5de220c03d60e23b3ab13b1ef329d4d00214e330caeb7d179443346ef86fecb", kill_on_drop: false }`
[INFO] [stdout] b5de220c03d60e23b3ab13b1ef329d4d00214e330caeb7d179443346ef86fecb
[INFO] running `Command { std: "docker" "create" "-v" "/var/lib/crater-agent-workspace/builds/worker-6-tc1/target:/opt/rustwide/target:rw,Z" "-v" "/var/lib/crater-agent-workspace/builds/worker-6-tc1/source:/opt/rustwide/workdir:ro,Z" "-v" "/var/lib/crater-agent-workspace/cargo-home:/opt/rustwide/cargo-home:ro,Z" "-v" "/var/lib/crater-agent-workspace/rustup-home:/opt/rustwide/rustup-home:ro,Z" "-e" "SOURCE_DIR=/opt/rustwide/workdir" "-e" "CARGO_TARGET_DIR=/opt/rustwide/target" "-e" "CARGO_INCREMENTAL=0" "-e" "RUST_BACKTRACE=full" "-e" "RUSTFLAGS=--cap-lints=warn" "-e" "RUSTDOCFLAGS=--cap-lints=warn" "-e" "CARGO_HOME=/opt/rustwide/cargo-home" "-e" "RUSTUP_HOME=/opt/rustwide/rustup-home" "-w" "/opt/rustwide/workdir" "-m" "1610612736" "--user" "0:0" "--network" "none" "ghcr.io/rust-lang/crates-build-env/linux@sha256:f3a9d4ad9d972b27faf3965f35b62e55ba32bbce8f20bc8fe909558a86702fde" "/opt/rustwide/cargo-home/bin/cargo" "+1.83.0" "build" "--frozen" "--message-format=json", kill_on_drop: false }`
[INFO] [stdout] 40a112f7d995e337d2f933fecfee67a16b56771a2fadc7bd950e73e5bcbfd6f3
[INFO] running `Command { std: "docker" "start" "-a" "40a112f7d995e337d2f933fecfee67a16b56771a2fadc7bd950e73e5bcbfd6f3", kill_on_drop: false }`
[INFO] [stderr]    Compiling objr_procmacro v1.0.0 (/opt/rustwide/workdir)
[INFO] [stderr]     Finished `dev` profile [unoptimized + debuginfo] target(s) in 0.95s
[INFO] running `Command { std: "docker" "inspect" "40a112f7d995e337d2f933fecfee67a16b56771a2fadc7bd950e73e5bcbfd6f3", kill_on_drop: false }`
[INFO] running `Command { std: "docker" "rm" "-f" "40a112f7d995e337d2f933fecfee67a16b56771a2fadc7bd950e73e5bcbfd6f3", kill_on_drop: false }`
[INFO] [stdout] 40a112f7d995e337d2f933fecfee67a16b56771a2fadc7bd950e73e5bcbfd6f3
[INFO] running `Command { std: "docker" "create" "-v" "/var/lib/crater-agent-workspace/builds/worker-6-tc1/target:/opt/rustwide/target:rw,Z" "-v" "/var/lib/crater-agent-workspace/builds/worker-6-tc1/source:/opt/rustwide/workdir:ro,Z" "-v" "/var/lib/crater-agent-workspace/cargo-home:/opt/rustwide/cargo-home:ro,Z" "-v" "/var/lib/crater-agent-workspace/rustup-home:/opt/rustwide/rustup-home:ro,Z" "-e" "SOURCE_DIR=/opt/rustwide/workdir" "-e" "CARGO_TARGET_DIR=/opt/rustwide/target" "-e" "CARGO_INCREMENTAL=0" "-e" "RUST_BACKTRACE=full" "-e" "RUSTFLAGS=--cap-lints=warn" "-e" "RUSTDOCFLAGS=--cap-lints=warn" "-e" "CARGO_HOME=/opt/rustwide/cargo-home" "-e" "RUSTUP_HOME=/opt/rustwide/rustup-home" "-w" "/opt/rustwide/workdir" "-m" "1610612736" "--user" "0:0" "--network" "none" "ghcr.io/rust-lang/crates-build-env/linux@sha256:f3a9d4ad9d972b27faf3965f35b62e55ba32bbce8f20bc8fe909558a86702fde" "/opt/rustwide/cargo-home/bin/cargo" "+1.83.0" "test" "--frozen" "--no-run" "--message-format=json", kill_on_drop: false }`
[INFO] [stdout] cc8bdf6f7c6638eda1ad9ba12d42a3d2c1755071419eae2a1998cc6959fa60f9
[INFO] running `Command { std: "docker" "start" "-a" "cc8bdf6f7c6638eda1ad9ba12d42a3d2c1755071419eae2a1998cc6959fa60f9", kill_on_drop: false }`
[INFO] [stderr]    Compiling objr_procmacro v1.0.0 (/opt/rustwide/workdir)
[INFO] [stderr]     Finished `test` profile [unoptimized + debuginfo] target(s) in 1.03s
[INFO] running `Command { std: "docker" "inspect" "cc8bdf6f7c6638eda1ad9ba12d42a3d2c1755071419eae2a1998cc6959fa60f9", kill_on_drop: false }`
[INFO] running `Command { std: "docker" "rm" "-f" "cc8bdf6f7c6638eda1ad9ba12d42a3d2c1755071419eae2a1998cc6959fa60f9", kill_on_drop: false }`
[INFO] [stdout] cc8bdf6f7c6638eda1ad9ba12d42a3d2c1755071419eae2a1998cc6959fa60f9
[INFO] running `Command { std: "docker" "create" "-v" "/var/lib/crater-agent-workspace/builds/worker-6-tc1/target:/opt/rustwide/target:rw,Z" "-v" "/var/lib/crater-agent-workspace/builds/worker-6-tc1/source:/opt/rustwide/workdir:ro,Z" "-v" "/var/lib/crater-agent-workspace/cargo-home:/opt/rustwide/cargo-home:ro,Z" "-v" "/var/lib/crater-agent-workspace/rustup-home:/opt/rustwide/rustup-home:ro,Z" "-e" "SOURCE_DIR=/opt/rustwide/workdir" "-e" "CARGO_TARGET_DIR=/opt/rustwide/target" "-e" "CARGO_INCREMENTAL=0" "-e" "RUST_BACKTRACE=full" "-e" "RUSTFLAGS=--cap-lints=warn" "-e" "RUSTDOCFLAGS=--cap-lints=warn" "-e" "CARGO_HOME=/opt/rustwide/cargo-home" "-e" "RUSTUP_HOME=/opt/rustwide/rustup-home" "-w" "/opt/rustwide/workdir" "-m" "1610612736" "--user" "0:0" "--network" "none" "ghcr.io/rust-lang/crates-build-env/linux@sha256:f3a9d4ad9d972b27faf3965f35b62e55ba32bbce8f20bc8fe909558a86702fde" "/opt/rustwide/cargo-home/bin/cargo" "+1.83.0" "test" "--frozen", kill_on_drop: false }`
[INFO] [stdout] b9a3ad2b90634be7222b83c1feba36771fde688aaa59f94919182f981852b279
[INFO] running `Command { std: "docker" "start" "-a" "b9a3ad2b90634be7222b83c1feba36771fde688aaa59f94919182f981852b279", kill_on_drop: false }`
[INFO] [stderr]     Finished `test` profile [unoptimized + debuginfo] target(s) in 0.02s
[INFO] [stderr]      Running unittests src/lib.rs (/opt/rustwide/target/debug/deps/objr_procmacro-dcb74e8d15fce5a4)
[INFO] [stdout] 
[INFO] [stdout] running 4 tests
[INFO] [stdout] test declarations::parse_declaration_2 ... ok
[INFO] [stdout] test declarations::parse_declaration_1 ... ok
[INFO] [stdout] test declarations::parse_declaration_3 ... ok
[INFO] [stdout] test selectors::build_selector ... ok
[INFO] [stdout] 
[INFO] [stdout] test result: ok. 4 passed; 0 failed; 0 ignored; 0 measured; 0 filtered out; finished in 0.01s
[INFO] [stdout] 
[INFO] [stderr]    Doc-tests objr_procmacro
[INFO] [stdout] 
[INFO] [stdout] running 27 tests
[INFO] [stdout] test src/lib.rs - __count (line 612) ... FAILED
[INFO] [stdout] test src/lib.rs - __parse_declaration_to_sel (line 792) ... FAILED
[INFO] [stdout] test src/lib.rs - __static_asciiz (line 226) ... FAILED
[INFO] [stdout] test src/lib.rs - __static_asciiz_ident_as_selector (line 343) ... FAILED
[INFO] [stdout] test src/lib.rs - __objc_implement_class (line 141) ... FAILED
[INFO] [stdout] test src/lib.rs - __mod (line 688) ... FAILED
[INFO] [stdout] test src/lib.rs - __concat_idents (line 633) ... FAILED
[INFO] [stdout] test src/lib.rs - __static_expr (line 464) ... FAILED
[INFO] [stdout] test src/lib.rs - __static_asciiz_ident2 (line 285) ... FAILED
[INFO] [stdout] test src/lib.rs - __static_expr3 (line 512) ... FAILED
[INFO] [stdout] test src/lib.rs - __static_asciiz_ident_as_type_encoding (line 404) ... FAILED
[INFO] [stdout] test src/lib.rs - __static_extern (line 569) ... FAILED
[INFO] [stdout] test src/lib.rs - objc_nsstring (line 193) ... FAILED
[INFO] [stdout] test src/lib.rs - _objc_selector_decl (line 19) ... FAILED
[INFO] [stdout] test src/lib.rs - __use (line 727) ... FAILED
[INFO] [stdout] test src/lib.rs - __type_declr (line 814) ... FAILED
[INFO] [stdout] test src/lib.rs - _objc_selector_impl (line 58) ... FAILED
[INFO] [stdout] test src/lib.rs - __static_expr (line 469) ... ok
[INFO] [stdout] test src/lib.rs - __static_extern (line 576) ... ok
[INFO] [stdout] test src/lib.rs - __static_asciiz_ident2 (line 290) ... ok
[INFO] [stdout] test src/lib.rs - __static_asciiz_ident_as_selector (line 348) ... ok
[INFO] [stdout] test src/export_name.rs - export_name::export_ascii (line 7) ... ok
[INFO] [stdout] test src/lib.rs - __static_asciiz (line 231) ... ok
[INFO] [stdout] test src/lib.rs - _objc_selector_impl (line 75) ... ok
[INFO] [stdout] test src/lib.rs - __static_asciiz_ident_as_type_encoding (line 409) ... ok
[INFO] [stdout] test src/lib.rs - __static_expr3 (line 517) ... ok
[INFO] [stdout] test src/lib.rs - _objc_selector_decl (line 31) ... ok
[INFO] [stdout] 
[INFO] [stdout] failures:
[INFO] [stdout] 
[INFO] [stdout] ---- src/lib.rs - __count (line 612) stdout ----
[INFO] [stdout] error[E0432]: unresolved import `procmacro`
[INFO] [stdout]  --> src/lib.rs:613:5
[INFO] [stdout]   |
[INFO] [stdout] 3 | use procmacro::__count;
[INFO] [stdout]   |     ^^^^^^^^^ use of undeclared crate or module `procmacro`
[INFO] [stdout]   |
[INFO] [stdout] help: there is a crate or module with a similar name
[INFO] [stdout]   |
[INFO] [stdout] 3 | use proc_macro::__count;
[INFO] [stdout]   |     ~~~~~~~~~~
[INFO] [stdout] 
[INFO] [stdout] error: aborting due to 1 previous error
[INFO] [stdout] 
[INFO] [stdout] For more information about this error, try `rustc --explain E0432`.
[INFO] [stdout] Couldn't compile the test.
[INFO] [stdout] ---- src/lib.rs - __parse_declaration_to_sel (line 792) stdout ----
[INFO] [stdout] error[E0432]: unresolved import `procmacro`
[INFO] [stdout]  --> src/lib.rs:793:5
[INFO] [stdout]   |
[INFO] [stdout] 3 | use procmacro::__parse_declaration_to_sel;
[INFO] [stdout]   |     ^^^^^^^^^ use of undeclared crate or module `procmacro`
[INFO] [stdout]   |
[INFO] [stdout] help: there is a crate or module with a similar name
[INFO] [stdout]   |
[INFO] [stdout] 3 | use proc_macro::__parse_declaration_to_sel;
[INFO] [stdout]   |     ~~~~~~~~~~
[INFO] [stdout] 
[INFO] [stdout] error: aborting due to 1 previous error
[INFO] [stdout] 
[INFO] [stdout] For more information about this error, try `rustc --explain E0432`.
[INFO] [stdout] Couldn't compile the test.
[INFO] [stdout] ---- src/lib.rs - __static_asciiz (line 226) stdout ----
[INFO] [stdout] error[E0432]: unresolved import `procmacro`
[INFO] [stdout]  --> src/lib.rs:227:5
[INFO] [stdout]   |
[INFO] [stdout] 3 | use procmacro::__static_asciiz;
[INFO] [stdout]   |     ^^^^^^^^^ use of undeclared crate or module `procmacro`
[INFO] [stdout]   |
[INFO] [stdout] help: there is a crate or module with a similar name
[INFO] [stdout]   |
[INFO] [stdout] 3 | use proc_macro::__static_asciiz;
[INFO] [stdout]   |     ~~~~~~~~~~
[INFO] [stdout] 
[INFO] [stdout] error: aborting due to 1 previous error
[INFO] [stdout] 
[INFO] [stdout] For more information about this error, try `rustc --explain E0432`.
[INFO] [stdout] Couldn't compile the test.
[INFO] [stdout] ---- src/lib.rs - __static_asciiz_ident_as_selector (line 343) stdout ----
[INFO] [stdout] error[E0432]: unresolved import `procmacro`
[INFO] [stdout]  --> src/lib.rs:344:5
[INFO] [stdout]   |
[INFO] [stdout] 3 | use procmacro::__static_asciiz_ident_as_selector;
[INFO] [stdout]   |     ^^^^^^^^^ use of undeclared crate or module `procmacro`
[INFO] [stdout]   |
[INFO] [stdout] help: there is a crate or module with a similar name
[INFO] [stdout]   |
[INFO] [stdout] 3 | use proc_macro::__static_asciiz_ident_as_selector;
[INFO] [stdout]   |     ~~~~~~~~~~
[INFO] [stdout] 
[INFO] [stdout] error: aborting due to 1 previous error
[INFO] [stdout] 
[INFO] [stdout] For more information about this error, try `rustc --explain E0432`.
[INFO] [stdout] Couldn't compile the test.
[INFO] [stdout] ---- src/lib.rs - __objc_implement_class (line 141) stdout ----
[INFO] [stdout] error[E0432]: unresolved import `procmacro`
[INFO] [stdout]  --> src/lib.rs:149:5
[INFO] [stdout]   |
[INFO] [stdout] 9 | use procmacro::__objc_implement_class;
[INFO] [stdout]   |     ^^^^^^^^^ use of undeclared crate or module `procmacro`
[INFO] [stdout]   |
[INFO] [stdout] help: there is a crate or module with a similar name
[INFO] [stdout]   |
[INFO] [stdout] 9 | use proc_macro::__objc_implement_class;
[INFO] [stdout]   |     ~~~~~~~~~~
[INFO] [stdout] 
[INFO] [stdout] error: aborting due to 1 previous error
[INFO] [stdout] 
[INFO] [stdout] For more information about this error, try `rustc --explain E0432`.
[INFO] [stdout] Couldn't compile the test.
[INFO] [stdout] ---- src/lib.rs - __mod (line 688) stdout ----
[INFO] [stdout] error[E0432]: unresolved import `procmacro`
[INFO] [stdout]  --> src/lib.rs:689:5
[INFO] [stdout]   |
[INFO] [stdout] 3 | use procmacro::__mod;
[INFO] [stdout]   |     ^^^^^^^^^ use of undeclared crate or module `procmacro`
[INFO] [stdout]   |
[INFO] [stdout] help: there is a crate or module with a similar name
[INFO] [stdout]   |
[INFO] [stdout] 3 | use proc_macro::__mod;
[INFO] [stdout]   |     ~~~~~~~~~~
[INFO] [stdout] 
[INFO] [stdout] error: aborting due to 1 previous error
[INFO] [stdout] 
[INFO] [stdout] For more information about this error, try `rustc --explain E0432`.
[INFO] [stdout] Couldn't compile the test.
[INFO] [stdout] ---- src/lib.rs - __concat_idents (line 633) stdout ----
[INFO] [stdout] error[E0432]: unresolved import `procmacro`
[INFO] [stdout]  --> src/lib.rs:634:5
[INFO] [stdout]   |
[INFO] [stdout] 3 | use procmacro::__concat_idents;
[INFO] [stdout]   |     ^^^^^^^^^ use of undeclared crate or module `procmacro`
[INFO] [stdout]   |
[INFO] [stdout] help: there is a crate or module with a similar name
[INFO] [stdout]   |
[INFO] [stdout] 3 | use proc_macro::__concat_idents;
[INFO] [stdout]   |     ~~~~~~~~~~
[INFO] [stdout] 
[INFO] [stdout] error: aborting due to 1 previous error
[INFO] [stdout] 
[INFO] [stdout] For more information about this error, try `rustc --explain E0432`.
[INFO] [stdout] Couldn't compile the test.
[INFO] [stdout] ---- src/lib.rs - __static_expr (line 464) stdout ----
[INFO] [stdout] error[E0432]: unresolved import `procmacro`
[INFO] [stdout]  --> src/lib.rs:465:5
[INFO] [stdout]   |
[INFO] [stdout] 3 | use procmacro::__static_expr;
[INFO] [stdout]   |     ^^^^^^^^^ use of undeclared crate or module `procmacro`
[INFO] [stdout]   |
[INFO] [stdout] help: there is a crate or module with a similar name
[INFO] [stdout]   |
[INFO] [stdout] 3 | use proc_macro::__static_expr;
[INFO] [stdout]   |     ~~~~~~~~~~
[INFO] [stdout] 
[INFO] [stdout] error: aborting due to 1 previous error
[INFO] [stdout] 
[INFO] [stdout] For more information about this error, try `rustc --explain E0432`.
[INFO] [stdout] Couldn't compile the test.
[INFO] [stdout] ---- src/lib.rs - __static_asciiz_ident2 (line 285) stdout ----
[INFO] [stdout] error[E0432]: unresolved import `procmacro`
[INFO] [stdout]  --> src/lib.rs:286:5
[INFO] [stdout]   |
[INFO] [stdout] 3 | use procmacro::__static_asciiz_ident2;
[INFO] [stdout]   |     ^^^^^^^^^ use of undeclared crate or module `procmacro`
[INFO] [stdout]   |
[INFO] [stdout] help: there is a crate or module with a similar name
[INFO] [stdout]   |
[INFO] [stdout] 3 | use proc_macro::__static_asciiz_ident2;
[INFO] [stdout]   |     ~~~~~~~~~~
[INFO] [stdout] 
[INFO] [stdout] error: aborting due to 1 previous error
[INFO] [stdout] 
[INFO] [stdout] For more information about this error, try `rustc --explain E0432`.
[INFO] [stdout] Couldn't compile the test.
[INFO] [stdout] ---- src/lib.rs - __static_expr3 (line 512) stdout ----
[INFO] [stdout] error[E0432]: unresolved import `procmacro`
[INFO] [stdout]  --> src/lib.rs:513:5
[INFO] [stdout]   |
[INFO] [stdout] 3 | use procmacro::__static_expr3;
[INFO] [stdout]   |     ^^^^^^^^^ use of undeclared crate or module `procmacro`
[INFO] [stdout]   |
[INFO] [stdout] help: there is a crate or module with a similar name
[INFO] [stdout]   |
[INFO] [stdout] 3 | use proc_macro::__static_expr3;
[INFO] [stdout]   |     ~~~~~~~~~~
[INFO] [stdout] 
[INFO] [stdout] error: aborting due to 1 previous error
[INFO] [stdout] 
[INFO] [stdout] For more information about this error, try `rustc --explain E0432`.
[INFO] [stdout] Couldn't compile the test.
[INFO] [stdout] ---- src/lib.rs - __static_asciiz_ident_as_type_encoding (line 404) stdout ----
[INFO] [stdout] error[E0432]: unresolved import `procmacro`
[INFO] [stdout]  --> src/lib.rs:405:5
[INFO] [stdout]   |
[INFO] [stdout] 3 | use procmacro::__static_asciiz_ident_as_type_encoding;
[INFO] [stdout]   |     ^^^^^^^^^ use of undeclared crate or module `procmacro`
[INFO] [stdout]   |
[INFO] [stdout] help: there is a crate or module with a similar name
[INFO] [stdout]   |
[INFO] [stdout] 3 | use proc_macro::__static_asciiz_ident_as_type_encoding;
[INFO] [stdout]   |     ~~~~~~~~~~
[INFO] [stdout] 
[INFO] [stdout] error: aborting due to 1 previous error
[INFO] [stdout] 
[INFO] [stdout] For more information about this error, try `rustc --explain E0432`.
[INFO] [stdout] Couldn't compile the test.
[INFO] [stdout] ---- src/lib.rs - __static_extern (line 569) stdout ----
[INFO] [stdout] error[E0432]: unresolved import `procmacro`
[INFO] [stdout]  --> src/lib.rs:570:5
[INFO] [stdout]   |
[INFO] [stdout] 3 | use procmacro::__static_extern;
[INFO] [stdout]   |     ^^^^^^^^^ use of undeclared crate or module `procmacro`
[INFO] [stdout]   |
[INFO] [stdout] help: there is a crate or module with a similar name
[INFO] [stdout]   |
[INFO] [stdout] 3 | use proc_macro::__static_extern;
[INFO] [stdout]   |     ~~~~~~~~~~
[INFO] [stdout] 
[INFO] [stdout] error: aborting due to 1 previous error
[INFO] [stdout] 
[INFO] [stdout] For more information about this error, try `rustc --explain E0432`.
[INFO] [stdout] Couldn't compile the test.
[INFO] [stdout] ---- src/lib.rs - objc_nsstring (line 193) stdout ----
[INFO] [stdout] error[E0432]: unresolved import `procmacro`
[INFO] [stdout]   --> src/lib.rs:202:5
[INFO] [stdout]    |
[INFO] [stdout] 10 | use procmacro::objc_nsstring;
[INFO] [stdout]    |     ^^^^^^^^^ use of undeclared crate or module `procmacro`
[INFO] [stdout]    |
[INFO] [stdout] help: there is a crate or module with a similar name
[INFO] [stdout]    |
[INFO] [stdout] 10 | use proc_macro::objc_nsstring;
[INFO] [stdout]    |     ~~~~~~~~~~
[INFO] [stdout] 
[INFO] [stdout] error: aborting due to 1 previous error
[INFO] [stdout] 
[INFO] [stdout] For more information about this error, try `rustc --explain E0432`.
[INFO] [stdout] Couldn't compile the test.
[INFO] [stdout] ---- src/lib.rs - _objc_selector_decl (line 19) stdout ----
[INFO] [stdout] error[E0432]: unresolved import `procmacro`
[INFO] [stdout]  --> src/lib.rs:22:5
[INFO] [stdout]   |
[INFO] [stdout] 4 | use procmacro::_objc_selector_decl;
[INFO] [stdout]   |     ^^^^^^^^^ use of undeclared crate or module `procmacro`
[INFO] [stdout]   |
[INFO] [stdout] help: there is a crate or module with a similar name
[INFO] [stdout]   |
[INFO] [stdout] 4 | use proc_macro::_objc_selector_decl;
[INFO] [stdout]   |     ~~~~~~~~~~
[INFO] [stdout] 
[INFO] [stdout] error: aborting due to 1 previous error
[INFO] [stdout] 
[INFO] [stdout] For more information about this error, try `rustc --explain E0432`.
[INFO] [stdout] Couldn't compile the test.
[INFO] [stdout] ---- src/lib.rs - __use (line 727) stdout ----
[INFO] [stdout] error[E0432]: unresolved import `procmacro`
[INFO] [stdout]  --> src/lib.rs:731:5
[INFO] [stdout]   |
[INFO] [stdout] 6 | use procmacro::__use;
[INFO] [stdout]   |     ^^^^^^^^^ use of undeclared crate or module `procmacro`
[INFO] [stdout]   |
[INFO] [stdout] help: there is a crate or module with a similar name
[INFO] [stdout]   |
[INFO] [stdout] 6 | use proc_macro::__use;
[INFO] [stdout]   |     ~~~~~~~~~~
[INFO] [stdout] 
[INFO] [stdout] error: aborting due to 1 previous error
[INFO] [stdout] 
[INFO] [stdout] For more information about this error, try `rustc --explain E0432`.
[INFO] [stdout] Couldn't compile the test.
[INFO] [stdout] ---- src/lib.rs - __type_declr (line 814) stdout ----
[INFO] [stdout] error[E0432]: unresolved import `procmacro`
[INFO] [stdout]  --> src/lib.rs:815:5
[INFO] [stdout]   |
[INFO] [stdout] 3 | use procmacro::__type_declr;
[INFO] [stdout]   |     ^^^^^^^^^ use of undeclared crate or module `procmacro`
[INFO] [stdout]   |
[INFO] [stdout] help: there is a crate or module with a similar name
[INFO] [stdout]   |
[INFO] [stdout] 3 | use proc_macro::__type_declr;
[INFO] [stdout]   |     ~~~~~~~~~~
[INFO] [stdout] 
[INFO] [stdout] error[E0412]: cannot find type `PrefixIdentifier` in this scope
[INFO] [stdout]  --> src/lib.rs:818:8
[INFO] [stdout]   |
[INFO] [stdout] 6 | let a: PrefixIdentifier = 0;
[INFO] [stdout]   |        ^^^^^^^^^^^^^^^^ not found in this scope
[INFO] [stdout] 
[INFO] [stdout] error: aborting due to 2 previous errors
[INFO] [stdout] 
[INFO] [stdout] Some errors have detailed explanations: E0412, E0432.
[INFO] [stdout] For more information about an error, try `rustc --explain E0412`.
[INFO] [stdout] Couldn't compile the test.
[INFO] [stdout] ---- src/lib.rs - _objc_selector_impl (line 58) stdout ----
[INFO] [stdout] error[E0432]: unresolved import `procmacro`
[INFO] [stdout]  --> src/lib.rs:59:5
[INFO] [stdout]   |
[INFO] [stdout] 2 | use procmacro::_objc_selector_impl;
[INFO] [stdout]   |     ^^^^^^^^^ use of undeclared crate or module `procmacro`
[INFO] [stdout]   |
[INFO] [stdout] help: there is a crate or module with a similar name
[INFO] [stdout]   |
[INFO] [stdout] 2 | use proc_macro::_objc_selector_impl;
[INFO] [stdout]   |     ~~~~~~~~~~
[INFO] [stdout] 
[INFO] [stdout] error[E0046]: not all trait items implemented, missing: `selector`
[INFO] [stdout]   --> src/lib.rs:69:1
[INFO] [stdout]    |
[INFO] [stdout] 10 | trait ExampleT{ unsafe fn selector() -> ::objr::bindings::Sel; }
[INFO] [stdout]    |                 ---------------------------------------------- `selector` from trait
[INFO] [stdout] 11 | struct ExampleS;
[INFO] [stdout] 12 | impl ExampleT for ExampleS {
[INFO] [stdout]    | ^^^^^^^^^^^^^^^^^^^^^^^^^^ missing `selector` in implementation
[INFO] [stdout] 
[INFO] [stdout] error: aborting due to 2 previous errors
[INFO] [stdout] 
[INFO] [stdout] Some errors have detailed explanations: E0046, E0432.
[INFO] [stdout] For more information about an error, try `rustc --explain E0046`.
[INFO] [stdout] Couldn't compile the test.
[INFO] [stdout] 
[INFO] [stdout] failures:
[INFO] [stdout]     src/lib.rs - __concat_idents (line 633)
[INFO] [stdout]     src/lib.rs - __count (line 612)
[INFO] [stdout]     src/lib.rs - __mod (line 688)
[INFO] [stdout]     src/lib.rs - __objc_implement_class (line 141)
[INFO] [stdout]     src/lib.rs - __parse_declaration_to_sel (line 792)
[INFO] [stdout]     src/lib.rs - __static_asciiz (line 226)
[INFO] [stdout]     src/lib.rs - __static_asciiz_ident2 (line 285)
[INFO] [stdout]     src/lib.rs - __static_asciiz_ident_as_selector (line 343)
[INFO] [stdout]     src/lib.rs - __static_asciiz_ident_as_type_encoding (line 404)
[INFO] [stdout]     src/lib.rs - __static_expr (line 464)
[INFO] [stdout]     src/lib.rs - __static_expr3 (line 512)
[INFO] [stdout]     src/lib.rs - __static_extern (line 569)
[INFO] [stdout]     src/lib.rs - __type_declr (line 814)
[INFO] [stdout]     src/lib.rs - __use (line 727)
[INFO] [stdout]     src/lib.rs - _objc_selector_decl (line 19)
[INFO] [stdout]     src/lib.rs - _objc_selector_impl (line 58)
[INFO] [stdout]     src/lib.rs - objc_nsstring (line 193)
[INFO] [stdout] 
[INFO] [stdout] test result: FAILED. 10 passed; 17 failed; 0 ignored; 0 measured; 0 filtered out; finished in 1.29s
[INFO] [stdout] 
[INFO] [stderr] error: doctest failed, to rerun pass `--doc`
[INFO] running `Command { std: "docker" "inspect" "b9a3ad2b90634be7222b83c1feba36771fde688aaa59f94919182f981852b279", kill_on_drop: false }`
[INFO] running `Command { std: "docker" "rm" "-f" "b9a3ad2b90634be7222b83c1feba36771fde688aaa59f94919182f981852b279", kill_on_drop: false }`
[INFO] [stdout] b9a3ad2b90634be7222b83c1feba36771fde688aaa59f94919182f981852b279
