[INFO] fetching crate null_fn 0.1.1...
[INFO] testing null_fn-0.1.1 against beta-2024-12-08 for beta-1.84.0-4-retry
[INFO] extracting crate null_fn 0.1.1 into /workspace/builds/worker-3-tc2/source
[INFO] validating manifest of crates.io crate null_fn 0.1.1 on toolchain beta-2024-12-08
[INFO] running `Command { std: CARGO_HOME="/workspace/cargo-home" RUSTUP_HOME="/workspace/rustup-home" "/workspace/cargo-home/bin/cargo" "+beta-2024-12-08" "metadata" "--manifest-path" "Cargo.toml" "--no-deps", kill_on_drop: false }`
[INFO] started tweaking crates.io crate null_fn 0.1.1
[INFO] finished tweaking crates.io crate null_fn 0.1.1
[INFO] tweaked toml for crates.io crate null_fn 0.1.1 written to /workspace/builds/worker-3-tc2/source/Cargo.toml
[INFO] running `Command { std: CARGO_HOME="/workspace/cargo-home" RUSTUP_HOME="/workspace/rustup-home" "/workspace/cargo-home/bin/cargo" "+beta-2024-12-08" "generate-lockfile" "--manifest-path" "Cargo.toml", kill_on_drop: false }`
[INFO] [stderr]     Updating crates.io index
[INFO] [stderr]     Blocking waiting for file lock on package cache
[INFO] [stderr]      Locking 4 packages to latest compatible versions
[INFO] [stderr]       Adding syn v1.0.109 (available: v2.0.90)
[INFO] running `Command { std: CARGO_HOME="/workspace/cargo-home" RUSTUP_HOME="/workspace/rustup-home" "/workspace/cargo-home/bin/cargo" "+beta-2024-12-08" "fetch" "--manifest-path" "Cargo.toml", kill_on_drop: false }`
[INFO] [stderr]     Blocking waiting for file lock on package cache
[INFO] running `Command { std: "docker" "create" "-v" "/var/lib/crater-agent-workspace/builds/worker-3-tc2/target:/opt/rustwide/target:rw,Z" "-v" "/var/lib/crater-agent-workspace/builds/worker-3-tc2/source:/opt/rustwide/workdir:ro,Z" "-v" "/var/lib/crater-agent-workspace/cargo-home:/opt/rustwide/cargo-home:ro,Z" "-v" "/var/lib/crater-agent-workspace/rustup-home:/opt/rustwide/rustup-home:ro,Z" "-e" "SOURCE_DIR=/opt/rustwide/workdir" "-e" "CARGO_TARGET_DIR=/opt/rustwide/target" "-e" "CARGO_HOME=/opt/rustwide/cargo-home" "-e" "RUSTUP_HOME=/opt/rustwide/rustup-home" "-w" "/opt/rustwide/workdir" "-m" "1610612736" "--user" "0:0" "--network" "none" "ghcr.io/rust-lang/crates-build-env/linux@sha256:f3a9d4ad9d972b27faf3965f35b62e55ba32bbce8f20bc8fe909558a86702fde" "/opt/rustwide/cargo-home/bin/cargo" "+beta-2024-12-08" "metadata" "--no-deps" "--format-version=1", kill_on_drop: false }`
[INFO] [stdout] ef72568d9ab2601c8a565ad00d7794c80b1189deae0113e8990c1e5130ceab57
[INFO] running `Command { std: "docker" "start" "-a" "ef72568d9ab2601c8a565ad00d7794c80b1189deae0113e8990c1e5130ceab57", kill_on_drop: false }`
[INFO] running `Command { std: "docker" "inspect" "ef72568d9ab2601c8a565ad00d7794c80b1189deae0113e8990c1e5130ceab57", kill_on_drop: false }`
[INFO] running `Command { std: "docker" "rm" "-f" "ef72568d9ab2601c8a565ad00d7794c80b1189deae0113e8990c1e5130ceab57", kill_on_drop: false }`
[INFO] [stdout] ef72568d9ab2601c8a565ad00d7794c80b1189deae0113e8990c1e5130ceab57
[INFO] running `Command { std: "docker" "create" "-v" "/var/lib/crater-agent-workspace/builds/worker-3-tc2/target:/opt/rustwide/target:rw,Z" "-v" "/var/lib/crater-agent-workspace/builds/worker-3-tc2/source:/opt/rustwide/workdir:ro,Z" "-v" "/var/lib/crater-agent-workspace/cargo-home:/opt/rustwide/cargo-home:ro,Z" "-v" "/var/lib/crater-agent-workspace/rustup-home:/opt/rustwide/rustup-home:ro,Z" "-e" "SOURCE_DIR=/opt/rustwide/workdir" "-e" "CARGO_TARGET_DIR=/opt/rustwide/target" "-e" "CARGO_INCREMENTAL=0" "-e" "RUST_BACKTRACE=full" "-e" "RUSTFLAGS=--cap-lints=warn" "-e" "RUSTDOCFLAGS=--cap-lints=warn" "-e" "CARGO_HOME=/opt/rustwide/cargo-home" "-e" "RUSTUP_HOME=/opt/rustwide/rustup-home" "-w" "/opt/rustwide/workdir" "-m" "1610612736" "--user" "0:0" "--network" "none" "ghcr.io/rust-lang/crates-build-env/linux@sha256:f3a9d4ad9d972b27faf3965f35b62e55ba32bbce8f20bc8fe909558a86702fde" "/opt/rustwide/cargo-home/bin/cargo" "+beta-2024-12-08" "build" "--frozen" "--message-format=json", kill_on_drop: false }`
[INFO] [stdout] 48c6af37b15508da1359f917027c553c80650eeabe13371b6627ed91ac0e75bc
[INFO] running `Command { std: "docker" "start" "-a" "48c6af37b15508da1359f917027c553c80650eeabe13371b6627ed91ac0e75bc", kill_on_drop: false }`
[INFO] [stderr]    Compiling syn v1.0.109
[INFO] [stderr]    Compiling null_fn v0.1.1 (/opt/rustwide/workdir)
[INFO] [stderr]     Finished `dev` profile [unoptimized + debuginfo] target(s) in 4.30s
[INFO] running `Command { std: "docker" "inspect" "48c6af37b15508da1359f917027c553c80650eeabe13371b6627ed91ac0e75bc", kill_on_drop: false }`
[INFO] running `Command { std: "docker" "rm" "-f" "48c6af37b15508da1359f917027c553c80650eeabe13371b6627ed91ac0e75bc", kill_on_drop: false }`
[INFO] [stdout] 48c6af37b15508da1359f917027c553c80650eeabe13371b6627ed91ac0e75bc
[INFO] running `Command { std: "docker" "create" "-v" "/var/lib/crater-agent-workspace/builds/worker-3-tc2/target:/opt/rustwide/target:rw,Z" "-v" "/var/lib/crater-agent-workspace/builds/worker-3-tc2/source:/opt/rustwide/workdir:ro,Z" "-v" "/var/lib/crater-agent-workspace/cargo-home:/opt/rustwide/cargo-home:ro,Z" "-v" "/var/lib/crater-agent-workspace/rustup-home:/opt/rustwide/rustup-home:ro,Z" "-e" "SOURCE_DIR=/opt/rustwide/workdir" "-e" "CARGO_TARGET_DIR=/opt/rustwide/target" "-e" "CARGO_INCREMENTAL=0" "-e" "RUST_BACKTRACE=full" "-e" "RUSTFLAGS=--cap-lints=warn" "-e" "RUSTDOCFLAGS=--cap-lints=warn" "-e" "CARGO_HOME=/opt/rustwide/cargo-home" "-e" "RUSTUP_HOME=/opt/rustwide/rustup-home" "-w" "/opt/rustwide/workdir" "-m" "1610612736" "--user" "0:0" "--network" "none" "ghcr.io/rust-lang/crates-build-env/linux@sha256:f3a9d4ad9d972b27faf3965f35b62e55ba32bbce8f20bc8fe909558a86702fde" "/opt/rustwide/cargo-home/bin/cargo" "+beta-2024-12-08" "test" "--frozen" "--no-run" "--message-format=json", kill_on_drop: false }`
[INFO] [stdout] e8193ebfcbb28d8860242ef393b4872b7357530aaa311aeea6c1f9fd63a0043d
[INFO] running `Command { std: "docker" "start" "-a" "e8193ebfcbb28d8860242ef393b4872b7357530aaa311aeea6c1f9fd63a0043d", kill_on_drop: false }`
[INFO] [stderr]    Compiling null_fn v0.1.1 (/opt/rustwide/workdir)
[INFO] [stderr]     Finished `test` profile [unoptimized + debuginfo] target(s) in 0.61s
[INFO] running `Command { std: "docker" "inspect" "e8193ebfcbb28d8860242ef393b4872b7357530aaa311aeea6c1f9fd63a0043d", kill_on_drop: false }`
[INFO] running `Command { std: "docker" "rm" "-f" "e8193ebfcbb28d8860242ef393b4872b7357530aaa311aeea6c1f9fd63a0043d", kill_on_drop: false }`
[INFO] [stdout] e8193ebfcbb28d8860242ef393b4872b7357530aaa311aeea6c1f9fd63a0043d
[INFO] running `Command { std: "docker" "create" "-v" "/var/lib/crater-agent-workspace/builds/worker-3-tc2/target:/opt/rustwide/target:rw,Z" "-v" "/var/lib/crater-agent-workspace/builds/worker-3-tc2/source:/opt/rustwide/workdir:ro,Z" "-v" "/var/lib/crater-agent-workspace/cargo-home:/opt/rustwide/cargo-home:ro,Z" "-v" "/var/lib/crater-agent-workspace/rustup-home:/opt/rustwide/rustup-home:ro,Z" "-e" "SOURCE_DIR=/opt/rustwide/workdir" "-e" "CARGO_TARGET_DIR=/opt/rustwide/target" "-e" "CARGO_INCREMENTAL=0" "-e" "RUST_BACKTRACE=full" "-e" "RUSTFLAGS=--cap-lints=warn" "-e" "RUSTDOCFLAGS=--cap-lints=warn" "-e" "CARGO_HOME=/opt/rustwide/cargo-home" "-e" "RUSTUP_HOME=/opt/rustwide/rustup-home" "-w" "/opt/rustwide/workdir" "-m" "1610612736" "--user" "0:0" "--network" "none" "ghcr.io/rust-lang/crates-build-env/linux@sha256:f3a9d4ad9d972b27faf3965f35b62e55ba32bbce8f20bc8fe909558a86702fde" "/opt/rustwide/cargo-home/bin/cargo" "+beta-2024-12-08" "test" "--frozen", kill_on_drop: false }`
[INFO] [stdout] 1a7b96e80759eb85db9b88b8f802326abbad1a92c1fcf6cab027c39cfbac026d
[INFO] running `Command { std: "docker" "start" "-a" "1a7b96e80759eb85db9b88b8f802326abbad1a92c1fcf6cab027c39cfbac026d", kill_on_drop: false }`
[INFO] [stderr]     Finished `test` profile [unoptimized + debuginfo] target(s) in 0.02s
[INFO] [stderr]      Running unittests src/lib.rs (/opt/rustwide/target/debug/deps/null_fn-4d7dfa552652def4)
[INFO] [stdout] 
[INFO] [stdout] running 0 tests
[INFO] [stdout] 
[INFO] [stdout] test result: ok. 0 passed; 0 failed; 0 ignored; 0 measured; 0 filtered out; finished in 0.00s
[INFO] [stdout] 
[INFO] [stderr]    Doc-tests null_fn
[INFO] [stdout] 
[INFO] [stdout] running 2 tests
[INFO] [stdout] test src/lib.rs - (line 11) ... FAILED
[INFO] [stdout] test src/lib.rs - null_fn (line 19) ... FAILED
[INFO] [stdout] 
[INFO] [stdout] failures:
[INFO] [stdout] 
[INFO] [stdout] ---- src/lib.rs - (line 11) stdout ----
[INFO] [stdout] error: expected expression, found `;`
[INFO] [stdout]   --> src/lib.rs:22:89
[INFO] [stdout]    |
[INFO] [stdout] 13 |         UTIL_PlayerByUserId = /* magically find the pointer to the function; sigscan? */;
[INFO] [stdout]    |                                                                                         ^ expected expression
[INFO] [stdout] 
[INFO] [stdout] error[E0428]: the name `UTIL_PlayerByUserId` is defined multiple times
[INFO] [stdout]  --> src/lib.rs:16:1
[INFO] [stdout]   |
[INFO] [stdout] 4 | static mut UTIL_PlayerByUserId: unsafe extern "C" fn(userid: i32) -> *mut c_void = unsafe { std::mem::transmute::<*const (), _>(std::ptr:...
[INFO] [stdout]   | ----------------------------------------------------------------------------------------- previous definition of the value `UTIL_PlayerByUserId` here
[INFO] [stdout] ...
[INFO] [stdout] 7 | static mut UTIL_PlayerByUserId: unsafe extern "C" fn(userid: i32) -> *mut c_void = std::ptr::null(); // works!
[INFO] [stdout]   | ^^^^^^^^^^^^^^^^^^^^^^^^^^^^^^^^^^^^^^^^^^^^^^^^^^^^^^^^^^^^^^^^^^^^^^^^^^^^^^^^^^^^^^^^^^^^^^^^^^^^ `UTIL_PlayerByUserId` redefined here
[INFO] [stdout]   |
[INFO] [stdout]   = note: `UTIL_PlayerByUserId` must be defined only once in the value namespace of this module
[INFO] [stdout] 
[INFO] [stdout] error: cannot find attribute `null_fn` in this scope
[INFO] [stdout]  --> src/lib.rs:15:3
[INFO] [stdout]   |
[INFO] [stdout] 6 | #[null_fn]
[INFO] [stdout]   |   ^^^^^^^
[INFO] [stdout]   |
[INFO] [stdout] note: `null_fn` is imported here, but it is a crate, not an attribute
[INFO] [stdout]  --> src/lib.rs:12:1
[INFO] [stdout]   |
[INFO] [stdout] 3 | extern crate r#null_fn;
[INFO] [stdout]   | ^^^^^^^^^^^^^^^^^^^^^^^
[INFO] [stdout] help: consider importing this attribute macro
[INFO] [stdout]   |
[INFO] [stdout] 2 + use null_fn::null_fn;
[INFO] [stdout]   |
[INFO] [stdout] 
[INFO] [stdout] error[E0412]: cannot find type `c_void` in this scope
[INFO] [stdout]  --> src/lib.rs:13:75
[INFO] [stdout]   |
[INFO] [stdout] 4 | static mut UTIL_PlayerByUserId: unsafe extern "C" fn(userid: i32) -> *mut c_void = unsafe { std::mem::transmute::<*const (), _>(std::ptr:...
[INFO] [stdout]   |                                                                           ^^^^^^ not found in this scope
[INFO] [stdout]   |
[INFO] [stdout] help: consider importing one of these items
[INFO] [stdout]   |
[INFO] [stdout] 2 + use std::ffi::c_void;
[INFO] [stdout]   |
[INFO] [stdout] 2 + use std::os::raw::c_void;
[INFO] [stdout]   |
[INFO] [stdout] 2 + use core::ffi::c_void;
[INFO] [stdout]   |
[INFO] [stdout] 
[INFO] [stdout] error[E0412]: cannot find type `c_void` in this scope
[INFO] [stdout]  --> src/lib.rs:16:75
[INFO] [stdout]   |
[INFO] [stdout] 7 | static mut UTIL_PlayerByUserId: unsafe extern "C" fn(userid: i32) -> *mut c_void = std::ptr::null(); // works!
[INFO] [stdout]   |                                                                           ^^^^^^ not found in this scope
[INFO] [stdout]   |
[INFO] [stdout] help: consider importing one of these items
[INFO] [stdout]   |
[INFO] [stdout] 2 + use std::ffi::c_void;
[INFO] [stdout]   |
[INFO] [stdout] 2 + use std::os::raw::c_void;
[INFO] [stdout]   |
[INFO] [stdout] 2 + use core::ffi::c_void;
[INFO] [stdout]   |
[INFO] [stdout] 
[INFO] [stdout] error: aborting due to 5 previous errors
[INFO] [stdout] 
[INFO] [stdout] Some errors have detailed explanations: E0412, E0428.
[INFO] [stdout] For more information about an error, try `rustc --explain E0412`.
[INFO] [stdout] Couldn't compile the test.
[INFO] [stdout] ---- src/lib.rs - null_fn (line 19) stdout ----
[INFO] [stdout] error: expected expression, found `;`
[INFO] [stdout]   --> src/lib.rs:30:89
[INFO] [stdout]    |
[INFO] [stdout] 13 |         UTIL_PlayerByUserId = /* magically find the pointer to the function; sigscan? */;
[INFO] [stdout]    |                                                                                         ^ expected expression
[INFO] [stdout] 
[INFO] [stdout] error[E0428]: the name `UTIL_PlayerByUserId` is defined multiple times
[INFO] [stdout]  --> src/lib.rs:24:1
[INFO] [stdout]   |
[INFO] [stdout] 4 | static mut UTIL_PlayerByUserId: unsafe extern "C" fn(userid: i32) -> *mut c_void = unsafe { std::mem::transmute::<*const (), _>(std::ptr:...
[INFO] [stdout]   | ----------------------------------------------------------------------------------------- previous definition of the value `UTIL_PlayerByUserId` here
[INFO] [stdout] ...
[INFO] [stdout] 7 | static mut UTIL_PlayerByUserId: unsafe extern "C" fn(userid: i32) -> *mut c_void = std::ptr::null(); // works!
[INFO] [stdout]   | ^^^^^^^^^^^^^^^^^^^^^^^^^^^^^^^^^^^^^^^^^^^^^^^^^^^^^^^^^^^^^^^^^^^^^^^^^^^^^^^^^^^^^^^^^^^^^^^^^^^^ `UTIL_PlayerByUserId` redefined here
[INFO] [stdout]   |
[INFO] [stdout]   = note: `UTIL_PlayerByUserId` must be defined only once in the value namespace of this module
[INFO] [stdout] 
[INFO] [stdout] error: cannot find attribute `null_fn` in this scope
[INFO] [stdout]  --> src/lib.rs:23:3
[INFO] [stdout]   |
[INFO] [stdout] 6 | #[null_fn]
[INFO] [stdout]   |   ^^^^^^^
[INFO] [stdout]   |
[INFO] [stdout] note: `null_fn` is imported here, but it is a crate, not an attribute
[INFO] [stdout]  --> src/lib.rs:20:1
[INFO] [stdout]   |
[INFO] [stdout] 3 | extern crate r#null_fn;
[INFO] [stdout]   | ^^^^^^^^^^^^^^^^^^^^^^^
[INFO] [stdout] help: consider importing this attribute macro
[INFO] [stdout]   |
[INFO] [stdout] 2 + use null_fn::null_fn;
[INFO] [stdout]   |
[INFO] [stdout] 
[INFO] [stdout] error[E0412]: cannot find type `c_void` in this scope
[INFO] [stdout]  --> src/lib.rs:21:75
[INFO] [stdout]   |
[INFO] [stdout] 4 | static mut UTIL_PlayerByUserId: unsafe extern "C" fn(userid: i32) -> *mut c_void = unsafe { std::mem::transmute::<*const (), _>(std::ptr:...
[INFO] [stdout]   |                                                                           ^^^^^^ not found in this scope
[INFO] [stdout]   |
[INFO] [stdout] help: consider importing one of these items
[INFO] [stdout]   |
[INFO] [stdout] 2 + use std::ffi::c_void;
[INFO] [stdout]   |
[INFO] [stdout] 2 + use std::os::raw::c_void;
[INFO] [stdout]   |
[INFO] [stdout] 2 + use core::ffi::c_void;
[INFO] [stdout]   |
[INFO] [stdout] 
[INFO] [stdout] error[E0412]: cannot find type `c_void` in this scope
[INFO] [stdout]  --> src/lib.rs:24:75
[INFO] [stdout]   |
[INFO] [stdout] 7 | static mut UTIL_PlayerByUserId: unsafe extern "C" fn(userid: i32) -> *mut c_void = std::ptr::null(); // works!
[INFO] [stdout]   |                                                                           ^^^^^^ not found in this scope
[INFO] [stdout]   |
[INFO] [stdout] help: consider importing one of these items
[INFO] [stdout]   |
[INFO] [stdout] 2 + use std::ffi::c_void;
[INFO] [stdout]   |
[INFO] [stdout] 2 + use std::os::raw::c_void;
[INFO] [stdout]   |
[INFO] [stdout] 2 + use core::ffi::c_void;
[INFO] [stdout]   |
[INFO] [stdout] 
[INFO] [stdout] error: aborting due to 5 previous errors
[INFO] [stdout] 
[INFO] [stdout] Some errors have detailed explanations: E0412, E0428.
[INFO] [stdout] For more information about an error, try `rustc --explain E0412`.
[INFO] [stdout] Couldn't compile the test.
[INFO] [stdout] 
[INFO] [stdout] failures:
[INFO] [stdout]     src/lib.rs - (line 11)
[INFO] [stdout]     src/lib.rs - null_fn (line 19)
[INFO] [stdout] 
[INFO] [stdout] test result: FAILED. 0 passed; 2 failed; 0 ignored; 0 measured; 0 filtered out; finished in 0.14s
[INFO] [stdout] 
[INFO] [stderr] error: doctest failed, to rerun pass `--doc`
[INFO] running `Command { std: "docker" "inspect" "1a7b96e80759eb85db9b88b8f802326abbad1a92c1fcf6cab027c39cfbac026d", kill_on_drop: false }`
[INFO] running `Command { std: "docker" "rm" "-f" "1a7b96e80759eb85db9b88b8f802326abbad1a92c1fcf6cab027c39cfbac026d", kill_on_drop: false }`
[INFO] [stdout] 1a7b96e80759eb85db9b88b8f802326abbad1a92c1fcf6cab027c39cfbac026d
