[INFO] fetching crate nject-macro 0.4.4...
[INFO] testing nject-macro-0.4.4 against 1.83.0 for beta-1.84.0-4-retry
[INFO] extracting crate nject-macro 0.4.4 into /workspace/builds/worker-6-tc1/source
[INFO] validating manifest of crates.io crate nject-macro 0.4.4 on toolchain 1.83.0
[INFO] running `Command { std: CARGO_HOME="/workspace/cargo-home" RUSTUP_HOME="/workspace/rustup-home" "/workspace/cargo-home/bin/cargo" "+1.83.0" "metadata" "--manifest-path" "Cargo.toml" "--no-deps", kill_on_drop: false }`
[INFO] started tweaking crates.io crate nject-macro 0.4.4
[INFO] finished tweaking crates.io crate nject-macro 0.4.4
[INFO] tweaked toml for crates.io crate nject-macro 0.4.4 written to /workspace/builds/worker-6-tc1/source/Cargo.toml
[INFO] running `Command { std: CARGO_HOME="/workspace/cargo-home" RUSTUP_HOME="/workspace/rustup-home" "/workspace/cargo-home/bin/cargo" "+1.83.0" "generate-lockfile" "--manifest-path" "Cargo.toml", kill_on_drop: false }`
[INFO] [stderr]     Updating crates.io index
[INFO] [stderr]      Locking 4 packages to latest compatible versions
[INFO] running `Command { std: CARGO_HOME="/workspace/cargo-home" RUSTUP_HOME="/workspace/rustup-home" "/workspace/cargo-home/bin/cargo" "+1.83.0" "fetch" "--manifest-path" "Cargo.toml", kill_on_drop: false }`
[INFO] running `Command { std: "docker" "create" "-v" "/var/lib/crater-agent-workspace/builds/worker-6-tc1/target:/opt/rustwide/target:rw,Z" "-v" "/var/lib/crater-agent-workspace/builds/worker-6-tc1/source:/opt/rustwide/workdir:ro,Z" "-v" "/var/lib/crater-agent-workspace/cargo-home:/opt/rustwide/cargo-home:ro,Z" "-v" "/var/lib/crater-agent-workspace/rustup-home:/opt/rustwide/rustup-home:ro,Z" "-e" "SOURCE_DIR=/opt/rustwide/workdir" "-e" "CARGO_TARGET_DIR=/opt/rustwide/target" "-e" "CARGO_HOME=/opt/rustwide/cargo-home" "-e" "RUSTUP_HOME=/opt/rustwide/rustup-home" "-w" "/opt/rustwide/workdir" "-m" "1610612736" "--user" "0:0" "--network" "none" "ghcr.io/rust-lang/crates-build-env/linux@sha256:f3a9d4ad9d972b27faf3965f35b62e55ba32bbce8f20bc8fe909558a86702fde" "/opt/rustwide/cargo-home/bin/cargo" "+1.83.0" "metadata" "--no-deps" "--format-version=1", kill_on_drop: false }`
[INFO] [stdout] 5b96799e9c8a647fe6eba1fdd99f21948549057cafdabcf490574192a51b98d8
[INFO] running `Command { std: "docker" "start" "-a" "5b96799e9c8a647fe6eba1fdd99f21948549057cafdabcf490574192a51b98d8", kill_on_drop: false }`
[INFO] running `Command { std: "docker" "inspect" "5b96799e9c8a647fe6eba1fdd99f21948549057cafdabcf490574192a51b98d8", kill_on_drop: false }`
[INFO] running `Command { std: "docker" "rm" "-f" "5b96799e9c8a647fe6eba1fdd99f21948549057cafdabcf490574192a51b98d8", kill_on_drop: false }`
[INFO] [stdout] 5b96799e9c8a647fe6eba1fdd99f21948549057cafdabcf490574192a51b98d8
[INFO] running `Command { std: "docker" "create" "-v" "/var/lib/crater-agent-workspace/builds/worker-6-tc1/target:/opt/rustwide/target:rw,Z" "-v" "/var/lib/crater-agent-workspace/builds/worker-6-tc1/source:/opt/rustwide/workdir:ro,Z" "-v" "/var/lib/crater-agent-workspace/cargo-home:/opt/rustwide/cargo-home:ro,Z" "-v" "/var/lib/crater-agent-workspace/rustup-home:/opt/rustwide/rustup-home:ro,Z" "-e" "SOURCE_DIR=/opt/rustwide/workdir" "-e" "CARGO_TARGET_DIR=/opt/rustwide/target" "-e" "CARGO_INCREMENTAL=0" "-e" "RUST_BACKTRACE=full" "-e" "RUSTFLAGS=--cap-lints=warn" "-e" "RUSTDOCFLAGS=--cap-lints=warn" "-e" "CARGO_HOME=/opt/rustwide/cargo-home" "-e" "RUSTUP_HOME=/opt/rustwide/rustup-home" "-w" "/opt/rustwide/workdir" "-m" "1610612736" "--user" "0:0" "--network" "none" "ghcr.io/rust-lang/crates-build-env/linux@sha256:f3a9d4ad9d972b27faf3965f35b62e55ba32bbce8f20bc8fe909558a86702fde" "/opt/rustwide/cargo-home/bin/cargo" "+1.83.0" "build" "--frozen" "--message-format=json", kill_on_drop: false }`
[INFO] [stdout] 397d40311cf2ed4ae62b0ad4d519885d23e610aa70dde52701ee697fe66f36c8
[INFO] running `Command { std: "docker" "start" "-a" "397d40311cf2ed4ae62b0ad4d519885d23e610aa70dde52701ee697fe66f36c8", kill_on_drop: false }`
[INFO] [stderr]    Compiling proc-macro2 v1.0.92
[INFO] [stderr]    Compiling unicode-ident v1.0.14
[INFO] [stderr]    Compiling nject-macro v0.4.4 (/opt/rustwide/workdir)
[INFO] [stderr]    Compiling quote v1.0.37
[INFO] [stderr]    Compiling syn v2.0.90
[INFO] [stderr]     Finished `dev` profile [unoptimized + debuginfo] target(s) in 9.94s
[INFO] running `Command { std: "docker" "inspect" "397d40311cf2ed4ae62b0ad4d519885d23e610aa70dde52701ee697fe66f36c8", kill_on_drop: false }`
[INFO] running `Command { std: "docker" "rm" "-f" "397d40311cf2ed4ae62b0ad4d519885d23e610aa70dde52701ee697fe66f36c8", kill_on_drop: false }`
[INFO] [stdout] 397d40311cf2ed4ae62b0ad4d519885d23e610aa70dde52701ee697fe66f36c8
[INFO] running `Command { std: "docker" "create" "-v" "/var/lib/crater-agent-workspace/builds/worker-6-tc1/target:/opt/rustwide/target:rw,Z" "-v" "/var/lib/crater-agent-workspace/builds/worker-6-tc1/source:/opt/rustwide/workdir:ro,Z" "-v" "/var/lib/crater-agent-workspace/cargo-home:/opt/rustwide/cargo-home:ro,Z" "-v" "/var/lib/crater-agent-workspace/rustup-home:/opt/rustwide/rustup-home:ro,Z" "-e" "SOURCE_DIR=/opt/rustwide/workdir" "-e" "CARGO_TARGET_DIR=/opt/rustwide/target" "-e" "CARGO_INCREMENTAL=0" "-e" "RUST_BACKTRACE=full" "-e" "RUSTFLAGS=--cap-lints=warn" "-e" "RUSTDOCFLAGS=--cap-lints=warn" "-e" "CARGO_HOME=/opt/rustwide/cargo-home" "-e" "RUSTUP_HOME=/opt/rustwide/rustup-home" "-w" "/opt/rustwide/workdir" "-m" "1610612736" "--user" "0:0" "--network" "none" "ghcr.io/rust-lang/crates-build-env/linux@sha256:f3a9d4ad9d972b27faf3965f35b62e55ba32bbce8f20bc8fe909558a86702fde" "/opt/rustwide/cargo-home/bin/cargo" "+1.83.0" "test" "--frozen" "--no-run" "--message-format=json", kill_on_drop: false }`
[INFO] [stdout] b713fb9459df8e43333db6309c17563d1e0b99a35b0d9d44e8da0f929a1103b0
[INFO] running `Command { std: "docker" "start" "-a" "b713fb9459df8e43333db6309c17563d1e0b99a35b0d9d44e8da0f929a1103b0", kill_on_drop: false }`
[INFO] [stderr]    Compiling nject-macro v0.4.4 (/opt/rustwide/workdir)
[INFO] [stderr]     Finished `test` profile [unoptimized + debuginfo] target(s) in 2.85s
[INFO] running `Command { std: "docker" "inspect" "b713fb9459df8e43333db6309c17563d1e0b99a35b0d9d44e8da0f929a1103b0", kill_on_drop: false }`
[INFO] running `Command { std: "docker" "rm" "-f" "b713fb9459df8e43333db6309c17563d1e0b99a35b0d9d44e8da0f929a1103b0", kill_on_drop: false }`
[INFO] [stdout] b713fb9459df8e43333db6309c17563d1e0b99a35b0d9d44e8da0f929a1103b0
[INFO] running `Command { std: "docker" "create" "-v" "/var/lib/crater-agent-workspace/builds/worker-6-tc1/target:/opt/rustwide/target:rw,Z" "-v" "/var/lib/crater-agent-workspace/builds/worker-6-tc1/source:/opt/rustwide/workdir:ro,Z" "-v" "/var/lib/crater-agent-workspace/cargo-home:/opt/rustwide/cargo-home:ro,Z" "-v" "/var/lib/crater-agent-workspace/rustup-home:/opt/rustwide/rustup-home:ro,Z" "-e" "SOURCE_DIR=/opt/rustwide/workdir" "-e" "CARGO_TARGET_DIR=/opt/rustwide/target" "-e" "CARGO_INCREMENTAL=0" "-e" "RUST_BACKTRACE=full" "-e" "RUSTFLAGS=--cap-lints=warn" "-e" "RUSTDOCFLAGS=--cap-lints=warn" "-e" "CARGO_HOME=/opt/rustwide/cargo-home" "-e" "RUSTUP_HOME=/opt/rustwide/rustup-home" "-w" "/opt/rustwide/workdir" "-m" "1610612736" "--user" "0:0" "--network" "none" "ghcr.io/rust-lang/crates-build-env/linux@sha256:f3a9d4ad9d972b27faf3965f35b62e55ba32bbce8f20bc8fe909558a86702fde" "/opt/rustwide/cargo-home/bin/cargo" "+1.83.0" "test" "--frozen", kill_on_drop: false }`
[INFO] [stdout] c648d824422a726ccb5030f85f67a4c98f2b9fd960d682d73123b572514194b1
[INFO] running `Command { std: "docker" "start" "-a" "c648d824422a726ccb5030f85f67a4c98f2b9fd960d682d73123b572514194b1", kill_on_drop: false }`
[INFO] [stderr]     Finished `test` profile [unoptimized + debuginfo] target(s) in 0.03s
[INFO] [stdout] 
[INFO] [stderr]      Running unittests src/lib.rs (/opt/rustwide/target/debug/deps/nject_macro-4b245cbb78f6191e)
[INFO] [stdout] running 7 tests
[INFO] [stdout] test core::encoding::base32::test::decode_with_encoded_data_should_return_decoded_data ... ok
[INFO] [stdout] test core::encoding::base32::test::encode_with_data_should_return_encoded_data ... ok
[INFO] [stdout] test core::encoding::base32::test::encode_with_data_should_return_decodable_string ... ok
[INFO] [stdout] test core::encoding::base64::tests::decode_with_encoded_data_should_return_decoded_data ... ok
[INFO] [stdout] test core::encoding::base64::tests::encode_with_data_should_return_decodable_string ... ok
[INFO] [stderr]    Doc-tests nject_macro
[INFO] [stdout] test core::encoding::base64::tests::encode_with_data_should_return_encoded_data ... ok
[INFO] [stdout] test core::hash::tests::fnv_with_data_should_return_corresponding_hash ... ok
[INFO] [stdout] 
[INFO] [stdout] test result: ok. 7 passed; 0 failed; 0 ignored; 0 measured; 0 filtered out; finished in 0.01s
[INFO] [stdout] 
[INFO] [stdout] 
[INFO] [stdout] running 14 tests
[INFO] [stdout] test src/../README.md - (line 369) ... FAILED
[INFO] [stdout] test src/../README.md - (line 301) ... FAILED
[INFO] [stdout] test src/../README.md - (line 40) ... FAILED
[INFO] [stdout] test src/../README.md - (line 190) ... FAILED
[INFO] [stdout] test src/../README.md - (line 131) ... FAILED
[INFO] [stdout] test src/../README.md - (line 65) ... FAILED
[INFO] [stdout] test src/../README.md - (line 416) ... FAILED
[INFO] [stdout] test src/../README.md - (line 151) ... FAILED
[INFO] [stdout] test src/../README.md - (line 234) ... FAILED
[INFO] [stdout] test src/../README.md - (line 88) ... FAILED
[INFO] [stdout] test src/lib.rs - injectable (line 39) ... FAILED
[INFO] [stdout] test src/lib.rs - inject (line 56) ... FAILED
[INFO] [stdout] test src/lib.rs - provider (line 81) ... FAILED
[INFO] [stdout] test src/lib.rs - module (line 112) ... FAILED
[INFO] [stdout] 
[INFO] [stdout] failures:
[INFO] [stdout] 
[INFO] [stdout] ---- src/../README.md - (line 369) stdout ----
[INFO] [stdout] error[E0432]: unresolved import `nject`
[INFO] [stdout]  --> src/../README.md:370:5
[INFO] [stdout]   |
[INFO] [stdout] 2 | use nject::{injectable, module, provider};
[INFO] [stdout]   |     ^^^^^ use of undeclared crate or module `nject`
[INFO] [stdout] 
[INFO] [stdout] error: cannot find attribute `scope` in this scope
[INFO] [stdout]   --> src/../README.md:397:3
[INFO] [stdout]    |
[INFO] [stdout] 29 | #[scope(ScopeDep)]
[INFO] [stdout]    |   ^^^^^
[INFO] [stdout] 
[INFO] [stdout] error: cannot find attribute `scope` in this scope
[INFO] [stdout]   --> src/../README.md:398:3
[INFO] [stdout]    |
[INFO] [stdout] 30 | #[scope(#[import] ScopeModule)]
[INFO] [stdout]    |   ^^^^^
[INFO] [stdout] 
[INFO] [stdout] error: cannot find attribute `scope` in this scope
[INFO] [stdout]   --> src/../README.md:399:3
[INFO] [stdout]    |
[INFO] [stdout] 31 | #[scope(other: #[arg] &'scope ScopeDep)]
[INFO] [stdout]    |   ^^^^^
[INFO] [stdout] 
[INFO] [stdout] error: cannot find attribute `scope` in this scope
[INFO] [stdout]   --> src/../README.md:400:3
[INFO] [stdout]    |
[INFO] [stdout] 32 | #[scope(other: #[arg] &'scope ModuleDep)]
[INFO] [stdout]    |   ^^^^^
[INFO] [stdout] 
[INFO] [stdout] error: cannot find attribute `provide` in this scope
[INFO] [stdout]   --> src/../README.md:401:19
[INFO] [stdout]    |
[INFO] [stdout] 33 | struct Provider(#[provide] RootDep);
[INFO] [stdout]    |                   ^^^^^^^
[INFO] [stdout] 
[INFO] [stdout] error: cannot find attribute `export` in this scope
[INFO] [stdout]   --> src/../README.md:378:7
[INFO] [stdout]    |
[INFO] [stdout] 10 |     #[export]
[INFO] [stdout]    |       ^^^^^^ help: a built-in attribute with a similar name exists: `expect`
[INFO] [stdout] 
[INFO] [stdout] error[E0599]: no method named `provide` found for struct `InitProvider` in the current scope
[INFO] [stdout]   --> src/../README.md:407:33
[INFO] [stdout]    |
[INFO] [stdout] 37 |     struct InitProvider;
[INFO] [stdout]    |     ------------------- method `provide` not found for this struct
[INFO] [stdout] 38 |
[INFO] [stdout] 39 |     let provider = InitProvider.provide::<Provider>();
[INFO] [stdout]    |                                 ^^^^^^^ method not found in `InitProvider`
[INFO] [stdout]    |
[INFO] [stdout]    = help: items from traits can only be used if the trait is implemented and in scope
[INFO] [stdout]    = note: the following trait defines an item `provide`, perhaps you need to implement it:
[INFO] [stdout]            candidate #1: `std::error::Error`
[INFO] [stdout] 
[INFO] [stdout] error: aborting due to 8 previous errors
[INFO] [stdout] 
[INFO] [stdout] Some errors have detailed explanations: E0432, E0599.
[INFO] [stdout] For more information about an error, try `rustc --explain E0432`.
[INFO] [stdout] Couldn't compile the test.
[INFO] [stdout] ---- src/../README.md - (line 301) stdout ----
[INFO] [stdout] error[E0432]: unresolved import `nject`
[INFO] [stdout]  --> src/../README.md:302:5
[INFO] [stdout]   |
[INFO] [stdout] 2 | use nject::{injectable, provider};
[INFO] [stdout]   |     ^^^^^ use of undeclared crate or module `nject`
[INFO] [stdout] 
[INFO] [stdout] error[E0432]: unresolved import `nject`
[INFO] [stdout]  --> src/../README.md:305:9
[INFO] [stdout]   |
[INFO] [stdout] 5 |     use nject::{injectable, module};
[INFO] [stdout]   |         ^^^^^ use of undeclared crate or module `nject`
[INFO] [stdout] 
[INFO] [stdout] error: cannot find attribute `import` in this scope
[INFO] [stdout]   --> src/../README.md:348:7
[INFO] [stdout]    |
[INFO] [stdout] 48 |     #[import]
[INFO] [stdout]    |       ^^^^^^
[INFO] [stdout] 
[INFO] [stdout] error: cannot find attribute `export` in this scope
[INFO] [stdout]   --> src/../README.md:336:7
[INFO] [stdout]    |
[INFO] [stdout] 36 |     #[export(std::boxed::Box<dyn crate::sub::Greeter>, |x: GreeterOne| Box::new(x))]
[INFO] [stdout]    |       ^^^^^^ help: a built-in attribute with a similar name exists: `expect`
[INFO] [stdout] 
[INFO] [stdout] error: cannot find attribute `export` in this scope
[INFO] [stdout]   --> src/../README.md:337:7
[INFO] [stdout]    |
[INFO] [stdout] 37 |     #[export(std::rc::Rc<dyn crate::sub::Greeter>, self.public.clone())]
[INFO] [stdout]    |       ^^^^^^ help: a built-in attribute with a similar name exists: `expect`
[INFO] [stdout] 
[INFO] [stdout] error: cannot find attribute `export` in this scope
[INFO] [stdout]   --> src/../README.md:338:7
[INFO] [stdout]    |
[INFO] [stdout] 38 |     #[export(&'prov i32, &123)]
[INFO] [stdout]    |       ^^^^^^ help: a built-in attribute with a similar name exists: `expect`
[INFO] [stdout] 
[INFO] [stdout] error: cannot find attribute `inject` in this scope
[INFO] [stdout]   --> src/../README.md:340:11
[INFO] [stdout]    |
[INFO] [stdout] 40 |         #[inject(|x: GreeterOne| Rc::new(x))]
[INFO] [stdout]    |           ^^^^^^
[INFO] [stdout]    |
[INFO] [stdout] help: consider importing this attribute macro
[INFO] [stdout]    |
[INFO] [stdout] 5  +     use nject_macro::inject;
[INFO] [stdout]    |
[INFO] [stdout] 
[INFO] [stdout] error[E0599]: no method named `provide` found for struct `InitProvider` in the current scope
[INFO] [stdout]   --> src/../README.md:357:33
[INFO] [stdout]    |
[INFO] [stdout] 55 |     struct InitProvider;
[INFO] [stdout]    |     ------------------- method `provide` not found for this struct
[INFO] [stdout] 56 |
[INFO] [stdout] 57 |     let provider = InitProvider.provide::<Provider>();
[INFO] [stdout]    |                                 ^^^^^^^ method not found in `InitProvider`
[INFO] [stdout]    |
[INFO] [stdout]    = help: items from traits can only be used if the trait is implemented and in scope
[INFO] [stdout]    = note: the following trait defines an item `provide`, perhaps you need to implement it:
[INFO] [stdout]            candidate #1: `std::error::Error`
[INFO] [stdout] 
[INFO] [stdout] error: aborting due to 8 previous errors
[INFO] [stdout] 
[INFO] [stdout] Some errors have detailed explanations: E0432, E0599.
[INFO] [stdout] For more information about an error, try `rustc --explain E0432`.
[INFO] [stdout] Couldn't compile the test.
[INFO] [stdout] ---- src/../README.md - (line 40) stdout ----
[INFO] [stdout] error[E0432]: unresolved import `nject`
[INFO] [stdout]  --> src/../README.md:41:5
[INFO] [stdout]   |
[INFO] [stdout] 2 | use nject::{injectable, provider};
[INFO] [stdout]   |     ^^^^^ use of undeclared crate or module `nject`
[INFO] [stdout] 
[INFO] [stdout] error[E0599]: no method named `provide` found for struct `Provider` in the current scope
[INFO] [stdout]   --> src/../README.md:60:36
[INFO] [stdout]    |
[INFO] [stdout] 18 | struct Provider;
[INFO] [stdout]    | --------------- method `provide` not found for this struct
[INFO] [stdout] ...
[INFO] [stdout] 21 |     let _facade: Facade = Provider.provide();
[INFO] [stdout]    |                                    ^^^^^^^ method not found in `Provider`
[INFO] [stdout]    |
[INFO] [stdout]    = help: items from traits can only be used if the trait is implemented and in scope
[INFO] [stdout]    = note: the following trait defines an item `provide`, perhaps you need to implement it:
[INFO] [stdout]            candidate #1: `std::error::Error`
[INFO] [stdout] 
[INFO] [stdout] error: aborting due to 2 previous errors
[INFO] [stdout] 
[INFO] [stdout] Some errors have detailed explanations: E0432, E0599.
[INFO] [stdout] For more information about an error, try `rustc --explain E0432`.
[INFO] [stdout] Couldn't compile the test.
[INFO] [stdout] ---- src/../README.md - (line 190) stdout ----
[INFO] [stdout] error[E0432]: unresolved import `nject`
[INFO] [stdout]  --> src/../README.md:191:5
[INFO] [stdout]   |
[INFO] [stdout] 2 | use nject::{inject, injectable, provider};
[INFO] [stdout]   |     ^^^^^ use of undeclared crate or module `nject`
[INFO] [stdout] 
[INFO] [stdout] error[E0599]: no method named `provide` found for struct `Provider` in the current scope
[INFO] [stdout]   --> src/../README.md:230:28
[INFO] [stdout]    |
[INFO] [stdout] 38 | struct Provider;
[INFO] [stdout]    | --------------- method `provide` not found for this struct
[INFO] [stdout] ...
[INFO] [stdout] 41 |     let _facade = Provider.provide::<Facade>();
[INFO] [stdout]    |                            ^^^^^^^ method not found in `Provider`
[INFO] [stdout]    |
[INFO] [stdout]    = help: items from traits can only be used if the trait is implemented and in scope
[INFO] [stdout]    = note: the following trait defines an item `provide`, perhaps you need to implement it:
[INFO] [stdout]            candidate #1: `std::error::Error`
[INFO] [stdout] 
[INFO] [stdout] error: aborting due to 2 previous errors
[INFO] [stdout] 
[INFO] [stdout] Some errors have detailed explanations: E0432, E0599.
[INFO] [stdout] For more information about an error, try `rustc --explain E0432`.
[INFO] [stdout] Couldn't compile the test.
[INFO] [stdout] ---- src/../README.md - (line 131) stdout ----
[INFO] [stdout] error[E0432]: unresolved import `nject`
[INFO] [stdout]  --> src/../README.md:132:5
[INFO] [stdout]   |
[INFO] [stdout] 2 | use nject::{injectable, provider};
[INFO] [stdout]   |     ^^^^^ use of undeclared crate or module `nject`
[INFO] [stdout] 
[INFO] [stdout] error[E0599]: no method named `provide` found for struct `Provider` in the current scope
[INFO] [stdout]   --> src/../README.md:146:44
[INFO] [stdout]    |
[INFO] [stdout] 13 | struct Provider;
[INFO] [stdout]    | --------------- method `provide` not found for this struct
[INFO] [stdout] ...
[INFO] [stdout] 16 |     let _facade: Facade<DepOne> = Provider.provide();
[INFO] [stdout]    |                                            ^^^^^^^ method not found in `Provider`
[INFO] [stdout]    |
[INFO] [stdout]    = help: items from traits can only be used if the trait is implemented and in scope
[INFO] [stdout]    = note: the following trait defines an item `provide`, perhaps you need to implement it:
[INFO] [stdout]            candidate #1: `std::error::Error`
[INFO] [stdout] 
[INFO] [stdout] error: aborting due to 2 previous errors
[INFO] [stdout] 
[INFO] [stdout] Some errors have detailed explanations: E0432, E0599.
[INFO] [stdout] For more information about an error, try `rustc --explain E0432`.
[INFO] [stdout] Couldn't compile the test.
[INFO] [stdout] ---- src/../README.md - (line 65) stdout ----
[INFO] [stdout] error[E0432]: unresolved import `nject`
[INFO] [stdout]  --> src/../README.md:66:5
[INFO] [stdout]   |
[INFO] [stdout] 2 | use nject::{injectable, provider};
[INFO] [stdout]   |     ^^^^^ use of undeclared crate or module `nject`
[INFO] [stdout] 
[INFO] [stdout] error: cannot find attribute `provide` in this scope
[INFO] [stdout]   --> src/../README.md:77:7
[INFO] [stdout]    |
[INFO] [stdout] 13 |     #[provide]
[INFO] [stdout]    |       ^^^^^^^
[INFO] [stdout] 
[INFO] [stdout] error[E0599]: no method named `provide` found for struct `Provider` in the current scope
[INFO] [stdout]   --> src/../README.md:83:36
[INFO] [stdout]    |
[INFO] [stdout] 12 | struct Provider {
[INFO] [stdout]    | --------------- method `provide` not found for this struct
[INFO] [stdout] ...
[INFO] [stdout] 19 |     let _facade: Facade = provider.provide();
[INFO] [stdout]    |                                    ^^^^^^^ method not found in `Provider`
[INFO] [stdout]    |
[INFO] [stdout]    = help: items from traits can only be used if the trait is implemented and in scope
[INFO] [stdout]    = note: the following trait defines an item `provide`, perhaps you need to implement it:
[INFO] [stdout]            candidate #1: `std::error::Error`
[INFO] [stdout] 
[INFO] [stdout] error: aborting due to 3 previous errors
[INFO] [stdout] 
[INFO] [stdout] Some errors have detailed explanations: E0432, E0599.
[INFO] [stdout] For more information about an error, try `rustc --explain E0432`.
[INFO] [stdout] Couldn't compile the test.
[INFO] [stdout] ---- src/../README.md - (line 416) stdout ----
[INFO] [stdout] error[E0432]: unresolved import `nject`
[INFO] [stdout]  --> src/../README.md:417:5
[INFO] [stdout]   |
[INFO] [stdout] 2 | use nject::{injectable, provider};
[INFO] [stdout]   |     ^^^^^ use of undeclared crate or module `nject`
[INFO] [stdout] 
[INFO] [stdout] error: cannot find attribute `inject` in this scope
[INFO] [stdout]  --> src/../README.md:420:14
[INFO] [stdout]   |
[INFO] [stdout] 5 | struct Dep(#[inject(123)] i32);
[INFO] [stdout]   |              ^^^^^^
[INFO] [stdout]   |
[INFO] [stdout] help: consider importing this attribute macro
[INFO] [stdout]   |
[INFO] [stdout] 2 + use nject_macro::inject;
[INFO] [stdout]   |
[INFO] [stdout] 
[INFO] [stdout] error[E0433]: failed to resolve: use of undeclared crate or module `nject`
[INFO] [stdout]  --> src/../README.md:424:27
[INFO] [stdout]   |
[INFO] [stdout] 9 |     dep_provider: &'a dyn nject::Provider<'a, Dep>,
[INFO] [stdout]   |                           ^^^^^ use of undeclared crate or module `nject`
[INFO] [stdout] 
[INFO] [stdout] error: aborting due to 3 previous errors
[INFO] [stdout] 
[INFO] [stdout] Some errors have detailed explanations: E0432, E0433.
[INFO] [stdout] For more information about an error, try `rustc --explain E0432`.
[INFO] [stdout] Couldn't compile the test.
[INFO] [stdout] ---- src/../README.md - (line 151) stdout ----
[INFO] [stdout] error[E0432]: unresolved import `nject`
[INFO] [stdout]  --> src/../README.md:152:5
[INFO] [stdout]   |
[INFO] [stdout] 2 | use nject::{injectable, provider};
[INFO] [stdout]   |     ^^^^^ use of undeclared crate or module `nject`
[INFO] [stdout] 
[INFO] [stdout] error: cannot find attribute `provide` in this scope
[INFO] [stdout]   --> src/../README.md:182:35
[INFO] [stdout]    |
[INFO] [stdout] 32 | struct Provider<'a, T: Greeter>(#[provide(dyn Greeter)] &'a T);
[INFO] [stdout]    |                                   ^^^^^^^
[INFO] [stdout] 
[INFO] [stdout] error[E0599]: no method named `provide` found for struct `Provider` in the current scope
[INFO] [stdout]   --> src/../README.md:185:53
[INFO] [stdout]    |
[INFO] [stdout] 32 | struct Provider<'a, T: Greeter>(#[provide(dyn Greeter)] &'a T);
[INFO] [stdout]    | ------------------------------- method `provide` not found for this struct
[INFO] [stdout] ...
[INFO] [stdout] 35 |     let _dev_facade: Facade = Provider(&DevGreeter).provide();
[INFO] [stdout]    |                                                     ^^^^^^^ method not found in `Provider<'_, DevGreeter>`
[INFO] [stdout]    |
[INFO] [stdout]    = help: items from traits can only be used if the trait is implemented and in scope
[INFO] [stdout]    = note: the following trait defines an item `provide`, perhaps you need to implement it:
[INFO] [stdout]            candidate #1: `std::error::Error`
[INFO] [stdout] 
[INFO] [stdout] error[E0599]: no method named `provide` found for struct `Provider` in the current scope
[INFO] [stdout]   --> src/../README.md:186:55
[INFO] [stdout]    |
[INFO] [stdout] 32 | struct Provider<'a, T: Greeter>(#[provide(dyn Greeter)] &'a T);
[INFO] [stdout]    | ------------------------------- method `provide` not found for this struct
[INFO] [stdout] ...
[INFO] [stdout] 36 |     let _prod_facade: Facade = Provider(&ProdGreeter).provide();
[INFO] [stdout]    |                                                       ^^^^^^^ method not found in `Provider<'_, ProdGreeter>`
[INFO] [stdout]    |
[INFO] [stdout]    = help: items from traits can only be used if the trait is implemented and in scope
[INFO] [stdout]    = note: the following trait defines an item `provide`, perhaps you need to implement it:
[INFO] [stdout]            candidate #1: `std::error::Error`
[INFO] [stdout] 
[INFO] [stdout] error: aborting due to 4 previous errors
[INFO] [stdout] 
[INFO] [stdout] Some errors have detailed explanations: E0432, E0599.
[INFO] [stdout] For more information about an error, try `rustc --explain E0432`.
[INFO] [stdout] Couldn't compile the test.
[INFO] [stdout] ---- src/../README.md - (line 234) stdout ----
[INFO] [stdout] error[E0432]: unresolved import `nject`
[INFO] [stdout]  --> src/../README.md:235:5
[INFO] [stdout]   |
[INFO] [stdout] 2 | use nject::{injectable, provider};
[INFO] [stdout]   |     ^^^^^ use of undeclared crate or module `nject`
[INFO] [stdout] 
[INFO] [stdout] error[E0432]: unresolved import `nject`
[INFO] [stdout]  --> src/../README.md:238:9
[INFO] [stdout]   |
[INFO] [stdout] 5 |     use nject::{injectable, module};
[INFO] [stdout]   |         ^^^^^ use of undeclared crate or module `nject`
[INFO] [stdout] 
[INFO] [stdout] error: cannot find attribute `import` in this scope
[INFO] [stdout]   --> src/../README.md:283:7
[INFO] [stdout]    |
[INFO] [stdout] 50 |     #[import]
[INFO] [stdout]    |       ^^^^^^
[INFO] [stdout] 
[INFO] [stdout] error: cannot find attribute `export` in this scope
[INFO] [stdout]   --> src/../README.md:270:11
[INFO] [stdout]    |
[INFO] [stdout] 37 |         #[export]
[INFO] [stdout]    |           ^^^^^^ help: a built-in attribute with a similar name exists: `expect`
[INFO] [stdout] 
[INFO] [stdout] error: cannot find attribute `export` in this scope
[INFO] [stdout]   --> src/../README.md:272:11
[INFO] [stdout]    |
[INFO] [stdout] 39 |         #[export(dyn Greeter)]
[INFO] [stdout]    |           ^^^^^^ help: a built-in attribute with a similar name exists: `expect`
[INFO] [stdout] 
[INFO] [stdout] error: cannot find attribute `inject` in this scope
[INFO] [stdout]   --> src/../README.md:274:11
[INFO] [stdout]    |
[INFO] [stdout] 41 |         #[inject(|x: InternalType| Rc::new(x))]
[INFO] [stdout]    |           ^^^^^^
[INFO] [stdout]    |
[INFO] [stdout] help: consider importing this attribute macro
[INFO] [stdout]    |
[INFO] [stdout] 5  +     use nject_macro::inject;
[INFO] [stdout]    |
[INFO] [stdout] 
[INFO] [stdout] error: cannot find attribute `export` in this scope
[INFO] [stdout]   --> src/../README.md:275:11
[INFO] [stdout]    |
[INFO] [stdout] 42 |         #[export(Ref<InternalType>, |x| Ref(x.clone()))]
[INFO] [stdout]    |           ^^^^^^ help: a built-in attribute with a similar name exists: `expect`
[INFO] [stdout] 
[INFO] [stdout] error: cannot find attribute `inject` in this scope
[INFO] [stdout]   --> src/../README.md:255:27
[INFO] [stdout]    |
[INFO] [stdout] 22 |     struct InternalType(#[inject(123)] i32); // Not visible outside of module.
[INFO] [stdout]    |                           ^^^^^^
[INFO] [stdout]    |
[INFO] [stdout] help: consider importing this attribute macro
[INFO] [stdout]    |
[INFO] [stdout] 5  +     use nject_macro::inject;
[INFO] [stdout]    |
[INFO] [stdout] 
[INFO] [stdout] error[E0599]: no method named `provide` found for struct `InitProvider` in the current scope
[INFO] [stdout]   --> src/../README.md:291:33
[INFO] [stdout]    |
[INFO] [stdout] 56 |     struct InitProvider;
[INFO] [stdout]    |     ------------------- method `provide` not found for this struct
[INFO] [stdout] 57 |
[INFO] [stdout] 58 |     let provider = InitProvider.provide::<Provider>();
[INFO] [stdout]    |                                 ^^^^^^^ method not found in `InitProvider`
[INFO] [stdout]    |
[INFO] [stdout]    = help: items from traits can only be used if the trait is implemented and in scope
[INFO] [stdout]    = note: the following trait defines an item `provide`, perhaps you need to implement it:
[INFO] [stdout]            candidate #1: `std::error::Error`
[INFO] [stdout] 
[INFO] [stdout] error: aborting due to 9 previous errors
[INFO] [stdout] 
[INFO] [stdout] Some errors have detailed explanations: E0432, E0599.
[INFO] [stdout] For more information about an error, try `rustc --explain E0432`.
[INFO] [stdout] Couldn't compile the test.
[INFO] [stdout] ---- src/../README.md - (line 88) stdout ----
[INFO] [stdout] error[E0432]: unresolved import `nject`
[INFO] [stdout]  --> src/../README.md:89:5
[INFO] [stdout]   |
[INFO] [stdout] 2 | use nject::{injectable, provider};
[INFO] [stdout]   |     ^^^^^ use of undeclared crate or module `nject`
[INFO] [stdout] 
[INFO] [stdout] error: cannot find attribute `provide` in this scope
[INFO] [stdout]   --> src/../README.md:113:3
[INFO] [stdout]    |
[INFO] [stdout] 26 | #[provide(Box<dyn Greeter>, |greeter: GreeterOne| Box::new(greeter))]
[INFO] [stdout]    |   ^^^^^^^
[INFO] [stdout] 
[INFO] [stdout] error: cannot find attribute `provide` in this scope
[INFO] [stdout]   --> src/../README.md:115:7
[INFO] [stdout]    |
[INFO] [stdout] 28 |     #[provide(dyn Greeter)]
[INFO] [stdout]    |       ^^^^^^^
[INFO] [stdout] 
[INFO] [stdout] error: cannot find attribute `provide` in this scope
[INFO] [stdout]   --> src/../README.md:117:7
[INFO] [stdout]    |
[INFO] [stdout] 30 |     #[provide(Rc<dyn Greeter>, |x| x.clone())]
[INFO] [stdout]    |       ^^^^^^^
[INFO] [stdout] 
[INFO] [stdout] error[E0599]: no method named `provide` found for struct `Provider` in the current scope
[INFO] [stdout]   --> src/../README.md:126:36
[INFO] [stdout]    |
[INFO] [stdout] 27 | struct Provider {
[INFO] [stdout]    | --------------- method `provide` not found for this struct
[INFO] [stdout] ...
[INFO] [stdout] 39 |     let _facade: Facade = provider.provide();
[INFO] [stdout]    |                                    ^^^^^^^ method not found in `Provider`
[INFO] [stdout]    |
[INFO] [stdout]    = help: items from traits can only be used if the trait is implemented and in scope
[INFO] [stdout]    = note: the following trait defines an item `provide`, perhaps you need to implement it:
[INFO] [stdout]            candidate #1: `std::error::Error`
[INFO] [stdout] 
[INFO] [stdout] error: aborting due to 5 previous errors
[INFO] [stdout] 
[INFO] [stdout] Some errors have detailed explanations: E0432, E0599.
[INFO] [stdout] For more information about an error, try `rustc --explain E0432`.
[INFO] [stdout] Couldn't compile the test.
[INFO] [stdout] ---- src/lib.rs - injectable (line 39) stdout ----
[INFO] [stdout] error[E0432]: unresolved import `nject`
[INFO] [stdout]  --> src/lib.rs:40:5
[INFO] [stdout]   |
[INFO] [stdout] 3 | use nject::{injectable, provider};
[INFO] [stdout]   |     ^^^^^ use of undeclared crate or module `nject`
[INFO] [stdout] 
[INFO] [stdout] error[E0599]: no method named `provide` found for struct `Provider` in the current scope
[INFO] [stdout]   --> src/lib.rs:48:31
[INFO] [stdout]    |
[INFO] [stdout] 9  | struct Provider;
[INFO] [stdout]    | --------------- method `provide` not found for this struct
[INFO] [stdout] 10 |
[INFO] [stdout] 11 | let facade: Facade = Provider.provide();
[INFO] [stdout]    |                               ^^^^^^^ method not found in `Provider`
[INFO] [stdout]    |
[INFO] [stdout]    = help: items from traits can only be used if the trait is implemented and in scope
[INFO] [stdout]    = note: the following trait defines an item `provide`, perhaps you need to implement it:
[INFO] [stdout]            candidate #1: `std::error::Error`
[INFO] [stdout] 
[INFO] [stdout] error: aborting due to 2 previous errors
[INFO] [stdout] 
[INFO] [stdout] Some errors have detailed explanations: E0432, E0599.
[INFO] [stdout] For more information about an error, try `rustc --explain E0432`.
[INFO] [stdout] Couldn't compile the test.
[INFO] [stdout] ---- src/lib.rs - inject (line 56) stdout ----
[INFO] [stdout] error[E0432]: unresolved import `nject`
[INFO] [stdout]  --> src/lib.rs:57:5
[INFO] [stdout]   |
[INFO] [stdout] 3 | use nject::{inject, injectable, provider};
[INFO] [stdout]   |     ^^^^^ use of undeclared crate or module `nject`
[INFO] [stdout] 
[INFO] [stdout] error[E0599]: no method named `provide` found for struct `Provider` in the current scope
[INFO] [stdout]   --> src/lib.rs:73:31
[INFO] [stdout]    |
[INFO] [stdout] 17 | struct Provider;
[INFO] [stdout]    | --------------- method `provide` not found for this struct
[INFO] [stdout] 18 |
[INFO] [stdout] 19 | let facade: Facade = Provider.provide();
[INFO] [stdout]    |                               ^^^^^^^ method not found in `Provider`
[INFO] [stdout]    |
[INFO] [stdout]    = help: items from traits can only be used if the trait is implemented and in scope
[INFO] [stdout]    = note: the following trait defines an item `provide`, perhaps you need to implement it:
[INFO] [stdout]            candidate #1: `std::error::Error`
[INFO] [stdout] 
[INFO] [stdout] error: aborting due to 2 previous errors
[INFO] [stdout] 
[INFO] [stdout] Some errors have detailed explanations: E0432, E0599.
[INFO] [stdout] For more information about an error, try `rustc --explain E0432`.
[INFO] [stdout] Couldn't compile the test.
[INFO] [stdout] ---- src/lib.rs - provider (line 81) stdout ----
[INFO] [stdout] error[E0432]: unresolved import `nject`
[INFO] [stdout]  --> src/lib.rs:82:5
[INFO] [stdout]   |
[INFO] [stdout] 3 | use nject::{injectable, provider};
[INFO] [stdout]   |     ^^^^^ use of undeclared crate or module `nject`
[INFO] [stdout] 
[INFO] [stdout] error: cannot find attribute `provide` in this scope
[INFO] [stdout]   --> src/lib.rs:96:3
[INFO] [stdout]    |
[INFO] [stdout] 17 | #[provide(Dependency, Dependency { value: 123 })]
[INFO] [stdout]    |   ^^^^^^^
[INFO] [stdout] 
[INFO] [stdout] error: cannot find attribute `provide` in this scope
[INFO] [stdout]   --> src/lib.rs:98:7
[INFO] [stdout]    |
[INFO] [stdout] 19 |     #[provide]
[INFO] [stdout]    |       ^^^^^^^
[INFO] [stdout] 
[INFO] [stdout] error[E0599]: no method named `provide` found for struct `Provider` in the current scope
[INFO] [stdout]   --> src/lib.rs:103:39
[INFO] [stdout]    |
[INFO] [stdout] 18 | struct Provider {
[INFO] [stdout]    | --------------- method `provide` not found for this struct
[INFO] [stdout] ...
[INFO] [stdout] 24 | let dependency: Dependency = provider.provide();
[INFO] [stdout]    |                                       ^^^^^^^ method not found in `Provider`
[INFO] [stdout]    |
[INFO] [stdout]    = help: items from traits can only be used if the trait is implemented and in scope
[INFO] [stdout]    = note: the following trait defines an item `provide`, perhaps you need to implement it:
[INFO] [stdout]            candidate #1: `std::error::Error`
[INFO] [stdout] 
[INFO] [stdout] error[E0599]: no method named `provide` found for struct `Provider` in the current scope
[INFO] [stdout]   --> src/lib.rs:104:31
[INFO] [stdout]    |
[INFO] [stdout] 18 | struct Provider {
[INFO] [stdout]    | --------------- method `provide` not found for this struct
[INFO] [stdout] ...
[INFO] [stdout] 25 | let facade: Facade = provider.provide();
[INFO] [stdout]    |                               ^^^^^^^ method not found in `Provider`
[INFO] [stdout]    |
[INFO] [stdout]    = help: items from traits can only be used if the trait is implemented and in scope
[INFO] [stdout]    = note: the following trait defines an item `provide`, perhaps you need to implement it:
[INFO] [stdout]            candidate #1: `std::error::Error`
[INFO] [stdout] 
[INFO] [stdout] error: aborting due to 5 previous errors
[INFO] [stdout] 
[INFO] [stdout] Some errors have detailed explanations: E0432, E0599.
[INFO] [stdout] For more information about an error, try `rustc --explain E0432`.
[INFO] [stdout] Couldn't compile the test.
[INFO] [stdout] ---- src/lib.rs - module (line 112) stdout ----
[INFO] [stdout] error[E0432]: unresolved import `nject`
[INFO] [stdout]  --> src/lib.rs:113:5
[INFO] [stdout]   |
[INFO] [stdout] 2 | use nject::{injectable, provider};
[INFO] [stdout]   |     ^^^^^ use of undeclared crate or module `nject`
[INFO] [stdout] 
[INFO] [stdout] error[E0432]: unresolved import `nject`
[INFO] [stdout]  --> src/lib.rs:116:9
[INFO] [stdout]   |
[INFO] [stdout] 5 |     use nject::{injectable, module};
[INFO] [stdout]   |         ^^^^^ use of undeclared crate or module `nject`
[INFO] [stdout] 
[INFO] [stdout] error: cannot find attribute `import` in this scope
[INFO] [stdout]   --> src/lib.rs:147:7
[INFO] [stdout]    |
[INFO] [stdout] 36 |     #[import]
[INFO] [stdout]    |       ^^^^^^
[INFO] [stdout] 
[INFO] [stdout] error: cannot find attribute `export` in this scope
[INFO] [stdout]   --> src/lib.rs:135:7
[INFO] [stdout]    |
[INFO] [stdout] 24 |     #[export(std::rc::Rc<i32>, self.public.clone())]
[INFO] [stdout]    |       ^^^^^^ help: a built-in attribute with a similar name exists: `expect`
[INFO] [stdout] 
[INFO] [stdout] error: cannot find attribute `export` in this scope
[INFO] [stdout]   --> src/lib.rs:137:11
[INFO] [stdout]    |
[INFO] [stdout] 26 |         #[export] // Fields exports are for internal types.
[INFO] [stdout]    |           ^^^^^^ help: a built-in attribute with a similar name exists: `expect`
[INFO] [stdout] 
[INFO] [stdout] error: cannot find attribute `inject` in this scope
[INFO] [stdout]   --> src/lib.rs:139:11
[INFO] [stdout]    |
[INFO] [stdout] 28 |         #[inject(Rc::new(456))]
[INFO] [stdout]    |           ^^^^^^
[INFO] [stdout]    |
[INFO] [stdout] help: consider importing this attribute macro
[INFO] [stdout]    |
[INFO] [stdout] 5  +     use nject_macro::inject;
[INFO] [stdout]    |
[INFO] [stdout] 
[INFO] [stdout] error: cannot find attribute `inject` in this scope
[INFO] [stdout]  --> src/lib.rs:120:27
[INFO] [stdout]   |
[INFO] [stdout] 9 |     struct InternalType(#[inject(123)] i32); // Not visible outside of module.
[INFO] [stdout]   |                           ^^^^^^
[INFO] [stdout]   |
[INFO] [stdout] help: consider importing this attribute macro
[INFO] [stdout]   |
[INFO] [stdout] 5 +     use nject_macro::inject;
[INFO] [stdout]   |
[INFO] [stdout] 
[INFO] [stdout] error[E0599]: no method named `provide` found for struct `InitProvider` in the current scope
[INFO] [stdout]   --> src/lib.rs:156:33
[INFO] [stdout]    |
[INFO] [stdout] 42 | struct InitProvider;
[INFO] [stdout]    | ------------------- method `provide` not found for this struct
[INFO] [stdout] ...
[INFO] [stdout] 45 |     let provider = InitProvider.provide::<Provider>();
[INFO] [stdout]    |                                 ^^^^^^^ method not found in `InitProvider`
[INFO] [stdout]    |
[INFO] [stdout]    = help: items from traits can only be used if the trait is implemented and in scope
[INFO] [stdout]    = note: the following trait defines an item `provide`, perhaps you need to implement it:
[INFO] [stdout]            candidate #1: `std::error::Error`
[INFO] [stdout] 
[INFO] [stdout] error: aborting due to 8 previous errors
[INFO] [stdout] 
[INFO] [stdout] Some errors have detailed explanations: E0432, E0599.
[INFO] [stdout] For more information about an error, try `rustc --explain E0432`.
[INFO] [stdout] Couldn't compile the test.
[INFO] [stdout] 
[INFO] [stdout] failures:
[INFO] [stdout]     src/../README.md - (line 131)
[INFO] [stdout]     src/../README.md - (line 151)
[INFO] [stdout]     src/../README.md - (line 190)
[INFO] [stdout]     src/../README.md - (line 234)
[INFO] [stdout]     src/../README.md - (line 301)
[INFO] [stdout]     src/../README.md - (line 369)
[INFO] [stdout]     src/../README.md - (line 40)
[INFO] [stdout]     src/../README.md - (line 416)
[INFO] [stdout]     src/../README.md - (line 65)
[INFO] [stdout]     src/../README.md - (line 88)
[INFO] [stdout]     src/lib.rs - inject (line 56)
[INFO] [stdout]     src/lib.rs - injectable (line 39)
[INFO] [stdout]     src/lib.rs - module (line 112)
[INFO] [stdout]     src/lib.rs - provider (line 81)
[INFO] [stdout] 
[INFO] [stdout] test result: FAILED. 0 passed; 14 failed; 0 ignored; 0 measured; 0 filtered out; finished in 0.92s
[INFO] [stdout] 
[INFO] [stderr] error: doctest failed, to rerun pass `--doc`
[INFO] running `Command { std: "docker" "inspect" "c648d824422a726ccb5030f85f67a4c98f2b9fd960d682d73123b572514194b1", kill_on_drop: false }`
[INFO] running `Command { std: "docker" "rm" "-f" "c648d824422a726ccb5030f85f67a4c98f2b9fd960d682d73123b572514194b1", kill_on_drop: false }`
[INFO] [stdout] c648d824422a726ccb5030f85f67a4c98f2b9fd960d682d73123b572514194b1
