[INFO] fetching crate nj-core 6.1.0...
[INFO] testing nj-core-6.1.0 against 1.83.0 for beta-1.84.0-4-retry
[INFO] extracting crate nj-core 6.1.0 into /workspace/builds/worker-0-tc1/source
[INFO] validating manifest of crates.io crate nj-core 6.1.0 on toolchain 1.83.0
[INFO] running `Command { std: CARGO_HOME="/workspace/cargo-home" RUSTUP_HOME="/workspace/rustup-home" "/workspace/cargo-home/bin/cargo" "+1.83.0" "metadata" "--manifest-path" "Cargo.toml" "--no-deps", kill_on_drop: false }`
[INFO] started tweaking crates.io crate nj-core 6.1.0
[INFO] finished tweaking crates.io crate nj-core 6.1.0
[INFO] tweaked toml for crates.io crate nj-core 6.1.0 written to /workspace/builds/worker-0-tc1/source/Cargo.toml
[INFO] running `Command { std: CARGO_HOME="/workspace/cargo-home" RUSTUP_HOME="/workspace/rustup-home" "/workspace/cargo-home/bin/cargo" "+1.83.0" "generate-lockfile" "--manifest-path" "Cargo.toml", kill_on_drop: false }`
[INFO] [stderr]     Updating crates.io index
[INFO] [stderr]      Locking 109 packages to latest compatible versions
[INFO] [stderr]       Adding inventory v0.1.11 (available: v0.3.15)
[INFO] running `Command { std: CARGO_HOME="/workspace/cargo-home" RUSTUP_HOME="/workspace/rustup-home" "/workspace/cargo-home/bin/cargo" "+1.83.0" "fetch" "--manifest-path" "Cargo.toml", kill_on_drop: false }`
[INFO] [stderr]  Downloading crates ...
[INFO] [stderr]   Downloaded fluvio-future v0.7.0
[INFO] [stderr]   Downloaded nj-sys v4.0.0
[INFO] running `Command { std: "docker" "create" "-v" "/var/lib/crater-agent-workspace/builds/worker-0-tc1/target:/opt/rustwide/target:rw,Z" "-v" "/var/lib/crater-agent-workspace/builds/worker-0-tc1/source:/opt/rustwide/workdir:ro,Z" "-v" "/var/lib/crater-agent-workspace/cargo-home:/opt/rustwide/cargo-home:ro,Z" "-v" "/var/lib/crater-agent-workspace/rustup-home:/opt/rustwide/rustup-home:ro,Z" "-e" "SOURCE_DIR=/opt/rustwide/workdir" "-e" "CARGO_TARGET_DIR=/opt/rustwide/target" "-e" "CARGO_HOME=/opt/rustwide/cargo-home" "-e" "RUSTUP_HOME=/opt/rustwide/rustup-home" "-w" "/opt/rustwide/workdir" "-m" "1610612736" "--user" "0:0" "--network" "none" "ghcr.io/rust-lang/crates-build-env/linux@sha256:f3a9d4ad9d972b27faf3965f35b62e55ba32bbce8f20bc8fe909558a86702fde" "/opt/rustwide/cargo-home/bin/cargo" "+1.83.0" "metadata" "--no-deps" "--format-version=1", kill_on_drop: false }`
[INFO] [stdout] 399f9af99ef3fdabafcc4de9d7dcf2fc35bcd72190dc948e42c79683a75523f8
[INFO] running `Command { std: "docker" "start" "-a" "399f9af99ef3fdabafcc4de9d7dcf2fc35bcd72190dc948e42c79683a75523f8", kill_on_drop: false }`
[INFO] running `Command { std: "docker" "inspect" "399f9af99ef3fdabafcc4de9d7dcf2fc35bcd72190dc948e42c79683a75523f8", kill_on_drop: false }`
[INFO] running `Command { std: "docker" "rm" "-f" "399f9af99ef3fdabafcc4de9d7dcf2fc35bcd72190dc948e42c79683a75523f8", kill_on_drop: false }`
[INFO] [stdout] 399f9af99ef3fdabafcc4de9d7dcf2fc35bcd72190dc948e42c79683a75523f8
[INFO] running `Command { std: "docker" "create" "-v" "/var/lib/crater-agent-workspace/builds/worker-0-tc1/target:/opt/rustwide/target:rw,Z" "-v" "/var/lib/crater-agent-workspace/builds/worker-0-tc1/source:/opt/rustwide/workdir:ro,Z" "-v" "/var/lib/crater-agent-workspace/cargo-home:/opt/rustwide/cargo-home:ro,Z" "-v" "/var/lib/crater-agent-workspace/rustup-home:/opt/rustwide/rustup-home:ro,Z" "-e" "SOURCE_DIR=/opt/rustwide/workdir" "-e" "CARGO_TARGET_DIR=/opt/rustwide/target" "-e" "CARGO_INCREMENTAL=0" "-e" "RUST_BACKTRACE=full" "-e" "RUSTFLAGS=--cap-lints=warn" "-e" "RUSTDOCFLAGS=--cap-lints=warn" "-e" "CARGO_HOME=/opt/rustwide/cargo-home" "-e" "RUSTUP_HOME=/opt/rustwide/rustup-home" "-w" "/opt/rustwide/workdir" "-m" "1610612736" "--user" "0:0" "--network" "none" "ghcr.io/rust-lang/crates-build-env/linux@sha256:f3a9d4ad9d972b27faf3965f35b62e55ba32bbce8f20bc8fe909558a86702fde" "/opt/rustwide/cargo-home/bin/cargo" "+1.83.0" "build" "--frozen" "--message-format=json", kill_on_drop: false }`
[INFO] [stdout] 9b14993adaf6d049941b1f1daaf29e558e2a33455a67117805bef5e3e90975c7
[INFO] running `Command { std: "docker" "start" "-a" "9b14993adaf6d049941b1f1daaf29e558e2a33455a67117805bef5e3e90975c7", kill_on_drop: false }`
[INFO] [stderr]    Compiling proc-macro2 v1.0.92
[INFO] [stderr]    Compiling unicode-ident v1.0.14
[INFO] [stderr]    Compiling pin-project-lite v0.2.15
[INFO] [stderr]    Compiling crossbeam-utils v0.8.20
[INFO] [stderr]    Compiling autocfg v1.4.0
[INFO] [stderr]    Compiling parking v2.2.1
[INFO] [stderr]    Compiling once_cell v1.20.2
[INFO] [stderr]    Compiling futures-core v0.3.31
[INFO] [stderr]    Compiling fastrand v2.3.0
[INFO] [stderr]    Compiling futures-io v0.3.31
[INFO] [stderr]    Compiling cfg-if v1.0.0
[INFO] [stderr]    Compiling rustix v0.38.42
[INFO] [stderr]    Compiling value-bag v1.10.0
[INFO] [stderr]    Compiling bitflags v2.6.0
[INFO] [stderr]    Compiling linux-raw-sys v0.4.14
[INFO] [stderr]    Compiling syn v1.0.109
[INFO] [stderr]    Compiling atomic-waker v1.1.2
[INFO] [stderr]    Compiling async-task v4.7.1
[INFO] [stderr]    Compiling regex-syntax v0.8.5
[INFO] [stderr]    Compiling regex-syntax v0.6.29
[INFO] [stderr]    Compiling thiserror v1.0.69
[INFO] [stderr]    Compiling event-listener v2.5.3
[INFO] [stderr]    Compiling lazy_static v1.5.0
[INFO] [stderr]    Compiling tracing-core v0.1.33
[INFO] [stderr]    Compiling futures-lite v2.5.0
[INFO] [stderr]    Compiling piper v0.2.4
[INFO] [stderr]    Compiling overload v0.1.1
[INFO] [stderr]    Compiling anyhow v1.0.94
[INFO] [stderr]    Compiling nu-ansi-term v0.46.0
[INFO] [stderr]    Compiling sharded-slab v0.1.7
[INFO] [stderr]    Compiling log v0.4.22
[INFO] [stderr]    Compiling thread_local v1.1.8
[INFO] [stderr]    Compiling pin-utils v0.1.0
[INFO] [stderr]    Compiling smallvec v1.13.2
[INFO] [stderr]    Compiling memchr v2.7.4
[INFO] [stderr]    Compiling slab v0.4.9
[INFO] [stderr]    Compiling num-traits v0.2.19
[INFO] [stderr]    Compiling inventory v0.1.11
[INFO] [stderr]    Compiling libc v0.2.168
[INFO] [stderr]    Compiling quote v1.0.37
[INFO] [stderr]    Compiling concurrent-queue v2.5.0
[INFO] [stderr]    Compiling syn v2.0.90
[INFO] [stderr]    Compiling event-listener v5.3.1
[INFO] [stderr]    Compiling async-channel v1.9.0
[INFO] [stderr]    Compiling tracing-log v0.2.0
[INFO] [stderr]    Compiling kv-log-macro v1.0.7
[INFO] [stderr]    Compiling event-listener-strategy v0.5.3
[INFO] [stderr]    Compiling nj-sys v4.0.0
[INFO] [stderr]    Compiling async-lock v3.4.0
[INFO] [stderr]    Compiling async-channel v2.3.1
[INFO] [stderr]    Compiling async-executor v1.13.1
[INFO] [stderr]    Compiling blocking v1.6.1
[INFO] [stderr]    Compiling regex-automata v0.1.10
[INFO] [stderr]    Compiling num-integer v0.1.46
[INFO] [stderr]    Compiling regex-automata v0.4.9
[INFO] [stderr]    Compiling num-bigint v0.4.6
[INFO] [stderr]    Compiling matchers v0.1.0
[INFO] [stderr]    Compiling regex v1.11.1
[INFO] [stderr]    Compiling ctor v0.1.26
[INFO] [stderr]    Compiling inventory-impl v0.1.11
[INFO] [stderr]    Compiling tracing-attributes v0.1.28
[INFO] [stderr]    Compiling thiserror-impl v1.0.69
[INFO] [stderr]    Compiling ghost v0.1.18
[INFO] [stderr]    Compiling async-trait v0.1.83
[INFO] [stderr]    Compiling ctor v0.2.9
[INFO] [stderr]    Compiling tracing v0.1.41
[INFO] [stderr]    Compiling polling v3.7.4
[INFO] [stderr]    Compiling tracing-subscriber v0.3.19
[INFO] [stderr]    Compiling async-io v2.4.0
[INFO] [stderr]    Compiling async-global-executor v2.4.1
[INFO] [stderr]    Compiling async-std v1.13.0
[INFO] [stderr]    Compiling fluvio-future v0.7.0
[INFO] [stderr]    Compiling nj-core v6.1.0 (/opt/rustwide/workdir)
[INFO] [stderr]     Finished `dev` profile [unoptimized + debuginfo] target(s) in 28.33s
[INFO] running `Command { std: "docker" "inspect" "9b14993adaf6d049941b1f1daaf29e558e2a33455a67117805bef5e3e90975c7", kill_on_drop: false }`
[INFO] running `Command { std: "docker" "rm" "-f" "9b14993adaf6d049941b1f1daaf29e558e2a33455a67117805bef5e3e90975c7", kill_on_drop: false }`
[INFO] [stdout] 9b14993adaf6d049941b1f1daaf29e558e2a33455a67117805bef5e3e90975c7
[INFO] running `Command { std: "docker" "create" "-v" "/var/lib/crater-agent-workspace/builds/worker-0-tc1/target:/opt/rustwide/target:rw,Z" "-v" "/var/lib/crater-agent-workspace/builds/worker-0-tc1/source:/opt/rustwide/workdir:ro,Z" "-v" "/var/lib/crater-agent-workspace/cargo-home:/opt/rustwide/cargo-home:ro,Z" "-v" "/var/lib/crater-agent-workspace/rustup-home:/opt/rustwide/rustup-home:ro,Z" "-e" "SOURCE_DIR=/opt/rustwide/workdir" "-e" "CARGO_TARGET_DIR=/opt/rustwide/target" "-e" "CARGO_INCREMENTAL=0" "-e" "RUST_BACKTRACE=full" "-e" "RUSTFLAGS=--cap-lints=warn" "-e" "RUSTDOCFLAGS=--cap-lints=warn" "-e" "CARGO_HOME=/opt/rustwide/cargo-home" "-e" "RUSTUP_HOME=/opt/rustwide/rustup-home" "-w" "/opt/rustwide/workdir" "-m" "1610612736" "--user" "0:0" "--network" "none" "ghcr.io/rust-lang/crates-build-env/linux@sha256:f3a9d4ad9d972b27faf3965f35b62e55ba32bbce8f20bc8fe909558a86702fde" "/opt/rustwide/cargo-home/bin/cargo" "+1.83.0" "test" "--frozen" "--no-run" "--message-format=json", kill_on_drop: false }`
[INFO] [stdout] 943ed327c43b62a198bfc8919e1acee01efb2fb178395ed87167250af6dd9c99
[INFO] running `Command { std: "docker" "start" "-a" "943ed327c43b62a198bfc8919e1acee01efb2fb178395ed87167250af6dd9c99", kill_on_drop: false }`
[INFO] [stderr]     Finished `test` profile [unoptimized + debuginfo] target(s) in 0.11s
[INFO] running `Command { std: "docker" "inspect" "943ed327c43b62a198bfc8919e1acee01efb2fb178395ed87167250af6dd9c99", kill_on_drop: false }`
[INFO] running `Command { std: "docker" "rm" "-f" "943ed327c43b62a198bfc8919e1acee01efb2fb178395ed87167250af6dd9c99", kill_on_drop: false }`
[INFO] [stdout] 943ed327c43b62a198bfc8919e1acee01efb2fb178395ed87167250af6dd9c99
[INFO] running `Command { std: "docker" "create" "-v" "/var/lib/crater-agent-workspace/builds/worker-0-tc1/target:/opt/rustwide/target:rw,Z" "-v" "/var/lib/crater-agent-workspace/builds/worker-0-tc1/source:/opt/rustwide/workdir:ro,Z" "-v" "/var/lib/crater-agent-workspace/cargo-home:/opt/rustwide/cargo-home:ro,Z" "-v" "/var/lib/crater-agent-workspace/rustup-home:/opt/rustwide/rustup-home:ro,Z" "-e" "SOURCE_DIR=/opt/rustwide/workdir" "-e" "CARGO_TARGET_DIR=/opt/rustwide/target" "-e" "CARGO_INCREMENTAL=0" "-e" "RUST_BACKTRACE=full" "-e" "RUSTFLAGS=--cap-lints=warn" "-e" "RUSTDOCFLAGS=--cap-lints=warn" "-e" "CARGO_HOME=/opt/rustwide/cargo-home" "-e" "RUSTUP_HOME=/opt/rustwide/rustup-home" "-w" "/opt/rustwide/workdir" "-m" "1610612736" "--user" "0:0" "--network" "none" "ghcr.io/rust-lang/crates-build-env/linux@sha256:f3a9d4ad9d972b27faf3965f35b62e55ba32bbce8f20bc8fe909558a86702fde" "/opt/rustwide/cargo-home/bin/cargo" "+1.83.0" "test" "--frozen", kill_on_drop: false }`
[INFO] [stdout] fa6028dedabcc09664448016a4261d2005b783d62c5023672e19d14ecd86bf94
[INFO] running `Command { std: "docker" "start" "-a" "fa6028dedabcc09664448016a4261d2005b783d62c5023672e19d14ecd86bf94", kill_on_drop: false }`
[INFO] [stderr]     Finished `test` profile [unoptimized + debuginfo] target(s) in 0.10s
[INFO] [stderr]    Doc-tests nj_core
[INFO] [stdout] 
[INFO] [stdout] running 2 tests
[INFO] [stdout] test src/buffer.rs - buffer::JSArrayBuffer (line 96) - compile ... FAILED
[INFO] [stdout] test src/safebuffer.rs - safebuffer::SafeArrayBuffer (line 15) - compile ... FAILED
[INFO] [stdout] 
[INFO] [stdout] failures:
[INFO] [stdout] 
[INFO] [stdout] ---- src/buffer.rs - buffer::JSArrayBuffer (line 96) stdout ----
[INFO] [stdout] error[E0433]: failed to resolve: use of undeclared crate or module `node_bindgen`
[INFO] [stdout]  --> src/buffer.rs:97:5
[INFO] [stdout]   |
[INFO] [stdout] 3 | use node_bindgen::derive::node_bindgen;
[INFO] [stdout]   |     ^^^^^^^^^^^^ use of undeclared crate or module `node_bindgen`
[INFO] [stdout] 
[INFO] [stdout] error[E0432]: unresolved import `node_bindgen::core::buffer::JSArrayBuffer`
[INFO] [stdout]  --> src/buffer.rs:98:5
[INFO] [stdout]   |
[INFO] [stdout] 4 | use node_bindgen::core::buffer::JSArrayBuffer;
[INFO] [stdout]   |     ^^^^^^^^^^^^^^^^^^^^^^^^^^^^^^^^^^^^^^^^^
[INFO] [stdout] 
[INFO] [stdout] error[E0412]: cannot find type `NjError` in this scope
[INFO] [stdout]  --> src/buffer.rs:101:49
[INFO] [stdout]   |
[INFO] [stdout] 7 | fn hello(data: JSArrayBuffer) -> Result<String, NjError> {
[INFO] [stdout]   |                                                 ^^^^^^^ not found in this scope
[INFO] [stdout]   |
[INFO] [stdout] help: consider importing this enum
[INFO] [stdout]   |
[INFO] [stdout] 2 + use nj_core::NjError;
[INFO] [stdout]   |
[INFO] [stdout] 
[INFO] [stdout] error: aborting due to 3 previous errors
[INFO] [stdout] 
[INFO] [stdout] Some errors have detailed explanations: E0412, E0432, E0433.
[INFO] [stdout] For more information about an error, try `rustc --explain E0412`.
[INFO] [stdout] Couldn't compile the test.
[INFO] [stdout] ---- src/safebuffer.rs - safebuffer::SafeArrayBuffer (line 15) stdout ----
[INFO] [stdout] error[E0433]: failed to resolve: use of undeclared crate or module `node_bindgen`
[INFO] [stdout]  --> src/safebuffer.rs:16:5
[INFO] [stdout]   |
[INFO] [stdout] 3 | use node_bindgen::derive::node_bindgen;
[INFO] [stdout]   |     ^^^^^^^^^^^^ use of undeclared crate or module `node_bindgen`
[INFO] [stdout] 
[INFO] [stdout] error[E0432]: unresolved imports `node_bindgen::core::buffer::JSArrayBuffer`, `node_bindgen::core::safebuffer::SafeArrayBuffer`
[INFO] [stdout]  --> src/safebuffer.rs:17:26
[INFO] [stdout]   |
[INFO] [stdout] 4 | use node_bindgen::core::{buffer::JSArrayBuffer, safebuffer::{SafeArrayBuffer}};
[INFO] [stdout]   |                          ^^^^^^^^^^^^^^^^^^^^^               ^^^^^^^^^^^^^^^
[INFO] [stdout] 
[INFO] [stdout] error[E0412]: cannot find type `NjError` in this scope
[INFO] [stdout]  --> src/safebuffer.rs:20:55
[INFO] [stdout]   |
[INFO] [stdout] 7 | fn msg_from_js(data: JSArrayBuffer) -> Result<String, NjError> {
[INFO] [stdout]   |                                                       ^^^^^^^ not found in this scope
[INFO] [stdout]   |
[INFO] [stdout] help: consider importing this enum
[INFO] [stdout]   |
[INFO] [stdout] 2 + use nj_core::NjError;
[INFO] [stdout]   |
[INFO] [stdout] 
[INFO] [stdout] error[E0412]: cannot find type `NjError` in this scope
[INFO] [stdout]   --> src/safebuffer.rs:25:43
[INFO] [stdout]    |
[INFO] [stdout] 12 | fn msg_to_js() -> Result<SafeArrayBuffer, NjError> {
[INFO] [stdout]    |                                           ^^^^^^^ not found in this scope
[INFO] [stdout]    |
[INFO] [stdout] help: consider importing this enum
[INFO] [stdout]    |
[INFO] [stdout] 2  + use nj_core::NjError;
[INFO] [stdout]    |
[INFO] [stdout] 
[INFO] [stdout] error[E0599]: no method named `to_vec` found for struct `String` in the current scope
[INFO] [stdout]   --> src/safebuffer.rs:27:35
[INFO] [stdout]    |
[INFO] [stdout] 14 |   Ok(SafeArrayBuffer::new(message.to_vec()))
[INFO] [stdout]    |                                   ^^^^^^
[INFO] [stdout]    |
[INFO] [stdout] help: there is a method `to_key` with a similar name
[INFO] [stdout]    |
[INFO] [stdout] 14 |   Ok(SafeArrayBuffer::new(message.to_key()))
[INFO] [stdout]    |                                   ~~~~~~
[INFO] [stdout] 
[INFO] [stdout] error: aborting due to 5 previous errors
[INFO] [stdout] 
[INFO] [stdout] Some errors have detailed explanations: E0412, E0432, E0433, E0599.
[INFO] [stdout] For more information about an error, try `rustc --explain E0412`.
[INFO] [stdout] Couldn't compile the test.
[INFO] [stdout] 
[INFO] [stdout] failures:
[INFO] [stdout]     src/buffer.rs - buffer::JSArrayBuffer (line 96)
[INFO] [stdout]     src/safebuffer.rs - safebuffer::SafeArrayBuffer (line 15)
[INFO] [stdout] 
[INFO] [stdout] test result: FAILED. 0 passed; 2 failed; 0 ignored; 0 measured; 0 filtered out; finished in 0.19s
[INFO] [stdout] 
[INFO] [stderr] error: doctest failed, to rerun pass `--doc`
[INFO] running `Command { std: "docker" "inspect" "fa6028dedabcc09664448016a4261d2005b783d62c5023672e19d14ecd86bf94", kill_on_drop: false }`
[INFO] running `Command { std: "docker" "rm" "-f" "fa6028dedabcc09664448016a4261d2005b783d62c5023672e19d14ecd86bf94", kill_on_drop: false }`
[INFO] [stdout] fa6028dedabcc09664448016a4261d2005b783d62c5023672e19d14ecd86bf94
