[INFO] fetching crate nimrodshn-btree 0.1.0...
[INFO] testing nimrodshn-btree-0.1.0 against 1.83.0 for beta-1.84.0-4-retry
[INFO] extracting crate nimrodshn-btree 0.1.0 into /workspace/builds/worker-7-tc1/source
[INFO] validating manifest of crates.io crate nimrodshn-btree 0.1.0 on toolchain 1.83.0
[INFO] running `Command { std: CARGO_HOME="/workspace/cargo-home" RUSTUP_HOME="/workspace/rustup-home" "/workspace/cargo-home/bin/cargo" "+1.83.0" "metadata" "--manifest-path" "Cargo.toml" "--no-deps", kill_on_drop: false }`
[INFO] started tweaking crates.io crate nimrodshn-btree 0.1.0
[INFO] finished tweaking crates.io crate nimrodshn-btree 0.1.0
[INFO] tweaked toml for crates.io crate nimrodshn-btree 0.1.0 written to /workspace/builds/worker-7-tc1/source/Cargo.toml
[INFO] running `Command { std: CARGO_HOME="/workspace/cargo-home" RUSTUP_HOME="/workspace/rustup-home" "/workspace/cargo-home/bin/cargo" "+1.83.0" "generate-lockfile" "--manifest-path" "Cargo.toml", kill_on_drop: false }`
[INFO] [stderr]     Blocking waiting for file lock on package cache
[INFO] [stderr]     Updating crates.io index
[INFO] [stderr]     Blocking waiting for file lock on package cache
[INFO] [stderr]      Locking 16 packages to latest compatible versions
[INFO] [stderr]       Adding uuid v0.8.2 (available: v1.11.0)
[INFO] running `Command { std: CARGO_HOME="/workspace/cargo-home" RUSTUP_HOME="/workspace/rustup-home" "/workspace/cargo-home/bin/cargo" "+1.83.0" "fetch" "--manifest-path" "Cargo.toml", kill_on_drop: false }`
[INFO] [stderr]     Blocking waiting for file lock on package cache
[INFO] running `Command { std: "docker" "create" "-v" "/var/lib/crater-agent-workspace/builds/worker-7-tc1/target:/opt/rustwide/target:rw,Z" "-v" "/var/lib/crater-agent-workspace/builds/worker-7-tc1/source:/opt/rustwide/workdir:ro,Z" "-v" "/var/lib/crater-agent-workspace/cargo-home:/opt/rustwide/cargo-home:ro,Z" "-v" "/var/lib/crater-agent-workspace/rustup-home:/opt/rustwide/rustup-home:ro,Z" "-e" "SOURCE_DIR=/opt/rustwide/workdir" "-e" "CARGO_TARGET_DIR=/opt/rustwide/target" "-e" "CARGO_HOME=/opt/rustwide/cargo-home" "-e" "RUSTUP_HOME=/opt/rustwide/rustup-home" "-w" "/opt/rustwide/workdir" "-m" "1610612736" "--user" "0:0" "--network" "none" "ghcr.io/rust-lang/crates-build-env/linux@sha256:f3a9d4ad9d972b27faf3965f35b62e55ba32bbce8f20bc8fe909558a86702fde" "/opt/rustwide/cargo-home/bin/cargo" "+1.83.0" "metadata" "--no-deps" "--format-version=1", kill_on_drop: false }`
[INFO] [stdout] 9ea15a416785c65d26dcd4685e234ae53f24d8848085f28cdf0e574059024ebb
[INFO] running `Command { std: "docker" "start" "-a" "9ea15a416785c65d26dcd4685e234ae53f24d8848085f28cdf0e574059024ebb", kill_on_drop: false }`
[INFO] running `Command { std: "docker" "inspect" "9ea15a416785c65d26dcd4685e234ae53f24d8848085f28cdf0e574059024ebb", kill_on_drop: false }`
[INFO] running `Command { std: "docker" "rm" "-f" "9ea15a416785c65d26dcd4685e234ae53f24d8848085f28cdf0e574059024ebb", kill_on_drop: false }`
[INFO] [stdout] 9ea15a416785c65d26dcd4685e234ae53f24d8848085f28cdf0e574059024ebb
[INFO] running `Command { std: "docker" "create" "-v" "/var/lib/crater-agent-workspace/builds/worker-7-tc1/target:/opt/rustwide/target:rw,Z" "-v" "/var/lib/crater-agent-workspace/builds/worker-7-tc1/source:/opt/rustwide/workdir:ro,Z" "-v" "/var/lib/crater-agent-workspace/cargo-home:/opt/rustwide/cargo-home:ro,Z" "-v" "/var/lib/crater-agent-workspace/rustup-home:/opt/rustwide/rustup-home:ro,Z" "-e" "SOURCE_DIR=/opt/rustwide/workdir" "-e" "CARGO_TARGET_DIR=/opt/rustwide/target" "-e" "CARGO_INCREMENTAL=0" "-e" "RUST_BACKTRACE=full" "-e" "RUSTFLAGS=--cap-lints=warn" "-e" "RUSTDOCFLAGS=--cap-lints=warn" "-e" "CARGO_HOME=/opt/rustwide/cargo-home" "-e" "RUSTUP_HOME=/opt/rustwide/rustup-home" "-w" "/opt/rustwide/workdir" "-m" "1610612736" "--user" "0:0" "--network" "none" "ghcr.io/rust-lang/crates-build-env/linux@sha256:f3a9d4ad9d972b27faf3965f35b62e55ba32bbce8f20bc8fe909558a86702fde" "/opt/rustwide/cargo-home/bin/cargo" "+1.83.0" "build" "--frozen" "--message-format=json", kill_on_drop: false }`
[INFO] [stdout] c9db5b589936cfe09d93235d10a63d5e205fca69189eeefbf7a2b1adcf763870
[INFO] running `Command { std: "docker" "start" "-a" "c9db5b589936cfe09d93235d10a63d5e205fca69189eeefbf7a2b1adcf763870", kill_on_drop: false }`
[INFO] [stderr]    Compiling libc v0.2.168
[INFO] [stderr]    Compiling serde v1.0.216
[INFO] [stderr]    Compiling cfg-if v1.0.0
[INFO] [stderr]    Compiling byteorder v1.5.0
[INFO] [stderr]    Compiling getrandom v0.2.15
[INFO] [stderr]    Compiling memmap v0.7.0
[INFO] [stderr]    Compiling uuid v0.8.2
[INFO] [stderr]    Compiling nimrodshn-btree v0.1.0 (/opt/rustwide/workdir)
[INFO] [stderr]     Finished `dev` profile [unoptimized + debuginfo] target(s) in 4.27s
[INFO] running `Command { std: "docker" "inspect" "c9db5b589936cfe09d93235d10a63d5e205fca69189eeefbf7a2b1adcf763870", kill_on_drop: false }`
[INFO] running `Command { std: "docker" "rm" "-f" "c9db5b589936cfe09d93235d10a63d5e205fca69189eeefbf7a2b1adcf763870", kill_on_drop: false }`
[INFO] [stdout] c9db5b589936cfe09d93235d10a63d5e205fca69189eeefbf7a2b1adcf763870
[INFO] running `Command { std: "docker" "create" "-v" "/var/lib/crater-agent-workspace/builds/worker-7-tc1/target:/opt/rustwide/target:rw,Z" "-v" "/var/lib/crater-agent-workspace/builds/worker-7-tc1/source:/opt/rustwide/workdir:ro,Z" "-v" "/var/lib/crater-agent-workspace/cargo-home:/opt/rustwide/cargo-home:ro,Z" "-v" "/var/lib/crater-agent-workspace/rustup-home:/opt/rustwide/rustup-home:ro,Z" "-e" "SOURCE_DIR=/opt/rustwide/workdir" "-e" "CARGO_TARGET_DIR=/opt/rustwide/target" "-e" "CARGO_INCREMENTAL=0" "-e" "RUST_BACKTRACE=full" "-e" "RUSTFLAGS=--cap-lints=warn" "-e" "RUSTDOCFLAGS=--cap-lints=warn" "-e" "CARGO_HOME=/opt/rustwide/cargo-home" "-e" "RUSTUP_HOME=/opt/rustwide/rustup-home" "-w" "/opt/rustwide/workdir" "-m" "1610612736" "--user" "0:0" "--network" "none" "ghcr.io/rust-lang/crates-build-env/linux@sha256:f3a9d4ad9d972b27faf3965f35b62e55ba32bbce8f20bc8fe909558a86702fde" "/opt/rustwide/cargo-home/bin/cargo" "+1.83.0" "test" "--frozen" "--no-run" "--message-format=json", kill_on_drop: false }`
[INFO] [stdout] 220a08e8c3b951cb846177285b60fadace8b7ee3f6b505d96cd433c641961c86
[INFO] running `Command { std: "docker" "start" "-a" "220a08e8c3b951cb846177285b60fadace8b7ee3f6b505d96cd433c641961c86", kill_on_drop: false }`
[INFO] [stderr]    Compiling nimrodshn-btree v0.1.0 (/opt/rustwide/workdir)
[INFO] [stderr]     Finished `test` profile [unoptimized + debuginfo] target(s) in 1.02s
[INFO] running `Command { std: "docker" "inspect" "220a08e8c3b951cb846177285b60fadace8b7ee3f6b505d96cd433c641961c86", kill_on_drop: false }`
[INFO] running `Command { std: "docker" "rm" "-f" "220a08e8c3b951cb846177285b60fadace8b7ee3f6b505d96cd433c641961c86", kill_on_drop: false }`
[INFO] [stdout] 220a08e8c3b951cb846177285b60fadace8b7ee3f6b505d96cd433c641961c86
[INFO] running `Command { std: "docker" "create" "-v" "/var/lib/crater-agent-workspace/builds/worker-7-tc1/target:/opt/rustwide/target:rw,Z" "-v" "/var/lib/crater-agent-workspace/builds/worker-7-tc1/source:/opt/rustwide/workdir:ro,Z" "-v" "/var/lib/crater-agent-workspace/cargo-home:/opt/rustwide/cargo-home:ro,Z" "-v" "/var/lib/crater-agent-workspace/rustup-home:/opt/rustwide/rustup-home:ro,Z" "-e" "SOURCE_DIR=/opt/rustwide/workdir" "-e" "CARGO_TARGET_DIR=/opt/rustwide/target" "-e" "CARGO_INCREMENTAL=0" "-e" "RUST_BACKTRACE=full" "-e" "RUSTFLAGS=--cap-lints=warn" "-e" "RUSTDOCFLAGS=--cap-lints=warn" "-e" "CARGO_HOME=/opt/rustwide/cargo-home" "-e" "RUSTUP_HOME=/opt/rustwide/rustup-home" "-w" "/opt/rustwide/workdir" "-m" "1610612736" "--user" "0:0" "--network" "none" "ghcr.io/rust-lang/crates-build-env/linux@sha256:f3a9d4ad9d972b27faf3965f35b62e55ba32bbce8f20bc8fe909558a86702fde" "/opt/rustwide/cargo-home/bin/cargo" "+1.83.0" "test" "--frozen", kill_on_drop: false }`
[INFO] [stdout] bb6c218ec9e565631b5f4ffbc89ad075e13d09b3b69640b5674ee3569ecf5301
[INFO] running `Command { std: "docker" "start" "-a" "bb6c218ec9e565631b5f4ffbc89ad075e13d09b3b69640b5674ee3569ecf5301", kill_on_drop: false }`
[INFO] [stderr]     Finished `test` profile [unoptimized + debuginfo] target(s) in 0.02s
[INFO] [stderr]      Running unittests src/lib.rs (/opt/rustwide/target/debug/deps/btree-2b7c8ef3b52616fb)
[INFO] [stdout] 
[INFO] [stdout] running 10 tests
[INFO] [stdout] test page::tests::node_to_page_works_for_leaf_node ... ok
[INFO] [stdout] test btree::tests::search_works ... FAILED
[INFO] [stdout] test node::tests::page_to_node_works_for_internal_node ... ok
[INFO] [stdout] test node::tests::page_to_node_works_for_leaf_node ... ok
[INFO] [stdout] test node::tests::split_internal_works ... ok
[INFO] [stdout] test node::tests::split_leaf_works ... ok
[INFO] [stdout] test page::tests::node_to_page_works_for_internal_node ... ok
[INFO] [stdout] test btree::tests::delete_works ... FAILED
[INFO] [stdout] test btree::tests::delete_with_empty_sub_tree ... ok
[INFO] [stdout] test btree::tests::insert_works ... ok
[INFO] [stdout] 
[INFO] [stdout] failures:
[INFO] [stdout] 
[INFO] [stdout] ---- btree::tests::search_works stdout ----
[INFO] [stdout] Error: KeyNotFound
[INFO] [stdout] 
[INFO] [stdout] ---- btree::tests::delete_works stdout ----
[INFO] [stdout] Error: UnexpectedError
[INFO] [stdout] 
[INFO] [stdout] 
[INFO] [stdout] failures:
[INFO] [stdout]     btree::tests::delete_works
[INFO] [stdout]     btree::tests::search_works
[INFO] [stdout] 
[INFO] [stdout] test result: FAILED. 8 passed; 2 failed; 0 ignored; 0 measured; 0 filtered out; finished in 0.01s
[INFO] [stdout] 
[INFO] [stderr] error: test failed, to rerun pass `--lib`
[INFO] running `Command { std: "docker" "inspect" "bb6c218ec9e565631b5f4ffbc89ad075e13d09b3b69640b5674ee3569ecf5301", kill_on_drop: false }`
[INFO] running `Command { std: "docker" "rm" "-f" "bb6c218ec9e565631b5f4ffbc89ad075e13d09b3b69640b5674ee3569ecf5301", kill_on_drop: false }`
[INFO] [stdout] bb6c218ec9e565631b5f4ffbc89ad075e13d09b3b69640b5674ee3569ecf5301
