[INFO] fetching crate netcode-rs 1.4.0...
[INFO] testing netcode-rs-1.4.0 against beta-2024-12-08 for beta-1.84.0-4-retry
[INFO] extracting crate netcode-rs 1.4.0 into /workspace/builds/worker-3-tc2/source
[INFO] validating manifest of crates.io crate netcode-rs 1.4.0 on toolchain beta-2024-12-08
[INFO] running `Command { std: CARGO_HOME="/workspace/cargo-home" RUSTUP_HOME="/workspace/rustup-home" "/workspace/cargo-home/bin/cargo" "+beta-2024-12-08" "metadata" "--manifest-path" "Cargo.toml" "--no-deps", kill_on_drop: false }`
[INFO] started tweaking crates.io crate netcode-rs 1.4.0
[INFO] finished tweaking crates.io crate netcode-rs 1.4.0
[INFO] tweaked toml for crates.io crate netcode-rs 1.4.0 written to /workspace/builds/worker-3-tc2/source/Cargo.toml
[INFO] crate crates.io crate netcode-rs 1.4.0 already has a lockfile, it will not be regenerated
[INFO] running `Command { std: CARGO_HOME="/workspace/cargo-home" RUSTUP_HOME="/workspace/rustup-home" "/workspace/cargo-home/bin/cargo" "+beta-2024-12-08" "fetch" "--manifest-path" "Cargo.toml", kill_on_drop: false }`
[INFO] running `Command { std: "docker" "create" "-v" "/var/lib/crater-agent-workspace/builds/worker-3-tc2/target:/opt/rustwide/target:rw,Z" "-v" "/var/lib/crater-agent-workspace/builds/worker-3-tc2/source:/opt/rustwide/workdir:ro,Z" "-v" "/var/lib/crater-agent-workspace/cargo-home:/opt/rustwide/cargo-home:ro,Z" "-v" "/var/lib/crater-agent-workspace/rustup-home:/opt/rustwide/rustup-home:ro,Z" "-e" "SOURCE_DIR=/opt/rustwide/workdir" "-e" "CARGO_TARGET_DIR=/opt/rustwide/target" "-e" "CARGO_HOME=/opt/rustwide/cargo-home" "-e" "RUSTUP_HOME=/opt/rustwide/rustup-home" "-w" "/opt/rustwide/workdir" "-m" "1610612736" "--user" "0:0" "--network" "none" "ghcr.io/rust-lang/crates-build-env/linux@sha256:f3a9d4ad9d972b27faf3965f35b62e55ba32bbce8f20bc8fe909558a86702fde" "/opt/rustwide/cargo-home/bin/cargo" "+beta-2024-12-08" "metadata" "--no-deps" "--format-version=1", kill_on_drop: false }`
[INFO] [stdout] 62226710852ed115c12066edf636de4475f114af7190e2316f163701a18c5023
[INFO] running `Command { std: "docker" "start" "-a" "62226710852ed115c12066edf636de4475f114af7190e2316f163701a18c5023", kill_on_drop: false }`
[INFO] running `Command { std: "docker" "inspect" "62226710852ed115c12066edf636de4475f114af7190e2316f163701a18c5023", kill_on_drop: false }`
[INFO] running `Command { std: "docker" "rm" "-f" "62226710852ed115c12066edf636de4475f114af7190e2316f163701a18c5023", kill_on_drop: false }`
[INFO] [stdout] 62226710852ed115c12066edf636de4475f114af7190e2316f163701a18c5023
[INFO] running `Command { std: "docker" "create" "-v" "/var/lib/crater-agent-workspace/builds/worker-3-tc2/target:/opt/rustwide/target:rw,Z" "-v" "/var/lib/crater-agent-workspace/builds/worker-3-tc2/source:/opt/rustwide/workdir:ro,Z" "-v" "/var/lib/crater-agent-workspace/cargo-home:/opt/rustwide/cargo-home:ro,Z" "-v" "/var/lib/crater-agent-workspace/rustup-home:/opt/rustwide/rustup-home:ro,Z" "-e" "SOURCE_DIR=/opt/rustwide/workdir" "-e" "CARGO_TARGET_DIR=/opt/rustwide/target" "-e" "CARGO_INCREMENTAL=0" "-e" "RUST_BACKTRACE=full" "-e" "RUSTFLAGS=--cap-lints=warn" "-e" "RUSTDOCFLAGS=--cap-lints=warn" "-e" "CARGO_HOME=/opt/rustwide/cargo-home" "-e" "RUSTUP_HOME=/opt/rustwide/rustup-home" "-w" "/opt/rustwide/workdir" "-m" "1610612736" "--user" "0:0" "--network" "none" "ghcr.io/rust-lang/crates-build-env/linux@sha256:f3a9d4ad9d972b27faf3965f35b62e55ba32bbce8f20bc8fe909558a86702fde" "/opt/rustwide/cargo-home/bin/cargo" "+beta-2024-12-08" "build" "--frozen" "--message-format=json", kill_on_drop: false }`
[INFO] [stdout] 24279a899263cc727e5b6afa28d645e705b4600948e4f3f6f8a3e9c62af1587b
[INFO] running `Command { std: "docker" "start" "-a" "24279a899263cc727e5b6afa28d645e705b4600948e4f3f6f8a3e9c62af1587b", kill_on_drop: false }`
[INFO] [stderr]    Compiling libc v0.2.156
[INFO] [stderr]    Compiling version_check v0.9.5
[INFO] [stderr]    Compiling typenum v1.17.0
[INFO] [stderr]    Compiling cfg-if v1.0.0
[INFO] [stderr]    Compiling proc-macro2 v1.0.86
[INFO] [stderr]    Compiling memchr v2.7.4
[INFO] [stderr]    Compiling unicode-ident v1.0.12
[INFO] [stderr]    Compiling regex-syntax v0.8.4
[INFO] [stderr]    Compiling utf8parse v0.2.2
[INFO] [stderr]    Compiling subtle v2.6.1
[INFO] [stderr]    Compiling zeroize v1.8.1
[INFO] [stderr]    Compiling cpufeatures v0.2.13
[INFO] [stderr]    Compiling is_terminal_polyfill v1.70.1
[INFO] [stderr]    Compiling anstyle-query v1.1.1
[INFO] [stderr]    Compiling anstyle v1.0.8
[INFO] [stderr]    Compiling opaque-debug v0.3.1
[INFO] [stderr]    Compiling colorchoice v1.0.2
[INFO] [stderr]    Compiling thiserror v1.0.63
[INFO] [stderr]    Compiling log v0.4.22
[INFO] [stderr]    Compiling humantime v2.1.0
[INFO] [stderr]    Compiling byteorder v1.5.0
[INFO] [stderr]    Compiling anstyle-parse v0.2.5
[INFO] [stderr]    Compiling generic-array v0.14.7
[INFO] [stderr]    Compiling anstream v0.6.15
[INFO] [stderr]    Compiling aho-corasick v1.1.3
[INFO] [stderr]    Compiling quote v1.0.36
[INFO] [stderr]    Compiling syn v2.0.74
[INFO] [stderr]    Compiling getrandom v0.2.15
[INFO] [stderr]    Compiling socket2 v0.5.7
[INFO] [stderr]    Compiling rand_core v0.6.4
[INFO] [stderr]    Compiling regex-automata v0.4.7
[INFO] [stderr]    Compiling crypto-common v0.1.6
[INFO] [stderr]    Compiling inout v0.1.3
[INFO] [stderr]    Compiling universal-hash v0.5.1
[INFO] [stderr]    Compiling aead v0.5.2
[INFO] [stderr]    Compiling cipher v0.4.4
[INFO] [stderr]    Compiling poly1305 v0.8.0
[INFO] [stderr]    Compiling chacha20 v0.9.1
[INFO] [stderr]    Compiling chacha20poly1305 v0.10.1
[INFO] [stderr]    Compiling thiserror-impl v1.0.63
[INFO] [stderr]    Compiling regex v1.10.6
[INFO] [stderr]    Compiling env_filter v0.1.2
[INFO] [stderr]    Compiling env_logger v0.11.5
[INFO] [stderr]    Compiling netcode-rs v1.4.0 (/opt/rustwide/workdir)
[INFO] [stderr]     Finished `dev` profile [unoptimized + debuginfo] target(s) in 8.25s
[INFO] running `Command { std: "docker" "inspect" "24279a899263cc727e5b6afa28d645e705b4600948e4f3f6f8a3e9c62af1587b", kill_on_drop: false }`
[INFO] running `Command { std: "docker" "rm" "-f" "24279a899263cc727e5b6afa28d645e705b4600948e4f3f6f8a3e9c62af1587b", kill_on_drop: false }`
[INFO] [stdout] 24279a899263cc727e5b6afa28d645e705b4600948e4f3f6f8a3e9c62af1587b
[INFO] running `Command { std: "docker" "create" "-v" "/var/lib/crater-agent-workspace/builds/worker-3-tc2/target:/opt/rustwide/target:rw,Z" "-v" "/var/lib/crater-agent-workspace/builds/worker-3-tc2/source:/opt/rustwide/workdir:ro,Z" "-v" "/var/lib/crater-agent-workspace/cargo-home:/opt/rustwide/cargo-home:ro,Z" "-v" "/var/lib/crater-agent-workspace/rustup-home:/opt/rustwide/rustup-home:ro,Z" "-e" "SOURCE_DIR=/opt/rustwide/workdir" "-e" "CARGO_TARGET_DIR=/opt/rustwide/target" "-e" "CARGO_INCREMENTAL=0" "-e" "RUST_BACKTRACE=full" "-e" "RUSTFLAGS=--cap-lints=warn" "-e" "RUSTDOCFLAGS=--cap-lints=warn" "-e" "CARGO_HOME=/opt/rustwide/cargo-home" "-e" "RUSTUP_HOME=/opt/rustwide/rustup-home" "-w" "/opt/rustwide/workdir" "-m" "1610612736" "--user" "0:0" "--network" "none" "ghcr.io/rust-lang/crates-build-env/linux@sha256:f3a9d4ad9d972b27faf3965f35b62e55ba32bbce8f20bc8fe909558a86702fde" "/opt/rustwide/cargo-home/bin/cargo" "+beta-2024-12-08" "test" "--frozen" "--no-run" "--message-format=json", kill_on_drop: false }`
[INFO] [stdout] f96cd77cda24fb619ac5e7c222b50b968275fbc654fcf7fc7ac7c1be03d941c3
[INFO] running `Command { std: "docker" "start" "-a" "f96cd77cda24fb619ac5e7c222b50b968275fbc654fcf7fc7ac7c1be03d941c3", kill_on_drop: false }`
[INFO] [stderr]    Compiling netcode-rs v1.4.0 (/opt/rustwide/workdir)
[INFO] [stderr]     Finished `test` profile [unoptimized + debuginfo] target(s) in 2.16s
[INFO] running `Command { std: "docker" "inspect" "f96cd77cda24fb619ac5e7c222b50b968275fbc654fcf7fc7ac7c1be03d941c3", kill_on_drop: false }`
[INFO] running `Command { std: "docker" "rm" "-f" "f96cd77cda24fb619ac5e7c222b50b968275fbc654fcf7fc7ac7c1be03d941c3", kill_on_drop: false }`
[INFO] [stdout] f96cd77cda24fb619ac5e7c222b50b968275fbc654fcf7fc7ac7c1be03d941c3
[INFO] running `Command { std: "docker" "create" "-v" "/var/lib/crater-agent-workspace/builds/worker-3-tc2/target:/opt/rustwide/target:rw,Z" "-v" "/var/lib/crater-agent-workspace/builds/worker-3-tc2/source:/opt/rustwide/workdir:ro,Z" "-v" "/var/lib/crater-agent-workspace/cargo-home:/opt/rustwide/cargo-home:ro,Z" "-v" "/var/lib/crater-agent-workspace/rustup-home:/opt/rustwide/rustup-home:ro,Z" "-e" "SOURCE_DIR=/opt/rustwide/workdir" "-e" "CARGO_TARGET_DIR=/opt/rustwide/target" "-e" "CARGO_INCREMENTAL=0" "-e" "RUST_BACKTRACE=full" "-e" "RUSTFLAGS=--cap-lints=warn" "-e" "RUSTDOCFLAGS=--cap-lints=warn" "-e" "CARGO_HOME=/opt/rustwide/cargo-home" "-e" "RUSTUP_HOME=/opt/rustwide/rustup-home" "-w" "/opt/rustwide/workdir" "-m" "1610612736" "--user" "0:0" "--network" "none" "ghcr.io/rust-lang/crates-build-env/linux@sha256:f3a9d4ad9d972b27faf3965f35b62e55ba32bbce8f20bc8fe909558a86702fde" "/opt/rustwide/cargo-home/bin/cargo" "+beta-2024-12-08" "test" "--frozen", kill_on_drop: false }`
[INFO] [stdout] 552c8c1620d30c59d71d2783d94e89e80365cca94a6c8d7db59b17b335a83d60
[INFO] running `Command { std: "docker" "start" "-a" "552c8c1620d30c59d71d2783d94e89e80365cca94a6c8d7db59b17b335a83d60", kill_on_drop: false }`
[INFO] [stderr]     Finished `test` profile [unoptimized + debuginfo] target(s) in 0.05s
[INFO] [stderr]      Running unittests src/lib.rs (/opt/rustwide/target/debug/deps/netcode-be918204430aa8e5)
[INFO] [stdout] 
[INFO] [stdout] running 26 tests
[INFO] [stdout] test client::tests::invalid_connect_token ... ok
[INFO] [stdout] test packet::tests::challenge_packet ... ok
[INFO] [stdout] test packet::tests::denied_packet ... ok
[INFO] [stdout] test packet::tests::disconnect_packet ... ok
[INFO] [stdout] test packet::tests::payload_packet ... ok
[INFO] [stdout] test packet::tests::request_packet ... ok
[INFO] [stdout] test crypto::tests::encrypt_decrypt_zero_sized_buf ... ok
[INFO] [stdout] test packet::tests::sequence_number_bytes_required ... ok
[INFO] [stdout] test replay::tests::replay_protection ... ok
[INFO] [stdout] test crypto::tests::buf_too_small ... ok
[INFO] [stdout] test packet::tests::keep_alive_packet ... ok
[INFO] [stdout] test simulator::tests::client_connect_token_expired ... ok
[INFO] [stdout] test token::tests::connect_token_builder ... ok
[INFO] [stdout] test token::tests::connect_token_read_write ... ok
[INFO] [stdout] test token::tests::encrypt_decrypt_challenge_token ... ok
[INFO] [stdout] test simulator::tests::server_side_disconnect ... ok
[INFO] [stdout] test simulator::tests::client_server_keep_alive ... ok
[INFO] [stdout] test token::tests::encrypt_decrypt_private_token ... ok
[INFO] [stdout] test simulator::tests::client_side_disconnect_reconnect ... ok
[INFO] [stdout] test simulator::tests::client_server_connect_send_recv ... ok
[INFO] [stdout] test simulator::tests::multiple_clients ... ok
[INFO] [stdout] test simulator::tests::client_server_disable_timeouts_and_expire ... ok
[INFO] [stdout] test simulator::tests::multiple_servers ... ok
[INFO] [stdout] test simulator::tests::server_timeout ... ok
[INFO] [stdout] test simulator::tests::client_timeout ... ok
[INFO] [stdout] test simulator::tests::connection_denied ... ok
[INFO] [stdout] 
[INFO] [stdout] test result: ok. 26 passed; 0 failed; 0 ignored; 0 measured; 0 filtered out; finished in 1.18s
[INFO] [stdout] 
[INFO] [stderr]    Doc-tests netcode
[INFO] [stdout] 
[INFO] [stdout] running 18 tests
[INFO] [stdout] test src/crypto.rs - crypto::generate_key (line 31) ... ok
[INFO] [stdout] test src/server.rs - server::Server<T,S>::token (line 862) ... ok
[INFO] [stdout] test src/lib.rs - (line 44) ... ok
[INFO] [stdout] test src/server.rs - server::Server<T,S>::recv (line 797) ... ok
[INFO] [stdout] test src/crypto.rs - crypto::try_generate_key (line 47) ... ok
[INFO] [stdout] test src/client.rs - client::Client<NetcodeSocket>::new (line 248) ... ok
[INFO] [stdout] test src/server.rs - server::ServerConfig (line 217) ... ok
[INFO] [stdout] test src/lib.rs - (line 78) ... ok
[INFO] [stdout] test src/server.rs - server::Server<NetcodeSocket,Ctx>::with_config (line 375) ... ok
[INFO] [stdout] test src/client.rs - client::ClientConfig (line 31) ... ok
[INFO] [stdout] test src/server.rs - server::Server (line 309) ... ok
[INFO] [stdout] test src/client.rs - client::Client<T,Ctx>::recv (line 585) ... ok
[INFO] [stdout] test src/client.rs - client::Client<NetcodeSocket,Ctx>::with_config (line 273) ... ok
[INFO] [stdout] test src/server.rs - server::Server<T,S>::with_config_and_transceiver (line 719) ... ok
[INFO] [stdout] test src/client.rs - client::Client (line 161) ... ok
[INFO] [stdout] test src/client.rs - client::Client<T,Ctx>::with_config_and_transceiver (line 506) ... ok
[INFO] [stdout] test src/socket.rs - socket::NetcodeSocket (line 27) ... ok
[INFO] [stdout] test src/token.rs - token::ConnectToken (line 279) ... FAILED
[INFO] [stdout] 
[INFO] [stdout] failures:
[INFO] [stdout] 
[INFO] [stdout] ---- src/token.rs - token::ConnectToken (line 279) stdout ----
[INFO] [stdout] Test executable failed (exit status: 101).
[INFO] [stdout] 
[INFO] [stdout] stderr:
[INFO] [stdout] thread 'main' panicked at src/token.rs:23:6:
[INFO] [stdout] called `Result::unwrap()` on an `Err` value: Io(Custom { kind: Uncategorized, error: "failed to lookup address information: Temporary failure in name resolution" })
[INFO] [stdout] stack backtrace:
[INFO] [stdout]    0:     0x58a71aa2a40a - std::backtrace_rs::backtrace::libunwind::trace::h8810477743020387
[INFO] [stdout]                                at /rustc/202008a1b8de96d2e5b6bc02d379db03a877d34d/library/std/src/../../backtrace/src/backtrace/libunwind.rs:116:5
[INFO] [stdout]    1:     0x58a71aa2a40a - std::backtrace_rs::backtrace::trace_unsynchronized::h3aa55355dd6c54a6
[INFO] [stdout]                                at /rustc/202008a1b8de96d2e5b6bc02d379db03a877d34d/library/std/src/../../backtrace/src/backtrace/mod.rs:66:5
[INFO] [stdout]    2:     0x58a71aa2a40a - std::sys::backtrace::_print_fmt::h8588b0f62410823f
[INFO] [stdout]                                at /rustc/202008a1b8de96d2e5b6bc02d379db03a877d34d/library/std/src/sys/backtrace.rs:66:9
[INFO] [stdout]    3:     0x58a71aa2a40a - <std::sys::backtrace::BacktraceLock::print::DisplayBacktrace as core::fmt::Display>::fmt::h98c26ac25ffe89bb
[INFO] [stdout]                                at /rustc/202008a1b8de96d2e5b6bc02d379db03a877d34d/library/std/src/sys/backtrace.rs:39:26
[INFO] [stdout]    4:     0x58a71aa477a3 - core::fmt::rt::Argument::fmt::hf95377f4aebd453b
[INFO] [stdout]                                at /rustc/202008a1b8de96d2e5b6bc02d379db03a877d34d/library/core/src/fmt/rt.rs:177:76
[INFO] [stdout]    5:     0x58a71aa477a3 - core::fmt::write::h0dd5f6e2238c7982
[INFO] [stdout]                                at /rustc/202008a1b8de96d2e5b6bc02d379db03a877d34d/library/core/src/fmt/mod.rs:1189:21
[INFO] [stdout]    6:     0x58a71aa27cd3 - std::io::Write::write_fmt::hc00bff0a88e08857
[INFO] [stdout]                                at /rustc/202008a1b8de96d2e5b6bc02d379db03a877d34d/library/std/src/io/mod.rs:1884:15
[INFO] [stdout]    7:     0x58a71aa2a252 - std::sys::backtrace::BacktraceLock::print::h5c19c1c038ee186d
[INFO] [stdout]                                at /rustc/202008a1b8de96d2e5b6bc02d379db03a877d34d/library/std/src/sys/backtrace.rs:42:9
[INFO] [stdout]    8:     0x58a71aa2b21c - std::panicking::default_hook::{{closure}}::h77172f079a1fcb13
[INFO] [stdout]                                at /rustc/202008a1b8de96d2e5b6bc02d379db03a877d34d/library/std/src/panicking.rs:268:22
[INFO] [stdout]    9:     0x58a71aa2b062 - std::panicking::default_hook::he5f8e3b203ccddba
[INFO] [stdout]                                at /rustc/202008a1b8de96d2e5b6bc02d379db03a877d34d/library/std/src/panicking.rs:295:9
[INFO] [stdout]   10:     0x58a71aa2b7f7 - std::panicking::rust_panic_with_hook::h53863d4e9018df39
[INFO] [stdout]                                at /rustc/202008a1b8de96d2e5b6bc02d379db03a877d34d/library/std/src/panicking.rs:801:13
[INFO] [stdout]   11:     0x58a71aa2b68a - std::panicking::begin_panic_handler::{{closure}}::h67280e6fa0757873
[INFO] [stdout]                                at /rustc/202008a1b8de96d2e5b6bc02d379db03a877d34d/library/std/src/panicking.rs:674:13
[INFO] [stdout]   12:     0x58a71aa2a8e9 - std::sys::backtrace::__rust_end_short_backtrace::h1dac3f54d6fbbeb2
[INFO] [stdout]                                at /rustc/202008a1b8de96d2e5b6bc02d379db03a877d34d/library/std/src/sys/backtrace.rs:170:18
[INFO] [stdout]   13:     0x58a71aa2b31c - rust_begin_unwind
[INFO] [stdout]                                at /rustc/202008a1b8de96d2e5b6bc02d379db03a877d34d/library/std/src/panicking.rs:665:5
[INFO] [stdout]   14:     0x58a71a9d1170 - core::panicking::panic_fmt::h6792bd1b2bf01041
[INFO] [stdout]                                at /rustc/202008a1b8de96d2e5b6bc02d379db03a877d34d/library/core/src/panicking.rs:76:14
[INFO] [stdout]   15:     0x58a71a9d14e6 - core::result::unwrap_failed::h05e0602ed34287c5
[INFO] [stdout]                                at /rustc/202008a1b8de96d2e5b6bc02d379db03a877d34d/library/core/src/result.rs:1699:5
[INFO] [stdout]   16:     0x58a71a9d3eb6 - rust_out::main::_doctest_main_src_token_rs_279_0::hb4bf77400728693b
[INFO] [stdout]   17:     0x58a71a9d3d16 - rust_out::main::h57eefffa92e38ed0
[INFO] [stdout]   18:     0x58a71a9d2313 - core::ops::function::FnOnce::call_once::hcb3872443a25b5b7
[INFO] [stdout]   19:     0x58a71a9d2076 - std::sys::backtrace::__rust_begin_short_backtrace::hb8f53f53663d2e9e
[INFO] [stdout]   20:     0x58a71a9d2059 - std::rt::lang_start::{{closure}}::h0d6bdb8cb611c7e9
[INFO] [stdout]   21:     0x58a71aa25e27 - core::ops::function::impls::<impl core::ops::function::FnOnce<A> for &F>::call_once::hba2470d01d3f5e41
[INFO] [stdout]                                at /rustc/202008a1b8de96d2e5b6bc02d379db03a877d34d/library/core/src/ops/function.rs:284:13
[INFO] [stdout]   22:     0x58a71aa25e27 - std::panicking::try::do_call::hc063fb73159aab72
[INFO] [stdout]                                at /rustc/202008a1b8de96d2e5b6bc02d379db03a877d34d/library/std/src/panicking.rs:557:40
[INFO] [stdout]   23:     0x58a71aa25e27 - std::panicking::try::h2767c6d245d3a3bb
[INFO] [stdout]                                at /rustc/202008a1b8de96d2e5b6bc02d379db03a877d34d/library/std/src/panicking.rs:520:19
[INFO] [stdout]   24:     0x58a71aa25e27 - std::panic::catch_unwind::h061c6ef75790da63
[INFO] [stdout]                                at /rustc/202008a1b8de96d2e5b6bc02d379db03a877d34d/library/std/src/panic.rs:358:14
[INFO] [stdout]   25:     0x58a71aa25e27 - std::rt::lang_start_internal::{{closure}}::h5c5e35b11a4b8c4e
[INFO] [stdout]                                at /rustc/202008a1b8de96d2e5b6bc02d379db03a877d34d/library/std/src/rt.rs:174:48
[INFO] [stdout]   26:     0x58a71aa25e27 - std::panicking::try::do_call::h705e99690a8109cc
[INFO] [stdout]                                at /rustc/202008a1b8de96d2e5b6bc02d379db03a877d34d/library/std/src/panicking.rs:557:40
[INFO] [stdout]   27:     0x58a71aa25e27 - std::panicking::try::he5f4452754ed9a34
[INFO] [stdout]                                at /rustc/202008a1b8de96d2e5b6bc02d379db03a877d34d/library/std/src/panicking.rs:520:19
[INFO] [stdout]   28:     0x58a71aa25e27 - std::panic::catch_unwind::h5db61b3bcbe883e5
[INFO] [stdout]                                at /rustc/202008a1b8de96d2e5b6bc02d379db03a877d34d/library/std/src/panic.rs:358:14
[INFO] [stdout]   29:     0x58a71aa25e27 - std::rt::lang_start_internal::h81da9b59bab665c6
[INFO] [stdout]                                at /rustc/202008a1b8de96d2e5b6bc02d379db03a877d34d/library/std/src/rt.rs:174:20
[INFO] [stdout]   30:     0x58a71a9d2037 - std::rt::lang_start::h2798034e47ddebf9
[INFO] [stdout]   31:     0x58a71a9d4065 - main
[INFO] [stdout]   32:     0x7cdf645ebd90 - <unknown>
[INFO] [stdout]   33:     0x7cdf645ebe40 - __libc_start_main
[INFO] [stdout]   34:     0x58a71a9d1805 - _start
[INFO] [stdout]   35:                0x0 - <unknown>
[INFO] [stdout] 
[INFO] [stdout] 
[INFO] [stdout] 
[INFO] [stdout] failures:
[INFO] [stdout]     src/token.rs - token::ConnectToken (line 279)
[INFO] [stdout] 
[INFO] [stdout] test result: FAILED. 17 passed; 1 failed; 0 ignored; 0 measured; 0 filtered out; finished in 2.40s
[INFO] [stdout] 
[INFO] [stderr] error: doctest failed, to rerun pass `--doc`
[INFO] running `Command { std: "docker" "inspect" "552c8c1620d30c59d71d2783d94e89e80365cca94a6c8d7db59b17b335a83d60", kill_on_drop: false }`
[INFO] running `Command { std: "docker" "rm" "-f" "552c8c1620d30c59d71d2783d94e89e80365cca94a6c8d7db59b17b335a83d60", kill_on_drop: false }`
[INFO] [stdout] 552c8c1620d30c59d71d2783d94e89e80365cca94a6c8d7db59b17b335a83d60
