[INFO] fetching crate ndarray_cg 0.2.0...
[INFO] testing ndarray_cg-0.2.0 against beta-2024-12-08 for beta-1.84.0-4-retry
[INFO] extracting crate ndarray_cg 0.2.0 into /workspace/builds/worker-3-tc2/source
[INFO] validating manifest of crates.io crate ndarray_cg 0.2.0 on toolchain beta-2024-12-08
[INFO] running `Command { std: CARGO_HOME="/workspace/cargo-home" RUSTUP_HOME="/workspace/rustup-home" "/workspace/cargo-home/bin/cargo" "+beta-2024-12-08" "metadata" "--manifest-path" "Cargo.toml" "--no-deps", kill_on_drop: false }`
[INFO] started tweaking crates.io crate ndarray_cg 0.2.0
[INFO] removed 0 missing tests
[INFO] finished tweaking crates.io crate ndarray_cg 0.2.0
[INFO] tweaked toml for crates.io crate ndarray_cg 0.2.0 written to /workspace/builds/worker-3-tc2/source/Cargo.toml
[INFO] running `Command { std: CARGO_HOME="/workspace/cargo-home" RUSTUP_HOME="/workspace/rustup-home" "/workspace/cargo-home/bin/cargo" "+beta-2024-12-08" "generate-lockfile" "--manifest-path" "Cargo.toml", kill_on_drop: false }`
[INFO] [stderr]     Blocking waiting for file lock on package cache
[INFO] [stderr]     Updating crates.io index
[INFO] [stderr]     Blocking waiting for file lock on package cache
[INFO] [stderr]      Locking 137 packages to latest compatible versions
[INFO] [stderr]       Adding derive_tools v0.29.0 (available: v0.32.0)
[INFO] [stderr]       Adding either v1.6.1 (available: v1.13.0)
[INFO] [stderr]       Adding former v2.9.0 (available: v2.11.0)
[INFO] [stderr]       Adding former_meta v2.9.0 (available: v2.11.0)
[INFO] [stderr]       Adding former_types v2.8.0 (available: v2.12.0)
[INFO] [stderr]       Adding mod_interface v0.25.0 (available: v0.30.0)
[INFO] [stderr]       Adding test_tools v0.10.0 (available: v0.11.0)
[INFO] running `Command { std: CARGO_HOME="/workspace/cargo-home" RUSTUP_HOME="/workspace/rustup-home" "/workspace/cargo-home/bin/cargo" "+beta-2024-12-08" "fetch" "--manifest-path" "Cargo.toml", kill_on_drop: false }`
[INFO] running `Command { std: "docker" "create" "-v" "/var/lib/crater-agent-workspace/builds/worker-3-tc2/target:/opt/rustwide/target:rw,Z" "-v" "/var/lib/crater-agent-workspace/builds/worker-3-tc2/source:/opt/rustwide/workdir:ro,Z" "-v" "/var/lib/crater-agent-workspace/cargo-home:/opt/rustwide/cargo-home:ro,Z" "-v" "/var/lib/crater-agent-workspace/rustup-home:/opt/rustwide/rustup-home:ro,Z" "-e" "SOURCE_DIR=/opt/rustwide/workdir" "-e" "CARGO_TARGET_DIR=/opt/rustwide/target" "-e" "CARGO_HOME=/opt/rustwide/cargo-home" "-e" "RUSTUP_HOME=/opt/rustwide/rustup-home" "-w" "/opt/rustwide/workdir" "-m" "1610612736" "--user" "0:0" "--network" "none" "ghcr.io/rust-lang/crates-build-env/linux@sha256:f3a9d4ad9d972b27faf3965f35b62e55ba32bbce8f20bc8fe909558a86702fde" "/opt/rustwide/cargo-home/bin/cargo" "+beta-2024-12-08" "metadata" "--no-deps" "--format-version=1", kill_on_drop: false }`
[INFO] [stdout] 21caf577be11b662f82f1c580b5928ab9745b0138a01b253a434abca8a028668
[INFO] running `Command { std: "docker" "start" "-a" "21caf577be11b662f82f1c580b5928ab9745b0138a01b253a434abca8a028668", kill_on_drop: false }`
[INFO] running `Command { std: "docker" "inspect" "21caf577be11b662f82f1c580b5928ab9745b0138a01b253a434abca8a028668", kill_on_drop: false }`
[INFO] running `Command { std: "docker" "rm" "-f" "21caf577be11b662f82f1c580b5928ab9745b0138a01b253a434abca8a028668", kill_on_drop: false }`
[INFO] [stdout] 21caf577be11b662f82f1c580b5928ab9745b0138a01b253a434abca8a028668
[INFO] running `Command { std: "docker" "create" "-v" "/var/lib/crater-agent-workspace/builds/worker-3-tc2/target:/opt/rustwide/target:rw,Z" "-v" "/var/lib/crater-agent-workspace/builds/worker-3-tc2/source:/opt/rustwide/workdir:ro,Z" "-v" "/var/lib/crater-agent-workspace/cargo-home:/opt/rustwide/cargo-home:ro,Z" "-v" "/var/lib/crater-agent-workspace/rustup-home:/opt/rustwide/rustup-home:ro,Z" "-e" "SOURCE_DIR=/opt/rustwide/workdir" "-e" "CARGO_TARGET_DIR=/opt/rustwide/target" "-e" "CARGO_INCREMENTAL=0" "-e" "RUST_BACKTRACE=full" "-e" "RUSTFLAGS=--cap-lints=warn" "-e" "RUSTDOCFLAGS=--cap-lints=warn" "-e" "CARGO_HOME=/opt/rustwide/cargo-home" "-e" "RUSTUP_HOME=/opt/rustwide/rustup-home" "-w" "/opt/rustwide/workdir" "-m" "1610612736" "--user" "0:0" "--network" "none" "ghcr.io/rust-lang/crates-build-env/linux@sha256:f3a9d4ad9d972b27faf3965f35b62e55ba32bbce8f20bc8fe909558a86702fde" "/opt/rustwide/cargo-home/bin/cargo" "+beta-2024-12-08" "build" "--frozen" "--message-format=json", kill_on_drop: false }`
[INFO] [stdout] bd8ff1857cc22c6a5b915c66a808698eb1e56be1ad30deafe395ff9ecd32702b
[INFO] running `Command { std: "docker" "start" "-a" "bd8ff1857cc22c6a5b915c66a808698eb1e56be1ad30deafe395ff9ecd32702b", kill_on_drop: false }`
[INFO] [stderr]    Compiling proc-macro2 v1.0.92
[INFO] [stderr]    Compiling unicode-ident v1.0.14
[INFO] [stderr]    Compiling unicode-xid v0.2.6
[INFO] [stderr]    Compiling either v1.6.1
[INFO] [stderr]    Compiling libc v0.2.168
[INFO] [stderr]    Compiling clone_dyn_types v0.23.0
[INFO] [stderr]    Compiling autocfg v1.4.0
[INFO] [stderr]    Compiling collection_tools v0.12.0
[INFO] [stderr]    Compiling interval_adapter v0.24.0
[INFO] [stderr]    Compiling unicode-segmentation v1.12.0
[INFO] [stderr]    Compiling cfg-if v1.0.0
[INFO] [stderr]    Compiling cfg_aliases v0.1.1
[INFO] [stderr]    Compiling byteorder v1.5.0
[INFO] [stderr]    Compiling siphasher v0.3.11
[INFO] [stderr]    Compiling proc-macro-hack v0.5.20+deprecated
[INFO] [stderr]    Compiling memchr v2.7.4
[INFO] [stderr]    Compiling former_types v2.8.0
[INFO] [stderr]    Compiling syn v1.0.109
[INFO] [stderr]    Compiling derive_tools v0.29.0
[INFO] [stderr]    Compiling regex-syntax v0.8.5
[INFO] [stderr]    Compiling rustversion v1.0.18
[INFO] [stderr]    Compiling once_cell v1.20.2
[INFO] [stderr]    Compiling itertools v0.11.0
[INFO] [stderr]    Compiling heck v0.4.1
[INFO] [stderr]    Compiling rawpointer v0.2.1
[INFO] [stderr]    Compiling regex-syntax v0.7.5
[INFO] [stderr]    Compiling phf_shared v0.10.0
[INFO] [stderr]    Compiling num-traits v0.2.19
[INFO] [stderr]    Compiling matrixmultiply v0.3.9
[INFO] [stderr]    Compiling aho-corasick v1.1.3
[INFO] [stderr]    Compiling quote v1.0.37
[INFO] [stderr]    Compiling convert_case v0.6.0
[INFO] [stderr]    Compiling syn v2.0.90
[INFO] [stderr]    Compiling const_format_proc_macros v0.2.34
[INFO] [stderr]    Compiling getrandom v0.2.15
[INFO] [stderr]    Compiling rand_core v0.6.4
[INFO] [stderr]    Compiling iter_tools v0.21.0
[INFO] [stderr]    Compiling num-complex v0.4.6
[INFO] [stderr]    Compiling num-integer v0.1.46
[INFO] [stderr]    Compiling approx v0.5.1
[INFO] [stderr]    Compiling ndarray v0.16.1
[INFO] [stderr]    Compiling regex-automata v0.4.9
[INFO] [stderr]    Compiling const_format v0.2.34
[INFO] [stderr]    Compiling regex v1.11.1
[INFO] [stderr]    Compiling macro_tools v0.40.0
[INFO] [stderr]    Compiling zerocopy-derive v0.7.35
[INFO] [stderr]    Compiling derive_more-impl v1.0.0
[INFO] [stderr]    Compiling derive_tools_meta v0.28.0
[INFO] [stderr]    Compiling structmeta-derive v0.2.0
[INFO] [stderr]    Compiling strum_macros v0.25.3
[INFO] [stderr]    Compiling clone_dyn_meta v0.24.0
[INFO] [stderr]    Compiling bytemuck_derive v1.8.0
[INFO] [stderr]    Compiling clone_dyn v0.25.0
[INFO] [stderr]    Compiling zerocopy v0.7.35
[INFO] [stderr]    Compiling structmeta v0.2.0
[INFO] [stderr]    Compiling parse-display-derive v0.8.2
[INFO] [stderr]    Compiling bytemuck v1.20.0
[INFO] [stderr]    Compiling ppv-lite86 v0.2.20
[INFO] [stderr]    Compiling variadic_from v0.24.0
[INFO] [stderr]    Compiling rand_chacha v0.3.1
[INFO] [stderr]    Compiling rand v0.8.5
[INFO] [stderr]    Compiling derive_more v1.0.0
[INFO] [stderr]    Compiling mod_interface_meta v0.25.0
[INFO] [stderr]    Compiling parse-display v0.8.2
[INFO] [stderr]    Compiling phf_generator v0.10.0
[INFO] [stderr]    Compiling phf_macros v0.10.0
[INFO] [stderr]    Compiling phf v0.10.1
[INFO] [stderr]    Compiling mod_interface v0.25.0
[INFO] [stderr]    Compiling mdmath_core v0.2.0
[INFO] [stderr]    Compiling strum v0.25.0
[INFO] [stderr]    Compiling ndarray_cg v0.2.0 (/opt/rustwide/workdir)
[INFO] [stdout] warning: unused variable: `raw_slice`
[INFO] [stdout]   --> src/d2/mat/fns.rs:15:11
[INFO] [stdout]    |
[INFO] [stdout] 15 |       let raw_slice = self.raw_slice();
[INFO] [stdout]    |           ^^^^^^^^^ help: if this is intentional, prefix it with an underscore: `_raw_slice`
[INFO] [stdout]    |
[INFO] [stdout]    = note: `#[warn(unused_variables)]` on by default
[INFO] [stdout] 
[INFO] [stdout] 
[INFO] [stderr]     Finished `dev` profile [unoptimized + debuginfo] target(s) in 26.21s
[INFO] running `Command { std: "docker" "inspect" "bd8ff1857cc22c6a5b915c66a808698eb1e56be1ad30deafe395ff9ecd32702b", kill_on_drop: false }`
[INFO] running `Command { std: "docker" "rm" "-f" "bd8ff1857cc22c6a5b915c66a808698eb1e56be1ad30deafe395ff9ecd32702b", kill_on_drop: false }`
[INFO] [stdout] bd8ff1857cc22c6a5b915c66a808698eb1e56be1ad30deafe395ff9ecd32702b
[INFO] running `Command { std: "docker" "create" "-v" "/var/lib/crater-agent-workspace/builds/worker-3-tc2/target:/opt/rustwide/target:rw,Z" "-v" "/var/lib/crater-agent-workspace/builds/worker-3-tc2/source:/opt/rustwide/workdir:ro,Z" "-v" "/var/lib/crater-agent-workspace/cargo-home:/opt/rustwide/cargo-home:ro,Z" "-v" "/var/lib/crater-agent-workspace/rustup-home:/opt/rustwide/rustup-home:ro,Z" "-e" "SOURCE_DIR=/opt/rustwide/workdir" "-e" "CARGO_TARGET_DIR=/opt/rustwide/target" "-e" "CARGO_INCREMENTAL=0" "-e" "RUST_BACKTRACE=full" "-e" "RUSTFLAGS=--cap-lints=warn" "-e" "RUSTDOCFLAGS=--cap-lints=warn" "-e" "CARGO_HOME=/opt/rustwide/cargo-home" "-e" "RUSTUP_HOME=/opt/rustwide/rustup-home" "-w" "/opt/rustwide/workdir" "-m" "1610612736" "--user" "0:0" "--network" "none" "ghcr.io/rust-lang/crates-build-env/linux@sha256:f3a9d4ad9d972b27faf3965f35b62e55ba32bbce8f20bc8fe909558a86702fde" "/opt/rustwide/cargo-home/bin/cargo" "+beta-2024-12-08" "test" "--frozen" "--no-run" "--message-format=json", kill_on_drop: false }`
[INFO] [stdout] 96c29994a5b12e77a8cc608f39a427fcc1e209220d6fd2cc63eb603375ada7ac
[INFO] running `Command { std: "docker" "start" "-a" "96c29994a5b12e77a8cc608f39a427fcc1e209220d6fd2cc63eb603375ada7ac", kill_on_drop: false }`
[INFO] [stderr]    Compiling itertools v0.11.0
[INFO] [stderr]    Compiling interval_adapter v0.24.0
[INFO] [stderr]    Compiling cfg-if v1.0.0
[INFO] [stderr]    Compiling byteorder v1.5.0
[INFO] [stderr]    Compiling libc v0.2.168
[INFO] [stderr]    Compiling semver v1.0.24
[INFO] [stderr]    Compiling serde v1.0.216
[INFO] [stderr]    Compiling derive_tools v0.28.0
[INFO] [stderr]    Compiling either v1.6.1
[INFO] [stderr]    Compiling thiserror v1.0.69
[INFO] [stderr]    Compiling hashbrown v0.15.2
[INFO] [stderr]    Compiling anyhow v1.0.94
[INFO] [stderr]    Compiling equivalent v1.0.1
[INFO] [stderr]    Compiling collection_tools v0.12.0
[INFO] [stderr]    Compiling thiserror-impl v1.0.69
[INFO] [stderr]    Compiling paste v1.0.15
[INFO] [stderr]    Compiling serde_json v1.0.133
[INFO] [stderr]    Compiling getrandom v0.2.15
[INFO] [stderr]    Compiling winnow v0.6.20
[INFO] [stderr]    Compiling zerocopy v0.7.35
[INFO] [stderr]    Compiling target-triple v0.1.3
[INFO] [stderr]    Compiling former_types v2.8.0
[INFO] [stderr]    Compiling ryu v1.0.18
[INFO] [stderr]    Compiling diff v0.1.13
[INFO] [stderr]    Compiling yansi v1.0.1
[INFO] [stderr]    Compiling rand_core v0.6.4
[INFO] [stderr]    Compiling indexmap v2.7.0
[INFO] [stderr]    Compiling itoa v1.0.14
[INFO] [stderr]    Compiling pretty_assertions v1.4.1
[INFO] [stderr]    Compiling serde_derive v1.0.216
[INFO] [stderr]    Compiling ppv-lite86 v0.2.20
[INFO] [stderr]    Compiling rustc_version v0.4.1
[INFO] [stderr]    Compiling dissimilar v1.0.9
[INFO] [stderr]    Compiling is_slice v0.10.0
[INFO] [stderr]    Compiling termcolor v1.4.1
[INFO] [stderr]    Compiling shared_child v1.0.1
[INFO] [stderr]    Compiling os_pipe v1.2.1
[INFO] [stderr]    Compiling iter_tools v0.21.0
[INFO] [stderr]    Compiling inspect_type v0.11.0
[INFO] [stderr]    Compiling test_tools v0.10.0
[INFO] [stderr]    Compiling duct v0.13.7
[INFO] [stderr]    Compiling implements v0.9.0
[INFO] [stderr]    Compiling macro_tools v0.40.0
[INFO] [stderr]    Compiling rand_chacha v0.3.1
[INFO] [stderr]    Compiling glob v0.3.1
[INFO] [stderr]    Compiling literally v0.1.3
[INFO] [stderr]    Compiling for_each v0.9.0
[INFO] [stderr]    Compiling diagnostics_tools v0.9.0
[INFO] [stderr]    Compiling data_type v0.10.0
[INFO] [stderr]    Compiling mem_tools v0.7.0
[INFO] [stderr]    Compiling rand v0.8.5
[INFO] [stderr]    Compiling typing_tools v0.9.0
[INFO] [stderr]    Compiling derive_tools_meta v0.28.0
[INFO] [stderr]    Compiling derive_tools_meta v0.27.0
[INFO] [stderr]    Compiling former_meta v2.9.0
[INFO] [stderr]    Compiling clone_dyn_meta v0.24.0
[INFO] [stderr]    Compiling impls_index_meta v0.8.0
[INFO] [stderr]    Compiling mod_interface_meta v0.24.0
[INFO] [stderr]    Compiling error_tools v0.17.0
[INFO] [stderr]    Compiling phf_generator v0.10.0
[INFO] [stderr]    Compiling phf_macros v0.10.0
[INFO] [stderr]    Compiling impls_index v0.8.0
[INFO] [stderr]    Compiling clone_dyn v0.25.0
[INFO] [stderr]    Compiling mod_interface v0.24.0
[INFO] [stderr]    Compiling proper_path_tools v0.10.0
[INFO] [stderr]    Compiling derive_tools v0.29.0
[INFO] [stderr]    Compiling variadic_from v0.24.0
[INFO] [stderr]    Compiling former v2.9.0
[INFO] [stderr]    Compiling mod_interface_meta v0.25.0
[INFO] [stderr]    Compiling phf v0.10.1
[INFO] [stderr]    Compiling serde_spanned v0.6.8
[INFO] [stderr]    Compiling toml_datetime v0.6.8
[INFO] [stderr]    Compiling process_tools v0.9.0
[INFO] [stderr]    Compiling strum v0.25.0
[INFO] [stderr]    Compiling toml_edit v0.22.22
[INFO] [stderr]    Compiling mod_interface v0.25.0
[INFO] [stderr]    Compiling mod_interface v0.26.0
[INFO] [stderr]    Compiling mdmath_core v0.2.0
[INFO] [stderr]    Compiling meta_tools v0.11.0
[INFO] [stderr]    Compiling ndarray_cg v0.2.0 (/opt/rustwide/workdir)
[INFO] [stdout] warning: unused variable: `raw_slice`
[INFO] [stdout]   --> src/d2/mat/fns.rs:15:11
[INFO] [stdout]    |
[INFO] [stdout] 15 |       let raw_slice = self.raw_slice();
[INFO] [stdout]    |           ^^^^^^^^^ help: if this is intentional, prefix it with an underscore: `_raw_slice`
[INFO] [stdout]    |
[INFO] [stdout]    = note: `#[warn(unused_variables)]` on by default
[INFO] [stdout] 
[INFO] [stdout] 
[INFO] [stderr]    Compiling toml v0.8.19
[INFO] [stderr]    Compiling trybuild v1.0.101
[INFO] [stdout] warning: unused variable: `raw_slice`
[INFO] [stdout]   --> src/d2/mat/fns.rs:15:11
[INFO] [stdout]    |
[INFO] [stdout] 15 |       let raw_slice = self.raw_slice();
[INFO] [stdout]    |           ^^^^^^^^^ help: if this is intentional, prefix it with an underscore: `_raw_slice`
[INFO] [stdout]    |
[INFO] [stdout]    = note: `#[warn(unused_variables)]` on by default
[INFO] [stdout] 
[INFO] [stdout] 
[INFO] [stderr]     Finished `test` profile [unoptimized + debuginfo] target(s) in 19.30s
[INFO] running `Command { std: "docker" "inspect" "96c29994a5b12e77a8cc608f39a427fcc1e209220d6fd2cc63eb603375ada7ac", kill_on_drop: false }`
[INFO] running `Command { std: "docker" "rm" "-f" "96c29994a5b12e77a8cc608f39a427fcc1e209220d6fd2cc63eb603375ada7ac", kill_on_drop: false }`
[INFO] [stdout] 96c29994a5b12e77a8cc608f39a427fcc1e209220d6fd2cc63eb603375ada7ac
[INFO] running `Command { std: "docker" "create" "-v" "/var/lib/crater-agent-workspace/builds/worker-3-tc2/target:/opt/rustwide/target:rw,Z" "-v" "/var/lib/crater-agent-workspace/builds/worker-3-tc2/source:/opt/rustwide/workdir:ro,Z" "-v" "/var/lib/crater-agent-workspace/cargo-home:/opt/rustwide/cargo-home:ro,Z" "-v" "/var/lib/crater-agent-workspace/rustup-home:/opt/rustwide/rustup-home:ro,Z" "-e" "SOURCE_DIR=/opt/rustwide/workdir" "-e" "CARGO_TARGET_DIR=/opt/rustwide/target" "-e" "CARGO_INCREMENTAL=0" "-e" "RUST_BACKTRACE=full" "-e" "RUSTFLAGS=--cap-lints=warn" "-e" "RUSTDOCFLAGS=--cap-lints=warn" "-e" "CARGO_HOME=/opt/rustwide/cargo-home" "-e" "RUSTUP_HOME=/opt/rustwide/rustup-home" "-w" "/opt/rustwide/workdir" "-m" "1610612736" "--user" "0:0" "--network" "none" "ghcr.io/rust-lang/crates-build-env/linux@sha256:f3a9d4ad9d972b27faf3965f35b62e55ba32bbce8f20bc8fe909558a86702fde" "/opt/rustwide/cargo-home/bin/cargo" "+beta-2024-12-08" "test" "--frozen", kill_on_drop: false }`
[INFO] [stdout] 93b65e06fc68c5f268d1a2c9c05c2b2dcf365f62ed7baa3a3c2acc9bc2ee1e85
[INFO] running `Command { std: "docker" "start" "-a" "93b65e06fc68c5f268d1a2c9c05c2b2dcf365f62ed7baa3a3c2acc9bc2ee1e85", kill_on_drop: false }`
[INFO] [stderr] warning: unused variable: `raw_slice`
[INFO] [stderr]   --> src/d2/mat/fns.rs:15:11
[INFO] [stderr]    |
[INFO] [stderr] 15 |       let raw_slice = self.raw_slice();
[INFO] [stderr]    |           ^^^^^^^^^ help: if this is intentional, prefix it with an underscore: `_raw_slice`
[INFO] [stderr]    |
[INFO] [stderr]    = note: `#[warn(unused_variables)]` on by default
[INFO] [stderr] 
[INFO] [stderr] warning: `ndarray_cg` (lib) generated 1 warning
[INFO] [stderr] warning: `ndarray_cg` (lib test) generated 1 warning (1 duplicate)
[INFO] [stderr]     Finished `test` profile [unoptimized + debuginfo] target(s) in 0.15s
[INFO] [stderr]      Running unittests src/lib.rs (/opt/rustwide/target/debug/deps/ndarray_cg-dfda6cebdd9a134c)
[INFO] [stdout] 
[INFO] [stdout] running 0 tests
[INFO] [stdout] 
[INFO] [stdout] test result: ok. 0 passed; 0 failed; 0 ignored; 0 measured; 0 filtered out; finished in 0.00s
[INFO] [stdout] 
[INFO] [stderr]      Running tests/tests.rs (/opt/rustwide/target/debug/deps/tests-abb1e35c58e4eae4)
[INFO] [stdout] 
[INFO] [stdout] running 83 tests
[INFO] [stdout] test inc::d2_test::access_test::indexing_test::iter_mut_test::test_iter_indexed_lsfirst_mut_column_major ... ok
[INFO] [stdout] test inc::d2_test::access_test::indexing_test::iter_mut_test::test_iter_indexed_msfirst_mut_row_major ... ok
[INFO] [stdout] test inc::d2_test::access_test::indexing_test::iter_mut_test::test_iter_indexed_msfirst_mut_column_major ... ok
[INFO] [stdout] test inc::d2_test::access_test::indexing_test::iter_mut_test::test_iter_indexed_unstable_mut_column_major ... ok
[INFO] [stdout] test inc::d2_test::access_test::indexing_test::iter_mut_test::test_iter_lsfirst_mut_column_major ... ok
[INFO] [stdout] test inc::d2_test::access_test::indexing_test::iter_mut_test::test_iter_lsfirst_mut_row_major ... ok
[INFO] [stdout] test inc::d2_test::access_test::indexing_test::iter_mut_test::test_iter_msfirst_mut_row_major ... ok
[INFO] [stdout] test inc::d2_test::access_test::indexing_test::iter_mut_test::test_iter_unstable_mut_column_major ... ok
[INFO] [stdout] test inc::d2_test::access_test::indexing_test::iter_mut_test::test_iter_unstable_mut_row_major ... ok
[INFO] [stdout] test inc::d2_test::access_test::indexing_test::iter_test::test_iter_indexed_lsfirst_column_major ... ok
[INFO] [stdout] test inc::d2_test::access_test::indexing_test::iter_test::test_iter_indexed_lsfirst_row_major ... ok
[INFO] [stdout] test inc::d2_test::access_test::indexing_test::iter_test::test_iter_indexed_msfirst_column_major ... ok
[INFO] [stdout] test inc::d2_test::access_test::indexing_test::iter_test::test_iter_indexed_msfirst_row_major ... ok
[INFO] [stdout] test inc::d2_test::access_test::indexing_test::iter_test::test_iter_indexed_unstable_column_major ... ok
[INFO] [stdout] test inc::d2_test::access_test::indexing_test::iter_test::test_iter_indexed_unstable_row_major ... ok
[INFO] [stdout] test inc::d2_test::access_test::indexing_test::iter_test::test_iter_lsfirst_column_major ... ok
[INFO] [stdout] test inc::d2_test::access_test::indexing_test::iter_test::test_iter_lsfirst_row_major ... ok
[INFO] [stdout] test inc::d2_test::access_test::indexing_test::iter_test::test_iter_msfirst_column_major ... ok
[INFO] [stdout] test inc::d2_test::access_test::indexing_test::iter_test::test_iter_msfirst_row_major ... ok
[INFO] [stdout] test inc::d2_test::access_test::indexing_test::iter_mut_test::test_iter_msfirst_mut_column_major ... ok
[INFO] [stdout] test inc::d2_test::access_test::indexing_test::iter_mut_test::test_iter_indexed_lsfirst_mut_row_major ... ok
[INFO] [stdout] test inc::d2_test::access_test::indexing_test::iter_test::test_iter_unstable_column_major ... ok
[INFO] [stdout] test inc::d2_test::access_test::indexing_test::iter_test::test_iter_unstable_row_major ... ok
[INFO] [stdout] test inc::d2_test::access_test::indexing_test::lane_indexed_test::test_valid_row_indexed_iteration_row_major ... ok
[INFO] [stdout] test inc::d2_test::access_test::indexing_test::lane_indexed_test::test_valid_column_indexed_iteration_column_major ... ok
[INFO] [stdout] test inc::d2_test::access_test::indexing_test::lane_indexed_test::test_lane_iter_indexed_mut_column_major ... ok
[INFO] [stdout] test inc::d2_test::access_test::indexing_test::lane_indexed_test::test_valid_column_indexed_iteration_row_major ... ok
[INFO] [stdout] test inc::d2_test::access_test::indexing_test::iter_mut_test::test_iter_indexed_unstable_mut_row_major ... ok
[INFO] [stdout] test inc::d2_test::access_test::indexing_test::lane_test::assumptions ... ok
[INFO] [stdout] test inc::d2_test::access_test::indexing_test::lane_indexed_test::test_valid_row_indexed_iteration_column_major ... ok
[INFO] [stdout] test inc::d2_test::access_test::indexing_test::lane_test::test_lane_iter_mut_column_major ... ok
[INFO] [stdout] test inc::d2_test::access_test::indexing_test::lane_test::test_lane_iter_mut_row_major ... ok
[INFO] [stdout] test inc::d2_test::access_test::indexing_test::lane_test::test_valid_column_iteration_1x2_row_major ... ok
[INFO] [stdout] test inc::d2_test::access_test::indexing_test::lane_test::test_valid_column_iteration_2x1_column_major ... ok
[INFO] [stdout] test inc::d2_test::access_test::indexing_test::lane_test::test_valid_column_iteration_2x1_row_major ... ok
[INFO] [stdout] test inc::d2_test::access_test::indexing_test::lane_indexed_test::test_lane_iter_indexed_mut_row_major ... ok
[INFO] [stdout] test inc::d2_test::access_test::indexing_test::lane_test::test_valid_column_iteration_column_major ... ok
[INFO] [stdout] test inc::d2_test::access_test::indexing_test::lane_test::test_valid_column_iteration_1x2_column_major ... ok
[INFO] [stdout] test inc::d2_test::access_test::indexing_test::lane_test::test_valid_column_iteration_row_major ... ok
[INFO] [stdout] test inc::d2_test::access_test::indexing_test::lane_test::test_valid_row_iteration_1x2_column_major ... ok
[INFO] [stdout] test inc::d2_test::access_test::indexing_test::lane_test::test_valid_row_iteration_1x2_row_major ... ok
[INFO] [stdout] test inc::d2_test::access_test::indexing_test::lane_test::test_valid_row_iteration_2x1_column_major ... ok
[INFO] [stdout] test inc::d2_test::access_test::indexing_test::lane_test::test_valid_row_iteration_column_major ... ok
[INFO] [stdout] test inc::d2_test::access_test::indexing_test::lane_test::test_valid_row_iteration_row_major ... ok
[INFO] [stdout] test inc::d2_test::access_test::scalar_test::assumptions ... ok
[INFO] [stdout] test inc::d2_test::access_test::scalar_test::test_scalar_mut_row_major ... ok
[INFO] [stdout] test inc::d2_test::access_test::scalar_test::test_scalar_ref_column_major ... ok
[INFO] [stdout] test inc::d2_test::access_test::scalar_test::test_scalar_mut_column_major ... ok
[INFO] [stdout] test inc::d2_test::access_test::scalar_test::test_scalar_ref_row_major ... ok
[INFO] [stdout] test inc::d2_test::access_test::indexing_test::lane_test::test_valid_row_iteration_2x1_row_major ... ok
[INFO] [stdout] test inc::d2_test::arithmetic_test::add_test::test_add_matrices_row_major ... ok
[INFO] [stdout] test inc::d2_test::arithmetic_test::add_test::test_add_matrices_column_major ... ok
[INFO] [stdout] test inc::d2_test::arithmetic_test::mul_test::test_multiply_matrices_column_major ... ok
[INFO] [stdout] test inc::d2_test::arithmetic_test::mul_test::test_multiply_matrices_row_major ... ok
[INFO] [stdout] test inc::d2_test::fns_test::test_debug_column_major ... ok
[INFO] [stdout] test inc::d2_test::fns_test::test_transpose_column_major ... ok
[INFO] [stdout] test inc::d2_test::fns_test::test_transpose_row_major ... ok
[INFO] [stdout] test inc::d2_test::mat_test::assumptions ... ok
[INFO] [stdout] test inc::d2_test::mat_test::default ... ok
[INFO] [stdout] test inc::d2_test::mat_test::test_has_index_dim ... ok
[INFO] [stdout] test inc::d2_test::raw_slice_test::test_raw_set_column_major ... ok
[INFO] [stdout] test inc::d2_test::raw_slice_test::test_raw_set_row_major ... ok
[INFO] [stdout] test inc::d2_test::raw_slice_test::test_raw_set_slice_column_major ... ok
[INFO] [stdout] test inc::d2_test::fns_test::test_debug_row_major ... ok
[INFO] [stdout] test inc::d2_test::raw_slice_test::test_raw_set_slice_row_major ... ok
[INFO] [stdout] test inc::d2_test::raw_slice_test::test_raw_slice_column_major ... ok
[INFO] [stdout] test inc::d2_test::raw_slice_test::test_raw_slice_mut_column_major ... ok
[INFO] [stdout] test inc::d2_test::raw_slice_test::test_raw_slice_row_major ... ok
[INFO] [stdout] test inc::d2_test::raw_slice_test::test_raw_slice_mut_row_major ... ok
[INFO] [stdout] test inc::d2_test::access_test::indexing_test::lane_indexed_test::test_invalid_dimension_indexed_column_major ... ok
[INFO] [stdout] test inc::d2_test::access_test::indexing_test::lane_indexed_test::test_invalid_dimension_indexed_row_major ... ok
[INFO] [stdout] test inc::d2_test::access_test::indexing_test::lane_indexed_test::test_out_of_bounds_lane_index_indexed_row_major - should panic ... ok
[INFO] [stdout] test inc::d2_test::access_test::indexing_test::lane_indexed_test::test_negative_lane_index_indexed_column_major - should panic ... ok
[INFO] [stdout] test inc::d2_test::access_test::indexing_test::lane_test::test_negative_lane_index_column_major - should panic ... ok
[INFO] [stdout] test inc::d2_test::access_test::indexing_test::lane_test::test_negative_lane_index_row_major - should panic ... ok
[INFO] [stdout] test inc::d2_test::access_test::indexing_test::lane_test::test_out_of_bounds_lane_index_column_major - should panic ... ok
[INFO] [stdout] test inc::d2_test::access_test::indexing_test::lane_test::test_out_of_bounds_lane_index_row_major - should panic ... ok
[INFO] [stdout] test inc::d2_test::access_test::indexing_test::lane_test::test_invalid_dimension_row_major ... ok
[INFO] [stdout] test inc::d2_test::access_test::indexing_test::lane_indexed_test::test_negative_lane_index_indexed_row_major - should panic ... ok
[INFO] [stdout] test inc::d2_test::access_test::indexing_test::lane_indexed_test::test_out_of_bounds_lane_index_indexed_column_major - should panic ... ok
[INFO] [stdout] test inc::d2_test::access_test::indexing_test::lane_test::test_invalid_dimension_column_major ... ok
[INFO] [stdout] test inc::d2_test::arithmetic_test::add_test::test_add_incompatible_dimensions_column_major - should panic ... ok
[INFO] [stdout] test inc::d2_test::arithmetic_test::add_test::test_add_incompatible_dimensions_row_major - should panic ... ok
[INFO] [stdout] 
[INFO] [stdout] test result: ok. 83 passed; 0 failed; 0 ignored; 0 measured; 0 filtered out; finished in 0.17s
[INFO] [stdout] 
[INFO] [stderr]    Doc-tests ndarray_cg
[INFO] [stdout] 
[INFO] [stdout] running 8 tests
[INFO] [stdout] test src/lib.rs - (line 136) ... FAILED
[INFO] [stdout] test src/lib.rs - (line 191) ... FAILED
[INFO] [stdout] test src/lib.rs - (line 210) ... FAILED
[INFO] [stdout] test src/lib.rs - (line 175) ... FAILED
[INFO] [stdout] test src/lib.rs - (line 156) ... FAILED
[INFO] [stdout] test src/lib.rs - (line 45) ... FAILED
[INFO] [stdout] test src/lib.rs - (line 81) ... FAILED
[INFO] [stdout] test src/lib.rs - (line 116) ... FAILED
[INFO] [stdout] 
[INFO] [stdout] failures:
[INFO] [stdout] 
[INFO] [stdout] ---- src/lib.rs - (line 136) stdout ----
[INFO] [stdout] error[E0107]: struct takes 4 generic arguments but 3 generic arguments were supplied
[INFO] [stdout]    --> src/lib.rs:143:25
[INFO] [stdout]     |
[INFO] [stdout] 10  |   let exp = ndarray_cg::Mat::< 3, 3, _ >::zero().raw_set
[INFO] [stdout]     |                         ^^^    -  -  - supplied 3 generic arguments
[INFO] [stdout]     |                         |
[INFO] [stdout]     |                         expected 4 generic arguments
[INFO] [stdout]     |
[INFO] [stdout] note: struct defined here, with 4 generic parameters: `ROWS`, `COLS`, `E`, `Descriptor`
[INFO] [stdout]    --> /opt/rustwide/workdir/src/d2/mat.rs:133:14
[INFO] [stdout]     |
[INFO] [stdout] 133 |   pub struct Mat< const ROWS : usize, const COLS : usize, E, Descriptor >
[INFO] [stdout]     |              ^^^  ------------------  ------------------  -  ----------
[INFO] [stdout] help: add missing generic argument
[INFO] [stdout]     |
[INFO] [stdout] 10  |   let exp = ndarray_cg::Mat::< 3, 3, _, Descriptor >::zero().raw_set
[INFO] [stdout]     |                                       ++++++++++++
[INFO] [stdout] 
[INFO] [stdout] error: aborting due to 1 previous error
[INFO] [stdout] 
[INFO] [stdout] For more information about this error, try `rustc --explain E0107`.
[INFO] [stdout] Couldn't compile the test.
[INFO] [stdout] ---- src/lib.rs - (line 191) stdout ----
[INFO] [stdout] error[E0107]: struct takes 4 generic arguments but 3 generic arguments were supplied
[INFO] [stdout]    --> src/lib.rs:198:25
[INFO] [stdout]     |
[INFO] [stdout] 10  |   let exp = ndarray_cg::Mat::< 2, 2, _ >::zero().raw_set
[INFO] [stdout]     |                         ^^^    -  -  - supplied 3 generic arguments
[INFO] [stdout]     |                         |
[INFO] [stdout]     |                         expected 4 generic arguments
[INFO] [stdout]     |
[INFO] [stdout] note: struct defined here, with 4 generic parameters: `ROWS`, `COLS`, `E`, `Descriptor`
[INFO] [stdout]    --> /opt/rustwide/workdir/src/d2/mat.rs:133:14
[INFO] [stdout]     |
[INFO] [stdout] 133 |   pub struct Mat< const ROWS : usize, const COLS : usize, E, Descriptor >
[INFO] [stdout]     |              ^^^  ------------------  ------------------  -  ----------
[INFO] [stdout] help: add missing generic argument
[INFO] [stdout]     |
[INFO] [stdout] 10  |   let exp = ndarray_cg::Mat::< 2, 2, _, Descriptor >::zero().raw_set
[INFO] [stdout]     |                                       ++++++++++++
[INFO] [stdout] 
[INFO] [stdout] error: aborting due to 1 previous error
[INFO] [stdout] 
[INFO] [stdout] For more information about this error, try `rustc --explain E0107`.
[INFO] [stdout] Couldn't compile the test.
[INFO] [stdout] ---- src/lib.rs - (line 210) stdout ----
[INFO] [stdout] error[E0107]: struct takes 4 generic arguments but 3 generic arguments were supplied
[INFO] [stdout]    --> src/lib.rs:218:25
[INFO] [stdout]     |
[INFO] [stdout] 11  |   let mat = ndarray_cg::Mat::< 1, 2, f32 >::zero().raw_set( [ 1.0, 2.0 ] );
[INFO] [stdout]     |                         ^^^    -  -  --- supplied 3 generic arguments
[INFO] [stdout]     |                         |
[INFO] [stdout]     |                         expected 4 generic arguments
[INFO] [stdout]     |
[INFO] [stdout] note: struct defined here, with 4 generic parameters: `ROWS`, `COLS`, `E`, `Descriptor`
[INFO] [stdout]    --> /opt/rustwide/workdir/src/d2/mat.rs:133:14
[INFO] [stdout]     |
[INFO] [stdout] 133 |   pub struct Mat< const ROWS : usize, const COLS : usize, E, Descriptor >
[INFO] [stdout]     |              ^^^  ------------------  ------------------  -  ----------
[INFO] [stdout] help: add missing generic argument
[INFO] [stdout]     |
[INFO] [stdout] 11  |   let mat = ndarray_cg::Mat::< 1, 2, f32, Descriptor >::zero().raw_set( [ 1.0, 2.0 ] );
[INFO] [stdout]     |                                         ++++++++++++
[INFO] [stdout] 
[INFO] [stdout] error: aborting due to 1 previous error
[INFO] [stdout] 
[INFO] [stdout] For more information about this error, try `rustc --explain E0107`.
[INFO] [stdout] Couldn't compile the test.
[INFO] [stdout] ---- src/lib.rs - (line 175) stdout ----
[INFO] [stdout] error[E0107]: struct takes 4 generic arguments but 3 generic arguments were supplied
[INFO] [stdout]    --> src/lib.rs:179:25
[INFO] [stdout]     |
[INFO] [stdout] 7   |   let exp = ndarray_cg::Mat::< 2, 2, _ >::zero().raw_set
[INFO] [stdout]     |                         ^^^    -  -  - supplied 3 generic arguments
[INFO] [stdout]     |                         |
[INFO] [stdout]     |                         expected 4 generic arguments
[INFO] [stdout]     |
[INFO] [stdout] note: struct defined here, with 4 generic parameters: `ROWS`, `COLS`, `E`, `Descriptor`
[INFO] [stdout]    --> /opt/rustwide/workdir/src/d2/mat.rs:133:14
[INFO] [stdout]     |
[INFO] [stdout] 133 |   pub struct Mat< const ROWS : usize, const COLS : usize, E, Descriptor >
[INFO] [stdout]     |              ^^^  ------------------  ------------------  -  ----------
[INFO] [stdout] help: add missing generic argument
[INFO] [stdout]     |
[INFO] [stdout] 7   |   let exp = ndarray_cg::Mat::< 2, 2, _, Descriptor >::zero().raw_set
[INFO] [stdout]     |                                       ++++++++++++
[INFO] [stdout] 
[INFO] [stdout] error: aborting due to 1 previous error
[INFO] [stdout] 
[INFO] [stdout] For more information about this error, try `rustc --explain E0107`.
[INFO] [stdout] Couldn't compile the test.
[INFO] [stdout] ---- src/lib.rs - (line 156) stdout ----
[INFO] [stdout] error[E0107]: struct takes 4 generic arguments but 3 generic arguments were supplied
[INFO] [stdout]    --> src/lib.rs:163:25
[INFO] [stdout]     |
[INFO] [stdout] 10  |   let exp = ndarray_cg::Mat::< 2, 2, _ >::zero().raw_set
[INFO] [stdout]     |                         ^^^    -  -  - supplied 3 generic arguments
[INFO] [stdout]     |                         |
[INFO] [stdout]     |                         expected 4 generic arguments
[INFO] [stdout]     |
[INFO] [stdout] note: struct defined here, with 4 generic parameters: `ROWS`, `COLS`, `E`, `Descriptor`
[INFO] [stdout]    --> /opt/rustwide/workdir/src/d2/mat.rs:133:14
[INFO] [stdout]     |
[INFO] [stdout] 133 |   pub struct Mat< const ROWS : usize, const COLS : usize, E, Descriptor >
[INFO] [stdout]     |              ^^^  ------------------  ------------------  -  ----------
[INFO] [stdout] help: add missing generic argument
[INFO] [stdout]     |
[INFO] [stdout] 10  |   let exp = ndarray_cg::Mat::< 2, 2, _, Descriptor >::zero().raw_set
[INFO] [stdout]     |                                       ++++++++++++
[INFO] [stdout] 
[INFO] [stdout] error: aborting due to 1 previous error
[INFO] [stdout] 
[INFO] [stdout] For more information about this error, try `rustc --explain E0107`.
[INFO] [stdout] Couldn't compile the test.
[INFO] [stdout] ---- src/lib.rs - (line 45) stdout ----
[INFO] [stdout] error[E0107]: struct takes 4 generic arguments but 3 generic arguments were supplied
[INFO] [stdout]    --> src/lib.rs:53:15
[INFO] [stdout]     |
[INFO] [stdout] 11  |   let mat_a = Mat::< 2, 2, f32 >::zero().raw_set
[INFO] [stdout]     |               ^^^    -  -  --- supplied 3 generic arguments
[INFO] [stdout]     |               |
[INFO] [stdout]     |               expected 4 generic arguments
[INFO] [stdout]     |
[INFO] [stdout] note: struct defined here, with 4 generic parameters: `ROWS`, `COLS`, `E`, `Descriptor`
[INFO] [stdout]    --> /opt/rustwide/workdir/src/d2/mat.rs:133:14
[INFO] [stdout]     |
[INFO] [stdout] 133 |   pub struct Mat< const ROWS : usize, const COLS : usize, E, Descriptor >
[INFO] [stdout]     |              ^^^  ------------------  ------------------  -  ----------
[INFO] [stdout] help: add missing generic argument
[INFO] [stdout]     |
[INFO] [stdout] 11  |   let mat_a = Mat::< 2, 2, f32, Descriptor >::zero().raw_set
[INFO] [stdout]     |                               ++++++++++++
[INFO] [stdout] 
[INFO] [stdout] error[E0107]: struct takes 4 generic arguments but 3 generic arguments were supplied
[INFO] [stdout]    --> src/lib.rs:58:15
[INFO] [stdout]     |
[INFO] [stdout] 16  |   let mat_b = Mat::< 2, 2, f32 >::zero().raw_set
[INFO] [stdout]     |               ^^^    -  -  --- supplied 3 generic arguments
[INFO] [stdout]     |               |
[INFO] [stdout]     |               expected 4 generic arguments
[INFO] [stdout]     |
[INFO] [stdout] note: struct defined here, with 4 generic parameters: `ROWS`, `COLS`, `E`, `Descriptor`
[INFO] [stdout]    --> /opt/rustwide/workdir/src/d2/mat.rs:133:14
[INFO] [stdout]     |
[INFO] [stdout] 133 |   pub struct Mat< const ROWS : usize, const COLS : usize, E, Descriptor >
[INFO] [stdout]     |              ^^^  ------------------  ------------------  -  ----------
[INFO] [stdout] help: add missing generic argument
[INFO] [stdout]     |
[INFO] [stdout] 16  |   let mat_b = Mat::< 2, 2, f32, Descriptor >::zero().raw_set
[INFO] [stdout]     |                               ++++++++++++
[INFO] [stdout] 
[INFO] [stdout] error[E0107]: struct takes 4 generic arguments but 3 generic arguments were supplied
[INFO] [stdout]    --> src/lib.rs:63:19
[INFO] [stdout]     |
[INFO] [stdout] 21  |   let mut mat_r = Mat::< 2, 2, f32 >::zero();
[INFO] [stdout]     |                   ^^^    -  -  --- supplied 3 generic arguments
[INFO] [stdout]     |                   |
[INFO] [stdout]     |                   expected 4 generic arguments
[INFO] [stdout]     |
[INFO] [stdout] note: struct defined here, with 4 generic parameters: `ROWS`, `COLS`, `E`, `Descriptor`
[INFO] [stdout]    --> /opt/rustwide/workdir/src/d2/mat.rs:133:14
[INFO] [stdout]     |
[INFO] [stdout] 133 |   pub struct Mat< const ROWS : usize, const COLS : usize, E, Descriptor >
[INFO] [stdout]     |              ^^^  ------------------  ------------------  -  ----------
[INFO] [stdout] help: add missing generic argument
[INFO] [stdout]     |
[INFO] [stdout] 21  |   let mut mat_r = Mat::< 2, 2, f32, Descriptor >::zero();
[INFO] [stdout]     |                                   ++++++++++++
[INFO] [stdout] 
[INFO] [stdout] error[E0107]: struct takes 4 generic arguments but 3 generic arguments were supplied
[INFO] [stdout]    --> src/lib.rs:68:13
[INFO] [stdout]     |
[INFO] [stdout] 26  |   let exp = Mat::< 2, 2, f32 >::zero().raw_set
[INFO] [stdout]     |             ^^^    -  -  --- supplied 3 generic arguments
[INFO] [stdout]     |             |
[INFO] [stdout]     |             expected 4 generic arguments
[INFO] [stdout]     |
[INFO] [stdout] note: struct defined here, with 4 generic parameters: `ROWS`, `COLS`, `E`, `Descriptor`
[INFO] [stdout]    --> /opt/rustwide/workdir/src/d2/mat.rs:133:14
[INFO] [stdout]     |
[INFO] [stdout] 133 |   pub struct Mat< const ROWS : usize, const COLS : usize, E, Descriptor >
[INFO] [stdout]     |              ^^^  ------------------  ------------------  -  ----------
[INFO] [stdout] help: add missing generic argument
[INFO] [stdout]     |
[INFO] [stdout] 26  |   let exp = Mat::< 2, 2, f32, Descriptor >::zero().raw_set
[INFO] [stdout]     |                             ++++++++++++
[INFO] [stdout] 
[INFO] [stdout] error: aborting due to 4 previous errors
[INFO] [stdout] 
[INFO] [stdout] For more information about this error, try `rustc --explain E0107`.
[INFO] [stdout] Couldn't compile the test.
[INFO] [stdout] ---- src/lib.rs - (line 81) stdout ----
[INFO] [stdout] error[E0107]: struct takes 4 generic arguments but 3 generic arguments were supplied
[INFO] [stdout]    --> src/lib.rs:89:15
[INFO] [stdout]     |
[INFO] [stdout] 11  |   let mat_a = Mat::< 1, 3, f32 >::zero().raw_set
[INFO] [stdout]     |               ^^^    -  -  --- supplied 3 generic arguments
[INFO] [stdout]     |               |
[INFO] [stdout]     |               expected 4 generic arguments
[INFO] [stdout]     |
[INFO] [stdout] note: struct defined here, with 4 generic parameters: `ROWS`, `COLS`, `E`, `Descriptor`
[INFO] [stdout]    --> /opt/rustwide/workdir/src/d2/mat.rs:133:14
[INFO] [stdout]     |
[INFO] [stdout] 133 |   pub struct Mat< const ROWS : usize, const COLS : usize, E, Descriptor >
[INFO] [stdout]     |              ^^^  ------------------  ------------------  -  ----------
[INFO] [stdout] help: add missing generic argument
[INFO] [stdout]     |
[INFO] [stdout] 11  |   let mat_a = Mat::< 1, 3, f32, Descriptor >::zero().raw_set
[INFO] [stdout]     |                               ++++++++++++
[INFO] [stdout] 
[INFO] [stdout] error[E0107]: struct takes 4 generic arguments but 3 generic arguments were supplied
[INFO] [stdout]    --> src/lib.rs:93:15
[INFO] [stdout]     |
[INFO] [stdout] 15  |   let mat_b = Mat::< 3, 2, f32 >::zero().raw_set
[INFO] [stdout]     |               ^^^    -  -  --- supplied 3 generic arguments
[INFO] [stdout]     |               |
[INFO] [stdout]     |               expected 4 generic arguments
[INFO] [stdout]     |
[INFO] [stdout] note: struct defined here, with 4 generic parameters: `ROWS`, `COLS`, `E`, `Descriptor`
[INFO] [stdout]    --> /opt/rustwide/workdir/src/d2/mat.rs:133:14
[INFO] [stdout]     |
[INFO] [stdout] 133 |   pub struct Mat< const ROWS : usize, const COLS : usize, E, Descriptor >
[INFO] [stdout]     |              ^^^  ------------------  ------------------  -  ----------
[INFO] [stdout] help: add missing generic argument
[INFO] [stdout]     |
[INFO] [stdout] 15  |   let mat_b = Mat::< 3, 2, f32, Descriptor >::zero().raw_set
[INFO] [stdout]     |                               ++++++++++++
[INFO] [stdout] 
[INFO] [stdout] error[E0107]: struct takes 4 generic arguments but 3 generic arguments were supplied
[INFO] [stdout]    --> src/lib.rs:99:19
[INFO] [stdout]     |
[INFO] [stdout] 21  |   let mut mat_r = Mat::< 1, 2, f32 >::zero();
[INFO] [stdout]     |                   ^^^    -  -  --- supplied 3 generic arguments
[INFO] [stdout]     |                   |
[INFO] [stdout]     |                   expected 4 generic arguments
[INFO] [stdout]     |
[INFO] [stdout] note: struct defined here, with 4 generic parameters: `ROWS`, `COLS`, `E`, `Descriptor`
[INFO] [stdout]    --> /opt/rustwide/workdir/src/d2/mat.rs:133:14
[INFO] [stdout]     |
[INFO] [stdout] 133 |   pub struct Mat< const ROWS : usize, const COLS : usize, E, Descriptor >
[INFO] [stdout]     |              ^^^  ------------------  ------------------  -  ----------
[INFO] [stdout] help: add missing generic argument
[INFO] [stdout]     |
[INFO] [stdout] 21  |   let mut mat_r = Mat::< 1, 2, f32, Descriptor >::zero();
[INFO] [stdout]     |                                   ++++++++++++
[INFO] [stdout] 
[INFO] [stdout] error[E0107]: struct takes 4 generic arguments but 3 generic arguments were supplied
[INFO] [stdout]    --> src/lib.rs:104:13
[INFO] [stdout]     |
[INFO] [stdout] 26  |   let exp = Mat::< 1, 2, f32 >::zero().raw_set
[INFO] [stdout]     |             ^^^    -  -  --- supplied 3 generic arguments
[INFO] [stdout]     |             |
[INFO] [stdout]     |             expected 4 generic arguments
[INFO] [stdout]     |
[INFO] [stdout] note: struct defined here, with 4 generic parameters: `ROWS`, `COLS`, `E`, `Descriptor`
[INFO] [stdout]    --> /opt/rustwide/workdir/src/d2/mat.rs:133:14
[INFO] [stdout]     |
[INFO] [stdout] 133 |   pub struct Mat< const ROWS : usize, const COLS : usize, E, Descriptor >
[INFO] [stdout]     |              ^^^  ------------------  ------------------  -  ----------
[INFO] [stdout] help: add missing generic argument
[INFO] [stdout]     |
[INFO] [stdout] 26  |   let exp = Mat::< 1, 2, f32, Descriptor >::zero().raw_set
[INFO] [stdout]     |                             ++++++++++++
[INFO] [stdout] 
[INFO] [stdout] error: aborting due to 4 previous errors
[INFO] [stdout] 
[INFO] [stdout] For more information about this error, try `rustc --explain E0107`.
[INFO] [stdout] Couldn't compile the test.
[INFO] [stdout] ---- src/lib.rs - (line 116) stdout ----
[INFO] [stdout] error[E0425]: cannot find value `PI` in this scope
[INFO] [stdout]  --> src/lib.rs:120:23
[INFO] [stdout]   |
[INFO] [stdout] 7 |   let angle_radians = PI / 4.0;
[INFO] [stdout]   |                       ^^ not found in this scope
[INFO] [stdout]   |
[INFO] [stdout] help: consider importing one of these constants
[INFO] [stdout]   |
[INFO] [stdout] 2 + use std::f128::consts::PI;
[INFO] [stdout]   |
[INFO] [stdout] 2 + use std::f16::consts::PI;
[INFO] [stdout]   |
[INFO] [stdout] 2 + use std::f32::consts::PI;
[INFO] [stdout]   |
[INFO] [stdout] 2 + use std::f64::consts::PI;
[INFO] [stdout]   |
[INFO] [stdout] 
[INFO] [stdout] error: aborting due to 1 previous error
[INFO] [stdout] 
[INFO] [stdout] For more information about this error, try `rustc --explain E0425`.
[INFO] [stdout] Couldn't compile the test.
[INFO] [stdout] 
[INFO] [stdout] failures:
[INFO] [stdout]     src/lib.rs - (line 116)
[INFO] [stdout]     src/lib.rs - (line 136)
[INFO] [stdout]     src/lib.rs - (line 156)
[INFO] [stdout]     src/lib.rs - (line 175)
[INFO] [stdout]     src/lib.rs - (line 191)
[INFO] [stdout]     src/lib.rs - (line 210)
[INFO] [stdout]     src/lib.rs - (line 45)
[INFO] [stdout]     src/lib.rs - (line 81)
[INFO] [stdout] 
[INFO] [stdout] test result: FAILED. 0 passed; 8 failed; 0 ignored; 0 measured; 0 filtered out; finished in 0.38s
[INFO] [stdout] 
[INFO] [stderr] error: doctest failed, to rerun pass `--doc`
[INFO] running `Command { std: "docker" "inspect" "93b65e06fc68c5f268d1a2c9c05c2b2dcf365f62ed7baa3a3c2acc9bc2ee1e85", kill_on_drop: false }`
[INFO] running `Command { std: "docker" "rm" "-f" "93b65e06fc68c5f268d1a2c9c05c2b2dcf365f62ed7baa3a3c2acc9bc2ee1e85", kill_on_drop: false }`
[INFO] [stdout] 93b65e06fc68c5f268d1a2c9c05c2b2dcf365f62ed7baa3a3c2acc9bc2ee1e85
