[INFO] fetching crate natom 0.1.1-rc.2...
[INFO] testing natom-0.1.1-rc.2 against 1.83.0 for beta-1.84.0-4-retry
[INFO] extracting crate natom 0.1.1-rc.2 into /workspace/builds/worker-0-tc1/source
[INFO] validating manifest of crates.io crate natom 0.1.1-rc.2 on toolchain 1.83.0
[INFO] running `Command { std: CARGO_HOME="/workspace/cargo-home" RUSTUP_HOME="/workspace/rustup-home" "/workspace/cargo-home/bin/cargo" "+1.83.0" "metadata" "--manifest-path" "Cargo.toml" "--no-deps", kill_on_drop: false }`
[INFO] started tweaking crates.io crate natom 0.1.1-rc.2
[INFO] finished tweaking crates.io crate natom 0.1.1-rc.2
[INFO] tweaked toml for crates.io crate natom 0.1.1-rc.2 written to /workspace/builds/worker-0-tc1/source/Cargo.toml
[INFO] running `Command { std: CARGO_HOME="/workspace/cargo-home" RUSTUP_HOME="/workspace/rustup-home" "/workspace/cargo-home/bin/cargo" "+1.83.0" "generate-lockfile" "--manifest-path" "Cargo.toml", kill_on_drop: false }`
[INFO] [stderr]     Updating crates.io index
[INFO] [stderr]      Locking 6 packages to latest compatible versions
[INFO] running `Command { std: CARGO_HOME="/workspace/cargo-home" RUSTUP_HOME="/workspace/rustup-home" "/workspace/cargo-home/bin/cargo" "+1.83.0" "fetch" "--manifest-path" "Cargo.toml", kill_on_drop: false }`
[INFO] [stderr] warning: no edition set: defaulting to the 2015 edition while the latest is 2021
[INFO] [stderr]  Downloading crates ...
[INFO] [stderr]   Downloaded natom-macros v0.1.1-rc.2
[INFO] running `Command { std: "docker" "create" "-v" "/var/lib/crater-agent-workspace/builds/worker-0-tc1/target:/opt/rustwide/target:rw,Z" "-v" "/var/lib/crater-agent-workspace/builds/worker-0-tc1/source:/opt/rustwide/workdir:ro,Z" "-v" "/var/lib/crater-agent-workspace/cargo-home:/opt/rustwide/cargo-home:ro,Z" "-v" "/var/lib/crater-agent-workspace/rustup-home:/opt/rustwide/rustup-home:ro,Z" "-e" "SOURCE_DIR=/opt/rustwide/workdir" "-e" "CARGO_TARGET_DIR=/opt/rustwide/target" "-e" "CARGO_HOME=/opt/rustwide/cargo-home" "-e" "RUSTUP_HOME=/opt/rustwide/rustup-home" "-w" "/opt/rustwide/workdir" "-m" "1610612736" "--user" "0:0" "--network" "none" "ghcr.io/rust-lang/crates-build-env/linux@sha256:f3a9d4ad9d972b27faf3965f35b62e55ba32bbce8f20bc8fe909558a86702fde" "/opt/rustwide/cargo-home/bin/cargo" "+1.83.0" "metadata" "--no-deps" "--format-version=1", kill_on_drop: false }`
[INFO] [stdout] ee200cb31b5fd08a9e443e7f85e5628c786b88d77ad7e9ec7d4e1722ea2b0a81
[INFO] running `Command { std: "docker" "start" "-a" "ee200cb31b5fd08a9e443e7f85e5628c786b88d77ad7e9ec7d4e1722ea2b0a81", kill_on_drop: false }`
[INFO] running `Command { std: "docker" "inspect" "ee200cb31b5fd08a9e443e7f85e5628c786b88d77ad7e9ec7d4e1722ea2b0a81", kill_on_drop: false }`
[INFO] running `Command { std: "docker" "rm" "-f" "ee200cb31b5fd08a9e443e7f85e5628c786b88d77ad7e9ec7d4e1722ea2b0a81", kill_on_drop: false }`
[INFO] [stdout] ee200cb31b5fd08a9e443e7f85e5628c786b88d77ad7e9ec7d4e1722ea2b0a81
[INFO] running `Command { std: "docker" "create" "-v" "/var/lib/crater-agent-workspace/builds/worker-0-tc1/target:/opt/rustwide/target:rw,Z" "-v" "/var/lib/crater-agent-workspace/builds/worker-0-tc1/source:/opt/rustwide/workdir:ro,Z" "-v" "/var/lib/crater-agent-workspace/cargo-home:/opt/rustwide/cargo-home:ro,Z" "-v" "/var/lib/crater-agent-workspace/rustup-home:/opt/rustwide/rustup-home:ro,Z" "-e" "SOURCE_DIR=/opt/rustwide/workdir" "-e" "CARGO_TARGET_DIR=/opt/rustwide/target" "-e" "CARGO_INCREMENTAL=0" "-e" "RUST_BACKTRACE=full" "-e" "RUSTFLAGS=--cap-lints=warn" "-e" "RUSTDOCFLAGS=--cap-lints=warn" "-e" "CARGO_HOME=/opt/rustwide/cargo-home" "-e" "RUSTUP_HOME=/opt/rustwide/rustup-home" "-w" "/opt/rustwide/workdir" "-m" "1610612736" "--user" "0:0" "--network" "none" "ghcr.io/rust-lang/crates-build-env/linux@sha256:f3a9d4ad9d972b27faf3965f35b62e55ba32bbce8f20bc8fe909558a86702fde" "/opt/rustwide/cargo-home/bin/cargo" "+1.83.0" "build" "--frozen" "--message-format=json", kill_on_drop: false }`
[INFO] [stdout] e9d71ee262688df6af0805399d3efcf8177ccfe0bbdd99483bb2226c7823c147
[INFO] running `Command { std: "docker" "start" "-a" "e9d71ee262688df6af0805399d3efcf8177ccfe0bbdd99483bb2226c7823c147", kill_on_drop: false }`
[INFO] [stderr] warning: no edition set: defaulting to the 2015 edition while the latest is 2021
[INFO] [stderr]    Compiling proc-macro2 v1.0.92
[INFO] [stderr]    Compiling unicode-ident v1.0.14
[INFO] [stderr]    Compiling quote v1.0.37
[INFO] [stderr]    Compiling syn v2.0.90
[INFO] [stderr]    Compiling natom-macros v0.1.1-rc.2
[INFO] [stderr]    Compiling ctor v0.2.9
[INFO] [stderr]    Compiling natom v0.1.1-rc.2 (/opt/rustwide/workdir)
[INFO] [stderr]     Finished `dev` profile [unoptimized + debuginfo] target(s) in 8.25s
[INFO] running `Command { std: "docker" "inspect" "e9d71ee262688df6af0805399d3efcf8177ccfe0bbdd99483bb2226c7823c147", kill_on_drop: false }`
[INFO] running `Command { std: "docker" "rm" "-f" "e9d71ee262688df6af0805399d3efcf8177ccfe0bbdd99483bb2226c7823c147", kill_on_drop: false }`
[INFO] [stdout] e9d71ee262688df6af0805399d3efcf8177ccfe0bbdd99483bb2226c7823c147
[INFO] running `Command { std: "docker" "create" "-v" "/var/lib/crater-agent-workspace/builds/worker-0-tc1/target:/opt/rustwide/target:rw,Z" "-v" "/var/lib/crater-agent-workspace/builds/worker-0-tc1/source:/opt/rustwide/workdir:ro,Z" "-v" "/var/lib/crater-agent-workspace/cargo-home:/opt/rustwide/cargo-home:ro,Z" "-v" "/var/lib/crater-agent-workspace/rustup-home:/opt/rustwide/rustup-home:ro,Z" "-e" "SOURCE_DIR=/opt/rustwide/workdir" "-e" "CARGO_TARGET_DIR=/opt/rustwide/target" "-e" "CARGO_INCREMENTAL=0" "-e" "RUST_BACKTRACE=full" "-e" "RUSTFLAGS=--cap-lints=warn" "-e" "RUSTDOCFLAGS=--cap-lints=warn" "-e" "CARGO_HOME=/opt/rustwide/cargo-home" "-e" "RUSTUP_HOME=/opt/rustwide/rustup-home" "-w" "/opt/rustwide/workdir" "-m" "1610612736" "--user" "0:0" "--network" "none" "ghcr.io/rust-lang/crates-build-env/linux@sha256:f3a9d4ad9d972b27faf3965f35b62e55ba32bbce8f20bc8fe909558a86702fde" "/opt/rustwide/cargo-home/bin/cargo" "+1.83.0" "test" "--frozen" "--no-run" "--message-format=json", kill_on_drop: false }`
[INFO] [stdout] a939de1a07a633a27cffe4dbe17923ec200011263b97bb193824002192c5b15e
[INFO] running `Command { std: "docker" "start" "-a" "a939de1a07a633a27cffe4dbe17923ec200011263b97bb193824002192c5b15e", kill_on_drop: false }`
[INFO] [stderr] warning: no edition set: defaulting to the 2015 edition while the latest is 2021
[INFO] [stderr]    Compiling natom v0.1.1-rc.2 (/opt/rustwide/workdir)
[INFO] [stderr]     Finished `test` profile [unoptimized + debuginfo] target(s) in 0.49s
[INFO] running `Command { std: "docker" "inspect" "a939de1a07a633a27cffe4dbe17923ec200011263b97bb193824002192c5b15e", kill_on_drop: false }`
[INFO] running `Command { std: "docker" "rm" "-f" "a939de1a07a633a27cffe4dbe17923ec200011263b97bb193824002192c5b15e", kill_on_drop: false }`
[INFO] [stdout] a939de1a07a633a27cffe4dbe17923ec200011263b97bb193824002192c5b15e
[INFO] running `Command { std: "docker" "create" "-v" "/var/lib/crater-agent-workspace/builds/worker-0-tc1/target:/opt/rustwide/target:rw,Z" "-v" "/var/lib/crater-agent-workspace/builds/worker-0-tc1/source:/opt/rustwide/workdir:ro,Z" "-v" "/var/lib/crater-agent-workspace/cargo-home:/opt/rustwide/cargo-home:ro,Z" "-v" "/var/lib/crater-agent-workspace/rustup-home:/opt/rustwide/rustup-home:ro,Z" "-e" "SOURCE_DIR=/opt/rustwide/workdir" "-e" "CARGO_TARGET_DIR=/opt/rustwide/target" "-e" "CARGO_INCREMENTAL=0" "-e" "RUST_BACKTRACE=full" "-e" "RUSTFLAGS=--cap-lints=warn" "-e" "RUSTDOCFLAGS=--cap-lints=warn" "-e" "CARGO_HOME=/opt/rustwide/cargo-home" "-e" "RUSTUP_HOME=/opt/rustwide/rustup-home" "-w" "/opt/rustwide/workdir" "-m" "1610612736" "--user" "0:0" "--network" "none" "ghcr.io/rust-lang/crates-build-env/linux@sha256:f3a9d4ad9d972b27faf3965f35b62e55ba32bbce8f20bc8fe909558a86702fde" "/opt/rustwide/cargo-home/bin/cargo" "+1.83.0" "test" "--frozen", kill_on_drop: false }`
[INFO] [stdout] a1e3797e35706a23a4d27e3ceed4e93e7f9a4444105e5d0710bb8026381a7bd7
[INFO] running `Command { std: "docker" "start" "-a" "a1e3797e35706a23a4d27e3ceed4e93e7f9a4444105e5d0710bb8026381a7bd7", kill_on_drop: false }`
[INFO] [stderr] warning: no edition set: defaulting to the 2015 edition while the latest is 2021
[INFO] [stderr]     Finished `test` profile [unoptimized + debuginfo] target(s) in 0.02s
[INFO] [stderr]      Running unittests src/lib.rs (/opt/rustwide/target/debug/deps/natom-687eb02e11da98c7)
[INFO] [stdout] 
[INFO] [stdout] running 0 tests
[INFO] [stdout] 
[INFO] [stdout] test result: ok. 0 passed; 0 failed; 0 ignored; 0 measured; 0 filtered out; finished in 0.00s
[INFO] [stdout] 
[INFO] [stderr]    Doc-tests natom
[INFO] [stdout] 
[INFO] [stdout] running 6 tests
[INFO] [stdout] test src/lib.rs - (line 70) ... FAILED
[INFO] [stdout] test src/lib.rs - (line 129) ... FAILED
[INFO] [stdout] test src/lib.rs - (line 110) ... FAILED
[INFO] [stdout] test src/lib.rs - (line 23) ... FAILED
[INFO] [stdout] test src/lib.rs - atom (line 157) ... FAILED
[INFO] [stdout] test src/lib.rs - (line 48) ... FAILED
[INFO] [stdout] 
[INFO] [stdout] failures:
[INFO] [stdout] 
[INFO] [stdout] ---- src/lib.rs - (line 70) stdout ----
[INFO] [stdout] error: expected one of `->`, `where`, or `{`, found `i32`
[INFO] [stdout]   --> src/lib.rs:78:19
[INFO] [stdout]    |
[INFO] [stdout] 8  | impl IntProducer {
[INFO] [stdout]    |                  - while parsing this item list starting here
[INFO] [stdout] 9  |     #[produces]
[INFO] [stdout] 10 |     fn make_int() i32 {
[INFO] [stdout]    |                   ^^^ expected one of `->`, `where`, or `{`
[INFO] [stdout] ...
[INFO] [stdout] 13 | }
[INFO] [stdout]    | - the item list ends here
[INFO] [stdout] 
[INFO] [stdout] error: cannot find attribute `atom` in this scope
[INFO] [stdout]   --> src/lib.rs:83:3
[INFO] [stdout]    |
[INFO] [stdout] 15 | #[atom]
[INFO] [stdout]    |   ^^^^
[INFO] [stdout] 
[INFO] [stdout] error: cannot find attribute `inject` in this scope
[INFO] [stdout]   --> src/lib.rs:85:7
[INFO] [stdout]    |
[INFO] [stdout] 17 |     #[inject]
[INFO] [stdout]    |       ^^^^^^
[INFO] [stdout] 
[INFO] [stdout] error: cannot find attribute `atom` in this scope
[INFO] [stdout]  --> src/lib.rs:71:3
[INFO] [stdout]   |
[INFO] [stdout] 3 | #[atom]
[INFO] [stdout]   |   ^^^^
[INFO] [stdout] 
[INFO] [stdout] error: aborting due to 4 previous errors
[INFO] [stdout] 
[INFO] [stdout] Couldn't compile the test.
[INFO] [stdout] ---- src/lib.rs - (line 129) stdout ----
[INFO] [stdout] error: cannot find macro `define_base_atoms` in this scope
[INFO] [stdout]   --> src/lib.rs:139:1
[INFO] [stdout]    |
[INFO] [stdout] 11 | define_base_atoms!();
[INFO] [stdout]    | ^^^^^^^^^^^^^^^^^
[INFO] [stdout] 
[INFO] [stdout] error: cannot find attribute `atom` in this scope
[INFO] [stdout]  --> src/lib.rs:134:3
[INFO] [stdout]   |
[INFO] [stdout] 6 | #[atom]
[INFO] [stdout]   |   ^^^^
[INFO] [stdout] 
[INFO] [stdout] error: cannot find attribute `atom` in this scope
[INFO] [stdout]  --> src/lib.rs:130:3
[INFO] [stdout]   |
[INFO] [stdout] 2 | #[atom]
[INFO] [stdout]   |   ^^^^
[INFO] [stdout] 
[INFO] [stdout] error[E0433]: failed to resolve: use of undeclared type `Context`
[INFO] [stdout]   --> src/lib.rs:142:19
[INFO] [stdout]    |
[INFO] [stdout] 14 |     let context = Context::new(BaseAtomRegistry {});
[INFO] [stdout]    |                   ^^^^^^^ use of undeclared type `Context`
[INFO] [stdout]    |
[INFO] [stdout] help: consider importing this struct
[INFO] [stdout]    |
[INFO] [stdout] 2  + use std::task::Context;
[INFO] [stdout]    |
[INFO] [stdout] 
[INFO] [stdout] error[E0422]: cannot find struct, variant or union type `BaseAtomRegistry` in this scope
[INFO] [stdout]   --> src/lib.rs:142:32
[INFO] [stdout]    |
[INFO] [stdout] 14 |     let context = Context::new(BaseAtomRegistry {});
[INFO] [stdout]    |                                ^^^^^^^^^^^^^^^^ not found in this scope
[INFO] [stdout] 
[INFO] [stdout] error: aborting due to 5 previous errors
[INFO] [stdout] 
[INFO] [stdout] Some errors have detailed explanations: E0422, E0433.
[INFO] [stdout] For more information about an error, try `rustc --explain E0422`.
[INFO] [stdout] Couldn't compile the test.
[INFO] [stdout] ---- src/lib.rs - (line 110) stdout ----
[INFO] [stdout] error: cannot find attribute `atom` in this scope
[INFO] [stdout]  --> src/lib.rs:111:3
[INFO] [stdout]   |
[INFO] [stdout] 3 | #[atom]
[INFO] [stdout]   |   ^^^^
[INFO] [stdout] 
[INFO] [stdout] error: cannot find attribute `config_property` in this scope
[INFO] [stdout]  --> src/lib.rs:113:7
[INFO] [stdout]   |
[INFO] [stdout] 5 |     #[config_property(foo.speed)]
[INFO] [stdout]   |       ^^^^^^^^^^^^^^^
[INFO] [stdout] 
[INFO] [stdout] error: aborting due to 2 previous errors
[INFO] [stdout] 
[INFO] [stdout] Couldn't compile the test.
[INFO] [stdout] ---- src/lib.rs - (line 23) stdout ----
[INFO] [stdout] error: cannot find attribute `atom` in this scope
[INFO] [stdout]  --> src/lib.rs:24:3
[INFO] [stdout]   |
[INFO] [stdout] 3 | #[atom]
[INFO] [stdout]   |   ^^^^
[INFO] [stdout] 
[INFO] [stdout] error: aborting due to 1 previous error
[INFO] [stdout] 
[INFO] [stdout] Couldn't compile the test.
[INFO] [stdout] ---- src/lib.rs - atom (line 157) stdout ----
[INFO] [stdout] error: cannot find attribute `atom` in this scope
[INFO] [stdout]  --> src/lib.rs:159:3
[INFO] [stdout]   |
[INFO] [stdout] 4 | #[atom]
[INFO] [stdout]   |   ^^^^
[INFO] [stdout] 
[INFO] [stdout] error: aborting due to 1 previous error
[INFO] [stdout] 
[INFO] [stdout] Couldn't compile the test.
[INFO] [stdout] ---- src/lib.rs - (line 48) stdout ----
[INFO] [stdout] error: cannot find attribute `atom` in this scope
[INFO] [stdout]  --> src/lib.rs:55:3
[INFO] [stdout]   |
[INFO] [stdout] 9 | #[atom]
[INFO] [stdout]   |   ^^^^
[INFO] [stdout] 
[INFO] [stdout] error: cannot find attribute `atom` in this scope
[INFO] [stdout]  --> src/lib.rs:49:3
[INFO] [stdout]   |
[INFO] [stdout] 3 | #[atom]
[INFO] [stdout]   |   ^^^^
[INFO] [stdout] 
[INFO] [stdout] error: cannot find attribute `inject` in this scope
[INFO] [stdout]  --> src/lib.rs:51:7
[INFO] [stdout]   |
[INFO] [stdout] 5 |     #[inject]
[INFO] [stdout]   |       ^^^^^^
[INFO] [stdout] 
[INFO] [stdout] error: aborting due to 3 previous errors
[INFO] [stdout] 
[INFO] [stdout] Couldn't compile the test.
[INFO] [stdout] 
[INFO] [stdout] failures:
[INFO] [stdout]     src/lib.rs - (line 110)
[INFO] [stdout]     src/lib.rs - (line 129)
[INFO] [stdout]     src/lib.rs - (line 23)
[INFO] [stdout]     src/lib.rs - (line 48)
[INFO] [stdout]     src/lib.rs - (line 70)
[INFO] [stdout]     src/lib.rs - atom (line 157)
[INFO] [stdout] 
[INFO] [stdout] test result: FAILED. 0 passed; 6 failed; 0 ignored; 0 measured; 0 filtered out; finished in 0.18s
[INFO] [stdout] 
[INFO] [stderr] error: doctest failed, to rerun pass `--doc`
[INFO] running `Command { std: "docker" "inspect" "a1e3797e35706a23a4d27e3ceed4e93e7f9a4444105e5d0710bb8026381a7bd7", kill_on_drop: false }`
[INFO] running `Command { std: "docker" "rm" "-f" "a1e3797e35706a23a4d27e3ceed4e93e7f9a4444105e5d0710bb8026381a7bd7", kill_on_drop: false }`
[INFO] [stdout] a1e3797e35706a23a4d27e3ceed4e93e7f9a4444105e5d0710bb8026381a7bd7
