[INFO] fetching crate nadi_plugin 0.4.0...
[INFO] testing nadi_plugin-0.4.0 against 1.83.0 for beta-1.84.0-4-retry
[INFO] extracting crate nadi_plugin 0.4.0 into /workspace/builds/worker-1-tc1/source
[INFO] validating manifest of crates.io crate nadi_plugin 0.4.0 on toolchain 1.83.0
[INFO] running `Command { std: CARGO_HOME="/workspace/cargo-home" RUSTUP_HOME="/workspace/rustup-home" "/workspace/cargo-home/bin/cargo" "+1.83.0" "metadata" "--manifest-path" "Cargo.toml" "--no-deps", kill_on_drop: false }`
[INFO] started tweaking crates.io crate nadi_plugin 0.4.0
[INFO] finished tweaking crates.io crate nadi_plugin 0.4.0
[INFO] tweaked toml for crates.io crate nadi_plugin 0.4.0 written to /workspace/builds/worker-1-tc1/source/Cargo.toml
[INFO] running `Command { std: CARGO_HOME="/workspace/cargo-home" RUSTUP_HOME="/workspace/rustup-home" "/workspace/cargo-home/bin/cargo" "+1.83.0" "generate-lockfile" "--manifest-path" "Cargo.toml", kill_on_drop: false }`
[INFO] [stderr]     Updating crates.io index
[INFO] [stderr]      Locking 9 packages to latest compatible versions
[INFO] running `Command { std: CARGO_HOME="/workspace/cargo-home" RUSTUP_HOME="/workspace/rustup-home" "/workspace/cargo-home/bin/cargo" "+1.83.0" "fetch" "--manifest-path" "Cargo.toml", kill_on_drop: false }`
[INFO] running `Command { std: "docker" "create" "-v" "/var/lib/crater-agent-workspace/builds/worker-1-tc1/target:/opt/rustwide/target:rw,Z" "-v" "/var/lib/crater-agent-workspace/builds/worker-1-tc1/source:/opt/rustwide/workdir:ro,Z" "-v" "/var/lib/crater-agent-workspace/cargo-home:/opt/rustwide/cargo-home:ro,Z" "-v" "/var/lib/crater-agent-workspace/rustup-home:/opt/rustwide/rustup-home:ro,Z" "-e" "SOURCE_DIR=/opt/rustwide/workdir" "-e" "CARGO_TARGET_DIR=/opt/rustwide/target" "-e" "CARGO_HOME=/opt/rustwide/cargo-home" "-e" "RUSTUP_HOME=/opt/rustwide/rustup-home" "-w" "/opt/rustwide/workdir" "-m" "1610612736" "--user" "0:0" "--network" "none" "ghcr.io/rust-lang/crates-build-env/linux@sha256:f3a9d4ad9d972b27faf3965f35b62e55ba32bbce8f20bc8fe909558a86702fde" "/opt/rustwide/cargo-home/bin/cargo" "+1.83.0" "metadata" "--no-deps" "--format-version=1", kill_on_drop: false }`
[INFO] [stdout] 81ff05a5ed8217cfae1f3ef67061c7e36ec626a97704ac3ddc3c349a1a3532f6
[INFO] running `Command { std: "docker" "start" "-a" "81ff05a5ed8217cfae1f3ef67061c7e36ec626a97704ac3ddc3c349a1a3532f6", kill_on_drop: false }`
[INFO] running `Command { std: "docker" "inspect" "81ff05a5ed8217cfae1f3ef67061c7e36ec626a97704ac3ddc3c349a1a3532f6", kill_on_drop: false }`
[INFO] running `Command { std: "docker" "rm" "-f" "81ff05a5ed8217cfae1f3ef67061c7e36ec626a97704ac3ddc3c349a1a3532f6", kill_on_drop: false }`
[INFO] [stdout] 81ff05a5ed8217cfae1f3ef67061c7e36ec626a97704ac3ddc3c349a1a3532f6
[INFO] running `Command { std: "docker" "create" "-v" "/var/lib/crater-agent-workspace/builds/worker-1-tc1/target:/opt/rustwide/target:rw,Z" "-v" "/var/lib/crater-agent-workspace/builds/worker-1-tc1/source:/opt/rustwide/workdir:ro,Z" "-v" "/var/lib/crater-agent-workspace/cargo-home:/opt/rustwide/cargo-home:ro,Z" "-v" "/var/lib/crater-agent-workspace/rustup-home:/opt/rustwide/rustup-home:ro,Z" "-e" "SOURCE_DIR=/opt/rustwide/workdir" "-e" "CARGO_TARGET_DIR=/opt/rustwide/target" "-e" "CARGO_INCREMENTAL=0" "-e" "RUST_BACKTRACE=full" "-e" "RUSTFLAGS=--cap-lints=warn" "-e" "RUSTDOCFLAGS=--cap-lints=warn" "-e" "CARGO_HOME=/opt/rustwide/cargo-home" "-e" "RUSTUP_HOME=/opt/rustwide/rustup-home" "-w" "/opt/rustwide/workdir" "-m" "1610612736" "--user" "0:0" "--network" "none" "ghcr.io/rust-lang/crates-build-env/linux@sha256:f3a9d4ad9d972b27faf3965f35b62e55ba32bbce8f20bc8fe909558a86702fde" "/opt/rustwide/cargo-home/bin/cargo" "+1.83.0" "build" "--frozen" "--message-format=json", kill_on_drop: false }`
[INFO] [stdout] 83cd55758e66c8cd59987d7509947af629db8b65d79dd0f817e68d9b76f99e70
[INFO] running `Command { std: "docker" "start" "-a" "83cd55758e66c8cd59987d7509947af629db8b65d79dd0f817e68d9b76f99e70", kill_on_drop: false }`
[INFO] [stderr]    Compiling proc-macro2 v1.0.92
[INFO] [stderr]    Compiling unicode-ident v1.0.14
[INFO] [stderr]    Compiling prettyplease v0.2.25
[INFO] [stderr]    Compiling unicode-segmentation v1.12.0
[INFO] [stderr]    Compiling either v1.13.0
[INFO] [stderr]    Compiling itertools v0.13.0
[INFO] [stderr]    Compiling convert_case v0.6.0
[INFO] [stderr]    Compiling quote v1.0.37
[INFO] [stderr]    Compiling syn v2.0.90
[INFO] [stderr]    Compiling nadi_plugin v0.4.0 (/opt/rustwide/workdir)
[INFO] [stderr]     Finished `dev` profile [unoptimized + debuginfo] target(s) in 10.47s
[INFO] running `Command { std: "docker" "inspect" "83cd55758e66c8cd59987d7509947af629db8b65d79dd0f817e68d9b76f99e70", kill_on_drop: false }`
[INFO] running `Command { std: "docker" "rm" "-f" "83cd55758e66c8cd59987d7509947af629db8b65d79dd0f817e68d9b76f99e70", kill_on_drop: false }`
[INFO] [stdout] 83cd55758e66c8cd59987d7509947af629db8b65d79dd0f817e68d9b76f99e70
[INFO] running `Command { std: "docker" "create" "-v" "/var/lib/crater-agent-workspace/builds/worker-1-tc1/target:/opt/rustwide/target:rw,Z" "-v" "/var/lib/crater-agent-workspace/builds/worker-1-tc1/source:/opt/rustwide/workdir:ro,Z" "-v" "/var/lib/crater-agent-workspace/cargo-home:/opt/rustwide/cargo-home:ro,Z" "-v" "/var/lib/crater-agent-workspace/rustup-home:/opt/rustwide/rustup-home:ro,Z" "-e" "SOURCE_DIR=/opt/rustwide/workdir" "-e" "CARGO_TARGET_DIR=/opt/rustwide/target" "-e" "CARGO_INCREMENTAL=0" "-e" "RUST_BACKTRACE=full" "-e" "RUSTFLAGS=--cap-lints=warn" "-e" "RUSTDOCFLAGS=--cap-lints=warn" "-e" "CARGO_HOME=/opt/rustwide/cargo-home" "-e" "RUSTUP_HOME=/opt/rustwide/rustup-home" "-w" "/opt/rustwide/workdir" "-m" "1610612736" "--user" "0:0" "--network" "none" "ghcr.io/rust-lang/crates-build-env/linux@sha256:f3a9d4ad9d972b27faf3965f35b62e55ba32bbce8f20bc8fe909558a86702fde" "/opt/rustwide/cargo-home/bin/cargo" "+1.83.0" "test" "--frozen" "--no-run" "--message-format=json", kill_on_drop: false }`
[INFO] [stdout] 7658d7280e5a953da612f9daf692c2a77eaca584dc7878a800dbfc3d1c911142
[INFO] running `Command { std: "docker" "start" "-a" "7658d7280e5a953da612f9daf692c2a77eaca584dc7878a800dbfc3d1c911142", kill_on_drop: false }`
[INFO] [stderr]    Compiling nadi_plugin v0.4.0 (/opt/rustwide/workdir)
[INFO] [stderr]     Finished `test` profile [unoptimized + debuginfo] target(s) in 1.68s
[INFO] running `Command { std: "docker" "inspect" "7658d7280e5a953da612f9daf692c2a77eaca584dc7878a800dbfc3d1c911142", kill_on_drop: false }`
[INFO] running `Command { std: "docker" "rm" "-f" "7658d7280e5a953da612f9daf692c2a77eaca584dc7878a800dbfc3d1c911142", kill_on_drop: false }`
[INFO] [stdout] 7658d7280e5a953da612f9daf692c2a77eaca584dc7878a800dbfc3d1c911142
[INFO] running `Command { std: "docker" "create" "-v" "/var/lib/crater-agent-workspace/builds/worker-1-tc1/target:/opt/rustwide/target:rw,Z" "-v" "/var/lib/crater-agent-workspace/builds/worker-1-tc1/source:/opt/rustwide/workdir:ro,Z" "-v" "/var/lib/crater-agent-workspace/cargo-home:/opt/rustwide/cargo-home:ro,Z" "-v" "/var/lib/crater-agent-workspace/rustup-home:/opt/rustwide/rustup-home:ro,Z" "-e" "SOURCE_DIR=/opt/rustwide/workdir" "-e" "CARGO_TARGET_DIR=/opt/rustwide/target" "-e" "CARGO_INCREMENTAL=0" "-e" "RUST_BACKTRACE=full" "-e" "RUSTFLAGS=--cap-lints=warn" "-e" "RUSTDOCFLAGS=--cap-lints=warn" "-e" "CARGO_HOME=/opt/rustwide/cargo-home" "-e" "RUSTUP_HOME=/opt/rustwide/rustup-home" "-w" "/opt/rustwide/workdir" "-m" "1610612736" "--user" "0:0" "--network" "none" "ghcr.io/rust-lang/crates-build-env/linux@sha256:f3a9d4ad9d972b27faf3965f35b62e55ba32bbce8f20bc8fe909558a86702fde" "/opt/rustwide/cargo-home/bin/cargo" "+1.83.0" "test" "--frozen", kill_on_drop: false }`
[INFO] [stdout] 2d1206a02ab71fbfe7a0525ba0d9a6169349e264f4ab8291f7933fd0e5bea5e4
[INFO] running `Command { std: "docker" "start" "-a" "2d1206a02ab71fbfe7a0525ba0d9a6169349e264f4ab8291f7933fd0e5bea5e4", kill_on_drop: false }`
[INFO] [stderr]     Finished `test` profile [unoptimized + debuginfo] target(s) in 0.02s
[INFO] [stdout] 
[INFO] [stderr]      Running unittests src/lib.rs (/opt/rustwide/target/debug/deps/nadi_plugin-6861ff469c826a52)
[INFO] [stdout] running 0 tests
[INFO] [stderr]    Doc-tests nadi_plugin
[INFO] [stdout] 
[INFO] [stdout] test result: ok. 0 passed; 0 failed; 0 ignored; 0 measured; 0 filtered out; finished in 0.00s
[INFO] [stdout] 
[INFO] [stdout] 
[INFO] [stdout] running 1 test
[INFO] [stdout] test src/lib.rs - nadi_plugin (line 223) ... FAILED
[INFO] [stdout] 
[INFO] [stdout] failures:
[INFO] [stdout] 
[INFO] [stdout] ---- src/lib.rs - nadi_plugin (line 223) stdout ----
[INFO] [stdout] error[E0433]: failed to resolve: could not find `nadi_core` in the list of imported crates
[INFO] [stdout]  --> src/lib.rs:225:1
[INFO] [stdout]   |
[INFO] [stdout] 5 | #[nadi_plugin::nadi_plugin]
[INFO] [stdout]   | ^^^^^^^^^^^^^^^^^^^^^^^^^^^ could not find `nadi_core` in the list of imported crates
[INFO] [stdout]   |
[INFO] [stdout]   = note: this error originates in the attribute macro `nadi_plugin::nadi_plugin` (in Nightly builds, run with -Z macro-backtrace for more info)
[INFO] [stdout] 
[INFO] [stdout] error[E0433]: failed to resolve: could not find `nadi_core` in the list of imported crates
[INFO] [stdout]  --> src/lib.rs:227:5
[INFO] [stdout]   |
[INFO] [stdout] 7 |     #[nadi_plugin::node_func]
[INFO] [stdout]   |     ^^^^^^^^^^^^^^^^^^^^^^^^^ could not find `nadi_core` in the list of imported crates
[INFO] [stdout]   |
[INFO] [stdout]   = note: this error originates in the attribute macro `nadi_plugin::node_func` (in Nightly builds, run with -Z macro-backtrace for more info)
[INFO] [stdout] 
[INFO] [stdout] error[E0412]: cannot find type `NodeInner` in this scope
[INFO] [stdout]  --> src/lib.rs:228:32
[INFO] [stdout]   |
[INFO] [stdout] 8 |     fn do_something(node: &mut NodeInner) {
[INFO] [stdout]   |                                ^^^^^^^^^ not found in this scope
[INFO] [stdout] 
[INFO] [stdout] error: aborting due to 3 previous errors
[INFO] [stdout] 
[INFO] [stdout] Some errors have detailed explanations: E0412, E0433.
[INFO] [stdout] For more information about an error, try `rustc --explain E0412`.
[INFO] [stdout] Couldn't compile the test.
[INFO] [stdout] 
[INFO] [stdout] failures:
[INFO] [stdout]     src/lib.rs - nadi_plugin (line 223)
[INFO] [stdout] 
[INFO] [stdout] test result: FAILED. 0 passed; 1 failed; 0 ignored; 0 measured; 0 filtered out; finished in 0.20s
[INFO] [stdout] 
[INFO] [stderr] error: doctest failed, to rerun pass `--doc`
[INFO] running `Command { std: "docker" "inspect" "2d1206a02ab71fbfe7a0525ba0d9a6169349e264f4ab8291f7933fd0e5bea5e4", kill_on_drop: false }`
[INFO] running `Command { std: "docker" "rm" "-f" "2d1206a02ab71fbfe7a0525ba0d9a6169349e264f4ab8291f7933fd0e5bea5e4", kill_on_drop: false }`
[INFO] [stdout] 2d1206a02ab71fbfe7a0525ba0d9a6169349e264f4ab8291f7933fd0e5bea5e4
