[INFO] fetching crate nacos-sdk 0.4.2...
[INFO] testing nacos-sdk-0.4.2 against 1.83.0 for beta-1.84.0-4-retry
[INFO] extracting crate nacos-sdk 0.4.2 into /workspace/builds/worker-2-tc1/source
[INFO] validating manifest of crates.io crate nacos-sdk 0.4.2 on toolchain 1.83.0
[INFO] running `Command { std: CARGO_HOME="/workspace/cargo-home" RUSTUP_HOME="/workspace/rustup-home" "/workspace/cargo-home/bin/cargo" "+1.83.0" "metadata" "--manifest-path" "Cargo.toml" "--no-deps", kill_on_drop: false }`
[INFO] started tweaking crates.io crate nacos-sdk 0.4.2
[INFO] removed 0 missing examples
[INFO] finished tweaking crates.io crate nacos-sdk 0.4.2
[INFO] tweaked toml for crates.io crate nacos-sdk 0.4.2 written to /workspace/builds/worker-2-tc1/source/Cargo.toml
[INFO] crate crates.io crate nacos-sdk 0.4.2 already has a lockfile, it will not be regenerated
[INFO] running `Command { std: CARGO_HOME="/workspace/cargo-home" RUSTUP_HOME="/workspace/rustup-home" "/workspace/cargo-home/bin/cargo" "+1.83.0" "fetch" "--manifest-path" "Cargo.toml", kill_on_drop: false }`
[INFO] [stderr]     Updating crates.io index
[INFO] [stderr]  Downloading crates ...
[INFO] [stderr]   Downloaded prost-build v0.13.2
[INFO] [stderr]   Downloaded local_ipaddress v0.1.3
[INFO] [stderr]   Downloaded nacos-macro v0.1.1
[INFO] running `Command { std: "docker" "create" "-v" "/var/lib/crater-agent-workspace/builds/worker-2-tc1/target:/opt/rustwide/target:rw,Z" "-v" "/var/lib/crater-agent-workspace/builds/worker-2-tc1/source:/opt/rustwide/workdir:ro,Z" "-v" "/var/lib/crater-agent-workspace/cargo-home:/opt/rustwide/cargo-home:ro,Z" "-v" "/var/lib/crater-agent-workspace/rustup-home:/opt/rustwide/rustup-home:ro,Z" "-e" "SOURCE_DIR=/opt/rustwide/workdir" "-e" "CARGO_TARGET_DIR=/opt/rustwide/target" "-e" "CARGO_HOME=/opt/rustwide/cargo-home" "-e" "RUSTUP_HOME=/opt/rustwide/rustup-home" "-w" "/opt/rustwide/workdir" "-m" "1610612736" "--user" "0:0" "--network" "none" "ghcr.io/rust-lang/crates-build-env/linux@sha256:f3a9d4ad9d972b27faf3965f35b62e55ba32bbce8f20bc8fe909558a86702fde" "/opt/rustwide/cargo-home/bin/cargo" "+1.83.0" "metadata" "--no-deps" "--format-version=1", kill_on_drop: false }`
[INFO] [stdout] bf0e3b1477e36ad88782a351b6720d2b8444f0566f81f57a9288912cc3b01b86
[INFO] running `Command { std: "docker" "start" "-a" "bf0e3b1477e36ad88782a351b6720d2b8444f0566f81f57a9288912cc3b01b86", kill_on_drop: false }`
[INFO] running `Command { std: "docker" "inspect" "bf0e3b1477e36ad88782a351b6720d2b8444f0566f81f57a9288912cc3b01b86", kill_on_drop: false }`
[INFO] running `Command { std: "docker" "rm" "-f" "bf0e3b1477e36ad88782a351b6720d2b8444f0566f81f57a9288912cc3b01b86", kill_on_drop: false }`
[INFO] [stdout] bf0e3b1477e36ad88782a351b6720d2b8444f0566f81f57a9288912cc3b01b86
[INFO] running `Command { std: "docker" "create" "-v" "/var/lib/crater-agent-workspace/builds/worker-2-tc1/target:/opt/rustwide/target:rw,Z" "-v" "/var/lib/crater-agent-workspace/builds/worker-2-tc1/source:/opt/rustwide/workdir:ro,Z" "-v" "/var/lib/crater-agent-workspace/cargo-home:/opt/rustwide/cargo-home:ro,Z" "-v" "/var/lib/crater-agent-workspace/rustup-home:/opt/rustwide/rustup-home:ro,Z" "-e" "SOURCE_DIR=/opt/rustwide/workdir" "-e" "CARGO_TARGET_DIR=/opt/rustwide/target" "-e" "CARGO_INCREMENTAL=0" "-e" "RUST_BACKTRACE=full" "-e" "RUSTFLAGS=--cap-lints=warn" "-e" "RUSTDOCFLAGS=--cap-lints=warn" "-e" "CARGO_HOME=/opt/rustwide/cargo-home" "-e" "RUSTUP_HOME=/opt/rustwide/rustup-home" "-w" "/opt/rustwide/workdir" "-m" "1610612736" "--user" "0:0" "--network" "none" "ghcr.io/rust-lang/crates-build-env/linux@sha256:f3a9d4ad9d972b27faf3965f35b62e55ba32bbce8f20bc8fe909558a86702fde" "/opt/rustwide/cargo-home/bin/cargo" "+1.83.0" "build" "--frozen" "--message-format=json", kill_on_drop: false }`
[INFO] [stdout] d3b3c8021b32238d77b2ef65875580d0af9167b719e30ae769d945f9d493474f
[INFO] running `Command { std: "docker" "start" "-a" "d3b3c8021b32238d77b2ef65875580d0af9167b719e30ae769d945f9d493474f", kill_on_drop: false }`
[INFO] [stderr]    Compiling proc-macro2 v1.0.86
[INFO] [stderr]    Compiling unicode-ident v1.0.13
[INFO] [stderr]    Compiling autocfg v1.3.0
[INFO] [stderr]    Compiling libc v0.2.158
[INFO] [stderr]    Compiling pin-project-lite v0.2.14
[INFO] [stderr]    Compiling futures-core v0.3.30
[INFO] [stderr]    Compiling cfg-if v1.0.0
[INFO] [stderr]    Compiling bytes v1.7.1
[INFO] [stderr]    Compiling futures-sink v0.3.30
[INFO] [stderr]    Compiling fnv v1.0.7
[INFO] [stderr]    Compiling parking_lot_core v0.9.10
[INFO] [stderr]    Compiling scopeguard v1.2.0
[INFO] [stderr]    Compiling smallvec v1.13.2
[INFO] [stderr]    Compiling itoa v1.0.11
[INFO] [stderr]    Compiling memchr v2.7.4
[INFO] [stderr]    Compiling futures-channel v0.3.30
[INFO] [stderr]    Compiling futures-task v0.3.30
[INFO] [stderr]    Compiling pin-utils v0.1.0
[INFO] [stderr]    Compiling futures-io v0.3.30
[INFO] [stderr]    Compiling once_cell v1.19.0
[INFO] [stderr]    Compiling slab v0.4.9
[INFO] [stderr]    Compiling lock_api v0.4.12
[INFO] [stderr]    Compiling http v1.1.0
[INFO] [stderr]    Compiling byteorder v1.5.0
[INFO] [stderr]    Compiling tracing-core v0.1.32
[INFO] [stderr]    Compiling rustversion v1.0.17
[INFO] [stderr]    Compiling log v0.4.22
[INFO] [stderr]    Compiling quote v1.0.37
[INFO] [stderr]    Compiling indexmap v1.9.3
[INFO] [stderr]    Compiling syn v2.0.77
[INFO] [stderr]    Compiling hashbrown v0.14.5
[INFO] [stderr]    Compiling serde v1.0.210
[INFO] [stderr]    Compiling http-body v1.0.1
[INFO] [stderr]    Compiling socket2 v0.5.7
[INFO] [stderr]    Compiling parking_lot v0.12.3
[INFO] [stderr]    Compiling mio v1.0.2
[INFO] [stderr]    Compiling signal-hook-registry v1.4.2
[INFO] [stderr]    Compiling getrandom v0.2.15
[INFO] [stderr]    Compiling hashbrown v0.12.3
[INFO] [stderr]    Compiling rand_core v0.6.4
[INFO] [stderr]    Compiling tower-layer v0.3.3
[INFO] [stderr]    Compiling tower-service v0.3.3
[INFO] [stderr]    Compiling equivalent v1.0.1
[INFO] [stderr]    Compiling httparse v1.9.4
[INFO] [stderr]    Compiling indexmap v2.5.0
[INFO] [stderr]    Compiling try-lock v0.2.5
[INFO] [stderr]    Compiling anyhow v1.0.88
[INFO] [stderr]    Compiling atomic-waker v1.1.2
[INFO] [stderr]    Compiling percent-encoding v2.3.1
[INFO] [stderr]    Compiling syn v1.0.109
[INFO] [stderr]    Compiling want v0.3.1
[INFO] [stderr]    Compiling either v1.13.0
[INFO] [stderr]    Compiling tinyvec_macros v0.1.1
[INFO] [stderr]    Compiling httpdate v1.0.3
[INFO] [stderr]    Compiling tinyvec v1.8.0
[INFO] [stderr]    Compiling itertools v0.13.0
[INFO] [stderr]    Compiling axum-core v0.4.3
[INFO] [stderr]    Compiling ident_case v1.0.1
[INFO] [stderr]    Compiling strsim v0.10.0
[INFO] [stderr]    Compiling mime v0.3.17
[INFO] [stderr]    Compiling form_urlencoded v1.2.1
[INFO] [stderr]    Compiling axum v0.7.5
[INFO] [stderr]    Compiling sync_wrapper v1.0.1
[INFO] [stderr]    Compiling sync_wrapper v0.1.2
[INFO] [stderr]    Compiling ryu v1.0.18
[INFO] [stderr]    Compiling unicode-bidi v0.3.15
[INFO] [stderr]    Compiling base64 v0.22.1
[INFO] [stderr]    Compiling matchit v0.7.3
[INFO] [stderr]    Compiling serde_json v1.0.128
[INFO] [stderr]    Compiling thiserror v1.0.63
[INFO] [stderr]    Compiling ipnet v2.10.0
[INFO] [stderr]    Compiling dashmap v5.5.3
[INFO] [stderr]    Compiling unicode-normalization v0.1.23
[INFO] [stderr]    Compiling lazy_static v1.5.0
[INFO] [stderr]    Compiling arc-swap v1.7.1
[INFO] [stderr]    Compiling local_ipaddress v0.1.3
[INFO] [stderr]    Compiling home v0.5.9
[INFO] [stderr]    Compiling dotenvy v0.15.7
[INFO] [stderr]    Compiling idna v0.5.0
[INFO] [stderr]    Compiling url v2.5.2
[INFO] [stderr]    Compiling futures-macro v0.3.30
[INFO] [stderr]    Compiling tokio-macros v2.4.0
[INFO] [stderr]    Compiling zerocopy-derive v0.7.35
[INFO] [stderr]    Compiling tracing-attributes v0.1.27
[INFO] [stderr]    Compiling pin-project-internal v1.1.5
[INFO] [stderr]    Compiling serde_derive v1.0.210
[INFO] [stderr]    Compiling darling_core v0.14.4
[INFO] [stderr]    Compiling futures-util v0.3.30
[INFO] [stderr]    Compiling tokio v1.40.0
[INFO] [stderr]    Compiling zerocopy v0.7.35
[INFO] [stderr]    Compiling pin-project v1.1.5
[INFO] [stderr]    Compiling async-trait v0.1.82
[INFO] [stderr]    Compiling tracing v0.1.40
[INFO] [stderr]    Compiling prost-derive v0.13.2
[INFO] [stderr]    Compiling ppv-lite86 v0.2.20
[INFO] [stderr]    Compiling async-stream-impl v0.3.5
[INFO] [stderr]    Compiling rand_chacha v0.3.1
[INFO] [stderr]    Compiling rand v0.8.5
[INFO] [stderr]    Compiling darling_macro v0.14.4
[INFO] [stderr]    Compiling async-stream v0.3.5
[INFO] [stderr]    Compiling thiserror-impl v1.0.63
[INFO] [stderr]    Compiling http-body-util v0.1.2
[INFO] [stderr]    Compiling prost v0.13.2
[INFO] [stderr]    Compiling darling v0.14.4
[INFO] [stderr]    Compiling futures-executor v0.3.30
[INFO] [stderr]    Compiling futures v0.3.30
[INFO] [stderr]    Compiling prost-types v0.13.2
[INFO] [stderr]    Compiling nacos-macro v0.1.1
[INFO] [stderr]    Compiling tokio-util v0.7.12
[INFO] [stderr]    Compiling tokio-stream v0.1.16
[INFO] [stderr]    Compiling h2 v0.4.6
[INFO] [stderr]    Compiling tower v0.4.13
[INFO] [stderr]    Compiling serde_urlencoded v0.7.1
[INFO] [stderr]    Compiling hyper v1.4.1
[INFO] [stderr]    Compiling hyper-util v0.1.8
[INFO] [stderr]    Compiling hyper-timeout v0.5.1
[INFO] [stderr]    Compiling reqwest v0.12.7
[INFO] [stderr]    Compiling tonic v0.12.2
[INFO] [stderr]    Compiling nacos-sdk v0.4.2 (/opt/rustwide/workdir)
[INFO] [stdout] warning: associated function `default` is never used
[INFO] [stdout]    --> src/api/plugin/auth/mod.rs:130:8
[INFO] [stdout]     |
[INFO] [stdout] 129 | impl RequestResource {
[INFO] [stdout]     | -------------------- associated function in this implementation
[INFO] [stdout] 130 |     fn default() -> Self {
[INFO] [stdout]     |        ^^^^^^^
[INFO] [stdout]     |
[INFO] [stdout]     = note: `#[warn(dead_code)]` on by default
[INFO] [stdout] 
[INFO] [stdout] 
[INFO] [stdout] warning: methods `get_mut`, `remove`, and `contains_key` are never used
[INFO] [stdout]    --> src/common/cache/mod.rs:118:19
[INFO] [stdout]     |
[INFO] [stdout] 31  | / impl<V> Cache<V>
[INFO] [stdout] 32  | | where
[INFO] [stdout] 33  | |     V: serde::Serialize + serde::de::DeserializeOwned + Send + Sync + 'static,
[INFO] [stdout]     | |______________________________________________________________________________- methods in this implementation
[INFO] [stdout] ...
[INFO] [stdout] 118 |       pub(crate) fn get_mut(&self, key: &String) -> Option<CacheRefMut<'_, V>> {
[INFO] [stdout]     |                     ^^^^^^^
[INFO] [stdout] ...
[INFO] [stdout] 139 |       pub(crate) fn remove(&self, key: &String) -> Option<V> {
[INFO] [stdout]     |                     ^^^^^^
[INFO] [stdout] ...
[INFO] [stdout] 155 |       pub(crate) fn contains_key(&self, key: &String) -> bool {
[INFO] [stdout]     |                     ^^^^^^^^^^^^
[INFO] [stdout] 
[INFO] [stdout] 
[INFO] [stdout] warning: struct `CacheRefMut` is never constructed
[INFO] [stdout]    --> src/common/cache/mod.rs:273:19
[INFO] [stdout]     |
[INFO] [stdout] 273 | pub(crate) struct CacheRefMut<'a, V> {
[INFO] [stdout]     |                   ^^^^^^^^^^^
[INFO] [stdout] 
[INFO] [stdout] 
[INFO] [stdout] warning: constant `CONFIG_MODULE` is never used
[INFO] [stdout]    --> src/common/cache/mod.rs:315:7
[INFO] [stdout]     |
[INFO] [stdout] 315 | const CONFIG_MODULE: &str = "config";
[INFO] [stdout]     |       ^^^^^^^^^^^^^
[INFO] [stdout] 
[INFO] [stdout] 
[INFO] [stdout] warning: associated function `config` is never used
[INFO] [stdout]    --> src/common/cache/mod.rs:322:19
[INFO] [stdout]     |
[INFO] [stdout] 318 | / impl<V> CacheBuilder<V>
[INFO] [stdout] 319 | | where
[INFO] [stdout] 320 | |     V: serde::Serialize + serde::de::DeserializeOwned + Send + Sync + 'static,
[INFO] [stdout]     | |______________________________________________________________________________- associated function in this implementation
[INFO] [stdout] 321 |   {
[INFO] [stdout] 322 |       pub(crate) fn config(namespace: String) -> Self {
[INFO] [stdout]     |                     ^^^^^^
[INFO] [stdout] 
[INFO] [stdout] 
[INFO] [stdout] warning: variants `Remove` and `Modify` are never constructed
[INFO] [stdout]    --> src/common/cache/mod.rs:376:5
[INFO] [stdout]     |
[INFO] [stdout] 374 | enum ChangeEvent {
[INFO] [stdout]     |      ----------- variants in this enum
[INFO] [stdout] 375 |     Insert(usize, VersionKeyWrapper),
[INFO] [stdout] 376 |     Remove(usize, VersionKeyWrapper),
[INFO] [stdout]     |     ^^^^^^
[INFO] [stdout] 377 |     Modify(usize, VersionKeyWrapper),
[INFO] [stdout]     |     ^^^^^^
[INFO] [stdout] 
[INFO] [stdout] 
[INFO] [stdout] warning: multiple methods are never used
[INFO] [stdout]    --> src/common/remote/grpc/config.rs:27:19
[INFO] [stdout]     |
[INFO] [stdout] 26  | impl GrpcConfiguration {
[INFO] [stdout]     | ---------------------- methods in this implementation
[INFO] [stdout] 27  |     pub(crate) fn with_host(mut self, host: String) -> Self {
[INFO] [stdout]     |                   ^^^^^^^^^
[INFO] [stdout] ...
[INFO] [stdout] 37  |     pub(crate) fn with_origin(mut self, uri: &str) -> Self {
[INFO] [stdout]     |                   ^^^^^^^^^^^
[INFO] [stdout] ...
[INFO] [stdout] 46  |     pub(crate) fn with_user_agent(mut self, ua: String) -> Self {
[INFO] [stdout]     |                   ^^^^^^^^^^^^^^^
[INFO] [stdout] ...
[INFO] [stdout] 56  |     pub(crate) fn with_timeout(mut self, timeout: Duration) -> Self {
[INFO] [stdout]     |                   ^^^^^^^^^^^^
[INFO] [stdout] ...
[INFO] [stdout] 61  |     pub(crate) fn with_concurrency_limit(mut self, concurrency_limit: usize) -> Self {
[INFO] [stdout]     |                   ^^^^^^^^^^^^^^^^^^^^^^
[INFO] [stdout] ...
[INFO] [stdout] 66  |     pub(crate) fn with_rate_limit(mut self, rate_limit: (u64, Duration)) -> Self {
[INFO] [stdout]     |                   ^^^^^^^^^^^^^^^
[INFO] [stdout] ...
[INFO] [stdout] 71  |     pub(crate) fn with_init_stream_window_size(mut self, init_stream_window_size: u32) -> Self {
[INFO] [stdout]     |                   ^^^^^^^^^^^^^^^^^^^^^^^^^^^^
[INFO] [stdout] ...
[INFO] [stdout] 76  |     pub(crate) fn with_init_connection_window_size(
[INFO] [stdout]     |                   ^^^^^^^^^^^^^^^^^^^^^^^^^^^^^^^^
[INFO] [stdout] ...
[INFO] [stdout] 84  |     pub(crate) fn with_tcp_keepalive(mut self, tcp_keepalive: Duration) -> Self {
[INFO] [stdout]     |                   ^^^^^^^^^^^^^^^^^^
[INFO] [stdout] ...
[INFO] [stdout] 89  |     pub(crate) fn with_tcp_nodelay(mut self, tcp_nodelay: bool) -> Self {
[INFO] [stdout]     |                   ^^^^^^^^^^^^^^^^
[INFO] [stdout] ...
[INFO] [stdout] 94  |     pub(crate) fn with_http2_keep_alive_interval(
[INFO] [stdout]     |                   ^^^^^^^^^^^^^^^^^^^^^^^^^^^^^^
[INFO] [stdout] ...
[INFO] [stdout] 102 |     pub(crate) fn with_http2_keep_alive_timeout(
[INFO] [stdout]     |                   ^^^^^^^^^^^^^^^^^^^^^^^^^^^^^
[INFO] [stdout] ...
[INFO] [stdout] 110 |     pub(crate) fn with_http2_keep_alive_while_idle(
[INFO] [stdout]     |                   ^^^^^^^^^^^^^^^^^^^^^^^^^^^^^^^^
[INFO] [stdout] ...
[INFO] [stdout] 118 |     pub(crate) fn with_connect_timeout(mut self, connect_timeout: Duration) -> Self {
[INFO] [stdout]     |                   ^^^^^^^^^^^^^^^^^^^^
[INFO] [stdout] ...
[INFO] [stdout] 123 |     pub(crate) fn with_http2_adaptive_window(mut self, http2_adaptive_window: bool) -> Self {
[INFO] [stdout]     |                   ^^^^^^^^^^^^^^^^^^^^^^^^^^
[INFO] [stdout] 
[INFO] [stdout] 
[INFO] [stdout] warning: method `body` is never used
[INFO] [stdout]   --> src/common/remote/grpc/message/mod.rs:34:19
[INFO] [stdout]    |
[INFO] [stdout] 30 | / impl<T> GrpcMessage<T>
[INFO] [stdout] 31 | | where
[INFO] [stdout] 32 | |     T: GrpcMessageData,
[INFO] [stdout]    | |_______________________- method in this implementation
[INFO] [stdout] 33 |   {
[INFO] [stdout] 34 |       pub(crate) fn body(&self) -> &T {
[INFO] [stdout]    |                     ^^^^
[INFO] [stdout] 
[INFO] [stdout] 
[INFO] [stdout] warning: methods `header`, `headers`, `add_headers`, `request_id`, and `module` are never used
[INFO] [stdout]    --> src/common/remote/grpc/message/mod.rs:197:8
[INFO] [stdout]     |
[INFO] [stdout] 196 | pub(crate) trait GrpcRequestMessage: GrpcMessageData {
[INFO] [stdout]     |                  ------------------ methods in this trait
[INFO] [stdout] 197 |     fn header(&self, key: &str) -> Option<&String>;
[INFO] [stdout]     |        ^^^^^^
[INFO] [stdout] 198 |
[INFO] [stdout] 199 |     fn headers(&self) -> &HashMap<String, String>;
[INFO] [stdout]     |        ^^^^^^^
[INFO] [stdout] ...
[INFO] [stdout] 203 |     fn add_headers(&mut self, map: HashMap<String, String>);
[INFO] [stdout]     |        ^^^^^^^^^^^
[INFO] [stdout] 204 |
[INFO] [stdout] 205 |     fn request_id(&self) -> Option<&String>;
[INFO] [stdout]     |        ^^^^^^^^^^
[INFO] [stdout] 206 |
[INFO] [stdout] 207 |     fn module(&self) -> &str;
[INFO] [stdout]     |        ^^^^^^
[INFO] [stdout] 
[INFO] [stdout] 
[INFO] [stdout] warning: methods `request_id`, `result_code`, `error_code`, and `message` are never used
[INFO] [stdout]    --> src/common/remote/grpc/message/mod.rs:213:8
[INFO] [stdout]     |
[INFO] [stdout] 212 | pub(crate) trait GrpcResponseMessage: GrpcMessageData {
[INFO] [stdout]     |                  ------------------- methods in this trait
[INFO] [stdout] 213 |     fn request_id(&self) -> Option<&String>;
[INFO] [stdout]     |        ^^^^^^^^^^
[INFO] [stdout] 214 |
[INFO] [stdout] 215 |     fn result_code(&self) -> i32;
[INFO] [stdout]     |        ^^^^^^^^^^^
[INFO] [stdout] 216 |
[INFO] [stdout] 217 |     fn error_code(&self) -> i32;
[INFO] [stdout]     |        ^^^^^^^^^^
[INFO] [stdout] 218 |
[INFO] [stdout] 219 |     fn message(&self) -> Option<&String>;
[INFO] [stdout]     |        ^^^^^^^
[INFO] [stdout] 
[INFO] [stdout] 
[INFO] [stdout] warning: associated function `new` is never used
[INFO] [stdout]   --> src/common/remote/grpc/message/request/set_up_request.rs:30:19
[INFO] [stdout]    |
[INFO] [stdout] 29 | impl NacosClientAbilities {
[INFO] [stdout]    | ------------------------- associated function in this implementation
[INFO] [stdout] 30 |     pub(crate) fn new() -> Self {
[INFO] [stdout]    |                   ^^^
[INFO] [stdout] 
[INFO] [stdout] 
[INFO] [stdout] warning: associated function `new` is never used
[INFO] [stdout]   --> src/common/remote/grpc/message/request/set_up_request.rs:62:8
[INFO] [stdout]    |
[INFO] [stdout] 61 | impl NacosClientRemoteAbility {
[INFO] [stdout]    | ----------------------------- associated function in this implementation
[INFO] [stdout] 62 |     fn new() -> Self {
[INFO] [stdout]    |        ^^^
[INFO] [stdout] 
[INFO] [stdout] 
[INFO] [stdout] warning: associated function `new` is never used
[INFO] [stdout]   --> src/common/remote/grpc/message/request/set_up_request.rs:80:8
[INFO] [stdout]    |
[INFO] [stdout] 79 | impl NacosClientConfigAbility {
[INFO] [stdout]    | ----------------------------- associated function in this implementation
[INFO] [stdout] 80 |     fn new() -> Self {
[INFO] [stdout]    |        ^^^
[INFO] [stdout] 
[INFO] [stdout] 
[INFO] [stdout] warning: associated function `new` is never used
[INFO] [stdout]    --> src/common/remote/grpc/message/request/set_up_request.rs:101:8
[INFO] [stdout]     |
[INFO] [stdout] 100 | impl NacosClientNamingAbility {
[INFO] [stdout]     | ----------------------------- associated function in this implementation
[INFO] [stdout] 101 |     fn new() -> Self {
[INFO] [stdout]     |        ^^^
[INFO] [stdout] 
[INFO] [stdout] 
[INFO] [stdout] warning: multiple methods are never used
[INFO] [stdout]    --> src/common/remote/grpc/nacos_grpc_client.rs:157:19
[INFO] [stdout]     |
[INFO] [stdout] 86  | impl NacosGrpcClientBuilder {
[INFO] [stdout]     | --------------------------- methods in this implementation
[INFO] [stdout] ...
[INFO] [stdout] 157 |     pub(crate) fn host(self, host: String) -> Self {
[INFO] [stdout]     |                   ^^^^
[INFO] [stdout] ...
[INFO] [stdout] 173 |     pub(crate) fn origin(self, uri: &str) -> Self {
[INFO] [stdout]     |                   ^^^^^^
[INFO] [stdout] ...
[INFO] [stdout] 181 |     pub(crate) fn user_agent(self, ua: String) -> Self {
[INFO] [stdout]     |                   ^^^^^^^^^^
[INFO] [stdout] ...
[INFO] [stdout] 189 |     pub(crate) fn timeout(self, timeout: Duration) -> Self {
[INFO] [stdout]     |                   ^^^^^^^
[INFO] [stdout] ...
[INFO] [stdout] 197 |     pub(crate) fn concurrency_limit(self, concurrency_limit: usize) -> Self {
[INFO] [stdout]     |                   ^^^^^^^^^^^^^^^^^
[INFO] [stdout] ...
[INFO] [stdout] 205 |     pub(crate) fn rate_limit(self, rate_limit: (u64, Duration)) -> Self {
[INFO] [stdout]     |                   ^^^^^^^^^^
[INFO] [stdout] ...
[INFO] [stdout] 213 |     pub(crate) fn init_stream_window_size(self, init_stream_window_size: u32) -> Self {
[INFO] [stdout]     |                   ^^^^^^^^^^^^^^^^^^^^^^^
[INFO] [stdout] ...
[INFO] [stdout] 223 |     pub(crate) fn init_connection_window_size(self, init_connection_window_size: u32) -> Self {
[INFO] [stdout]     |                   ^^^^^^^^^^^^^^^^^^^^^^^^^^^
[INFO] [stdout] ...
[INFO] [stdout] 233 |     pub(crate) fn tcp_keepalive(self, tcp_keepalive: Duration) -> Self {
[INFO] [stdout]     |                   ^^^^^^^^^^^^^
[INFO] [stdout] ...
[INFO] [stdout] 241 |     pub(crate) fn tcp_nodelay(self, tcp_nodelay: bool) -> Self {
[INFO] [stdout]     |                   ^^^^^^^^^^^
[INFO] [stdout] ...
[INFO] [stdout] 249 |     pub(crate) fn http2_keep_alive_interval(self, http2_keep_alive_interval: Duration) -> Self {
[INFO] [stdout]     |                   ^^^^^^^^^^^^^^^^^^^^^^^^^
[INFO] [stdout] ...
[INFO] [stdout] 259 |     pub(crate) fn http2_keep_alive_timeout(self, http2_keep_alive_timeout: Duration) -> Self {
[INFO] [stdout]     |                   ^^^^^^^^^^^^^^^^^^^^^^^^
[INFO] [stdout] ...
[INFO] [stdout] 269 |     pub(crate) fn http2_keep_alive_while_idle(self, http2_keep_alive_while_idle: bool) -> Self {
[INFO] [stdout]     |                   ^^^^^^^^^^^^^^^^^^^^^^^^^^^
[INFO] [stdout] ...
[INFO] [stdout] 279 |     pub(crate) fn connect_timeout(self, connect_timeout: Duration) -> Self {
[INFO] [stdout]     |                   ^^^^^^^^^^^^^^^
[INFO] [stdout] ...
[INFO] [stdout] 287 |     pub(crate) fn http2_adaptive_window(self, http2_adaptive_window: bool) -> Self {
[INFO] [stdout]     |                   ^^^^^^^^^^^^^^^^^^^^^
[INFO] [stdout] ...
[INFO] [stdout] 336 |     pub(crate) fn unary_call_layer(self, layer: DynamicUnaryCallLayer) -> Self {
[INFO] [stdout]     |                   ^^^^^^^^^^^^^^^^
[INFO] [stdout] ...
[INFO] [stdout] 352 |     pub(crate) fn bi_call_layer(self, layer: DynamicBiStreamingCallLayer) -> Self {
[INFO] [stdout]     |                   ^^^^^^^^^^^^^
[INFO] [stdout] 
[INFO] [stdout] 
[INFO] [stdout] warning: field `svc_health` is never read
[INFO] [stdout]    --> src/common/remote/grpc/nacos_grpc_connection.rs:686:5
[INFO] [stdout]     |
[INFO] [stdout] 679 | pub(crate) struct FailoverConnection<S>
[INFO] [stdout]     |                   ------------------ field in this struct
[INFO] [stdout] ...
[INFO] [stdout] 686 |     svc_health: Arc<AtomicBool>,
[INFO] [stdout]     |     ^^^^^^^^^^
[INFO] [stdout] 
[INFO] [stdout] 
[INFO] [stderr]     Finished `dev` profile [unoptimized + debuginfo] target(s) in 1m 48s
[INFO] running `Command { std: "docker" "inspect" "d3b3c8021b32238d77b2ef65875580d0af9167b719e30ae769d945f9d493474f", kill_on_drop: false }`
[INFO] running `Command { std: "docker" "rm" "-f" "d3b3c8021b32238d77b2ef65875580d0af9167b719e30ae769d945f9d493474f", kill_on_drop: false }`
[INFO] [stdout] d3b3c8021b32238d77b2ef65875580d0af9167b719e30ae769d945f9d493474f
[INFO] running `Command { std: "docker" "create" "-v" "/var/lib/crater-agent-workspace/builds/worker-2-tc1/target:/opt/rustwide/target:rw,Z" "-v" "/var/lib/crater-agent-workspace/builds/worker-2-tc1/source:/opt/rustwide/workdir:ro,Z" "-v" "/var/lib/crater-agent-workspace/cargo-home:/opt/rustwide/cargo-home:ro,Z" "-v" "/var/lib/crater-agent-workspace/rustup-home:/opt/rustwide/rustup-home:ro,Z" "-e" "SOURCE_DIR=/opt/rustwide/workdir" "-e" "CARGO_TARGET_DIR=/opt/rustwide/target" "-e" "CARGO_INCREMENTAL=0" "-e" "RUST_BACKTRACE=full" "-e" "RUSTFLAGS=--cap-lints=warn" "-e" "RUSTDOCFLAGS=--cap-lints=warn" "-e" "CARGO_HOME=/opt/rustwide/cargo-home" "-e" "RUSTUP_HOME=/opt/rustwide/rustup-home" "-w" "/opt/rustwide/workdir" "-m" "1610612736" "--user" "0:0" "--network" "none" "ghcr.io/rust-lang/crates-build-env/linux@sha256:f3a9d4ad9d972b27faf3965f35b62e55ba32bbce8f20bc8fe909558a86702fde" "/opt/rustwide/cargo-home/bin/cargo" "+1.83.0" "test" "--frozen" "--no-run" "--message-format=json", kill_on_drop: false }`
[INFO] [stdout] 973f397accb5f3512e6c88052e502843c7bf5ad3dcb80e1e92b9b7fb918297ce
[INFO] running `Command { std: "docker" "start" "-a" "973f397accb5f3512e6c88052e502843c7bf5ad3dcb80e1e92b9b7fb918297ce", kill_on_drop: false }`
[INFO] [stderr]    Compiling proc-macro2 v1.0.86
[INFO] [stderr]    Compiling unicode-ident v1.0.13
[INFO] [stderr]    Compiling log v0.4.22
[INFO] [stderr]    Compiling tracing-core v0.1.32
[INFO] [stderr]    Compiling either v1.13.0
[INFO] [stderr]    Compiling aho-corasick v1.1.3
[INFO] [stderr]    Compiling regex-syntax v0.8.4
[INFO] [stderr]    Compiling num-traits v0.2.19
[INFO] [stderr]    Compiling rustix v0.38.37
[INFO] [stderr]    Compiling itertools v0.13.0
[INFO] [stderr]    Compiling linux-raw-sys v0.4.14
[INFO] [stderr]    Compiling bitflags v2.6.0
[INFO] [stderr]    Compiling prettyplease v0.2.22
[INFO] [stderr]    Compiling quote v1.0.37
[INFO] [stderr]    Compiling syn v2.0.77
[INFO] [stderr]    Compiling syn v1.0.109
[INFO] [stderr]    Compiling fastrand v2.1.1
[INFO] [stderr]    Compiling predicates-core v1.0.8
[INFO] [stderr]    Compiling fixedbitset v0.4.2
[INFO] [stderr]    Compiling regex-automata v0.4.7
[INFO] [stderr]    Compiling petgraph v0.6.5
[INFO] [stderr]    Compiling tempfile v3.12.0
[INFO] [stderr]    Compiling float-cmp v0.9.0
[INFO] [stderr]    Compiling itertools v0.10.5
[INFO] [stderr]    Compiling normalize-line-endings v0.3.0
[INFO] [stderr]    Compiling multimap v0.10.0
[INFO] [stderr]    Compiling overload v0.1.1
[INFO] [stderr]    Compiling termtree v0.4.1
[INFO] [stderr]    Compiling difflib v0.4.0
[INFO] [stderr]    Compiling heck v0.5.0
[INFO] [stderr]    Compiling regex v1.10.6
[INFO] [stderr]    Compiling darling_core v0.14.4
[INFO] [stderr]    Compiling predicates v2.1.5
[INFO] [stderr]    Compiling predicates-tree v1.0.11
[INFO] [stderr]    Compiling nu-ansi-term v0.46.0
[INFO] [stderr]    Compiling tracing-log v0.2.0
[INFO] [stderr]    Compiling sharded-slab v0.1.7
[INFO] [stderr]    Compiling thread_local v1.1.8
[INFO] [stderr]    Compiling fragile v2.0.0
[INFO] [stderr]    Compiling downcast v0.11.0
[INFO] [stderr]    Compiling futures-macro v0.3.30
[INFO] [stderr]    Compiling tokio-macros v2.4.0
[INFO] [stderr]    Compiling zerocopy-derive v0.7.35
[INFO] [stderr]    Compiling tracing-attributes v0.1.27
[INFO] [stderr]    Compiling pin-project-internal v1.1.5
[INFO] [stderr]    Compiling serde_derive v1.0.210
[INFO] [stderr]    Compiling tokio v1.40.0
[INFO] [stderr]    Compiling futures-util v0.3.30
[INFO] [stderr]    Compiling zerocopy v0.7.35
[INFO] [stderr]    Compiling prost-derive v0.13.2
[INFO] [stderr]    Compiling async-trait v0.1.82
[INFO] [stderr]    Compiling tracing v0.1.40
[INFO] [stderr]    Compiling ppv-lite86 v0.2.20
[INFO] [stderr]    Compiling darling_macro v0.14.4
[INFO] [stderr]    Compiling pin-project v1.1.5
[INFO] [stderr]    Compiling async-stream-impl v0.3.5
[INFO] [stderr]    Compiling thiserror-impl v1.0.63
[INFO] [stderr]    Compiling rand_chacha v0.3.1
[INFO] [stderr]    Compiling darling v0.14.4
[INFO] [stderr]    Compiling nacos-macro v0.1.1
[INFO] [stderr]    Compiling rand v0.8.5
[INFO] [stderr]    Compiling async-stream v0.3.5
[INFO] [stderr]    Compiling mockall_derive v0.11.4
[INFO] [stderr]    Compiling http-body-util v0.1.2
[INFO] [stderr]    Compiling prost v0.13.2
[INFO] [stderr]    Compiling futures-executor v0.3.30
[INFO] [stderr]    Compiling axum-core v0.4.3
[INFO] [stderr]    Compiling prost-types v0.13.2
[INFO] [stderr]    Compiling futures v0.3.30
[INFO] [stderr]    Compiling tracing-subscriber v0.3.18
[INFO] [stderr]    Compiling thiserror v1.0.63
[INFO] [stderr]    Compiling prost-build v0.13.2
[INFO] [stderr]    Compiling serde v1.0.210
[INFO] [stderr]    Compiling tonic-build v0.12.2
[INFO] [stderr]    Compiling tokio-util v0.7.12
[INFO] [stderr]    Compiling tokio-stream v0.1.16
[INFO] [stderr]    Compiling mockall v0.11.4
[INFO] [stderr]    Compiling h2 v0.4.6
[INFO] [stderr]    Compiling tower v0.4.13
[INFO] [stderr]    Compiling serde_urlencoded v0.7.1
[INFO] [stderr]    Compiling serde_json v1.0.128
[INFO] [stderr]    Compiling axum v0.7.5
[INFO] [stderr]    Compiling hyper v1.4.1
[INFO] [stderr]    Compiling hyper-util v0.1.8
[INFO] [stderr]    Compiling hyper-timeout v0.5.1
[INFO] [stderr]    Compiling reqwest v0.12.7
[INFO] [stderr]    Compiling tonic v0.12.2
[INFO] [stderr]    Compiling nacos-sdk v0.4.2 (/opt/rustwide/workdir)
[INFO] [stdout] warning: associated function `default` is never used
[INFO] [stdout]    --> src/api/plugin/auth/mod.rs:130:8
[INFO] [stdout]     |
[INFO] [stdout] 129 | impl RequestResource {
[INFO] [stdout]     | -------------------- associated function in this implementation
[INFO] [stdout] 130 |     fn default() -> Self {
[INFO] [stdout]     |        ^^^^^^^
[INFO] [stdout]     |
[INFO] [stdout]     = note: `#[warn(dead_code)]` on by default
[INFO] [stdout] 
[INFO] [stdout] 
[INFO] [stdout] warning: methods `get_mut`, `remove`, and `contains_key` are never used
[INFO] [stdout]    --> src/common/cache/mod.rs:118:19
[INFO] [stdout]     |
[INFO] [stdout] 31  | / impl<V> Cache<V>
[INFO] [stdout] 32  | | where
[INFO] [stdout] 33  | |     V: serde::Serialize + serde::de::DeserializeOwned + Send + Sync + 'static,
[INFO] [stdout]     | |______________________________________________________________________________- methods in this implementation
[INFO] [stdout] ...
[INFO] [stdout] 118 |       pub(crate) fn get_mut(&self, key: &String) -> Option<CacheRefMut<'_, V>> {
[INFO] [stdout]     |                     ^^^^^^^
[INFO] [stdout] ...
[INFO] [stdout] 139 |       pub(crate) fn remove(&self, key: &String) -> Option<V> {
[INFO] [stdout]     |                     ^^^^^^
[INFO] [stdout] ...
[INFO] [stdout] 155 |       pub(crate) fn contains_key(&self, key: &String) -> bool {
[INFO] [stdout]     |                     ^^^^^^^^^^^^
[INFO] [stdout] 
[INFO] [stdout] 
[INFO] [stdout] warning: struct `CacheRefMut` is never constructed
[INFO] [stdout]    --> src/common/cache/mod.rs:273:19
[INFO] [stdout]     |
[INFO] [stdout] 273 | pub(crate) struct CacheRefMut<'a, V> {
[INFO] [stdout]     |                   ^^^^^^^^^^^
[INFO] [stdout] 
[INFO] [stdout] 
[INFO] [stdout] warning: constant `CONFIG_MODULE` is never used
[INFO] [stdout]    --> src/common/cache/mod.rs:315:7
[INFO] [stdout]     |
[INFO] [stdout] 315 | const CONFIG_MODULE: &str = "config";
[INFO] [stdout]     |       ^^^^^^^^^^^^^
[INFO] [stdout] 
[INFO] [stdout] 
[INFO] [stdout] warning: associated function `config` is never used
[INFO] [stdout]    --> src/common/cache/mod.rs:322:19
[INFO] [stdout]     |
[INFO] [stdout] 318 | / impl<V> CacheBuilder<V>
[INFO] [stdout] 319 | | where
[INFO] [stdout] 320 | |     V: serde::Serialize + serde::de::DeserializeOwned + Send + Sync + 'static,
[INFO] [stdout]     | |______________________________________________________________________________- associated function in this implementation
[INFO] [stdout] 321 |   {
[INFO] [stdout] 322 |       pub(crate) fn config(namespace: String) -> Self {
[INFO] [stdout]     |                     ^^^^^^
[INFO] [stdout] 
[INFO] [stdout] 
[INFO] [stdout] warning: variants `Remove` and `Modify` are never constructed
[INFO] [stdout]    --> src/common/cache/mod.rs:376:5
[INFO] [stdout]     |
[INFO] [stdout] 374 | enum ChangeEvent {
[INFO] [stdout]     |      ----------- variants in this enum
[INFO] [stdout] 375 |     Insert(usize, VersionKeyWrapper),
[INFO] [stdout] 376 |     Remove(usize, VersionKeyWrapper),
[INFO] [stdout]     |     ^^^^^^
[INFO] [stdout] 377 |     Modify(usize, VersionKeyWrapper),
[INFO] [stdout]     |     ^^^^^^
[INFO] [stdout] 
[INFO] [stdout] 
[INFO] [stdout] warning: multiple methods are never used
[INFO] [stdout]    --> src/common/remote/grpc/config.rs:27:19
[INFO] [stdout]     |
[INFO] [stdout] 26  | impl GrpcConfiguration {
[INFO] [stdout]     | ---------------------- methods in this implementation
[INFO] [stdout] 27  |     pub(crate) fn with_host(mut self, host: String) -> Self {
[INFO] [stdout]     |                   ^^^^^^^^^
[INFO] [stdout] ...
[INFO] [stdout] 37  |     pub(crate) fn with_origin(mut self, uri: &str) -> Self {
[INFO] [stdout]     |                   ^^^^^^^^^^^
[INFO] [stdout] ...
[INFO] [stdout] 46  |     pub(crate) fn with_user_agent(mut self, ua: String) -> Self {
[INFO] [stdout]     |                   ^^^^^^^^^^^^^^^
[INFO] [stdout] ...
[INFO] [stdout] 56  |     pub(crate) fn with_timeout(mut self, timeout: Duration) -> Self {
[INFO] [stdout]     |                   ^^^^^^^^^^^^
[INFO] [stdout] ...
[INFO] [stdout] 61  |     pub(crate) fn with_concurrency_limit(mut self, concurrency_limit: usize) -> Self {
[INFO] [stdout]     |                   ^^^^^^^^^^^^^^^^^^^^^^
[INFO] [stdout] ...
[INFO] [stdout] 66  |     pub(crate) fn with_rate_limit(mut self, rate_limit: (u64, Duration)) -> Self {
[INFO] [stdout]     |                   ^^^^^^^^^^^^^^^
[INFO] [stdout] ...
[INFO] [stdout] 71  |     pub(crate) fn with_init_stream_window_size(mut self, init_stream_window_size: u32) -> Self {
[INFO] [stdout]     |                   ^^^^^^^^^^^^^^^^^^^^^^^^^^^^
[INFO] [stdout] ...
[INFO] [stdout] 76  |     pub(crate) fn with_init_connection_window_size(
[INFO] [stdout]     |                   ^^^^^^^^^^^^^^^^^^^^^^^^^^^^^^^^
[INFO] [stdout] ...
[INFO] [stdout] 84  |     pub(crate) fn with_tcp_keepalive(mut self, tcp_keepalive: Duration) -> Self {
[INFO] [stdout]     |                   ^^^^^^^^^^^^^^^^^^
[INFO] [stdout] ...
[INFO] [stdout] 89  |     pub(crate) fn with_tcp_nodelay(mut self, tcp_nodelay: bool) -> Self {
[INFO] [stdout]     |                   ^^^^^^^^^^^^^^^^
[INFO] [stdout] ...
[INFO] [stdout] 94  |     pub(crate) fn with_http2_keep_alive_interval(
[INFO] [stdout]     |                   ^^^^^^^^^^^^^^^^^^^^^^^^^^^^^^
[INFO] [stdout] ...
[INFO] [stdout] 102 |     pub(crate) fn with_http2_keep_alive_timeout(
[INFO] [stdout]     |                   ^^^^^^^^^^^^^^^^^^^^^^^^^^^^^
[INFO] [stdout] ...
[INFO] [stdout] 110 |     pub(crate) fn with_http2_keep_alive_while_idle(
[INFO] [stdout]     |                   ^^^^^^^^^^^^^^^^^^^^^^^^^^^^^^^^
[INFO] [stdout] ...
[INFO] [stdout] 118 |     pub(crate) fn with_connect_timeout(mut self, connect_timeout: Duration) -> Self {
[INFO] [stdout]     |                   ^^^^^^^^^^^^^^^^^^^^
[INFO] [stdout] ...
[INFO] [stdout] 123 |     pub(crate) fn with_http2_adaptive_window(mut self, http2_adaptive_window: bool) -> Self {
[INFO] [stdout]     |                   ^^^^^^^^^^^^^^^^^^^^^^^^^^
[INFO] [stdout] 
[INFO] [stdout] 
[INFO] [stdout] warning: method `body` is never used
[INFO] [stdout]   --> src/common/remote/grpc/message/mod.rs:34:19
[INFO] [stdout]    |
[INFO] [stdout] 30 | / impl<T> GrpcMessage<T>
[INFO] [stdout] 31 | | where
[INFO] [stdout] 32 | |     T: GrpcMessageData,
[INFO] [stdout]    | |_______________________- method in this implementation
[INFO] [stdout] 33 |   {
[INFO] [stdout] 34 |       pub(crate) fn body(&self) -> &T {
[INFO] [stdout]    |                     ^^^^
[INFO] [stdout] 
[INFO] [stdout] 
[INFO] [stdout] warning: methods `header`, `headers`, `add_headers`, `request_id`, and `module` are never used
[INFO] [stdout]    --> src/common/remote/grpc/message/mod.rs:197:8
[INFO] [stdout]     |
[INFO] [stdout] 196 | pub(crate) trait GrpcRequestMessage: GrpcMessageData {
[INFO] [stdout]     |                  ------------------ methods in this trait
[INFO] [stdout] 197 |     fn header(&self, key: &str) -> Option<&String>;
[INFO] [stdout]     |        ^^^^^^
[INFO] [stdout] 198 |
[INFO] [stdout] 199 |     fn headers(&self) -> &HashMap<String, String>;
[INFO] [stdout]     |        ^^^^^^^
[INFO] [stdout] ...
[INFO] [stdout] 203 |     fn add_headers(&mut self, map: HashMap<String, String>);
[INFO] [stdout]     |        ^^^^^^^^^^^
[INFO] [stdout] 204 |
[INFO] [stdout] 205 |     fn request_id(&self) -> Option<&String>;
[INFO] [stdout]     |        ^^^^^^^^^^
[INFO] [stdout] 206 |
[INFO] [stdout] 207 |     fn module(&self) -> &str;
[INFO] [stdout]     |        ^^^^^^
[INFO] [stdout] 
[INFO] [stdout] 
[INFO] [stdout] warning: methods `request_id`, `result_code`, `error_code`, and `message` are never used
[INFO] [stdout]    --> src/common/remote/grpc/message/mod.rs:213:8
[INFO] [stdout]     |
[INFO] [stdout] 212 | pub(crate) trait GrpcResponseMessage: GrpcMessageData {
[INFO] [stdout]     |                  ------------------- methods in this trait
[INFO] [stdout] 213 |     fn request_id(&self) -> Option<&String>;
[INFO] [stdout]     |        ^^^^^^^^^^
[INFO] [stdout] 214 |
[INFO] [stdout] 215 |     fn result_code(&self) -> i32;
[INFO] [stdout]     |        ^^^^^^^^^^^
[INFO] [stdout] 216 |
[INFO] [stdout] 217 |     fn error_code(&self) -> i32;
[INFO] [stdout]     |        ^^^^^^^^^^
[INFO] [stdout] 218 |
[INFO] [stdout] 219 |     fn message(&self) -> Option<&String>;
[INFO] [stdout]     |        ^^^^^^^
[INFO] [stdout] 
[INFO] [stdout] 
[INFO] [stdout] warning: associated function `new` is never used
[INFO] [stdout]   --> src/common/remote/grpc/message/request/set_up_request.rs:30:19
[INFO] [stdout]    |
[INFO] [stdout] 29 | impl NacosClientAbilities {
[INFO] [stdout]    | ------------------------- associated function in this implementation
[INFO] [stdout] 30 |     pub(crate) fn new() -> Self {
[INFO] [stdout]    |                   ^^^
[INFO] [stdout] 
[INFO] [stdout] 
[INFO] [stdout] warning: associated function `new` is never used
[INFO] [stdout]   --> src/common/remote/grpc/message/request/set_up_request.rs:62:8
[INFO] [stdout]    |
[INFO] [stdout] 61 | impl NacosClientRemoteAbility {
[INFO] [stdout]    | ----------------------------- associated function in this implementation
[INFO] [stdout] 62 |     fn new() -> Self {
[INFO] [stdout]    |        ^^^
[INFO] [stdout] 
[INFO] [stdout] 
[INFO] [stdout] warning: associated function `new` is never used
[INFO] [stdout]   --> src/common/remote/grpc/message/request/set_up_request.rs:80:8
[INFO] [stdout]    |
[INFO] [stdout] 79 | impl NacosClientConfigAbility {
[INFO] [stdout]    | ----------------------------- associated function in this implementation
[INFO] [stdout] 80 |     fn new() -> Self {
[INFO] [stdout]    |        ^^^
[INFO] [stdout] 
[INFO] [stdout] 
[INFO] [stdout] warning: associated function `new` is never used
[INFO] [stdout]    --> src/common/remote/grpc/message/request/set_up_request.rs:101:8
[INFO] [stdout]     |
[INFO] [stdout] 100 | impl NacosClientNamingAbility {
[INFO] [stdout]     | ----------------------------- associated function in this implementation
[INFO] [stdout] 101 |     fn new() -> Self {
[INFO] [stdout]     |        ^^^
[INFO] [stdout] 
[INFO] [stdout] 
[INFO] [stdout] warning: multiple methods are never used
[INFO] [stdout]    --> src/common/remote/grpc/nacos_grpc_client.rs:157:19
[INFO] [stdout]     |
[INFO] [stdout] 86  | impl NacosGrpcClientBuilder {
[INFO] [stdout]     | --------------------------- methods in this implementation
[INFO] [stdout] ...
[INFO] [stdout] 157 |     pub(crate) fn host(self, host: String) -> Self {
[INFO] [stdout]     |                   ^^^^
[INFO] [stdout] ...
[INFO] [stdout] 173 |     pub(crate) fn origin(self, uri: &str) -> Self {
[INFO] [stdout]     |                   ^^^^^^
[INFO] [stdout] ...
[INFO] [stdout] 181 |     pub(crate) fn user_agent(self, ua: String) -> Self {
[INFO] [stdout]     |                   ^^^^^^^^^^
[INFO] [stdout] ...
[INFO] [stdout] 189 |     pub(crate) fn timeout(self, timeout: Duration) -> Self {
[INFO] [stdout]     |                   ^^^^^^^
[INFO] [stdout] ...
[INFO] [stdout] 197 |     pub(crate) fn concurrency_limit(self, concurrency_limit: usize) -> Self {
[INFO] [stdout]     |                   ^^^^^^^^^^^^^^^^^
[INFO] [stdout] ...
[INFO] [stdout] 205 |     pub(crate) fn rate_limit(self, rate_limit: (u64, Duration)) -> Self {
[INFO] [stdout]     |                   ^^^^^^^^^^
[INFO] [stdout] ...
[INFO] [stdout] 213 |     pub(crate) fn init_stream_window_size(self, init_stream_window_size: u32) -> Self {
[INFO] [stdout]     |                   ^^^^^^^^^^^^^^^^^^^^^^^
[INFO] [stdout] ...
[INFO] [stdout] 223 |     pub(crate) fn init_connection_window_size(self, init_connection_window_size: u32) -> Self {
[INFO] [stdout]     |                   ^^^^^^^^^^^^^^^^^^^^^^^^^^^
[INFO] [stdout] ...
[INFO] [stdout] 233 |     pub(crate) fn tcp_keepalive(self, tcp_keepalive: Duration) -> Self {
[INFO] [stdout]     |                   ^^^^^^^^^^^^^
[INFO] [stdout] ...
[INFO] [stdout] 241 |     pub(crate) fn tcp_nodelay(self, tcp_nodelay: bool) -> Self {
[INFO] [stdout]     |                   ^^^^^^^^^^^
[INFO] [stdout] ...
[INFO] [stdout] 249 |     pub(crate) fn http2_keep_alive_interval(self, http2_keep_alive_interval: Duration) -> Self {
[INFO] [stdout]     |                   ^^^^^^^^^^^^^^^^^^^^^^^^^
[INFO] [stdout] ...
[INFO] [stdout] 259 |     pub(crate) fn http2_keep_alive_timeout(self, http2_keep_alive_timeout: Duration) -> Self {
[INFO] [stdout]     |                   ^^^^^^^^^^^^^^^^^^^^^^^^
[INFO] [stdout] ...
[INFO] [stdout] 269 |     pub(crate) fn http2_keep_alive_while_idle(self, http2_keep_alive_while_idle: bool) -> Self {
[INFO] [stdout]     |                   ^^^^^^^^^^^^^^^^^^^^^^^^^^^
[INFO] [stdout] ...
[INFO] [stdout] 279 |     pub(crate) fn connect_timeout(self, connect_timeout: Duration) -> Self {
[INFO] [stdout]     |                   ^^^^^^^^^^^^^^^
[INFO] [stdout] ...
[INFO] [stdout] 287 |     pub(crate) fn http2_adaptive_window(self, http2_adaptive_window: bool) -> Self {
[INFO] [stdout]     |                   ^^^^^^^^^^^^^^^^^^^^^
[INFO] [stdout] ...
[INFO] [stdout] 336 |     pub(crate) fn unary_call_layer(self, layer: DynamicUnaryCallLayer) -> Self {
[INFO] [stdout]     |                   ^^^^^^^^^^^^^^^^
[INFO] [stdout] ...
[INFO] [stdout] 352 |     pub(crate) fn bi_call_layer(self, layer: DynamicBiStreamingCallLayer) -> Self {
[INFO] [stdout]     |                   ^^^^^^^^^^^^^
[INFO] [stdout] 
[INFO] [stdout] 
[INFO] [stdout] warning: field `svc_health` is never read
[INFO] [stdout]    --> src/common/remote/grpc/nacos_grpc_connection.rs:686:5
[INFO] [stdout]     |
[INFO] [stdout] 679 | pub(crate) struct FailoverConnection<S>
[INFO] [stdout]     |                   ------------------ field in this struct
[INFO] [stdout] ...
[INFO] [stdout] 686 |     svc_health: Arc<AtomicBool>,
[INFO] [stdout]     |     ^^^^^^^^^^
[INFO] [stdout] 
[INFO] [stdout] 
[INFO] [stdout] warning: method `contains_key` is never used
[INFO] [stdout]    --> src/common/cache/mod.rs:155:19
[INFO] [stdout]     |
[INFO] [stdout] 31  | / impl<V> Cache<V>
[INFO] [stdout] 32  | | where
[INFO] [stdout] 33  | |     V: serde::Serialize + serde::de::DeserializeOwned + Send + Sync + 'static,
[INFO] [stdout]     | |______________________________________________________________________________- method in this implementation
[INFO] [stdout] ...
[INFO] [stdout] 155 |       pub(crate) fn contains_key(&self, key: &String) -> bool {
[INFO] [stdout]     |                     ^^^^^^^^^^^^
[INFO] [stdout]     |
[INFO] [stdout]     = note: `#[warn(dead_code)]` on by default
[INFO] [stdout] 
[INFO] [stdout] 
[INFO] [stdout] warning: constant `CONFIG_MODULE` is never used
[INFO] [stdout]    --> src/common/cache/mod.rs:315:7
[INFO] [stdout]     |
[INFO] [stdout] 315 | const CONFIG_MODULE: &str = "config";
[INFO] [stdout]     |       ^^^^^^^^^^^^^
[INFO] [stdout] 
[INFO] [stdout] 
[INFO] [stdout] warning: associated function `config` is never used
[INFO] [stdout]    --> src/common/cache/mod.rs:322:19
[INFO] [stdout]     |
[INFO] [stdout] 318 | / impl<V> CacheBuilder<V>
[INFO] [stdout] 319 | | where
[INFO] [stdout] 320 | |     V: serde::Serialize + serde::de::DeserializeOwned + Send + Sync + 'static,
[INFO] [stdout]     | |______________________________________________________________________________- associated function in this implementation
[INFO] [stdout] 321 |   {
[INFO] [stdout] 322 |       pub(crate) fn config(namespace: String) -> Self {
[INFO] [stdout]     |                     ^^^^^^
[INFO] [stdout] 
[INFO] [stdout] 
[INFO] [stdout] warning: multiple methods are never used
[INFO] [stdout]    --> src/common/remote/grpc/config.rs:27:19
[INFO] [stdout]     |
[INFO] [stdout] 26  | impl GrpcConfiguration {
[INFO] [stdout]     | ---------------------- methods in this implementation
[INFO] [stdout] 27  |     pub(crate) fn with_host(mut self, host: String) -> Self {
[INFO] [stdout]     |                   ^^^^^^^^^
[INFO] [stdout] ...
[INFO] [stdout] 37  |     pub(crate) fn with_origin(mut self, uri: &str) -> Self {
[INFO] [stdout]     |                   ^^^^^^^^^^^
[INFO] [stdout] ...
[INFO] [stdout] 46  |     pub(crate) fn with_user_agent(mut self, ua: String) -> Self {
[INFO] [stdout]     |                   ^^^^^^^^^^^^^^^
[INFO] [stdout] ...
[INFO] [stdout] 56  |     pub(crate) fn with_timeout(mut self, timeout: Duration) -> Self {
[INFO] [stdout]     |                   ^^^^^^^^^^^^
[INFO] [stdout] ...
[INFO] [stdout] 61  |     pub(crate) fn with_concurrency_limit(mut self, concurrency_limit: usize) -> Self {
[INFO] [stdout]     |                   ^^^^^^^^^^^^^^^^^^^^^^
[INFO] [stdout] ...
[INFO] [stdout] 66  |     pub(crate) fn with_rate_limit(mut self, rate_limit: (u64, Duration)) -> Self {
[INFO] [stdout]     |                   ^^^^^^^^^^^^^^^
[INFO] [stdout] ...
[INFO] [stdout] 71  |     pub(crate) fn with_init_stream_window_size(mut self, init_stream_window_size: u32) -> Self {
[INFO] [stdout]     |                   ^^^^^^^^^^^^^^^^^^^^^^^^^^^^
[INFO] [stdout] ...
[INFO] [stdout] 76  |     pub(crate) fn with_init_connection_window_size(
[INFO] [stdout]     |                   ^^^^^^^^^^^^^^^^^^^^^^^^^^^^^^^^
[INFO] [stdout] ...
[INFO] [stdout] 84  |     pub(crate) fn with_tcp_keepalive(mut self, tcp_keepalive: Duration) -> Self {
[INFO] [stdout]     |                   ^^^^^^^^^^^^^^^^^^
[INFO] [stdout] ...
[INFO] [stdout] 89  |     pub(crate) fn with_tcp_nodelay(mut self, tcp_nodelay: bool) -> Self {
[INFO] [stdout]     |                   ^^^^^^^^^^^^^^^^
[INFO] [stdout] ...
[INFO] [stdout] 94  |     pub(crate) fn with_http2_keep_alive_interval(
[INFO] [stdout]     |                   ^^^^^^^^^^^^^^^^^^^^^^^^^^^^^^
[INFO] [stdout] ...
[INFO] [stdout] 102 |     pub(crate) fn with_http2_keep_alive_timeout(
[INFO] [stdout]     |                   ^^^^^^^^^^^^^^^^^^^^^^^^^^^^^
[INFO] [stdout] ...
[INFO] [stdout] 110 |     pub(crate) fn with_http2_keep_alive_while_idle(
[INFO] [stdout]     |                   ^^^^^^^^^^^^^^^^^^^^^^^^^^^^^^^^
[INFO] [stdout] ...
[INFO] [stdout] 118 |     pub(crate) fn with_connect_timeout(mut self, connect_timeout: Duration) -> Self {
[INFO] [stdout]     |                   ^^^^^^^^^^^^^^^^^^^^
[INFO] [stdout] ...
[INFO] [stdout] 123 |     pub(crate) fn with_http2_adaptive_window(mut self, http2_adaptive_window: bool) -> Self {
[INFO] [stdout]     |                   ^^^^^^^^^^^^^^^^^^^^^^^^^^
[INFO] [stdout] 
[INFO] [stdout] 
[INFO] [stdout] warning: method `body` is never used
[INFO] [stdout]   --> src/common/remote/grpc/message/mod.rs:34:19
[INFO] [stdout]    |
[INFO] [stdout] 30 | / impl<T> GrpcMessage<T>
[INFO] [stdout] 31 | | where
[INFO] [stdout] 32 | |     T: GrpcMessageData,
[INFO] [stdout]    | |_______________________- method in this implementation
[INFO] [stdout] 33 |   {
[INFO] [stdout] 34 |       pub(crate) fn body(&self) -> &T {
[INFO] [stdout]    |                     ^^^^
[INFO] [stdout] 
[INFO] [stdout] 
[INFO] [stdout] warning: methods `header`, `headers`, `add_headers`, `request_id`, and `module` are never used
[INFO] [stdout]    --> src/common/remote/grpc/message/mod.rs:197:8
[INFO] [stdout]     |
[INFO] [stdout] 196 | pub(crate) trait GrpcRequestMessage: GrpcMessageData {
[INFO] [stdout]     |                  ------------------ methods in this trait
[INFO] [stdout] 197 |     fn header(&self, key: &str) -> Option<&String>;
[INFO] [stdout]     |        ^^^^^^
[INFO] [stdout] 198 |
[INFO] [stdout] 199 |     fn headers(&self) -> &HashMap<String, String>;
[INFO] [stdout]     |        ^^^^^^^
[INFO] [stdout] ...
[INFO] [stdout] 203 |     fn add_headers(&mut self, map: HashMap<String, String>);
[INFO] [stdout]     |        ^^^^^^^^^^^
[INFO] [stdout] 204 |
[INFO] [stdout] 205 |     fn request_id(&self) -> Option<&String>;
[INFO] [stdout]     |        ^^^^^^^^^^
[INFO] [stdout] 206 |
[INFO] [stdout] 207 |     fn module(&self) -> &str;
[INFO] [stdout]     |        ^^^^^^
[INFO] [stdout] 
[INFO] [stdout] 
[INFO] [stdout] warning: methods `request_id`, `result_code`, `error_code`, and `message` are never used
[INFO] [stdout]    --> src/common/remote/grpc/message/mod.rs:213:8
[INFO] [stdout]     |
[INFO] [stdout] 212 | pub(crate) trait GrpcResponseMessage: GrpcMessageData {
[INFO] [stdout]     |                  ------------------- methods in this trait
[INFO] [stdout] 213 |     fn request_id(&self) -> Option<&String>;
[INFO] [stdout]     |        ^^^^^^^^^^
[INFO] [stdout] 214 |
[INFO] [stdout] 215 |     fn result_code(&self) -> i32;
[INFO] [stdout]     |        ^^^^^^^^^^^
[INFO] [stdout] 216 |
[INFO] [stdout] 217 |     fn error_code(&self) -> i32;
[INFO] [stdout]     |        ^^^^^^^^^^
[INFO] [stdout] 218 |
[INFO] [stdout] 219 |     fn message(&self) -> Option<&String>;
[INFO] [stdout]     |        ^^^^^^^
[INFO] [stdout] 
[INFO] [stdout] 
[INFO] [stdout] warning: associated function `new` is never used
[INFO] [stdout]   --> src/common/remote/grpc/message/request/set_up_request.rs:30:19
[INFO] [stdout]    |
[INFO] [stdout] 29 | impl NacosClientAbilities {
[INFO] [stdout]    | ------------------------- associated function in this implementation
[INFO] [stdout] 30 |     pub(crate) fn new() -> Self {
[INFO] [stdout]    |                   ^^^
[INFO] [stdout] 
[INFO] [stdout] 
[INFO] [stdout] warning: associated function `new` is never used
[INFO] [stdout]   --> src/common/remote/grpc/message/request/set_up_request.rs:62:8
[INFO] [stdout]    |
[INFO] [stdout] 61 | impl NacosClientRemoteAbility {
[INFO] [stdout]    | ----------------------------- associated function in this implementation
[INFO] [stdout] 62 |     fn new() -> Self {
[INFO] [stdout]    |        ^^^
[INFO] [stdout] 
[INFO] [stdout] 
[INFO] [stdout] warning: associated function `new` is never used
[INFO] [stdout]   --> src/common/remote/grpc/message/request/set_up_request.rs:80:8
[INFO] [stdout]    |
[INFO] [stdout] 79 | impl NacosClientConfigAbility {
[INFO] [stdout]    | ----------------------------- associated function in this implementation
[INFO] [stdout] 80 |     fn new() -> Self {
[INFO] [stdout]    |        ^^^
[INFO] [stdout] 
[INFO] [stdout] 
[INFO] [stdout] warning: associated function `new` is never used
[INFO] [stdout]    --> src/common/remote/grpc/message/request/set_up_request.rs:101:8
[INFO] [stdout]     |
[INFO] [stdout] 100 | impl NacosClientNamingAbility {
[INFO] [stdout]     | ----------------------------- associated function in this implementation
[INFO] [stdout] 101 |     fn new() -> Self {
[INFO] [stdout]     |        ^^^
[INFO] [stdout] 
[INFO] [stdout] 
[INFO] [stdout] warning: multiple methods are never used
[INFO] [stdout]    --> src/common/remote/grpc/nacos_grpc_client.rs:157:19
[INFO] [stdout]     |
[INFO] [stdout] 86  | impl NacosGrpcClientBuilder {
[INFO] [stdout]     | --------------------------- methods in this implementation
[INFO] [stdout] ...
[INFO] [stdout] 157 |     pub(crate) fn host(self, host: String) -> Self {
[INFO] [stdout]     |                   ^^^^
[INFO] [stdout] ...
[INFO] [stdout] 173 |     pub(crate) fn origin(self, uri: &str) -> Self {
[INFO] [stdout]     |                   ^^^^^^
[INFO] [stdout] ...
[INFO] [stdout] 181 |     pub(crate) fn user_agent(self, ua: String) -> Self {
[INFO] [stdout]     |                   ^^^^^^^^^^
[INFO] [stdout] ...
[INFO] [stdout] 189 |     pub(crate) fn timeout(self, timeout: Duration) -> Self {
[INFO] [stdout]     |                   ^^^^^^^
[INFO] [stdout] ...
[INFO] [stdout] 197 |     pub(crate) fn concurrency_limit(self, concurrency_limit: usize) -> Self {
[INFO] [stdout]     |                   ^^^^^^^^^^^^^^^^^
[INFO] [stdout] ...
[INFO] [stdout] 205 |     pub(crate) fn rate_limit(self, rate_limit: (u64, Duration)) -> Self {
[INFO] [stdout]     |                   ^^^^^^^^^^
[INFO] [stdout] ...
[INFO] [stdout] 213 |     pub(crate) fn init_stream_window_size(self, init_stream_window_size: u32) -> Self {
[INFO] [stdout]     |                   ^^^^^^^^^^^^^^^^^^^^^^^
[INFO] [stdout] ...
[INFO] [stdout] 223 |     pub(crate) fn init_connection_window_size(self, init_connection_window_size: u32) -> Self {
[INFO] [stdout]     |                   ^^^^^^^^^^^^^^^^^^^^^^^^^^^
[INFO] [stdout] ...
[INFO] [stdout] 233 |     pub(crate) fn tcp_keepalive(self, tcp_keepalive: Duration) -> Self {
[INFO] [stdout]     |                   ^^^^^^^^^^^^^
[INFO] [stdout] ...
[INFO] [stdout] 241 |     pub(crate) fn tcp_nodelay(self, tcp_nodelay: bool) -> Self {
[INFO] [stdout]     |                   ^^^^^^^^^^^
[INFO] [stdout] ...
[INFO] [stdout] 249 |     pub(crate) fn http2_keep_alive_interval(self, http2_keep_alive_interval: Duration) -> Self {
[INFO] [stdout]     |                   ^^^^^^^^^^^^^^^^^^^^^^^^^
[INFO] [stdout] ...
[INFO] [stdout] 259 |     pub(crate) fn http2_keep_alive_timeout(self, http2_keep_alive_timeout: Duration) -> Self {
[INFO] [stdout]     |                   ^^^^^^^^^^^^^^^^^^^^^^^^
[INFO] [stdout] ...
[INFO] [stdout] 269 |     pub(crate) fn http2_keep_alive_while_idle(self, http2_keep_alive_while_idle: bool) -> Self {
[INFO] [stdout]     |                   ^^^^^^^^^^^^^^^^^^^^^^^^^^^
[INFO] [stdout] ...
[INFO] [stdout] 279 |     pub(crate) fn connect_timeout(self, connect_timeout: Duration) -> Self {
[INFO] [stdout]     |                   ^^^^^^^^^^^^^^^
[INFO] [stdout] ...
[INFO] [stdout] 287 |     pub(crate) fn http2_adaptive_window(self, http2_adaptive_window: bool) -> Self {
[INFO] [stdout]     |                   ^^^^^^^^^^^^^^^^^^^^^
[INFO] [stdout] ...
[INFO] [stdout] 336 |     pub(crate) fn unary_call_layer(self, layer: DynamicUnaryCallLayer) -> Self {
[INFO] [stdout]     |                   ^^^^^^^^^^^^^^^^
[INFO] [stdout] ...
[INFO] [stdout] 352 |     pub(crate) fn bi_call_layer(self, layer: DynamicBiStreamingCallLayer) -> Self {
[INFO] [stdout]     |                   ^^^^^^^^^^^^^
[INFO] [stdout] 
[INFO] [stdout] 
[INFO] [stdout] warning: field `svc_health` is never read
[INFO] [stdout]    --> src/common/remote/grpc/nacos_grpc_connection.rs:686:5
[INFO] [stdout]     |
[INFO] [stdout] 679 | pub(crate) struct FailoverConnection<S>
[INFO] [stdout]     |                   ------------------ field in this struct
[INFO] [stdout] ...
[INFO] [stdout] 686 |     svc_health: Arc<AtomicBool>,
[INFO] [stdout]     |     ^^^^^^^^^^
[INFO] [stdout] 
[INFO] [stdout] 
[INFO] [stderr]     Finished `test` profile [unoptimized + debuginfo] target(s) in 2m 42s
[INFO] running `Command { std: "docker" "inspect" "973f397accb5f3512e6c88052e502843c7bf5ad3dcb80e1e92b9b7fb918297ce", kill_on_drop: false }`
[INFO] running `Command { std: "docker" "rm" "-f" "973f397accb5f3512e6c88052e502843c7bf5ad3dcb80e1e92b9b7fb918297ce", kill_on_drop: false }`
[INFO] [stdout] 973f397accb5f3512e6c88052e502843c7bf5ad3dcb80e1e92b9b7fb918297ce
[INFO] running `Command { std: "docker" "create" "-v" "/var/lib/crater-agent-workspace/builds/worker-2-tc1/target:/opt/rustwide/target:rw,Z" "-v" "/var/lib/crater-agent-workspace/builds/worker-2-tc1/source:/opt/rustwide/workdir:ro,Z" "-v" "/var/lib/crater-agent-workspace/cargo-home:/opt/rustwide/cargo-home:ro,Z" "-v" "/var/lib/crater-agent-workspace/rustup-home:/opt/rustwide/rustup-home:ro,Z" "-e" "SOURCE_DIR=/opt/rustwide/workdir" "-e" "CARGO_TARGET_DIR=/opt/rustwide/target" "-e" "CARGO_INCREMENTAL=0" "-e" "RUST_BACKTRACE=full" "-e" "RUSTFLAGS=--cap-lints=warn" "-e" "RUSTDOCFLAGS=--cap-lints=warn" "-e" "CARGO_HOME=/opt/rustwide/cargo-home" "-e" "RUSTUP_HOME=/opt/rustwide/rustup-home" "-w" "/opt/rustwide/workdir" "-m" "1610612736" "--user" "0:0" "--network" "none" "ghcr.io/rust-lang/crates-build-env/linux@sha256:f3a9d4ad9d972b27faf3965f35b62e55ba32bbce8f20bc8fe909558a86702fde" "/opt/rustwide/cargo-home/bin/cargo" "+1.83.0" "test" "--frozen", kill_on_drop: false }`
[INFO] [stdout] b920c810ca0bd785934367e74597356509bb7f3f2dee17d006e6f1b38b7bd551
[INFO] running `Command { std: "docker" "start" "-a" "b920c810ca0bd785934367e74597356509bb7f3f2dee17d006e6f1b38b7bd551", kill_on_drop: false }`
[INFO] [stderr] warning: associated function `default` is never used
[INFO] [stderr]    --> src/api/plugin/auth/mod.rs:130:8
[INFO] [stderr]     |
[INFO] [stderr] 129 | impl RequestResource {
[INFO] [stderr]     | -------------------- associated function in this implementation
[INFO] [stderr] 130 |     fn default() -> Self {
[INFO] [stderr]     |        ^^^^^^^
[INFO] [stderr]     |
[INFO] [stderr]     = note: `#[warn(dead_code)]` on by default
[INFO] [stderr] 
[INFO] [stderr] warning: methods `get_mut`, `remove`, and `contains_key` are never used
[INFO] [stderr]    --> src/common/cache/mod.rs:118:19
[INFO] [stderr]     |
[INFO] [stderr] 31  | / impl<V> Cache<V>
[INFO] [stderr] 32  | | where
[INFO] [stderr] 33  | |     V: serde::Serialize + serde::de::DeserializeOwned + Send + Sync + 'static,
[INFO] [stderr]     | |______________________________________________________________________________- methods in this implementation
[INFO] [stderr] ...
[INFO] [stderr] 118 |       pub(crate) fn get_mut(&self, key: &String) -> Option<CacheRefMut<'_, V>> {
[INFO] [stderr]     |                     ^^^^^^^
[INFO] [stderr] ...
[INFO] [stderr] 139 |       pub(crate) fn remove(&self, key: &String) -> Option<V> {
[INFO] [stderr]     |                     ^^^^^^
[INFO] [stderr] ...
[INFO] [stderr] 155 |       pub(crate) fn contains_key(&self, key: &String) -> bool {
[INFO] [stderr]     |                     ^^^^^^^^^^^^
[INFO] [stderr] 
[INFO] [stderr] warning: struct `CacheRefMut` is never constructed
[INFO] [stderr]    --> src/common/cache/mod.rs:273:19
[INFO] [stderr]     |
[INFO] [stderr] 273 | pub(crate) struct CacheRefMut<'a, V> {
[INFO] [stderr]     |                   ^^^^^^^^^^^
[INFO] [stderr] 
[INFO] [stderr] warning: constant `CONFIG_MODULE` is never used
[INFO] [stderr]    --> src/common/cache/mod.rs:315:7
[INFO] [stderr]     |
[INFO] [stderr] 315 | const CONFIG_MODULE: &str = "config";
[INFO] [stderr]     |       ^^^^^^^^^^^^^
[INFO] [stderr] 
[INFO] [stderr] warning: associated function `config` is never used
[INFO] [stderr]    --> src/common/cache/mod.rs:322:19
[INFO] [stderr]     |
[INFO] [stderr] 318 | / impl<V> CacheBuilder<V>
[INFO] [stderr] 319 | | where
[INFO] [stderr] 320 | |     V: serde::Serialize + serde::de::DeserializeOwned + Send + Sync + 'static,
[INFO] [stderr]     | |______________________________________________________________________________- associated function in this implementation
[INFO] [stderr] 321 |   {
[INFO] [stderr] 322 |       pub(crate) fn config(namespace: String) -> Self {
[INFO] [stderr]     |                     ^^^^^^
[INFO] [stderr] 
[INFO] [stderr] warning: variants `Remove` and `Modify` are never constructed
[INFO] [stderr]    --> src/common/cache/mod.rs:376:5
[INFO] [stderr]     |
[INFO] [stderr] 374 | enum ChangeEvent {
[INFO] [stderr]     |      ----------- variants in this enum
[INFO] [stderr] 375 |     Insert(usize, VersionKeyWrapper),
[INFO] [stderr] 376 |     Remove(usize, VersionKeyWrapper),
[INFO] [stderr]     |     ^^^^^^
[INFO] [stderr] 377 |     Modify(usize, VersionKeyWrapper),
[INFO] [stderr]     |     ^^^^^^
[INFO] [stderr] 
[INFO] [stderr] warning: multiple methods are never used
[INFO] [stderr]    --> src/common/remote/grpc/config.rs:27:19
[INFO] [stderr]     |
[INFO] [stderr] 26  | impl GrpcConfiguration {
[INFO] [stderr]     | ---------------------- methods in this implementation
[INFO] [stderr] 27  |     pub(crate) fn with_host(mut self, host: String) -> Self {
[INFO] [stderr]     |                   ^^^^^^^^^
[INFO] [stderr] ...
[INFO] [stderr] 37  |     pub(crate) fn with_origin(mut self, uri: &str) -> Self {
[INFO] [stderr]     |                   ^^^^^^^^^^^
[INFO] [stderr] ...
[INFO] [stderr] 46  |     pub(crate) fn with_user_agent(mut self, ua: String) -> Self {
[INFO] [stderr]     |                   ^^^^^^^^^^^^^^^
[INFO] [stderr] ...
[INFO] [stderr] 56  |     pub(crate) fn with_timeout(mut self, timeout: Duration) -> Self {
[INFO] [stderr]     |                   ^^^^^^^^^^^^
[INFO] [stderr] ...
[INFO] [stderr] 61  |     pub(crate) fn with_concurrency_limit(mut self, concurrency_limit: usize) -> Self {
[INFO] [stderr]     |                   ^^^^^^^^^^^^^^^^^^^^^^
[INFO] [stderr] ...
[INFO] [stderr] 66  |     pub(crate) fn with_rate_limit(mut self, rate_limit: (u64, Duration)) -> Self {
[INFO] [stderr]     |                   ^^^^^^^^^^^^^^^
[INFO] [stderr] ...
[INFO] [stderr] 71  |     pub(crate) fn with_init_stream_window_size(mut self, init_stream_window_size: u32) -> Self {
[INFO] [stderr]     |                   ^^^^^^^^^^^^^^^^^^^^^^^^^^^^
[INFO] [stderr] ...
[INFO] [stderr] 76  |     pub(crate) fn with_init_connection_window_size(
[INFO] [stderr]     |                   ^^^^^^^^^^^^^^^^^^^^^^^^^^^^^^^^
[INFO] [stderr] ...
[INFO] [stderr] 84  |     pub(crate) fn with_tcp_keepalive(mut self, tcp_keepalive: Duration) -> Self {
[INFO] [stderr]     |                   ^^^^^^^^^^^^^^^^^^
[INFO] [stderr] ...
[INFO] [stderr] 89  |     pub(crate) fn with_tcp_nodelay(mut self, tcp_nodelay: bool) -> Self {
[INFO] [stderr]     |                   ^^^^^^^^^^^^^^^^
[INFO] [stderr] ...
[INFO] [stderr] 94  |     pub(crate) fn with_http2_keep_alive_interval(
[INFO] [stderr]     |                   ^^^^^^^^^^^^^^^^^^^^^^^^^^^^^^
[INFO] [stderr] ...
[INFO] [stderr] 102 |     pub(crate) fn with_http2_keep_alive_timeout(
[INFO] [stderr]     |                   ^^^^^^^^^^^^^^^^^^^^^^^^^^^^^
[INFO] [stderr] ...
[INFO] [stderr] 110 |     pub(crate) fn with_http2_keep_alive_while_idle(
[INFO] [stderr]     |                   ^^^^^^^^^^^^^^^^^^^^^^^^^^^^^^^^
[INFO] [stderr] ...
[INFO] [stderr] 118 |     pub(crate) fn with_connect_timeout(mut self, connect_timeout: Duration) -> Self {
[INFO] [stderr]     |                   ^^^^^^^^^^^^^^^^^^^^
[INFO] [stderr] ...
[INFO] [stderr] 123 |     pub(crate) fn with_http2_adaptive_window(mut self, http2_adaptive_window: bool) -> Self {
[INFO] [stderr]     |                   ^^^^^^^^^^^^^^^^^^^^^^^^^^
[INFO] [stderr] 
[INFO] [stderr] warning: method `body` is never used
[INFO] [stderr]   --> src/common/remote/grpc/message/mod.rs:34:19
[INFO] [stderr]    |
[INFO] [stderr] 30 | / impl<T> GrpcMessage<T>
[INFO] [stderr] 31 | | where
[INFO] [stderr] 32 | |     T: GrpcMessageData,
[INFO] [stderr]    | |_______________________- method in this implementation
[INFO] [stderr] 33 |   {
[INFO] [stderr] 34 |       pub(crate) fn body(&self) -> &T {
[INFO] [stderr]    |                     ^^^^
[INFO] [stderr] 
[INFO] [stderr] warning: methods `header`, `headers`, `add_headers`, `request_id`, and `module` are never used
[INFO] [stderr]    --> src/common/remote/grpc/message/mod.rs:197:8
[INFO] [stderr]     |
[INFO] [stderr] 196 | pub(crate) trait GrpcRequestMessage: GrpcMessageData {
[INFO] [stderr]     |                  ------------------ methods in this trait
[INFO] [stderr] 197 |     fn header(&self, key: &str) -> Option<&String>;
[INFO] [stderr]     |        ^^^^^^
[INFO] [stderr] 198 |
[INFO] [stderr] 199 |     fn headers(&self) -> &HashMap<String, String>;
[INFO] [stderr]     |        ^^^^^^^
[INFO] [stderr] ...
[INFO] [stderr] 203 |     fn add_headers(&mut self, map: HashMap<String, String>);
[INFO] [stderr]     |        ^^^^^^^^^^^
[INFO] [stderr] 204 |
[INFO] [stderr] 205 |     fn request_id(&self) -> Option<&String>;
[INFO] [stderr]     |        ^^^^^^^^^^
[INFO] [stderr] 206 |
[INFO] [stderr] 207 |     fn module(&self) -> &str;
[INFO] [stderr]     |        ^^^^^^
[INFO] [stderr] 
[INFO] [stderr] warning: methods `request_id`, `result_code`, `error_code`, and `message` are never used
[INFO] [stderr]    --> src/common/remote/grpc/message/mod.rs:213:8
[INFO] [stderr]     |
[INFO] [stderr] 212 | pub(crate) trait GrpcResponseMessage: GrpcMessageData {
[INFO] [stderr]     |                  ------------------- methods in this trait
[INFO] [stderr] 213 |     fn request_id(&self) -> Option<&String>;
[INFO] [stderr]     |        ^^^^^^^^^^
[INFO] [stderr] 214 |
[INFO] [stderr] 215 |     fn result_code(&self) -> i32;
[INFO] [stderr]     |        ^^^^^^^^^^^
[INFO] [stderr] 216 |
[INFO] [stderr] 217 |     fn error_code(&self) -> i32;
[INFO] [stderr]     |        ^^^^^^^^^^
[INFO] [stderr] 218 |
[INFO] [stderr] 219 |     fn message(&self) -> Option<&String>;
[INFO] [stderr]     |        ^^^^^^^
[INFO] [stderr] 
[INFO] [stderr] warning: associated function `new` is never used
[INFO] [stderr]   --> src/common/remote/grpc/message/request/set_up_request.rs:30:19
[INFO] [stderr]    |
[INFO] [stderr] 29 | impl NacosClientAbilities {
[INFO] [stderr]    | ------------------------- associated function in this implementation
[INFO] [stderr] 30 |     pub(crate) fn new() -> Self {
[INFO] [stderr]    |                   ^^^
[INFO] [stderr] 
[INFO] [stderr] warning: associated function `new` is never used
[INFO] [stderr]   --> src/common/remote/grpc/message/request/set_up_request.rs:62:8
[INFO] [stderr]    |
[INFO] [stderr] 61 | impl NacosClientRemoteAbility {
[INFO] [stderr]    | ----------------------------- associated function in this implementation
[INFO] [stderr] 62 |     fn new() -> Self {
[INFO] [stderr]    |        ^^^
[INFO] [stderr] 
[INFO] [stderr] warning: associated function `new` is never used
[INFO] [stderr]   --> src/common/remote/grpc/message/request/set_up_request.rs:80:8
[INFO] [stderr]    |
[INFO] [stderr] 79 | impl NacosClientConfigAbility {
[INFO] [stderr]    | ----------------------------- associated function in this implementation
[INFO] [stderr] 80 |     fn new() -> Self {
[INFO] [stderr]    |        ^^^
[INFO] [stderr] 
[INFO] [stderr] warning: associated function `new` is never used
[INFO] [stderr]    --> src/common/remote/grpc/message/request/set_up_request.rs:101:8
[INFO] [stderr]     |
[INFO] [stderr] 100 | impl NacosClientNamingAbility {
[INFO] [stderr]     | ----------------------------- associated function in this implementation
[INFO] [stderr] 101 |     fn new() -> Self {
[INFO] [stderr]     |        ^^^
[INFO] [stderr] 
[INFO] [stderr] warning: multiple methods are never used
[INFO] [stderr]    --> src/common/remote/grpc/nacos_grpc_client.rs:157:19
[INFO] [stderr]     |
[INFO] [stderr] 86  | impl NacosGrpcClientBuilder {
[INFO] [stderr]     | --------------------------- methods in this implementation
[INFO] [stderr] ...
[INFO] [stderr] 157 |     pub(crate) fn host(self, host: String) -> Self {
[INFO] [stderr]     |                   ^^^^
[INFO] [stderr] ...
[INFO] [stderr] 173 |     pub(crate) fn origin(self, uri: &str) -> Self {
[INFO] [stderr]     |                   ^^^^^^
[INFO] [stderr] ...
[INFO] [stderr] 181 |     pub(crate) fn user_agent(self, ua: String) -> Self {
[INFO] [stderr]     |                   ^^^^^^^^^^
[INFO] [stderr] ...
[INFO] [stderr] 189 |     pub(crate) fn timeout(self, timeout: Duration) -> Self {
[INFO] [stderr]     |                   ^^^^^^^
[INFO] [stderr] ...
[INFO] [stderr] 197 |     pub(crate) fn concurrency_limit(self, concurrency_limit: usize) -> Self {
[INFO] [stderr]     |                   ^^^^^^^^^^^^^^^^^
[INFO] [stderr] ...
[INFO] [stderr] 205 |     pub(crate) fn rate_limit(self, rate_limit: (u64, Duration)) -> Self {
[INFO] [stderr]     |                   ^^^^^^^^^^
[INFO] [stderr] ...
[INFO] [stderr] 213 |     pub(crate) fn init_stream_window_size(self, init_stream_window_size: u32) -> Self {
[INFO] [stderr]     |                   ^^^^^^^^^^^^^^^^^^^^^^^
[INFO] [stderr] ...
[INFO] [stderr] 223 |     pub(crate) fn init_connection_window_size(self, init_connection_window_size: u32) -> Self {
[INFO] [stderr]     |                   ^^^^^^^^^^^^^^^^^^^^^^^^^^^
[INFO] [stderr] ...
[INFO] [stderr] 233 |     pub(crate) fn tcp_keepalive(self, tcp_keepalive: Duration) -> Self {
[INFO] [stderr]     |                   ^^^^^^^^^^^^^
[INFO] [stderr] ...
[INFO] [stderr] 241 |     pub(crate) fn tcp_nodelay(self, tcp_nodelay: bool) -> Self {
[INFO] [stderr]     |                   ^^^^^^^^^^^
[INFO] [stderr] ...
[INFO] [stderr] 249 |     pub(crate) fn http2_keep_alive_interval(self, http2_keep_alive_interval: Duration) -> Self {
[INFO] [stderr]     |                   ^^^^^^^^^^^^^^^^^^^^^^^^^
[INFO] [stderr] ...
[INFO] [stderr] 259 |     pub(crate) fn http2_keep_alive_timeout(self, http2_keep_alive_timeout: Duration) -> Self {
[INFO] [stderr]     |                   ^^^^^^^^^^^^^^^^^^^^^^^^
[INFO] [stderr] ...
[INFO] [stderr] 269 |     pub(crate) fn http2_keep_alive_while_idle(self, http2_keep_alive_while_idle: bool) -> Self {
[INFO] [stderr]     |                   ^^^^^^^^^^^^^^^^^^^^^^^^^^^
[INFO] [stderr] ...
[INFO] [stderr] 279 |     pub(crate) fn connect_timeout(self, connect_timeout: Duration) -> Self {
[INFO] [stderr]     |                   ^^^^^^^^^^^^^^^
[INFO] [stderr] ...
[INFO] [stderr] 287 |     pub(crate) fn http2_adaptive_window(self, http2_adaptive_window: bool) -> Self {
[INFO] [stderr]     |                   ^^^^^^^^^^^^^^^^^^^^^
[INFO] [stderr] ...
[INFO] [stderr] 336 |     pub(crate) fn unary_call_layer(self, layer: DynamicUnaryCallLayer) -> Self {
[INFO] [stderr]     |                   ^^^^^^^^^^^^^^^^
[INFO] [stderr] ...
[INFO] [stderr] 352 |     pub(crate) fn bi_call_layer(self, layer: DynamicBiStreamingCallLayer) -> Self {
[INFO] [stderr]     |                   ^^^^^^^^^^^^^
[INFO] [stderr] 
[INFO] [stderr] warning: field `svc_health` is never read
[INFO] [stderr]    --> src/common/remote/grpc/nacos_grpc_connection.rs:686:5
[INFO] [stderr]     |
[INFO] [stderr] 679 | pub(crate) struct FailoverConnection<S>
[INFO] [stderr]     |                   ------------------ field in this struct
[INFO] [stderr] ...
[INFO] [stderr] 686 |     svc_health: Arc<AtomicBool>,
[INFO] [stderr]     |     ^^^^^^^^^^
[INFO] [stderr] 
[INFO] [stderr] warning: `nacos-sdk` (lib) generated 16 warnings
[INFO] [stderr] warning: method `contains_key` is never used
[INFO] [stderr]    --> src/common/cache/mod.rs:155:19
[INFO] [stderr]     |
[INFO] [stderr] 31  | / impl<V> Cache<V>
[INFO] [stderr] 32  | | where
[INFO] [stderr] 33  | |     V: serde::Serialize + serde::de::DeserializeOwned + Send + Sync + 'static,
[INFO] [stderr]     | |______________________________________________________________________________- method in this implementation
[INFO] [stderr] ...
[INFO] [stderr] 155 |       pub(crate) fn contains_key(&self, key: &String) -> bool {
[INFO] [stderr]     |                     ^^^^^^^^^^^^
[INFO] [stderr]     |
[INFO] [stderr]     = note: `#[warn(dead_code)]` on by default
[INFO] [stderr] 
[INFO] [stderr] warning: `nacos-sdk` (lib test) generated 13 warnings (12 duplicates)
[INFO] [stderr]     Finished `test` profile [unoptimized + debuginfo] target(s) in 0.88s
[INFO] [stderr]      Running unittests src/lib.rs (/opt/rustwide/target/debug/deps/nacos_sdk-9732ac5f348e8d0f)
[INFO] [stdout] 
[INFO] [stdout] running 57 tests
[INFO] [stdout] test api::config::tests::test_api_config_service ... ignored
[INFO] [stdout] test api::config::tests::test_api_config_service_publish_config ... ignored
[INFO] [stdout] test api::config::tests::test_api_config_service_publish_config_beta ... ignored
[INFO] [stdout] test api::config::tests::test_api_config_service_publish_config_cas ... ignored
[INFO] [stdout] test api::config::tests::test_api_config_service_publish_config_param ... ignored
[INFO] [stdout] test api::config::tests::test_api_config_service_remove_config ... ignored
[INFO] [stdout] test api::plugin::auth::auth_by_http::tests::test_http_login_auth_plugin ... ignored
[INFO] [stdout] test api::plugin::config_filter::tests::test_config_filter ... ok
[INFO] [stdout] test api::plugin::encryption::tests::test_config_encryption_filters ... ok
[INFO] [stdout] test common::executor::tests::test_common_thread_cores ... ok
[INFO] [stdout] test api::props::tests::test_get_server_list ... ok
[INFO] [stdout] test common::executor::tests::test_spawn ... ok
[INFO] [stdout] test api::plugin::encryption::tests::test_config_encryption_filters_empty ... ok
[INFO] [stdout] test api::plugin::encryption::tests::test_config_encryption_filters_not_need_cipher ... ok
[INFO] [stdout] [2m2024-12-15T05:00:08.196422Z[0m [31mERROR[0m common::remote::grpc::handlers::client_detection_request_handler::tests::test_request_reply_when_convert_payload_error ThreadId(19) [2mnacos_sdk::common::remote::grpc::handlers::client_detection_request_handler[0m[2m:[0m [2msrc/common/remote/grpc/handlers/client_detection_request_handler.rs[0m[2m:[0m[2m21:[0m convert payload to ClientDetectionRequest error. ErrResult("grpc payload body is empty")
[INFO] [stdout] test common::remote::grpc::handlers::client_detection_request_handler::tests::test_request_reply_when_convert_payload_error ... ok
[INFO] [stdout] [2m2024-12-15T05:00:08.197076Z[0m [34mDEBUG[0m                                                  common::remote::grpc::nacos_grpc_service::unary_call_layer_test::test ThreadId(21) [2mnacos_sdk::common::remote::grpc::nacos_grpc_service::unary_call_layer_test[0m[2m:[0m [2msrc/common/remote/grpc/nacos_grpc_service.rs[0m[2m:[0m[2m348:[0m UnaryCallLayerC
[INFO] [stdout] [2m2024-12-15T05:00:08.197141Z[0m [34mDEBUG[0m                                                  common::remote::grpc::nacos_grpc_service::unary_call_layer_test::test ThreadId(21) [2mnacos_sdk::common::remote::grpc::nacos_grpc_service::unary_call_layer_test[0m[2m:[0m [2msrc/common/remote/grpc/nacos_grpc_service.rs[0m[2m:[0m[2m309:[0m UnaryCallLayerB
[INFO] [stdout] [2m2024-12-15T05:00:08.197157Z[0m [34mDEBUG[0m                                                  common::remote::grpc::nacos_grpc_service::unary_call_layer_test::test ThreadId(21) [2mnacos_sdk::common::remote::grpc::nacos_grpc_service::unary_call_layer_test[0m[2m:[0m [2msrc/common/remote/grpc/nacos_grpc_service.rs[0m[2m:[0m[2m269:[0m UnaryCallLayerA
[INFO] [stdout] [2m2024-12-15T05:00:08.197180Z[0m [34mDEBUG[0m                                                  common::remote::grpc::nacos_grpc_service::unary_call_layer_test::test ThreadId(21) [2mnacos_sdk::common::remote::grpc::nacos_grpc_service::unary_call_layer_test[0m[2m:[0m [2msrc/common/remote/grpc/nacos_grpc_service.rs[0m[2m:[0m[2m249:[0m DynamicUnaryCallServiceA
[INFO] [stdout] [2m2024-12-15T05:00:08.197193Z[0m [34mDEBUG[0m                                                  common::remote::grpc::nacos_grpc_service::unary_call_layer_test::test ThreadId(21) [2mnacos_sdk::common::remote::grpc::nacos_grpc_service::unary_call_layer_test[0m[2m:[0m [2msrc/common/remote/grpc/nacos_grpc_service.rs[0m[2m:[0m[2m289:[0m DynamicUnaryCallServiceB
[INFO] [stdout] [2m2024-12-15T05:00:08.197205Z[0m [34mDEBUG[0m                                                  common::remote::grpc::nacos_grpc_service::unary_call_layer_test::test ThreadId(21) [2mnacos_sdk::common::remote::grpc::nacos_grpc_service::unary_call_layer_test[0m[2m:[0m [2msrc/common/remote/grpc/nacos_grpc_service.rs[0m[2m:[0m[2m328:[0m DynamicUnaryCallServiceC
[INFO] [stdout] [2m2024-12-15T05:00:08.197217Z[0m [34mDEBUG[0m                                                  common::remote::grpc::nacos_grpc_service::unary_call_layer_test::test ThreadId(21) [2mnacos_sdk::common::remote::grpc::nacos_grpc_service::unary_call_layer_test[0m[2m:[0m [2msrc/common/remote/grpc/nacos_grpc_service.rs[0m[2m:[0m[2m366:[0m RealDynamicUnaryCallService
[INFO] [stdout] [2m2024-12-15T05:00:08.197310Z[0m [33m WARN[0m                                                                                       common::cache::tests::test_cache ThreadId(07) [1mcache[0m[1m{[0m[3mid[0m[2m=[0m"test-id"[1m}[0m[2m:[0m [2mnacos_sdk::common::cache::disk[0m[2m:[0m [2msrc/common/cache/disk.rs[0m[2m:[0m[2m38:[0m disk path is not exists, trying create it.
[INFO] [stdout] test common::remote::grpc::nacos_grpc_service::unary_call_layer_test::test ... ok
[INFO] [stdout] [2m2024-12-15T05:00:08.197916Z[0m [34mDEBUG[0m                                                                                               nacos-client-thread-pool ThreadId(13) [1mcache[0m[1m{[0m[3mid[0m[2m=[0m"test-id"[1m}[0m[2m:[0m [2mnacos_sdk::common::cache[0m[2m:[0m [2msrc/common/cache/mod.rs[0m[2m:[0m[2m70:[0m sync to disk store started!
[INFO] [stdout] [2m2024-12-15T05:00:08.198239Z[0m [34mDEBUG[0m                                                                                               nacos-client-thread-pool ThreadId(13) [1mcache[0m[1m{[0m[3mid[0m[2m=[0m"test-id"[1m}[0m[2m:[0m[1mremove[0m[1m{[0m[3mkey[0m[2m=[0m"key"[1m}[0m[2m:[0m [2mnacos_sdk::common::cache::disk[0m[2m:[0m [2msrc/common/cache/disk.rs[0m[2m:[0m[2m153:[0m remove /root/nacos/naming/test-naming/key
[INFO] [stdout] [2m2024-12-15T05:00:08.198461Z[0m [34mDEBUG[0m                                                                                               nacos-client-thread-pool ThreadId(13) [1mcache[0m[1m{[0m[3mid[0m[2m=[0m"test-id"[1m}[0m[2m:[0m[1msave[0m[1m{[0m[3mkey[0m[2m=[0m"key1"[1m}[0m[2m:[0m [2mnacos_sdk::common::cache::disk[0m[2m:[0m [2msrc/common/cache/disk.rs[0m[2m:[0m[2m112:[0m save /root/nacos/naming/test-naming/key1
[INFO] [stdout] test common::remote::grpc::server_list_service::tests::test_empty_server_list - should panic ... ok
[INFO] [stdout] test common::remote::grpc::handlers::client_detection_request_handler::tests::test_request_reply ... FAILED
[INFO] [stdout] [2m2024-12-15T05:00:08.386674Z[0m [34mDEBUG[0m                                                common::remote::grpc::server_list_service::tests::test_poll_server_list ThreadId(25) [2mnacos_sdk::common::remote::grpc::server_list_service::tests[0m[2m:[0m [2msrc/common/remote/grpc/server_list_service.rs[0m[2m:[0m[2m160:[0m ip:127.0.0.2, port:8848
[INFO] [stdout] [2m2024-12-15T05:00:08.386723Z[0m [34mDEBUG[0m                                                common::remote::grpc::server_list_service::tests::test_poll_server_list ThreadId(25) [2mnacos_sdk::common::remote::grpc::server_list_service::tests[0m[2m:[0m [2msrc/common/remote/grpc/server_list_service.rs[0m[2m:[0m[2m164:[0m ip:127.0.0.3, port:8848
[INFO] [stdout] [2m2024-12-15T05:00:08.386739Z[0m [34mDEBUG[0m                                                common::remote::grpc::server_list_service::tests::test_poll_server_list ThreadId(25) [2mnacos_sdk::common::remote::grpc::server_list_service::tests[0m[2m:[0m [2msrc/common/remote/grpc/server_list_service.rs[0m[2m:[0m[2m168:[0m ip:127.0.0.1, port:8848
[INFO] [stdout] [2m2024-12-15T05:00:08.386754Z[0m [34mDEBUG[0m                                                common::remote::grpc::server_list_service::tests::test_poll_server_list ThreadId(25) [2mnacos_sdk::common::remote::grpc::server_list_service::tests[0m[2m:[0m [2msrc/common/remote/grpc/server_list_service.rs[0m[2m:[0m[2m172:[0m ip:127.0.0.2, port:8848
[INFO] [stdout] [2m2024-12-15T05:00:08.386766Z[0m [34mDEBUG[0m                                                common::remote::grpc::server_list_service::tests::test_poll_server_list ThreadId(25) [2mnacos_sdk::common::remote::grpc::server_list_service::tests[0m[2m:[0m [2msrc/common/remote/grpc/server_list_service.rs[0m[2m:[0m[2m176:[0m ip:127.0.0.3, port:8848
[INFO] [stdout] [2m2024-12-15T05:00:08.386780Z[0m [34mDEBUG[0m                                                common::remote::grpc::server_list_service::tests::test_poll_server_list ThreadId(25) [2mnacos_sdk::common::remote::grpc::server_list_service::tests[0m[2m:[0m [2msrc/common/remote/grpc/server_list_service.rs[0m[2m:[0m[2m180:[0m ip:127.0.0.1, port:8848
[INFO] [stdout] [2m2024-12-15T05:00:08.386796Z[0m [34mDEBUG[0m                                                common::remote::grpc::server_list_service::tests::test_poll_server_list ThreadId(25) [2mnacos_sdk::common::remote::grpc::server_list_service::tests[0m[2m:[0m [2msrc/common/remote/grpc/server_list_service.rs[0m[2m:[0m[2m184:[0m ip:127.0.0.2, port:8848
[INFO] [stdout] test common::remote::grpc::nacos_grpc_client::tests::test_send_request ... FAILED
[INFO] [stdout] test common::remote::grpc::server_list_service::tests::test_poll_server_list ... ok
[INFO] [stdout] [2m2024-12-15T05:00:08.387360Z[0m [31mERROR[0m                                     common::remote::grpc::tonic::tonic_bi_call_tests::test_bi_request_and_can_not_send ThreadId(27) [2mnacos_sdk::common::remote::grpc::tonic[0m[2m:[0m [2msrc/common/remote/grpc/tonic.rs[0m[2m:[0m[2m390:[0m grpc call task get an error: get result failed: bi_request failed, callback can not invoke, receiver has been closed.
[INFO] [stdout] test common::remote::grpc::tonic::tonic_bi_call_tests::test_bi_request ... ok
[INFO] [stdout] test common::remote::grpc::tonic::tonic_bi_call_tests::test_bi_request_and_can_not_send ... ok
[INFO] [stdout] [2m2024-12-15T05:00:08.387753Z[0m [31mERROR[0m                         common::remote::grpc::tonic::tonic_bi_call_tests::test_bi_request_and_request_service_is_ready ThreadId(28) [2mnacos_sdk::common::remote::grpc::tonic[0m[2m:[0m [2msrc/common/remote/grpc/tonic.rs[0m[2m:[0m[2m203:[0m bi request service is not ready.get result failed: test_service is not ready.
[INFO] [stdout] [2m2024-12-15T05:00:08.387789Z[0m [31mERROR[0m                         common::remote::grpc::tonic::tonic_bi_call_tests::test_bi_request_and_request_service_is_ready ThreadId(28) [2mnacos_sdk::common::remote::grpc::tonic[0m[2m:[0m [2msrc/common/remote/grpc/tonic.rs[0m[2m:[0m[2m390:[0m grpc call task get an error: get result failed: test_service is not ready.
[INFO] [stdout] test common::remote::grpc::tonic::tonic_bi_call_tests::test_bi_request_and_request_service_is_ready ... ok
[INFO] [stdout] test common::remote::grpc::tonic::tonic_bi_call_tests::test_bi_request_and_response_error ... ok
[INFO] [stdout] [2m2024-12-15T05:00:08.388357Z[0m [31mERROR[0m                              common::remote::grpc::tonic::tonic_bi_call_tests::test_bi_request_and_response_send_error ThreadId(30) [2mnacos_sdk::common::remote::grpc::tonic[0m[2m:[0m [2msrc/common/remote/grpc/tonic.rs[0m[2m:[0m[2m211:[0m bi_request failed, callback can not invoke, send error. get result failed: callback send failed. the receiver has been dropped
[INFO] [stdout] [2m2024-12-15T05:00:08.388686Z[0m [31mERROR[0m                              common::remote::grpc::tonic::tonic_bi_call_tests::test_bi_request_and_response_send_error ThreadId(30) [2mnacos_sdk::common::remote::grpc::tonic[0m[2m:[0m [2msrc/common/remote/grpc/tonic.rs[0m[2m:[0m[2m390:[0m grpc call task get an error: get result failed: bi_request failed, callback can not invoke, send error.
[INFO] [stdout] test common::remote::grpc::tonic::tonic_unary_call_tests::test_unary_request ... ok
[INFO] [stdout] test common::remote::grpc::tonic::tonic_bi_call_tests::test_bi_request_and_response_send_error ... ok
[INFO] [stdout] [2m2024-12-15T05:00:08.389146Z[0m [31mERROR[0m                               common::remote::grpc::tonic::tonic_unary_call_tests::test_unary_request_and_can_not_send ThreadId(32) [2mnacos_sdk::common::remote::grpc::tonic[0m[2m:[0m [2msrc/common/remote/grpc/tonic.rs[0m[2m:[0m[2m390:[0m grpc call task get an error: get result failed: unary_request failed, callback can not invoke, receiver has been closed.
[INFO] [stdout] test common::remote::grpc::server_list_service::tests::test_illegal_format - should panic ... ok
[INFO] [stdout] test common::remote::grpc::tonic::tonic_unary_call_tests::test_unary_request_and_can_not_send ... ok
[INFO] [stdout] test common::remote::grpc::tonic::tonic_unary_call_tests::test_unary_request_and_response_error ... ok
[INFO] [stdout] [2m2024-12-15T05:00:08.390157Z[0m [31mERROR[0m                  common::remote::grpc::tonic::tonic_unary_call_tests::test_unary_request_and_request_service_not_ready ThreadId(33) [2mnacos_sdk::common::remote::grpc::tonic[0m[2m:[0m [2msrc/common/remote/grpc/tonic.rs[0m[2m:[0m[2m161:[0m unary request service is not ready.get result failed: test_service is not ready.
[INFO] [stdout] [2m2024-12-15T05:00:08.391335Z[0m [31mERROR[0m                  common::remote::grpc::tonic::tonic_unary_call_tests::test_unary_request_and_request_service_not_ready ThreadId(33) [2mnacos_sdk::common::remote::grpc::tonic[0m[2m:[0m [2msrc/common/remote/grpc/tonic.rs[0m[2m:[0m[2m390:[0m grpc call task get an error: get result failed: test_service is not ready.
[INFO] [stdout] test common::util::tests::test_check_not_blank ... ok
[INFO] [stdout] test common::remote::grpc::tonic::tonic_unary_call_tests::test_unary_request_and_request_service_not_ready ... ok
[INFO] [stdout] [2m2024-12-15T05:00:08.391942Z[0m [31mERROR[0m                        common::remote::grpc::tonic::tonic_unary_call_tests::test_unary_request_and_response_send_error ThreadId(35) [2mnacos_sdk::common::remote::grpc::tonic[0m[2m:[0m [2msrc/common/remote/grpc/tonic.rs[0m[2m:[0m[2m168:[0m unary_request failed, callback can not invoke, send error. get result failed: callback send failed. the receiver has been dropped
[INFO] [stdout] [2m2024-12-15T05:00:08.392768Z[0m [31mERROR[0m                        common::remote::grpc::tonic::tonic_unary_call_tests::test_unary_request_and_response_send_error ThreadId(35) [2mnacos_sdk::common::remote::grpc::tonic[0m[2m:[0m [2msrc/common/remote/grpc/tonic.rs[0m[2m:[0m[2m390:[0m grpc call task get an error: get result failed: unary_request failed, callback can not invoke, send error.
[INFO] [stdout] test common::util::tests::test_check_not_blank_fail ... ok
[INFO] [stdout] test config::cache::tests::test_cache_data_add_listener ... ok
[INFO] [stdout] test common::remote::grpc::tonic::tonic_unary_call_tests::test_unary_request_and_response_send_error ... ok
[INFO] [stdout] test config::cache::tests::test_cache_data_add_listener_then_remove ... ok
[INFO] [stdout] test config::util::tests::test_group_key_and_parse ... ok
[INFO] [stdout] test config::worker::tests::test_client_worker_add_listener ... ignored
[INFO] [stdout] test config::worker::tests::test_client_worker_add_listener_then_remove ... ignored
[INFO] [stdout] test naming::tests::test_batch_register_service ... ignored
[INFO] [stdout] test naming::tests::test_batch_register_service_and_query_all_instances ... ignored
[INFO] [stdout] test naming::tests::test_ephemeral_register_service ... ignored
[INFO] [stdout] test naming::tests::test_get_service_list ... ignored
[INFO] [stdout] test naming::tests::test_persistent_register_service ... ignored
[INFO] [stdout] test naming::tests::test_register_and_deregister_ephemeral_service ... ignored
[INFO] [stdout] test naming::tests::test_register_and_deregister_persistent_service ... ignored
[INFO] [stdout] test naming::tests::test_select_instance ... ignored
[INFO] [stdout] test naming::tests::test_select_one_healthy_instance ... ignored
[INFO] [stdout] test naming::tests::test_service_push ... ignored
[INFO] [stdout] test test_props::test_get_value ... ok
[INFO] [stdout] test test_props::test_get_value_bool ... ok
[INFO] [stdout] test test_props::test_get_value_u32 ... ok
[INFO] [stdout] test tests::it_works_nacos_proto ... ok
[INFO] [stdout] test common::executor::tests::test_schedule ... ok
[INFO] [stdout] [2m2024-12-15T05:00:09.198209Z[0m [34mDEBUG[0m                                                                                               nacos-client-thread-pool ThreadId(13) [1mcache[0m[1m{[0m[3mid[0m[2m=[0m"test-id"[1m}[0m[2m:[0m [2mnacos_sdk::common::cache[0m[2m:[0m [2msrc/common/cache/mod.rs[0m[2m:[0m[2m110:[0m sync to disk store quit!
[INFO] [stdout] [2m2024-12-15T05:00:09.198431Z[0m [34mDEBUG[0m                                                                                               nacos-client-thread-pool ThreadId(15) [1mcache[0m[1m{[0m[3mid[0m[2m=[0m"test-id"[1m}[0m[2m:[0m [2mnacos_sdk::common::cache[0m[2m:[0m [2msrc/common/cache/mod.rs[0m[2m:[0m[2m70:[0m sync to disk store started!
[INFO] [stdout] [2m2024-12-15T05:00:09.198528Z[0m [34mDEBUG[0m                                                                                               nacos-client-thread-pool ThreadId(15) [1mcache[0m[1m{[0m[3mid[0m[2m=[0m"test-id"[1m}[0m[2m:[0m [2mnacos_sdk::common::cache[0m[2m:[0m [2msrc/common/cache/mod.rs[0m[2m:[0m[2m110:[0m sync to disk store quit!
[INFO] [stdout] test common::cache::tests::test_cache ... ok
[INFO] [stdout] test common::executor::tests::test_spawn_hundred_task ... ok
[INFO] [stdout] test common::executor::tests::test_schedule_at_fixed_rate ... ok
[INFO] [stdout] test common::executor::tests::test_schedule_at_fixed_delay ... ok
[INFO] [stdout] 
[INFO] [stdout] failures:
[INFO] [stdout] 
[INFO] [stdout] ---- common::remote::grpc::handlers::client_detection_request_handler::tests::test_request_reply stdout ----
[INFO] [stdout] thread 'common::remote::grpc::handlers::client_detection_request_handler::tests::test_request_reply' panicked at /opt/rustwide/cargo-home/registry/src/index.crates.io-6f17d22bba15001f/lazy_static-1.5.0/src/inline_lazy.rs:30:16:
[INFO] [stdout] Once instance has previously been poisoned
[INFO] [stdout] stack backtrace:
[INFO] [stdout]    0:     0x60358d5c75ba - std::backtrace_rs::backtrace::libunwind::trace::h5a5b8284f2d0c266
[INFO] [stdout]                                at /rustc/90b35a6239c3d8bdabc530a6a0816f7ff89a0aaf/library/std/src/../../backtrace/src/backtrace/libunwind.rs:116:5
[INFO] [stdout]    1:     0x60358d5c75ba - std::backtrace_rs::backtrace::trace_unsynchronized::h76d4f1c9b0b875e3
[INFO] [stdout]                                at /rustc/90b35a6239c3d8bdabc530a6a0816f7ff89a0aaf/library/std/src/../../backtrace/src/backtrace/mod.rs:66:5
[INFO] [stdout]    2:     0x60358d5c75ba - std::sys::backtrace::_print_fmt::hc4546b8364a537c6
[INFO] [stdout]                                at /rustc/90b35a6239c3d8bdabc530a6a0816f7ff89a0aaf/library/std/src/sys/backtrace.rs:66:9
[INFO] [stdout]    3:     0x60358d5c75ba - <std::sys::backtrace::BacktraceLock::print::DisplayBacktrace as core::fmt::Display>::fmt::h5b6bd5631a6d1f6b
[INFO] [stdout]                                at /rustc/90b35a6239c3d8bdabc530a6a0816f7ff89a0aaf/library/std/src/sys/backtrace.rs:39:26
[INFO] [stdout]    4:     0x60358d5f1233 - core::fmt::rt::Argument::fmt::h270f6602a2b96f62
[INFO] [stdout]                                at /rustc/90b35a6239c3d8bdabc530a6a0816f7ff89a0aaf/library/core/src/fmt/rt.rs:177:76
[INFO] [stdout]    5:     0x60358d5f1233 - core::fmt::write::h7550c97b06c86515
[INFO] [stdout]                                at /rustc/90b35a6239c3d8bdabc530a6a0816f7ff89a0aaf/library/core/src/fmt/mod.rs:1186:21
[INFO] [stdout]    6:     0x60358d5c3a03 - std::io::Write::write_fmt::h509ff860e5956e5e
[INFO] [stdout]                                at /rustc/90b35a6239c3d8bdabc530a6a0816f7ff89a0aaf/library/std/src/io/mod.rs:1839:15
[INFO] [stdout]    7:     0x60358d5c7402 - std::sys::backtrace::BacktraceLock::print::h2395ccd2c84ba3aa
[INFO] [stdout]                                at /rustc/90b35a6239c3d8bdabc530a6a0816f7ff89a0aaf/library/std/src/sys/backtrace.rs:42:9
[INFO] [stdout]    8:     0x60358d5c8a1a - std::panicking::default_hook::{{closure}}::he19d4c7230e07961
[INFO] [stdout]                                at /rustc/90b35a6239c3d8bdabc530a6a0816f7ff89a0aaf/library/std/src/panicking.rs:268:22
[INFO] [stdout]    9:     0x60358d5c8824 - std::panicking::default_hook::hf614597d3c67bbdb
[INFO] [stdout]                                at /rustc/90b35a6239c3d8bdabc530a6a0816f7ff89a0aaf/library/std/src/panicking.rs:292:9
[INFO] [stdout]   10:     0x60358d04b8a9 - <alloc::boxed::Box<F,A> as core::ops::function::Fn<Args>>::call::h39b51ce4599c23d1
[INFO] [stdout]                                at /rustc/90b35a6239c3d8bdabc530a6a0816f7ff89a0aaf/library/alloc/src/boxed.rs:2468:9
[INFO] [stdout]   11:     0x60358d04b8a9 - test::test_main::{{closure}}::he977ae839a582784
[INFO] [stdout]                                at /rustc/90b35a6239c3d8bdabc530a6a0816f7ff89a0aaf/library/test/src/lib.rs:133:21
[INFO] [stdout]   12:     0x60358d5c90b8 - <alloc::boxed::Box<F,A> as core::ops::function::Fn<Args>>::call::h9455091b6b06f9fb
[INFO] [stdout]                                at /rustc/90b35a6239c3d8bdabc530a6a0816f7ff89a0aaf/library/alloc/src/boxed.rs:2468:9
[INFO] [stdout]   13:     0x60358d5c90b8 - std::panicking::rust_panic_with_hook::h8942133a8b252070
[INFO] [stdout]                                at /rustc/90b35a6239c3d8bdabc530a6a0816f7ff89a0aaf/library/std/src/panicking.rs:809:13
[INFO] [stdout]   14:     0x60358d5c8e46 - std::panicking::begin_panic_handler::{{closure}}::hb5f5963570096b29
[INFO] [stdout]                                at /rustc/90b35a6239c3d8bdabc530a6a0816f7ff89a0aaf/library/std/src/panicking.rs:667:13
[INFO] [stdout]   15:     0x60358d5c7a99 - std::sys::backtrace::__rust_end_short_backtrace::h6208cedc1922feda
[INFO] [stdout]                                at /rustc/90b35a6239c3d8bdabc530a6a0816f7ff89a0aaf/library/std/src/sys/backtrace.rs:170:18
[INFO] [stdout]   16:     0x60358d5c8b0c - rust_begin_unwind
[INFO] [stdout]                                at /rustc/90b35a6239c3d8bdabc530a6a0816f7ff89a0aaf/library/std/src/panicking.rs:665:5
[INFO] [stdout]   17:     0x60358ca4c3a0 - core::panicking::panic_fmt::h0c3082644d1bf418
[INFO] [stdout]                                at /rustc/90b35a6239c3d8bdabc530a6a0816f7ff89a0aaf/library/core/src/panicking.rs:74:14
[INFO] [stdout]   18:     0x60358ca4b4c0 - std::sys::sync::once::futex::Once::call::hddfcaeb766e3f5ce
[INFO] [stdout]                                at /rustc/90b35a6239c3d8bdabc530a6a0816f7ff89a0aaf/library/std/src/sys/sync/once/futex.rs:149:21
[INFO] [stdout]   19:     0x60358ce7cf64 - std::sync::once::Once::call_once::h5e828c093f01cf0a
[INFO] [stdout]                                at /rustc/90b35a6239c3d8bdabc530a6a0816f7ff89a0aaf/library/std/src/sync/once.rs:158:9
[INFO] [stdout]   20:     0x60358cb5a1de - lazy_static::lazy::Lazy<T>::get::h8c7fd4cc30153eb7
[INFO] [stdout]                                at /opt/rustwide/cargo-home/registry/src/index.crates.io-6f17d22bba15001f/lazy_static-1.5.0/src/inline_lazy.rs:30:9
[INFO] [stdout]   21:     0x60358cb5a1de - <nacos_sdk::common::remote::grpc::message::LOCAL_IP as core::ops::deref::Deref>::deref::__stability::hbdc980aec94300b5
[INFO] [stdout]                                at /opt/rustwide/cargo-home/registry/src/index.crates.io-6f17d22bba15001f/lazy_static-1.5.0/src/lib.rs:135:21
[INFO] [stdout]   22:     0x60358cb5a1de - <nacos_sdk::common::remote::grpc::message::LOCAL_IP as core::ops::deref::Deref>::deref::h925ff5836b885a5c
[INFO] [stdout]                                at /opt/rustwide/cargo-home/registry/src/index.crates.io-6f17d22bba15001f/lazy_static-1.5.0/src/lib.rs:137:17
[INFO] [stdout]   23:     0x60358cb401d6 - nacos_sdk::common::remote::grpc::message::GrpcMessageBuilder<T>::new::h0c0bfc5777f0502a
[INFO] [stdout]                                at /opt/rustwide/workdir/src/common/remote/grpc/message/mod.rs:245:24
[INFO] [stdout]   24:     0x60358cd7f855 - nacos_sdk::common::remote::grpc::handlers::client_detection_request_handler::tests::test_request_reply::{{closure}}::h37692a15825db485
[INFO] [stdout]                                at /opt/rustwide/workdir/src/common/remote/grpc/handlers/client_detection_request_handler.rs:62:31
[INFO] [stdout]   25:     0x60358cbbe9a2 - <core::pin::Pin<P> as core::future::future::Future>::poll::h4a9418e5e7f7c1b6
[INFO] [stdout]                                at /rustc/90b35a6239c3d8bdabc530a6a0816f7ff89a0aaf/library/core/src/future/future.rs:123:9
[INFO] [stdout]   26:     0x60358cbbe4fd - <core::pin::Pin<P> as core::future::future::Future>::poll::h08f8ebfd184a8ca1
[INFO] [stdout]                                at /rustc/90b35a6239c3d8bdabc530a6a0816f7ff89a0aaf/library/core/src/future/future.rs:123:9
[INFO] [stdout]   27:     0x60358cd781bf - tokio::runtime::scheduler::current_thread::CoreGuard::block_on::{{closure}}::{{closure}}::{{closure}}::hdb3b36ee4446477f
[INFO] [stdout]                                at /opt/rustwide/cargo-home/registry/src/index.crates.io-6f17d22bba15001f/tokio-1.40.0/src/runtime/scheduler/current_thread/mod.rs:696:57
[INFO] [stdout]   28:     0x60358cd77c85 - tokio::runtime::coop::with_budget::h2be7c7e6ddf021f9
[INFO] [stdout]                                at /opt/rustwide/cargo-home/registry/src/index.crates.io-6f17d22bba15001f/tokio-1.40.0/src/runtime/coop.rs:107:5
[INFO] [stdout]   29:     0x60358cd77c85 - tokio::runtime::coop::budget::h05affdcd40428192
[INFO] [stdout]                                at /opt/rustwide/cargo-home/registry/src/index.crates.io-6f17d22bba15001f/tokio-1.40.0/src/runtime/coop.rs:73:5
[INFO] [stdout]   30:     0x60358cd77c85 - tokio::runtime::scheduler::current_thread::CoreGuard::block_on::{{closure}}::{{closure}}::hc67d700a94b476fb
[INFO] [stdout]                                at /opt/rustwide/cargo-home/registry/src/index.crates.io-6f17d22bba15001f/tokio-1.40.0/src/runtime/scheduler/current_thread/mod.rs:696:25
[INFO] [stdout]   31:     0x60358cd73330 - tokio::runtime::scheduler::current_thread::Context::enter::hc49c88e6d72564b1
[INFO] [stdout]                                at /opt/rustwide/cargo-home/registry/src/index.crates.io-6f17d22bba15001f/tokio-1.40.0/src/runtime/scheduler/current_thread/mod.rs:423:19
[INFO] [stdout]   32:     0x60358cd7696e - tokio::runtime::scheduler::current_thread::CoreGuard::block_on::{{closure}}::h65b1784b5069a075
[INFO] [stdout]                                at /opt/rustwide/cargo-home/registry/src/index.crates.io-6f17d22bba15001f/tokio-1.40.0/src/runtime/scheduler/current_thread/mod.rs:695:36
[INFO] [stdout]   33:     0x60358cd75344 - tokio::runtime::scheduler::current_thread::CoreGuard::enter::{{closure}}::hee71ea7b64db8dcb
[INFO] [stdout]                                at /opt/rustwide/cargo-home/registry/src/index.crates.io-6f17d22bba15001f/tokio-1.40.0/src/runtime/scheduler/current_thread/mod.rs:774:68
[INFO] [stdout]   34:     0x60358cde18bb - tokio::runtime::context::scoped::Scoped<T>::set::h546b0e78886118a4
[INFO] [stdout]                                at /opt/rustwide/cargo-home/registry/src/index.crates.io-6f17d22bba15001f/tokio-1.40.0/src/runtime/context/scoped.rs:40:9
[INFO] [stdout]   35:     0x60358cc18ce9 - tokio::runtime::context::set_scheduler::{{closure}}::h318c2fc60f38c018
[INFO] [stdout]                                at /opt/rustwide/cargo-home/registry/src/index.crates.io-6f17d22bba15001f/tokio-1.40.0/src/runtime/context.rs:180:26
[INFO] [stdout]   36:     0x60358cf786ed - std::thread::local::LocalKey<T>::try_with::hc6de0a7a7590fc75
[INFO] [stdout]                                at /rustc/90b35a6239c3d8bdabc530a6a0816f7ff89a0aaf/library/std/src/thread/local.rs:283:12
[INFO] [stdout]   37:     0x60358cf761aa - std::thread::local::LocalKey<T>::with::h1cca7e5959c193c5
[INFO] [stdout]                                at /rustc/90b35a6239c3d8bdabc530a6a0816f7ff89a0aaf/library/std/src/thread/local.rs:260:9
[INFO] [stdout]   38:     0x60358cc18bbd - tokio::runtime::context::set_scheduler::h64159e87a6d2f68e
[INFO] [stdout]                                at /opt/rustwide/cargo-home/registry/src/index.crates.io-6f17d22bba15001f/tokio-1.40.0/src/runtime/context.rs:180:9
[INFO] [stdout]   39:     0x60358cd74bf0 - tokio::runtime::scheduler::current_thread::CoreGuard::enter::ha6bb407f72cf5d48
[INFO] [stdout]                                at /opt/rustwide/cargo-home/registry/src/index.crates.io-6f17d22bba15001f/tokio-1.40.0/src/runtime/scheduler/current_thread/mod.rs:774:27
[INFO] [stdout]   40:     0x60358cd753e3 - tokio::runtime::scheduler::current_thread::CoreGuard::block_on::h85c55de7d4cedc92
[INFO] [stdout]                                at /opt/rustwide/cargo-home/registry/src/index.crates.io-6f17d22bba15001f/tokio-1.40.0/src/runtime/scheduler/current_thread/mod.rs:683:19
[INFO] [stdout]   41:     0x60358cd6674a - tokio::runtime::scheduler::current_thread::CurrentThread::block_on::{{closure}}::hcfd6c731598e5fc6
[INFO] [stdout]                                at /opt/rustwide/cargo-home/registry/src/index.crates.io-6f17d22bba15001f/tokio-1.40.0/src/runtime/scheduler/current_thread/mod.rs:191:28
[INFO] [stdout]   42:     0x60358ce12b26 - tokio::runtime::context::runtime::enter_runtime::h9f72bff81c3b07e6
[INFO] [stdout]                                at /opt/rustwide/cargo-home/registry/src/index.crates.io-6f17d22bba15001f/tokio-1.40.0/src/runtime/context/runtime.rs:65:16
[INFO] [stdout]   43:     0x60358cd65b21 - tokio::runtime::scheduler::current_thread::CurrentThread::block_on::hf7e33864f398d8a0
[INFO] [stdout]                                at /opt/rustwide/cargo-home/registry/src/index.crates.io-6f17d22bba15001f/tokio-1.40.0/src/runtime/scheduler/current_thread/mod.rs:179:9
[INFO] [stdout]   44:     0x60358cf8999d - tokio::runtime::runtime::Runtime::block_on_inner::hdad2cf5ae968e850
[INFO] [stdout]                                at /opt/rustwide/cargo-home/registry/src/index.crates.io-6f17d22bba15001f/tokio-1.40.0/src/runtime/runtime.rs:361:47
[INFO] [stdout]   45:     0x60358cf8dd35 - tokio::runtime::runtime::Runtime::block_on::h9666c65159812a9d
[INFO] [stdout]                                at /opt/rustwide/cargo-home/registry/src/index.crates.io-6f17d22bba15001f/tokio-1.40.0/src/runtime/runtime.rs:335:13
[INFO] [stdout]   46:     0x60358cd7f52f - nacos_sdk::common::remote::grpc::handlers::client_detection_request_handler::tests::test_request_reply::h6fc6f8c60676c570
[INFO] [stdout]                                at /opt/rustwide/workdir/src/common/remote/grpc/handlers/client_detection_request_handler.rs:80:9
[INFO] [stdout]   47:     0x60358cd7f3e7 - nacos_sdk::common::remote::grpc::handlers::client_detection_request_handler::tests::test_request_reply::{{closure}}::hef20da8957166e5a
[INFO] [stdout]                                at /opt/rustwide/workdir/src/common/remote/grpc/handlers/client_detection_request_handler.rs:59:38
[INFO] [stdout]   48:     0x60358cb601d6 - core::ops::function::FnOnce::call_once::h7eab58dc508fecdb
[INFO] [stdout]                                at /rustc/90b35a6239c3d8bdabc530a6a0816f7ff89a0aaf/library/core/src/ops/function.rs:250:5
[INFO] [stdout]   49:     0x60358d05026b - core::ops::function::FnOnce::call_once::h109cf8051a59b34e
[INFO] [stdout]                                at /rustc/90b35a6239c3d8bdabc530a6a0816f7ff89a0aaf/library/core/src/ops/function.rs:250:5
[INFO] [stdout]   50:     0x60358d05026b - test::__rust_begin_short_backtrace::hf4fff89d377446ba
[INFO] [stdout]                                at /rustc/90b35a6239c3d8bdabc530a6a0816f7ff89a0aaf/library/test/src/lib.rs:621:18
[INFO] [stdout]   51:     0x60358d04faa7 - test::run_test_in_process::{{closure}}::h0e39181dd7ee5a43
[INFO] [stdout]                                at /rustc/90b35a6239c3d8bdabc530a6a0816f7ff89a0aaf/library/test/src/lib.rs:644:60
[INFO] [stdout]   52:     0x60358d04faa7 - <core::panic::unwind_safe::AssertUnwindSafe<F> as core::ops::function::FnOnce<()>>::call_once::hc5a66a30f0bdfd1f
[INFO] [stdout]                                at /rustc/90b35a6239c3d8bdabc530a6a0816f7ff89a0aaf/library/core/src/panic/unwind_safe.rs:272:9
[INFO] [stdout]   53:     0x60358d04faa7 - std::panicking::try::do_call::h873b7cf639554a5e
[INFO] [stdout]                                at /rustc/90b35a6239c3d8bdabc530a6a0816f7ff89a0aaf/library/std/src/panicking.rs:557:40
[INFO] [stdout]   54:     0x60358d04faa7 - std::panicking::try::hdb19862fad9c8bd1
[INFO] [stdout]                                at /rustc/90b35a6239c3d8bdabc530a6a0816f7ff89a0aaf/library/std/src/panicking.rs:520:19
[INFO] [stdout]   55:     0x60358d04faa7 - std::panic::catch_unwind::h281fe732d236d260
[INFO] [stdout]                                at /rustc/90b35a6239c3d8bdabc530a6a0816f7ff89a0aaf/library/std/src/panic.rs:358:14
[INFO] [stdout]   56:     0x60358d04faa7 - test::run_test_in_process::h949b6df8457ed338
[INFO] [stdout]                                at /rustc/90b35a6239c3d8bdabc530a6a0816f7ff89a0aaf/library/test/src/lib.rs:644:27
[INFO] [stdout]   57:     0x60358d04faa7 - test::run_test::{{closure}}::h52c556a6d4740e10
[INFO] [stdout]                                at /rustc/90b35a6239c3d8bdabc530a6a0816f7ff89a0aaf/library/test/src/lib.rs:565:43
[INFO] [stdout]   58:     0x60358d014d84 - test::run_test::{{closure}}::h4237f6381c45ccb9
[INFO] [stdout]                                at /rustc/90b35a6239c3d8bdabc530a6a0816f7ff89a0aaf/library/test/src/lib.rs:595:41
[INFO] [stdout]   59:     0x60358d014d84 - std::sys::backtrace::__rust_begin_short_backtrace::h505c97a579eca628
[INFO] [stdout]                                at /rustc/90b35a6239c3d8bdabc530a6a0816f7ff89a0aaf/library/std/src/sys/backtrace.rs:154:18
[INFO] [stdout]   60:     0x60358d01844e - std::thread::Builder::spawn_unchecked_::{{closure}}::{{closure}}::h9e86b2e2bc107ea3
[INFO] [stdout]                                at /rustc/90b35a6239c3d8bdabc530a6a0816f7ff89a0aaf/library/std/src/thread/mod.rs:538:17
[INFO] [stdout]   61:     0x60358d01844e - <core::panic::unwind_safe::AssertUnwindSafe<F> as core::ops::function::FnOnce<()>>::call_once::h8b06ddb275ff4a25
[INFO] [stdout]                                at /rustc/90b35a6239c3d8bdabc530a6a0816f7ff89a0aaf/library/core/src/panic/unwind_safe.rs:272:9
[INFO] [stdout]   62:     0x60358d01844e - std::panicking::try::do_call::hb26ecd7cd9a9355d
[INFO] [stdout]                                at /rustc/90b35a6239c3d8bdabc530a6a0816f7ff89a0aaf/library/std/src/panicking.rs:557:40
[INFO] [stdout]   63:     0x60358d01844e - std::panicking::try::h8ddeca9d705f9069
[INFO] [stdout]                                at /rustc/90b35a6239c3d8bdabc530a6a0816f7ff89a0aaf/library/std/src/panicking.rs:520:19
[INFO] [stdout]   64:     0x60358d01844e - std::panic::catch_unwind::h49e1c33078844c46
[INFO] [stdout]                                at /rustc/90b35a6239c3d8bdabc530a6a0816f7ff89a0aaf/library/std/src/panic.rs:358:14
[INFO] [stdout]   65:     0x60358d01844e - std::thread::Builder::spawn_unchecked_::{{closure}}::h6073db6ff56ad35d
[INFO] [stdout]                                at /rustc/90b35a6239c3d8bdabc530a6a0816f7ff89a0aaf/library/std/src/thread/mod.rs:537:30
[INFO] [stdout]   66:     0x60358d01844e - core::ops::function::FnOnce::call_once{{vtable.shim}}::h2c5a5f3779c774f1
[INFO] [stdout]                                at /rustc/90b35a6239c3d8bdabc530a6a0816f7ff89a0aaf/library/core/src/ops/function.rs:250:5
[INFO] [stdout]   67:     0x60358d5cd94b - <alloc::boxed::Box<F,A> as core::ops::function::FnOnce<Args>>::call_once::hf75717d9f28faebf
[INFO] [stdout]                                at /rustc/90b35a6239c3d8bdabc530a6a0816f7ff89a0aaf/library/alloc/src/boxed.rs:2454:9
[INFO] [stdout]   68:     0x60358d5cd94b - <alloc::boxed::Box<F,A> as core::ops::function::FnOnce<Args>>::call_once::h7bd883a5f3c5f3c1
[INFO] [stdout]                                at /rustc/90b35a6239c3d8bdabc530a6a0816f7ff89a0aaf/library/alloc/src/boxed.rs:2454:9
[INFO] [stdout]   69:     0x60358d5cd94b - std::sys::pal::unix::thread::Thread::new::thread_start::hcc78f3943333fa94
[INFO] [stdout]                                at /rustc/90b35a6239c3d8bdabc530a6a0816f7ff89a0aaf/library/std/src/sys/pal/unix/thread.rs:105:17
[INFO] [stdout]   70:     0x7d9460291ac3 - <unknown>
[INFO] [stdout]   71:     0x7d9460322a04 - clone
[INFO] [stdout]   72:                0x0 - <unknown>
[INFO] [stdout] 
[INFO] [stdout] ---- common::remote::grpc::nacos_grpc_client::tests::test_send_request stdout ----
[INFO] [stdout] thread 'common::remote::grpc::nacos_grpc_client::tests::test_send_request' panicked at src/common/remote/grpc/message/mod.rs:234:58:
[INFO] [stdout] called `Option::unwrap()` on a `None` value
[INFO] [stdout] stack backtrace:
[INFO] [stdout]    0:     0x60358d5c75ba - std::backtrace_rs::backtrace::libunwind::trace::h5a5b8284f2d0c266
[INFO] [stdout]                                at /rustc/90b35a6239c3d8bdabc530a6a0816f7ff89a0aaf/library/std/src/../../backtrace/src/backtrace/libunwind.rs:116:5
[INFO] [stdout]    1:     0x60358d5c75ba - std::backtrace_rs::backtrace::trace_unsynchronized::h76d4f1c9b0b875e3
[INFO] [stdout]                                at /rustc/90b35a6239c3d8bdabc530a6a0816f7ff89a0aaf/library/std/src/../../backtrace/src/backtrace/mod.rs:66:5
[INFO] [stdout]    2:     0x60358d5c75ba - std::sys::backtrace::_print_fmt::hc4546b8364a537c6
[INFO] [stdout]                                at /rustc/90b35a6239c3d8bdabc530a6a0816f7ff89a0aaf/library/std/src/sys/backtrace.rs:66:9
[INFO] [stdout]    3:     0x60358d5c75ba - <std::sys::backtrace::BacktraceLock::print::DisplayBacktrace as core::fmt::Display>::fmt::h5b6bd5631a6d1f6b
[INFO] [stdout]                                at /rustc/90b35a6239c3d8bdabc530a6a0816f7ff89a0aaf/library/std/src/sys/backtrace.rs:39:26
[INFO] [stdout]    4:     0x60358d5f1233 - core::fmt::rt::Argument::fmt::h270f6602a2b96f62
[INFO] [stdout]                                at /rustc/90b35a6239c3d8bdabc530a6a0816f7ff89a0aaf/library/core/src/fmt/rt.rs:177:76
[INFO] [stdout]    5:     0x60358d5f1233 - core::fmt::write::h7550c97b06c86515
[INFO] [stdout]                                at /rustc/90b35a6239c3d8bdabc530a6a0816f7ff89a0aaf/library/core/src/fmt/mod.rs:1186:21
[INFO] [stdout]    6:     0x60358d5c3a03 - std::io::Write::write_fmt::h509ff860e5956e5e
[INFO] [stdout]                                at /rustc/90b35a6239c3d8bdabc530a6a0816f7ff89a0aaf/library/std/src/io/mod.rs:1839:15
[INFO] [stdout]    7:     0x60358d5c7402 - std::sys::backtrace::BacktraceLock::print::h2395ccd2c84ba3aa
[INFO] [stdout]                                at /rustc/90b35a6239c3d8bdabc530a6a0816f7ff89a0aaf/library/std/src/sys/backtrace.rs:42:9
[INFO] [stdout]    8:     0x60358d5c8a1a - std::panicking::default_hook::{{closure}}::he19d4c7230e07961
[INFO] [stdout]                                at /rustc/90b35a6239c3d8bdabc530a6a0816f7ff89a0aaf/library/std/src/panicking.rs:268:22
[INFO] [stdout]    9:     0x60358d5c8824 - std::panicking::default_hook::hf614597d3c67bbdb
[INFO] [stdout]                                at /rustc/90b35a6239c3d8bdabc530a6a0816f7ff89a0aaf/library/std/src/panicking.rs:292:9
[INFO] [stdout]   10:     0x60358d04b8a9 - <alloc::boxed::Box<F,A> as core::ops::function::Fn<Args>>::call::h39b51ce4599c23d1
[INFO] [stdout]                                at /rustc/90b35a6239c3d8bdabc530a6a0816f7ff89a0aaf/library/alloc/src/boxed.rs:2468:9
[INFO] [stdout]   11:     0x60358d04b8a9 - test::test_main::{{closure}}::he977ae839a582784
[INFO] [stdout]                                at /rustc/90b35a6239c3d8bdabc530a6a0816f7ff89a0aaf/library/test/src/lib.rs:133:21
[INFO] [stdout]   12:     0x60358d5c90b8 - <alloc::boxed::Box<F,A> as core::ops::function::Fn<Args>>::call::h9455091b6b06f9fb
[INFO] [stdout]                                at /rustc/90b35a6239c3d8bdabc530a6a0816f7ff89a0aaf/library/alloc/src/boxed.rs:2468:9
[INFO] [stdout]   13:     0x60358d5c90b8 - std::panicking::rust_panic_with_hook::h8942133a8b252070
[INFO] [stdout]                                at /rustc/90b35a6239c3d8bdabc530a6a0816f7ff89a0aaf/library/std/src/panicking.rs:809:13
[INFO] [stdout]   14:     0x60358d5c8e46 - std::panicking::begin_panic_handler::{{closure}}::hb5f5963570096b29
[INFO] [stdout]                                at /rustc/90b35a6239c3d8bdabc530a6a0816f7ff89a0aaf/library/std/src/panicking.rs:667:13
[INFO] [stdout]   15:     0x60358d5c7a99 - std::sys::backtrace::__rust_end_short_backtrace::h6208cedc1922feda
[INFO] [stdout]                                at /rustc/90b35a6239c3d8bdabc530a6a0816f7ff89a0aaf/library/std/src/sys/backtrace.rs:170:18
[INFO] [stdout]   16:     0x60358d5c8b0c - rust_begin_unwind
[INFO] [stdout]                                at /rustc/90b35a6239c3d8bdabc530a6a0816f7ff89a0aaf/library/std/src/panicking.rs:665:5
[INFO] [stdout]   17:     0x60358ca4c3a0 - core::panicking::panic_fmt::h0c3082644d1bf418
[INFO] [stdout]                                at /rustc/90b35a6239c3d8bdabc530a6a0816f7ff89a0aaf/library/core/src/panicking.rs:74:14
[INFO] [stdout]   18:     0x60358ca4c42c - core::panicking::panic::h957f98c65a3b3074
[INFO] [stdout]                                at /rustc/90b35a6239c3d8bdabc530a6a0816f7ff89a0aaf/library/core/src/panicking.rs:148:5
[INFO] [stdout]   19:     0x60358ca4c319 - core::option::unwrap_failed::h098b0d47c83374d6
[INFO] [stdout]                                at /rustc/90b35a6239c3d8bdabc530a6a0816f7ff89a0aaf/library/core/src/option.rs:2012:5
[INFO] [stdout]   20:     0x60358cb619e1 - core::option::Option<T>::unwrap::hda7ee58bcf34d4ec
[INFO] [stdout]                                at /rustc/90b35a6239c3d8bdabc530a6a0816f7ff89a0aaf/library/core/src/option.rs:972:21
[INFO] [stdout]   21:     0x60358cb619e1 - <nacos_sdk::common::remote::grpc::message::LOCAL_IP as core::ops::deref::Deref>::deref::__static_ref_initialize::hed7bb65b75c3f8a5
[INFO] [stdout]                                at /opt/rustwide/workdir/src/common/remote/grpc/message/mod.rs:234:35
[INFO] [stdout]   22:     0x60358cb619e1 - core::ops::function::FnOnce::call_once::h9e8d4bcd91fe9739
[INFO] [stdout]                                at /rustc/90b35a6239c3d8bdabc530a6a0816f7ff89a0aaf/library/core/src/ops/function.rs:250:5
[INFO] [stdout]   23:     0x60358cee106f - lazy_static::lazy::Lazy<T>::get::{{closure}}::h7b709ea0c382fdb2
[INFO] [stdout]                                at /opt/rustwide/cargo-home/registry/src/index.crates.io-6f17d22bba15001f/lazy_static-1.5.0/src/inline_lazy.rs:31:41
[INFO] [stdout]   24:     0x60358ce7d2d8 - std::sync::once::Once::call_once::{{closure}}::h66c6cd33b196fbb3
[INFO] [stdout]                                at /rustc/90b35a6239c3d8bdabc530a6a0816f7ff89a0aaf/library/std/src/sync/once.rs:158:41
[INFO] [stdout]   25:     0x60358ca4b4e3 - std::sys::sync::once::futex::Once::call::hddfcaeb766e3f5ce
[INFO] [stdout]                                at /rustc/90b35a6239c3d8bdabc530a6a0816f7ff89a0aaf/library/std/src/sys/sync/once/futex.rs:177:21
[INFO] [stdout]   26:     0x60358ce7cf64 - std::sync::once::Once::call_once::h5e828c093f01cf0a
[INFO] [stdout]                                at /rustc/90b35a6239c3d8bdabc530a6a0816f7ff89a0aaf/library/std/src/sync/once.rs:158:9
[INFO] [stdout]   27:     0x60358cb5a1de - lazy_static::lazy::Lazy<T>::get::h8c7fd4cc30153eb7
[INFO] [stdout]                                at /opt/rustwide/cargo-home/registry/src/index.crates.io-6f17d22bba15001f/lazy_static-1.5.0/src/inline_lazy.rs:30:9
[INFO] [stdout]   28:     0x60358cb5a1de - <nacos_sdk::common::remote::grpc::message::LOCAL_IP as core::ops::deref::Deref>::deref::__stability::hbdc980aec94300b5
[INFO] [stdout]                                at /opt/rustwide/cargo-home/registry/src/index.crates.io-6f17d22bba15001f/lazy_static-1.5.0/src/lib.rs:135:21
[INFO] [stdout]   29:     0x60358cb5a1de - <nacos_sdk::common::remote::grpc::message::LOCAL_IP as core::ops::deref::Deref>::deref::h925ff5836b885a5c
[INFO] [stdout]                                at /opt/rustwide/cargo-home/registry/src/index.crates.io-6f17d22bba15001f/lazy_static-1.5.0/src/lib.rs:137:17
[INFO] [stdout]   30:     0x60358cb41766 - nacos_sdk::common::remote::grpc::message::GrpcMessageBuilder<T>::new::he39b470fe17698f3
[INFO] [stdout]                                at /opt/rustwide/workdir/src/common/remote/grpc/message/mod.rs:245:24
[INFO] [stdout]   31:     0x60358cf21a75 - nacos_sdk::common::remote::grpc::nacos_grpc_client::NacosGrpcClient::send_request::{{closure}}::{{closure}}::h5246e19d73f33d2a
[INFO] [stdout]                                at /opt/rustwide/workdir/src/common/remote/grpc/nacos_grpc_client.rs:47:28
[INFO] [stdout]   32:     0x60358ccaa6a3 - <tracing::instrument::Instrumented<T> as core::future::future::Future>::poll::h167a7b3c4a829c30
[INFO] [stdout]                                at /opt/rustwide/cargo-home/registry/src/index.crates.io-6f17d22bba15001f/tracing-0.1.40/src/instrument.rs:321:9
[INFO] [stdout]   33:     0x60358cf1b624 - nacos_sdk::common::remote::grpc::nacos_grpc_client::NacosGrpcClient::send_request::{{closure}}::he09f4723a3111355
[INFO] [stdout]                                at /opt/rustwide/workdir/src/common/remote/grpc/nacos_grpc_client.rs:32:5
[INFO] [stdout]   34:     0x60358cc5bc5d - nacos_sdk::common::remote::grpc::nacos_grpc_client::tests::test_send_request::{{closure}}::h5411d2a37096222d
[INFO] [stdout]                                at /opt/rustwide/workdir/src/common/remote/grpc/nacos_grpc_client.rs:478:14
[INFO] [stdout]   35:     0x60358cbbe9a2 - <core::pin::Pin<P> as core::future::future::Future>::poll::h4a9418e5e7f7c1b6
[INFO] [stdout]                                at /rustc/90b35a6239c3d8bdabc530a6a0816f7ff89a0aaf/library/core/src/future/future.rs:123:9
[INFO] [stdout]   36:     0x60358cbbe4fd - <core::pin::Pin<P> as core::future::future::Future>::poll::h08f8ebfd184a8ca1
[INFO] [stdout]                                at /rustc/90b35a6239c3d8bdabc530a6a0816f7ff89a0aaf/library/core/src/future/future.rs:123:9
[INFO] [stdout]   37:     0x60358cd781bf - tokio::runtime::scheduler::current_thread::CoreGuard::block_on::{{closure}}::{{closure}}::{{closure}}::hdb3b36ee4446477f
[INFO] [stdout]                                at /opt/rustwide/cargo-home/registry/src/index.crates.io-6f17d22bba15001f/tokio-1.40.0/src/runtime/scheduler/current_thread/mod.rs:696:57
[INFO] [stdout]   38:     0x60358cd77c85 - tokio::runtime::coop::with_budget::h2be7c7e6ddf021f9
[INFO] [stdout]                                at /opt/rustwide/cargo-home/registry/src/index.crates.io-6f17d22bba15001f/tokio-1.40.0/src/runtime/coop.rs:107:5
[INFO] [stdout]   39:     0x60358cd77c85 - tokio::runtime::coop::budget::h05affdcd40428192
[INFO] [stdout]                                at /opt/rustwide/cargo-home/registry/src/index.crates.io-6f17d22bba15001f/tokio-1.40.0/src/runtime/coop.rs:73:5
[INFO] [stdout]   40:     0x60358cd77c85 - tokio::runtime::scheduler::current_thread::CoreGuard::block_on::{{closure}}::{{closure}}::hc67d700a94b476fb
[INFO] [stdout]                                at /opt/rustwide/cargo-home/registry/src/index.crates.io-6f17d22bba15001f/tokio-1.40.0/src/runtime/scheduler/current_thread/mod.rs:696:25
[INFO] [stdout]   41:     0x60358cd73330 - tokio::runtime::scheduler::current_thread::Context::enter::hc49c88e6d72564b1
[INFO] [stdout]                                at /opt/rustwide/cargo-home/registry/src/index.crates.io-6f17d22bba15001f/tokio-1.40.0/src/runtime/scheduler/current_thread/mod.rs:423:19
[INFO] [stdout]   42:     0x60358cd7696e - tokio::runtime::scheduler::current_thread::CoreGuard::block_on::{{closure}}::h65b1784b5069a075
[INFO] [stdout]                                at /opt/rustwide/cargo-home/registry/src/index.crates.io-6f17d22bba15001f/tokio-1.40.0/src/runtime/scheduler/current_thread/mod.rs:695:36
[INFO] [stdout]   43:     0x60358cd75344 - tokio::runtime::scheduler::current_thread::CoreGuard::enter::{{closure}}::hee71ea7b64db8dcb
[INFO] [stdout]                                at /opt/rustwide/cargo-home/registry/src/index.crates.io-6f17d22bba15001f/tokio-1.40.0/src/runtime/scheduler/current_thread/mod.rs:774:68
[INFO] [stdout]   44:     0x60358cde18bb - tokio::runtime::context::scoped::Scoped<T>::set::h546b0e78886118a4
[INFO] [stdout]                                at /opt/rustwide/cargo-home/registry/src/index.crates.io-6f17d22bba15001f/tokio-1.40.0/src/runtime/context/scoped.rs:40:9
[INFO] [stdout]   45:     0x60358cc18ce9 - tokio::runtime::context::set_scheduler::{{closure}}::h318c2fc60f38c018
[INFO] [stdout]                                at /opt/rustwide/cargo-home/registry/src/index.crates.io-6f17d22bba15001f/tokio-1.40.0/src/runtime/context.rs:180:26
[INFO] [stdout]   46:     0x60358cf786ed - std::thread::local::LocalKey<T>::try_with::hc6de0a7a7590fc75
[INFO] [stdout]                                at /rustc/90b35a6239c3d8bdabc530a6a0816f7ff89a0aaf/library/std/src/thread/local.rs:283:12
[INFO] [stdout]   47:     0x60358cf761aa - std::thread::local::LocalKey<T>::with::h1cca7e5959c193c5
[INFO] [stdout]                                at /rustc/90b35a6239c3d8bdabc530a6a0816f7ff89a0aaf/library/std/src/thread/local.rs:260:9
[INFO] [stdout]   48:     0x60358cc18bbd - tokio::runtime::context::set_scheduler::h64159e87a6d2f68e
[INFO] [stdout]                                at /opt/rustwide/cargo-home/registry/src/index.crates.io-6f17d22bba15001f/tokio-1.40.0/src/runtime/context.rs:180:9
[INFO] [stdout]   49:     0x60358cd74bf0 - tokio::runtime::scheduler::current_thread::CoreGuard::enter::ha6bb407f72cf5d48
[INFO] [stdout]                                at /opt/rustwide/cargo-home/registry/src/index.crates.io-6f17d22bba15001f/tokio-1.40.0/src/runtime/scheduler/current_thread/mod.rs:774:27
[INFO] [stdout]   50:     0x60358cd753e3 - tokio::runtime::scheduler::current_thread::CoreGuard::block_on::h85c55de7d4cedc92
[INFO] [stdout]                                at /opt/rustwide/cargo-home/registry/src/index.crates.io-6f17d22bba15001f/tokio-1.40.0/src/runtime/scheduler/current_thread/mod.rs:683:19
[INFO] [stdout]   51:     0x60358cd6674a - tokio::runtime::scheduler::current_thread::CurrentThread::block_on::{{closure}}::hcfd6c731598e5fc6
[INFO] [stdout]                                at /opt/rustwide/cargo-home/registry/src/index.crates.io-6f17d22bba15001f/tokio-1.40.0/src/runtime/scheduler/current_thread/mod.rs:191:28
[INFO] [stdout]   52:     0x60358ce12b26 - tokio::runtime::context::runtime::enter_runtime::h9f72bff81c3b07e6
[INFO] [stdout]                                at /opt/rustwide/cargo-home/registry/src/index.crates.io-6f17d22bba15001f/tokio-1.40.0/src/runtime/context/runtime.rs:65:16
[INFO] [stdout]   53:     0x60358cd65b21 - tokio::runtime::scheduler::current_thread::CurrentThread::block_on::hf7e33864f398d8a0
[INFO] [stdout]                                at /opt/rustwide/cargo-home/registry/src/index.crates.io-6f17d22bba15001f/tokio-1.40.0/src/runtime/scheduler/current_thread/mod.rs:179:9
[INFO] [stdout]   54:     0x60358cf8999d - tokio::runtime::runtime::Runtime::block_on_inner::hdad2cf5ae968e850
[INFO] [stdout]                                at /opt/rustwide/cargo-home/registry/src/index.crates.io-6f17d22bba15001f/tokio-1.40.0/src/runtime/runtime.rs:361:47
[INFO] [stdout]   55:     0x60358cf8dd35 - tokio::runtime::runtime::Runtime::block_on::h9666c65159812a9d
[INFO] [stdout]                                at /opt/rustwide/cargo-home/registry/src/index.crates.io-6f17d22bba15001f/tokio-1.40.0/src/runtime/runtime.rs:335:13
[INFO] [stdout]   56:     0x60358cc5b691 - nacos_sdk::common::remote::grpc::nacos_grpc_client::tests::test_send_request::h98a371d36d62a1fe
[INFO] [stdout]                                at /opt/rustwide/workdir/src/common/remote/grpc/nacos_grpc_client.rs:481:9
[INFO] [stdout]   57:     0x60358cc5b537 - nacos_sdk::common::remote::grpc::nacos_grpc_client::tests::test_send_request::{{closure}}::hc2da982ac868fe75
[INFO] [stdout]                                at /opt/rustwide/workdir/src/common/remote/grpc/nacos_grpc_client.rs:439:37
[INFO] [stdout]   58:     0x60358cb5f346 - core::ops::function::FnOnce::call_once::h680e8662ea6ceea2
[INFO] [stdout]                                at /rustc/90b35a6239c3d8bdabc530a6a0816f7ff89a0aaf/library/core/src/ops/function.rs:250:5
[INFO] [stdout]   59:     0x60358d05026b - core::ops::function::FnOnce::call_once::h109cf8051a59b34e
[INFO] [stdout]                                at /rustc/90b35a6239c3d8bdabc530a6a0816f7ff89a0aaf/library/core/src/ops/function.rs:250:5
[INFO] [stdout]   60:     0x60358d05026b - test::__rust_begin_short_backtrace::hf4fff89d377446ba
[INFO] [stdout]                                at /rustc/90b35a6239c3d8bdabc530a6a0816f7ff89a0aaf/library/test/src/lib.rs:621:18
[INFO] [stdout]   61:     0x60358d04faa7 - test::run_test_in_process::{{closure}}::h0e39181dd7ee5a43
[INFO] [stdout]                                at /rustc/90b35a6239c3d8bdabc530a6a0816f7ff89a0aaf/library/test/src/lib.rs:644:60
[INFO] [stdout]   62:     0x60358d04faa7 - <core::panic::unwind_safe::AssertUnwindSafe<F> as core::ops::function::FnOnce<()>>::call_once::hc5a66a30f0bdfd1f
[INFO] [stdout]                                at /rustc/90b35a6239c3d8bdabc530a6a0816f7ff89a0aaf/library/core/src/panic/unwind_safe.rs:272:9
[INFO] [stdout]   63:     0x60358d04faa7 - std::panicking::try::do_call::h873b7cf639554a5e
[INFO] [stdout]                                at /rustc/90b35a6239c3d8bdabc530a6a0816f7ff89a0aaf/library/std/src/panicking.rs:557:40
[INFO] [stdout]   64:     0x60358d04faa7 - std::panicking::try::hdb19862fad9c8bd1
[INFO] [stdout]                                at /rustc/90b35a6239c3d8bdabc530a6a0816f7ff89a0aaf/library/std/src/panicking.rs:520:19
[INFO] [stdout]   65:     0x60358d04faa7 - std::panic::catch_unwind::h281fe732d236d260
[INFO] [stdout]                                at /rustc/90b35a6239c3d8bdabc530a6a0816f7ff89a0aaf/library/std/src/panic.rs:358:14
[INFO] [stdout]   66:     0x60358d04faa7 - test::run_test_in_process::h949b6df8457ed338
[INFO] [stdout]                                at /rustc/90b35a6239c3d8bdabc530a6a0816f7ff89a0aaf/library/test/src/lib.rs:644:27
[INFO] [stdout]   67:     0x60358d04faa7 - test::run_test::{{closure}}::h52c556a6d4740e10
[INFO] [stdout]                                at /rustc/90b35a6239c3d8bdabc530a6a0816f7ff89a0aaf/library/test/src/lib.rs:565:43
[INFO] [stdout]   68:     0x60358d014d84 - test::run_test::{{closure}}::h4237f6381c45ccb9
[INFO] [stdout]                                at /rustc/90b35a6239c3d8bdabc530a6a0816f7ff89a0aaf/library/test/src/lib.rs:595:41
[INFO] [stdout]   69:     0x60358d014d84 - std::sys::backtrace::__rust_begin_short_backtrace::h505c97a579eca628
[INFO] [stdout]                                at /rustc/90b35a6239c3d8bdabc530a6a0816f7ff89a0aaf/library/std/src/sys/backtrace.rs:154:18
[INFO] [stdout]   70:     0x60358d01844e - std::thread::Builder::spawn_unchecked_::{{closure}}::{{closure}}::h9e86b2e2bc107ea3
[INFO] [stdout]                                at /rustc/90b35a6239c3d8bdabc530a6a0816f7ff89a0aaf/library/std/src/thread/mod.rs:538:17
[INFO] [stdout]   71:     0x60358d01844e - <core::panic::unwind_safe::AssertUnwindSafe<F> as core::ops::function::FnOnce<()>>::call_once::h8b06ddb275ff4a25
[INFO] [stdout]                                at /rustc/90b35a6239c3d8bdabc530a6a0816f7ff89a0aaf/library/core/src/panic/unwind_safe.rs:272:9
[INFO] [stdout]   72:     0x60358d01844e - std::panicking::try::do_call::hb26ecd7cd9a9355d
[INFO] [stdout]                                at /rustc/90b35a6239c3d8bdabc530a6a0816f7ff89a0aaf/library/std/src/panicking.rs:557:40
[INFO] [stdout]   73:     0x60358d01844e - std::panicking::try::h8ddeca9d705f9069
[INFO] [stdout]                                at /rustc/90b35a6239c3d8bdabc530a6a0816f7ff89a0aaf/library/std/src/panicking.rs:520:19
[INFO] [stdout]   74:     0x60358d01844e - std::panic::catch_unwind::h49e1c33078844c46
[INFO] [stdout]                                at /rustc/90b35a6239c3d8bdabc530a6a0816f7ff89a0aaf/library/std/src/panic.rs:358:14
[INFO] [stdout]   75:     0x60358d01844e - std::thread::Builder::spawn_unchecked_::{{closure}}::h6073db6ff56ad35d
[INFO] [stdout]                                at /rustc/90b35a6239c3d8bdabc530a6a0816f7ff89a0aaf/library/std/src/thread/mod.rs:537:30
[INFO] [stdout]   76:     0x60358d01844e - core::ops::function::FnOnce::call_once{{vtable.shim}}::h2c5a5f3779c774f1
[INFO] [stdout]                                at /rustc/90b35a6239c3d8bdabc530a6a0816f7ff89a0aaf/library/core/src/ops/function.rs:250:5
[INFO] [stdout]   77:     0x60358d5cd94b - <alloc::boxed::Box<F,A> as core::ops::function::FnOnce<Args>>::call_once::hf75717d9f28faebf
[INFO] [stdout]                                at /rustc/90b35a6239c3d8bdabc530a6a0816f7ff89a0aaf/library/alloc/src/boxed.rs:2454:9
[INFO] [stdout]   78:     0x60358d5cd94b - <alloc::boxed::Box<F,A> as core::ops::function::FnOnce<Args>>::call_once::h7bd883a5f3c5f3c1
[INFO] [stdout]                                at /rustc/90b35a6239c3d8bdabc530a6a0816f7ff89a0aaf/library/alloc/src/boxed.rs:2454:9
[INFO] [stdout]   79:     0x60358d5cd94b - std::sys::pal::unix::thread::Thread::new::thread_start::hcc78f3943333fa94
[INFO] [stdout]                                at /rustc/90b35a6239c3d8bdabc530a6a0816f7ff89a0aaf/library/std/src/sys/pal/unix/thread.rs:105:17
[INFO] [stdout]   80:     0x7d9460291ac3 - <unknown>
[INFO] [stdout]   81:     0x7d9460322a04 - clone
[INFO] [stdout]   82:                0x0 - <unknown>
[INFO] [stdout] 
[INFO] [stdout] 
[INFO] [stdout] failures:
[INFO] [stdout]     common::remote::grpc::handlers::client_detection_request_handler::tests::test_request_reply
[INFO] [stdout]     common::remote::grpc::nacos_grpc_client::tests::test_send_request
[INFO] [stdout] 
[INFO] [stdout] test result: FAILED. 36 passed; 2 failed; 19 ignored; 0 measured; 0 filtered out; finished in 8.00s
[INFO] [stdout] 
[INFO] [stderr] error: test failed, to rerun pass `--lib`
[INFO] running `Command { std: "docker" "inspect" "b920c810ca0bd785934367e74597356509bb7f3f2dee17d006e6f1b38b7bd551", kill_on_drop: false }`
[INFO] running `Command { std: "docker" "rm" "-f" "b920c810ca0bd785934367e74597356509bb7f3f2dee17d006e6f1b38b7bd551", kill_on_drop: false }`
[INFO] [stdout] b920c810ca0bd785934367e74597356509bb7f3f2dee17d006e6f1b38b7bd551
