[INFO] fetching crate mz_rusoto_route53 0.46.0...
[INFO] testing mz_rusoto_route53-0.46.0 against beta-2024-12-08 for beta-1.84.0-4-retry
[INFO] extracting crate mz_rusoto_route53 0.46.0 into /workspace/builds/worker-2-tc2/source
[INFO] validating manifest of crates.io crate mz_rusoto_route53 0.46.0 on toolchain beta-2024-12-08
[INFO] running `Command { std: CARGO_HOME="/workspace/cargo-home" RUSTUP_HOME="/workspace/rustup-home" "/workspace/cargo-home/bin/cargo" "+beta-2024-12-08" "metadata" "--manifest-path" "Cargo.toml" "--no-deps", kill_on_drop: false }`
[INFO] started tweaking crates.io crate mz_rusoto_route53 0.46.0
[INFO] finished tweaking crates.io crate mz_rusoto_route53 0.46.0
[INFO] tweaked toml for crates.io crate mz_rusoto_route53 0.46.0 written to /workspace/builds/worker-2-tc2/source/Cargo.toml
[INFO] running `Command { std: CARGO_HOME="/workspace/cargo-home" RUSTUP_HOME="/workspace/rustup-home" "/workspace/cargo-home/bin/cargo" "+beta-2024-12-08" "generate-lockfile" "--manifest-path" "Cargo.toml", kill_on_drop: false }`
[INFO] [stderr]     Blocking waiting for file lock on package cache
[INFO] [stderr]     Updating crates.io index
[INFO] [stderr]     Blocking waiting for file lock on package cache
[INFO] [stderr]      Locking 197 packages to latest compatible versions
[INFO] [stderr]       Adding bytes v0.5.6 (available: v1.9.0)
[INFO] [stderr]       Adding subtle v2.4.1 (available: v2.6.1)
[INFO] [stderr]       Adding tokio v0.2.25 (available: v1.42.0)
[INFO] running `Command { std: CARGO_HOME="/workspace/cargo-home" RUSTUP_HOME="/workspace/rustup-home" "/workspace/cargo-home/bin/cargo" "+beta-2024-12-08" "fetch" "--manifest-path" "Cargo.toml", kill_on_drop: false }`
[INFO] running `Command { std: "docker" "create" "-v" "/var/lib/crater-agent-workspace/builds/worker-2-tc2/target:/opt/rustwide/target:rw,Z" "-v" "/var/lib/crater-agent-workspace/builds/worker-2-tc2/source:/opt/rustwide/workdir:ro,Z" "-v" "/var/lib/crater-agent-workspace/cargo-home:/opt/rustwide/cargo-home:ro,Z" "-v" "/var/lib/crater-agent-workspace/rustup-home:/opt/rustwide/rustup-home:ro,Z" "-e" "SOURCE_DIR=/opt/rustwide/workdir" "-e" "CARGO_TARGET_DIR=/opt/rustwide/target" "-e" "CARGO_HOME=/opt/rustwide/cargo-home" "-e" "RUSTUP_HOME=/opt/rustwide/rustup-home" "-w" "/opt/rustwide/workdir" "-m" "1610612736" "--user" "0:0" "--network" "none" "ghcr.io/rust-lang/crates-build-env/linux@sha256:f3a9d4ad9d972b27faf3965f35b62e55ba32bbce8f20bc8fe909558a86702fde" "/opt/rustwide/cargo-home/bin/cargo" "+beta-2024-12-08" "metadata" "--no-deps" "--format-version=1", kill_on_drop: false }`
[INFO] [stdout] d2f75e43b06885c2bbbea4420909ee3d097238fcff7a74b3cc1707114999db8d
[INFO] running `Command { std: "docker" "start" "-a" "d2f75e43b06885c2bbbea4420909ee3d097238fcff7a74b3cc1707114999db8d", kill_on_drop: false }`
[INFO] running `Command { std: "docker" "inspect" "d2f75e43b06885c2bbbea4420909ee3d097238fcff7a74b3cc1707114999db8d", kill_on_drop: false }`
[INFO] running `Command { std: "docker" "rm" "-f" "d2f75e43b06885c2bbbea4420909ee3d097238fcff7a74b3cc1707114999db8d", kill_on_drop: false }`
[INFO] [stdout] d2f75e43b06885c2bbbea4420909ee3d097238fcff7a74b3cc1707114999db8d
[INFO] running `Command { std: "docker" "create" "-v" "/var/lib/crater-agent-workspace/builds/worker-2-tc2/target:/opt/rustwide/target:rw,Z" "-v" "/var/lib/crater-agent-workspace/builds/worker-2-tc2/source:/opt/rustwide/workdir:ro,Z" "-v" "/var/lib/crater-agent-workspace/cargo-home:/opt/rustwide/cargo-home:ro,Z" "-v" "/var/lib/crater-agent-workspace/rustup-home:/opt/rustwide/rustup-home:ro,Z" "-e" "SOURCE_DIR=/opt/rustwide/workdir" "-e" "CARGO_TARGET_DIR=/opt/rustwide/target" "-e" "CARGO_INCREMENTAL=0" "-e" "RUST_BACKTRACE=full" "-e" "RUSTFLAGS=--cap-lints=warn" "-e" "RUSTDOCFLAGS=--cap-lints=warn" "-e" "CARGO_HOME=/opt/rustwide/cargo-home" "-e" "RUSTUP_HOME=/opt/rustwide/rustup-home" "-w" "/opt/rustwide/workdir" "-m" "1610612736" "--user" "0:0" "--network" "none" "ghcr.io/rust-lang/crates-build-env/linux@sha256:f3a9d4ad9d972b27faf3965f35b62e55ba32bbce8f20bc8fe909558a86702fde" "/opt/rustwide/cargo-home/bin/cargo" "+beta-2024-12-08" "build" "--frozen" "--message-format=json", kill_on_drop: false }`
[INFO] [stdout] 5b9e66135c14af4e3f6f024627d9cbdbf7b3a394bceb0fcffe1aab3860975116
[INFO] running `Command { std: "docker" "start" "-a" "5b9e66135c14af4e3f6f024627d9cbdbf7b3a394bceb0fcffe1aab3860975116", kill_on_drop: false }`
[INFO] [stderr]    Compiling proc-macro2 v1.0.92
[INFO] [stderr]    Compiling unicode-ident v1.0.14
[INFO] [stderr]    Compiling autocfg v1.4.0
[INFO] [stderr]    Compiling libc v0.2.168
[INFO] [stderr]    Compiling memchr v2.7.4
[INFO] [stderr]    Compiling version_check v0.9.5
[INFO] [stderr]    Compiling syn v1.0.109
[INFO] [stderr]    Compiling log v0.4.22
[INFO] [stderr]    Compiling futures-core v0.3.31
[INFO] [stderr]    Compiling cfg-if v1.0.0
[INFO] [stderr]    Compiling once_cell v1.20.2
[INFO] [stderr]    Compiling cfg-if v0.1.10
[INFO] [stderr]    Compiling futures-sink v0.3.31
[INFO] [stderr]    Compiling shlex v1.3.0
[INFO] [stderr]    Compiling pin-project-lite v0.2.15
[INFO] [stderr]    Compiling fnv v1.0.7
[INFO] [stderr]    Compiling bytes v0.5.6
[INFO] [stderr]    Compiling vcpkg v0.2.15
[INFO] [stderr]    Compiling pkg-config v0.3.31
[INFO] [stderr]    Compiling slab v0.4.9
[INFO] [stderr]    Compiling cc v1.2.4
[INFO] [stderr]    Compiling quote v1.0.37
[INFO] [stderr]    Compiling typenum v1.17.0
[INFO] [stderr]    Compiling syn v2.0.90
[INFO] [stderr]    Compiling generic-array v0.14.7
[INFO] [stderr]    Compiling futures-channel v0.3.31
[INFO] [stderr]    Compiling pin-project-lite v0.1.12
[INFO] [stderr]    Compiling lazy_static v1.5.0
[INFO] [stderr]    Compiling futures-task v0.3.31
[INFO] [stderr]    Compiling futures-io v0.3.31
[INFO] [stderr]    Compiling pin-utils v0.1.0
[INFO] [stderr]    Compiling thiserror v2.0.7
[INFO] [stderr]    Compiling itoa v1.0.14
[INFO] [stderr]    Compiling indexmap v1.9.3
[INFO] [stderr]    Compiling tracing-core v0.1.33
[INFO] [stderr]    Compiling bytes v1.9.0
[INFO] [stderr]    Compiling standback v0.2.17
[INFO] [stderr]    Compiling tracing v0.1.41
[INFO] [stderr]    Compiling http v0.2.12
[INFO] [stderr]    Compiling openssl-sys v0.9.104
[INFO] [stderr]    Compiling proc-macro-hack v0.5.20+deprecated
[INFO] [stderr]    Compiling hashbrown v0.12.3
[INFO] [stderr]    Compiling net2 v0.2.39
[INFO] [stderr]    Compiling iovec v0.1.4
[INFO] [stderr]    Compiling signal-hook-registry v1.4.2
[INFO] [stderr]    Compiling httparse v1.9.5
[INFO] [stderr]    Compiling mio v0.6.23
[INFO] [stderr]    Compiling serde v1.0.216
[INFO] [stderr]    Compiling ucd-trie v0.1.7
[INFO] [stderr]    Compiling num-traits v0.2.19
[INFO] [stderr]    Compiling foreign-types-shared v0.1.1
[INFO] [stderr]    Compiling try-lock v0.2.5
[INFO] [stderr]    Compiling openssl v0.10.68
[INFO] [stderr]    Compiling want v0.3.1
[INFO] [stderr]    Compiling foreign-types v0.3.2
[INFO] [stderr]    Compiling mio-uds v0.6.8
[INFO] [stderr]    Compiling http-body v0.3.1
[INFO] [stderr]    Compiling socket2 v0.3.19
[INFO] [stderr]    Compiling aho-corasick v1.1.3
[INFO] [stderr]    Compiling tower-service v0.3.3
[INFO] [stderr]    Compiling bitflags v2.6.0
[INFO] [stderr]    Compiling regex-syntax v0.8.5
[INFO] [stderr]    Compiling itoa v0.4.8
[INFO] [stderr]    Compiling native-tls v0.2.12
[INFO] [stderr]    Compiling serde_json v1.0.133
[INFO] [stderr]    Compiling const_fn v0.4.10
[INFO] [stderr]    Compiling httpdate v0.3.2
[INFO] [stderr]    Compiling digest v0.9.0
[INFO] [stderr]    Compiling dirs-sys-next v0.1.2
[INFO] [stderr]    Compiling time v0.2.27
[INFO] [stderr]    Compiling ryu v1.0.18
[INFO] [stderr]    Compiling openssl-probe v0.1.5
[INFO] [stderr]    Compiling subtle v2.4.1
[INFO] [stderr]    Compiling iana-time-zone v0.1.61
[INFO] [stderr]    Compiling dirs-next v2.0.0
[INFO] [stderr]    Compiling crypto-mac v0.10.1
[INFO] [stderr]    Compiling block-buffer v0.9.0
[INFO] [stderr]    Compiling cpufeatures v0.2.16
[INFO] [stderr]    Compiling zeroize v1.8.1
[INFO] [stderr]    Compiling shlex v0.1.1
[INFO] [stderr]    Compiling opaque-debug v0.3.1
[INFO] [stderr]    Compiling sha2 v0.9.9
[INFO] [stderr]    Compiling hmac v0.10.1
[INFO] [stderr]    Compiling base64 v0.13.1
[INFO] [stderr]    Compiling hex v0.4.3
[INFO] [stderr]    Compiling md5 v0.7.0
[INFO] [stderr]    Compiling tokio-macros v0.2.6
[INFO] [stderr]    Compiling time-macros-impl v0.1.2
[INFO] [stderr]    Compiling percent-encoding v2.3.1
[INFO] [stderr]    Compiling crc32fast v1.4.2
[INFO] [stderr]    Compiling xml-rs v0.8.24
[INFO] [stderr]    Compiling regex-automata v0.4.9
[INFO] [stderr]    Compiling tokio v0.2.25
[INFO] [stderr]    Compiling time-macros v0.1.1
[INFO] [stderr]    Compiling futures-macro v0.3.31
[INFO] [stderr]    Compiling thiserror-impl v2.0.7
[INFO] [stderr]    Compiling pin-project-internal v1.1.7
[INFO] [stderr]    Compiling serde_derive v1.0.216
[INFO] [stderr]    Compiling openssl-macros v0.1.1
[INFO] [stderr]    Compiling futures-util v0.3.31
[INFO] [stderr]    Compiling async-trait v0.1.83
[INFO] [stderr]    Compiling pin-project v1.1.7
[INFO] [stderr]    Compiling tracing-futures v0.2.5
[INFO] [stderr]    Compiling regex v1.11.1
[INFO] [stderr]    Compiling pest v2.7.15
[INFO] [stderr]    Compiling tokio-util v0.3.1
[INFO] [stderr]    Compiling semver-parser v0.10.3
[INFO] [stderr]    Compiling h2 v0.2.7
[INFO] [stderr]    Compiling futures-executor v0.3.31
[INFO] [stderr]    Compiling futures v0.3.31
[INFO] [stderr]    Compiling semver v0.11.0
[INFO] [stderr]    Compiling rustc_version v0.3.3
[INFO] [stderr]    Compiling mz_rusoto_core v0.46.0
[INFO] [stderr]    Compiling tokio-tls v0.3.1
[INFO] [stderr]    Compiling chrono v0.4.39
[INFO] [stderr]    Compiling hyper v0.13.10
[INFO] [stderr]    Compiling mz_rusoto_credential v0.46.0
[INFO] [stderr]    Compiling hyper-tls v0.4.3
[INFO] [stderr]    Compiling mz_rusoto_signature v0.46.0
[INFO] [stderr]    Compiling mz_rusoto_route53 v0.46.0 (/opt/rustwide/workdir)
[INFO] [stderr]     Finished `dev` profile [unoptimized + debuginfo] target(s) in 1m 56s
[INFO] running `Command { std: "docker" "inspect" "5b9e66135c14af4e3f6f024627d9cbdbf7b3a394bceb0fcffe1aab3860975116", kill_on_drop: false }`
[INFO] running `Command { std: "docker" "rm" "-f" "5b9e66135c14af4e3f6f024627d9cbdbf7b3a394bceb0fcffe1aab3860975116", kill_on_drop: false }`
[INFO] [stdout] 5b9e66135c14af4e3f6f024627d9cbdbf7b3a394bceb0fcffe1aab3860975116
[INFO] running `Command { std: "docker" "create" "-v" "/var/lib/crater-agent-workspace/builds/worker-2-tc2/target:/opt/rustwide/target:rw,Z" "-v" "/var/lib/crater-agent-workspace/builds/worker-2-tc2/source:/opt/rustwide/workdir:ro,Z" "-v" "/var/lib/crater-agent-workspace/cargo-home:/opt/rustwide/cargo-home:ro,Z" "-v" "/var/lib/crater-agent-workspace/rustup-home:/opt/rustwide/rustup-home:ro,Z" "-e" "SOURCE_DIR=/opt/rustwide/workdir" "-e" "CARGO_TARGET_DIR=/opt/rustwide/target" "-e" "CARGO_INCREMENTAL=0" "-e" "RUST_BACKTRACE=full" "-e" "RUSTFLAGS=--cap-lints=warn" "-e" "RUSTDOCFLAGS=--cap-lints=warn" "-e" "CARGO_HOME=/opt/rustwide/cargo-home" "-e" "RUSTUP_HOME=/opt/rustwide/rustup-home" "-w" "/opt/rustwide/workdir" "-m" "1610612736" "--user" "0:0" "--network" "none" "ghcr.io/rust-lang/crates-build-env/linux@sha256:f3a9d4ad9d972b27faf3965f35b62e55ba32bbce8f20bc8fe909558a86702fde" "/opt/rustwide/cargo-home/bin/cargo" "+beta-2024-12-08" "test" "--frozen" "--no-run" "--message-format=json", kill_on_drop: false }`
[INFO] [stdout] dfec08c7d76914e4f9807171257f8428a3c4f64d97668d8c1e006cf74326249b
[INFO] running `Command { std: "docker" "start" "-a" "dfec08c7d76914e4f9807171257f8428a3c4f64d97668d8c1e006cf74326249b", kill_on_drop: false }`
[INFO] [stderr]    Compiling mz_rusoto_mock v0.46.0
[INFO] [stderr]    Compiling mz_rusoto_route53 v0.46.0 (/opt/rustwide/workdir)
[INFO] [stderr]     Finished `test` profile [unoptimized + debuginfo] target(s) in 6.86s
[INFO] running `Command { std: "docker" "inspect" "dfec08c7d76914e4f9807171257f8428a3c4f64d97668d8c1e006cf74326249b", kill_on_drop: false }`
[INFO] running `Command { std: "docker" "rm" "-f" "dfec08c7d76914e4f9807171257f8428a3c4f64d97668d8c1e006cf74326249b", kill_on_drop: false }`
[INFO] [stdout] dfec08c7d76914e4f9807171257f8428a3c4f64d97668d8c1e006cf74326249b
[INFO] running `Command { std: "docker" "create" "-v" "/var/lib/crater-agent-workspace/builds/worker-2-tc2/target:/opt/rustwide/target:rw,Z" "-v" "/var/lib/crater-agent-workspace/builds/worker-2-tc2/source:/opt/rustwide/workdir:ro,Z" "-v" "/var/lib/crater-agent-workspace/cargo-home:/opt/rustwide/cargo-home:ro,Z" "-v" "/var/lib/crater-agent-workspace/rustup-home:/opt/rustwide/rustup-home:ro,Z" "-e" "SOURCE_DIR=/opt/rustwide/workdir" "-e" "CARGO_TARGET_DIR=/opt/rustwide/target" "-e" "CARGO_INCREMENTAL=0" "-e" "RUST_BACKTRACE=full" "-e" "RUSTFLAGS=--cap-lints=warn" "-e" "RUSTDOCFLAGS=--cap-lints=warn" "-e" "CARGO_HOME=/opt/rustwide/cargo-home" "-e" "RUSTUP_HOME=/opt/rustwide/rustup-home" "-w" "/opt/rustwide/workdir" "-m" "1610612736" "--user" "0:0" "--network" "none" "ghcr.io/rust-lang/crates-build-env/linux@sha256:f3a9d4ad9d972b27faf3965f35b62e55ba32bbce8f20bc8fe909558a86702fde" "/opt/rustwide/cargo-home/bin/cargo" "+beta-2024-12-08" "test" "--frozen", kill_on_drop: false }`
[INFO] [stdout] 8ac902aa2a9d5efd5cf64fde538d05a6ff91118897b1ef4532d446a0905c530d
[INFO] running `Command { std: "docker" "start" "-a" "8ac902aa2a9d5efd5cf64fde538d05a6ff91118897b1ef4532d446a0905c530d", kill_on_drop: false }`
[INFO] [stderr]     Finished `test` profile [unoptimized + debuginfo] target(s) in 0.18s
[INFO] [stderr]      Running unittests src/lib.rs (/opt/rustwide/target/debug/deps/rusoto_route53-41b24a7d77ccaaea)
[INFO] [stdout] 
[INFO] [stdout] running 3 tests
[INFO] [stdout] test custom::custom_tests::test_quoter ... ok
[INFO] [stdout] test custom::custom_tests::test_parse_no_such_hosted_zone_error ... ok
[INFO] [stdout] test generated::protocol_tests::test_parse_error_route_53_get_hosted_zone ... FAILED
[INFO] [stdout] 
[INFO] [stdout] failures:
[INFO] [stdout] 
[INFO] [stdout] ---- generated::protocol_tests::test_parse_error_route_53_get_hosted_zone stdout ----
[INFO] [stdout] thread 'generated::protocol_tests::test_parse_error_route_53_get_hosted_zone' panicked at /opt/rustwide/cargo-home/registry/src/index.crates.io-6f17d22bba15001f/mz_rusoto_mock-0.46.0/src/lib.rs:175:53:
[INFO] [stdout] couldn't find file: Os { code: 2, kind: NotFound, message: "No such file or directory" }
[INFO] [stdout] stack backtrace:
[INFO] [stdout]    0:     0x5735ded2ca6a - std::backtrace_rs::backtrace::libunwind::trace::h8810477743020387
[INFO] [stdout]                                at /rustc/202008a1b8de96d2e5b6bc02d379db03a877d34d/library/std/src/../../backtrace/src/backtrace/libunwind.rs:116:5
[INFO] [stdout]    1:     0x5735ded2ca6a - std::backtrace_rs::backtrace::trace_unsynchronized::h3aa55355dd6c54a6
[INFO] [stdout]                                at /rustc/202008a1b8de96d2e5b6bc02d379db03a877d34d/library/std/src/../../backtrace/src/backtrace/mod.rs:66:5
[INFO] [stdout]    2:     0x5735ded2ca6a - std::sys::backtrace::_print_fmt::h8588b0f62410823f
[INFO] [stdout]                                at /rustc/202008a1b8de96d2e5b6bc02d379db03a877d34d/library/std/src/sys/backtrace.rs:66:9
[INFO] [stdout]    3:     0x5735ded2ca6a - <std::sys::backtrace::BacktraceLock::print::DisplayBacktrace as core::fmt::Display>::fmt::h98c26ac25ffe89bb
[INFO] [stdout]                                at /rustc/202008a1b8de96d2e5b6bc02d379db03a877d34d/library/std/src/sys/backtrace.rs:39:26
[INFO] [stdout]    4:     0x5735ded52c63 - core::fmt::rt::Argument::fmt::hf95377f4aebd453b
[INFO] [stdout]                                at /rustc/202008a1b8de96d2e5b6bc02d379db03a877d34d/library/core/src/fmt/rt.rs:177:76
[INFO] [stdout]    5:     0x5735ded52c63 - core::fmt::write::h0dd5f6e2238c7982
[INFO] [stdout]                                at /rustc/202008a1b8de96d2e5b6bc02d379db03a877d34d/library/core/src/fmt/mod.rs:1189:21
[INFO] [stdout]    6:     0x5735ded29ba3 - std::io::Write::write_fmt::h03bb0ca26e6faf8c
[INFO] [stdout]                                at /rustc/202008a1b8de96d2e5b6bc02d379db03a877d34d/library/std/src/io/mod.rs:1884:15
[INFO] [stdout]    7:     0x5735ded2c8b2 - std::sys::backtrace::BacktraceLock::print::h5c19c1c038ee186d
[INFO] [stdout]                                at /rustc/202008a1b8de96d2e5b6bc02d379db03a877d34d/library/std/src/sys/backtrace.rs:42:9
[INFO] [stdout]    8:     0x5735ded2deed - std::panicking::default_hook::{{closure}}::h77172f079a1fcb13
[INFO] [stdout]                                at /rustc/202008a1b8de96d2e5b6bc02d379db03a877d34d/library/std/src/panicking.rs:268:22
[INFO] [stdout]    9:     0x5735ded2dcf7 - std::panicking::default_hook::he5f8e3b203ccddba
[INFO] [stdout]                                at /rustc/202008a1b8de96d2e5b6bc02d379db03a877d34d/library/std/src/panicking.rs:292:9
[INFO] [stdout]   10:     0x5735dec04227 - <alloc::boxed::Box<F,A> as core::ops::function::Fn<Args>>::call::h7a3c7b4a1ae77f2f
[INFO] [stdout]                                at /rustc/202008a1b8de96d2e5b6bc02d379db03a877d34d/library/alloc/src/boxed.rs:1986:9
[INFO] [stdout]   11:     0x5735dec04227 - test::test_main::{{closure}}::hf0d3b69ae9b353d1
[INFO] [stdout]                                at /rustc/202008a1b8de96d2e5b6bc02d379db03a877d34d/library/test/src/lib.rs:134:21
[INFO] [stdout]   12:     0x5735ded2e598 - <alloc::boxed::Box<F,A> as core::ops::function::Fn<Args>>::call::h6332e82e7b189abd
[INFO] [stdout]                                at /rustc/202008a1b8de96d2e5b6bc02d379db03a877d34d/library/alloc/src/boxed.rs:1986:9
[INFO] [stdout]   13:     0x5735ded2e598 - std::panicking::rust_panic_with_hook::h53863d4e9018df39
[INFO] [stdout]                                at /rustc/202008a1b8de96d2e5b6bc02d379db03a877d34d/library/std/src/panicking.rs:809:13
[INFO] [stdout]   14:     0x5735ded2e35a - std::panicking::begin_panic_handler::{{closure}}::h67280e6fa0757873
[INFO] [stdout]                                at /rustc/202008a1b8de96d2e5b6bc02d379db03a877d34d/library/std/src/panicking.rs:674:13
[INFO] [stdout]   15:     0x5735ded2cf49 - std::sys::backtrace::__rust_end_short_backtrace::h1dac3f54d6fbbeb2
[INFO] [stdout]                                at /rustc/202008a1b8de96d2e5b6bc02d379db03a877d34d/library/std/src/sys/backtrace.rs:170:18
[INFO] [stdout]   16:     0x5735ded2dfec - rust_begin_unwind
[INFO] [stdout]                                at /rustc/202008a1b8de96d2e5b6bc02d379db03a877d34d/library/std/src/panicking.rs:665:5
[INFO] [stdout]   17:     0x5735deb9cb10 - core::panicking::panic_fmt::h6792bd1b2bf01041
[INFO] [stdout]                                at /rustc/202008a1b8de96d2e5b6bc02d379db03a877d34d/library/core/src/panicking.rs:76:14
[INFO] [stdout]   18:     0x5735deb9cf96 - core::result::unwrap_failed::h05e0602ed34287c5
[INFO] [stdout]                                at /rustc/202008a1b8de96d2e5b6bc02d379db03a877d34d/library/core/src/result.rs:1699:5
[INFO] [stdout]   19:     0x5735deca69bd - core::result::Result<T,E>::expect::ha5958a0f8b86a6b9
[INFO] [stdout]                                at /rustc/202008a1b8de96d2e5b6bc02d379db03a877d34d/library/core/src/result.rs:1061:23
[INFO] [stdout]   20:     0x5735dec122c3 - <rusoto_mock::MockResponseReader as rusoto_mock::ReadMockResponse>::read_response::h02c8062c414adb4f
[INFO] [stdout]                                at /opt/rustwide/cargo-home/registry/src/index.crates.io-6f17d22bba15001f/mz_rusoto_mock-0.46.0/src/lib.rs:175:30
[INFO] [stdout]   21:     0x5735deba9b2a - rusoto_route53::generated::protocol_tests::test_parse_error_route_53_get_hosted_zone::{{closure}}::h5ae2191b2d77d11b
[INFO] [stdout]                                at /opt/rustwide/workdir/src/generated.rs:13509:29
[INFO] [stdout]   22:     0x5735debafc7f - tokio::runtime::basic_scheduler::BasicScheduler<P>::block_on::{{closure}}::{{closure}}::habcb5c13d52cd11b
[INFO] [stdout]                                at /opt/rustwide/cargo-home/registry/src/index.crates.io-6f17d22bba15001f/tokio-0.2.25/src/runtime/basic_scheduler.rs:131:58
[INFO] [stdout]   23:     0x5735debae653 - tokio::coop::with_budget::{{closure}}::hc52b629e97c9fa5a
[INFO] [stdout]                                at /opt/rustwide/cargo-home/registry/src/index.crates.io-6f17d22bba15001f/tokio-0.2.25/src/coop.rs:127:9
[INFO] [stdout]   24:     0x5735debabb2a - std::thread::local::LocalKey<T>::try_with::h1d98bf50cb1718d1
[INFO] [stdout]                                at /rustc/202008a1b8de96d2e5b6bc02d379db03a877d34d/library/std/src/thread/local.rs:283:12
[INFO] [stdout]   25:     0x5735debaba2a - std::thread::local::LocalKey<T>::with::hcc413ca133a479b5
[INFO] [stdout]                                at /rustc/202008a1b8de96d2e5b6bc02d379db03a877d34d/library/std/src/thread/local.rs:260:9
[INFO] [stdout]   26:     0x5735debaee43 - tokio::coop::with_budget::hfd584f4faacbb39d
[INFO] [stdout]                                at /opt/rustwide/cargo-home/registry/src/index.crates.io-6f17d22bba15001f/tokio-0.2.25/src/coop.rs:120:5
[INFO] [stdout]   27:     0x5735debaee43 - tokio::coop::budget::hd946074045cf3583
[INFO] [stdout]                                at /opt/rustwide/cargo-home/registry/src/index.crates.io-6f17d22bba15001f/tokio-0.2.25/src/coop.rs:96:5
[INFO] [stdout]   28:     0x5735debaee43 - tokio::runtime::basic_scheduler::BasicScheduler<P>::block_on::{{closure}}::hda3eea0c15acb865
[INFO] [stdout]                                at /opt/rustwide/cargo-home/registry/src/index.crates.io-6f17d22bba15001f/tokio-0.2.25/src/runtime/basic_scheduler.rs:131:35
[INFO] [stdout]   29:     0x5735debb0509 - tokio::runtime::basic_scheduler::enter::{{closure}}::ha25addce3c5d0bc2
[INFO] [stdout]                                at /opt/rustwide/cargo-home/registry/src/index.crates.io-6f17d22bba15001f/tokio-0.2.25/src/runtime/basic_scheduler.rs:213:29
[INFO] [stdout]   30:     0x5735debae8cf - tokio::macros::scoped_tls::ScopedKey<T>::set::h56cb78364e9a31c8
[INFO] [stdout]                                at /opt/rustwide/cargo-home/registry/src/index.crates.io-6f17d22bba15001f/tokio-0.2.25/src/macros/scoped_tls.rs:63:9
[INFO] [stdout]   31:     0x5735debb042b - tokio::runtime::basic_scheduler::enter::h73079dc8f374868a
[INFO] [stdout]                                at /opt/rustwide/cargo-home/registry/src/index.crates.io-6f17d22bba15001f/tokio-0.2.25/src/runtime/basic_scheduler.rs:213:5
[INFO] [stdout]   32:     0x5735debaeb92 - tokio::runtime::basic_scheduler::BasicScheduler<P>::block_on::hb9695e4a95c1964b
[INFO] [stdout]                                at /opt/rustwide/cargo-home/registry/src/index.crates.io-6f17d22bba15001f/tokio-0.2.25/src/runtime/basic_scheduler.rs:123:9
[INFO] [stdout]   33:     0x5735debb0f3e - tokio::runtime::Runtime::block_on::{{closure}}::h854de757ad47d4e8
[INFO] [stdout]                                at /opt/rustwide/cargo-home/registry/src/index.crates.io-6f17d22bba15001f/tokio-0.2.25/src/runtime/mod.rs:444:34
[INFO] [stdout]   34:     0x5735debb516b - tokio::runtime::context::enter::h01b257a448fb02ac
[INFO] [stdout]                                at /opt/rustwide/cargo-home/registry/src/index.crates.io-6f17d22bba15001f/tokio-0.2.25/src/runtime/context.rs:72:5
[INFO] [stdout]   35:     0x5735debb505b - tokio::runtime::handle::Handle::enter::h2d324938b277fd56
[INFO] [stdout]                                at /opt/rustwide/cargo-home/registry/src/index.crates.io-6f17d22bba15001f/tokio-0.2.25/src/runtime/handle.rs:76:9
[INFO] [stdout]   36:     0x5735debb0d7c - tokio::runtime::Runtime::block_on::h41e3849a38f832d8
[INFO] [stdout]                                at /opt/rustwide/cargo-home/registry/src/index.crates.io-6f17d22bba15001f/tokio-0.2.25/src/runtime/mod.rs:441:9
[INFO] [stdout]   37:     0x5735deba9a41 - rusoto_route53::generated::protocol_tests::test_parse_error_route_53_get_hosted_zone::hdce02bee5cd225a5
[INFO] [stdout]                                at /opt/rustwide/workdir/src/generated.rs:13507:5
[INFO] [stdout]   38:     0x5735deba98a7 - rusoto_route53::generated::protocol_tests::test_parse_error_route_53_get_hosted_zone::{{closure}}::h0f197dfe806ad26a
[INFO] [stdout]                                at /opt/rustwide/workdir/src/generated.rs:13508:57
[INFO] [stdout]   39:     0x5735debb8036 - core::ops::function::FnOnce::call_once::hac9a0c2bd8bcbe80
[INFO] [stdout]                                at /rustc/202008a1b8de96d2e5b6bc02d379db03a877d34d/library/core/src/ops/function.rs:250:5
[INFO] [stdout]   40:     0x5735dec08d4b - core::ops::function::FnOnce::call_once::h871bf86719ec9aa4
[INFO] [stdout]                                at /rustc/202008a1b8de96d2e5b6bc02d379db03a877d34d/library/core/src/ops/function.rs:250:5
[INFO] [stdout]   41:     0x5735dec08d4b - test::__rust_begin_short_backtrace::h2167df1e2b7d76fd
[INFO] [stdout]                                at /rustc/202008a1b8de96d2e5b6bc02d379db03a877d34d/library/test/src/lib.rs:632:18
[INFO] [stdout]   42:     0x5735dec08738 - test::run_test_in_process::{{closure}}::h15d92f75a3adfb79
[INFO] [stdout]                                at /rustc/202008a1b8de96d2e5b6bc02d379db03a877d34d/library/test/src/lib.rs:655:60
[INFO] [stdout]   43:     0x5735dec08738 - <core::panic::unwind_safe::AssertUnwindSafe<F> as core::ops::function::FnOnce<()>>::call_once::hb6c8955835a8dbbb
[INFO] [stdout]                                at /rustc/202008a1b8de96d2e5b6bc02d379db03a877d34d/library/core/src/panic/unwind_safe.rs:272:9
[INFO] [stdout]   44:     0x5735dec08738 - std::panicking::try::do_call::hc79d0fc888a0bd30
[INFO] [stdout]                                at /rustc/202008a1b8de96d2e5b6bc02d379db03a877d34d/library/std/src/panicking.rs:557:40
[INFO] [stdout]   45:     0x5735dec08738 - std::panicking::try::hb8a7878e3a8589d6
[INFO] [stdout]                                at /rustc/202008a1b8de96d2e5b6bc02d379db03a877d34d/library/std/src/panicking.rs:520:19
[INFO] [stdout]   46:     0x5735dec08738 - std::panic::catch_unwind::hb8e4600ff0ff5cfa
[INFO] [stdout]                                at /rustc/202008a1b8de96d2e5b6bc02d379db03a877d34d/library/std/src/panic.rs:358:14
[INFO] [stdout]   47:     0x5735dec08738 - test::run_test_in_process::hc2900b0b18688dd6
[INFO] [stdout]                                at /rustc/202008a1b8de96d2e5b6bc02d379db03a877d34d/library/test/src/lib.rs:655:27
[INFO] [stdout]   48:     0x5735dec08738 - test::run_test::{{closure}}::hac2a9cb07be3d48d
[INFO] [stdout]                                at /rustc/202008a1b8de96d2e5b6bc02d379db03a877d34d/library/test/src/lib.rs:576:43
[INFO] [stdout]   49:     0x5735debcc1da - test::run_test::{{closure}}::h4a5b729e66a38cd8
[INFO] [stdout]                                at /rustc/202008a1b8de96d2e5b6bc02d379db03a877d34d/library/test/src/lib.rs:606:41
[INFO] [stdout]   50:     0x5735debcc1da - std::sys::backtrace::__rust_begin_short_backtrace::h0496fb742492f573
[INFO] [stdout]                                at /rustc/202008a1b8de96d2e5b6bc02d379db03a877d34d/library/std/src/sys/backtrace.rs:154:18
[INFO] [stdout]   51:     0x5735debcfb54 - std::thread::Builder::spawn_unchecked_::{{closure}}::{{closure}}::hbb6d257c550a54bd
[INFO] [stdout]                                at /rustc/202008a1b8de96d2e5b6bc02d379db03a877d34d/library/std/src/thread/mod.rs:561:17
[INFO] [stdout]   52:     0x5735debcfb54 - <core::panic::unwind_safe::AssertUnwindSafe<F> as core::ops::function::FnOnce<()>>::call_once::h46696fe4a6832328
[INFO] [stdout]                                at /rustc/202008a1b8de96d2e5b6bc02d379db03a877d34d/library/core/src/panic/unwind_safe.rs:272:9
[INFO] [stdout]   53:     0x5735debcfb54 - std::panicking::try::do_call::h2625a51b667bfb64
[INFO] [stdout]                                at /rustc/202008a1b8de96d2e5b6bc02d379db03a877d34d/library/std/src/panicking.rs:557:40
[INFO] [stdout]   54:     0x5735debcfb54 - std::panicking::try::hb956a59a1973aa4c
[INFO] [stdout]                                at /rustc/202008a1b8de96d2e5b6bc02d379db03a877d34d/library/std/src/panicking.rs:520:19
[INFO] [stdout]   55:     0x5735debcfb54 - std::panic::catch_unwind::h64f3b9d1067ef6a0
[INFO] [stdout]                                at /rustc/202008a1b8de96d2e5b6bc02d379db03a877d34d/library/std/src/panic.rs:358:14
[INFO] [stdout]   56:     0x5735debcfb54 - std::thread::Builder::spawn_unchecked_::{{closure}}::h42b2841295b6c0b2
[INFO] [stdout]                                at /rustc/202008a1b8de96d2e5b6bc02d379db03a877d34d/library/std/src/thread/mod.rs:559:30
[INFO] [stdout]   57:     0x5735debcfb54 - core::ops::function::FnOnce::call_once{{vtable.shim}}::h6127de71b8124639
[INFO] [stdout]                                at /rustc/202008a1b8de96d2e5b6bc02d379db03a877d34d/library/core/src/ops/function.rs:250:5
[INFO] [stdout]   58:     0x5735ded3253b - <alloc::boxed::Box<F,A> as core::ops::function::FnOnce<Args>>::call_once::h42f0ba71002a1b2c
[INFO] [stdout]                                at /rustc/202008a1b8de96d2e5b6bc02d379db03a877d34d/library/alloc/src/boxed.rs:1972:9
[INFO] [stdout]   59:     0x5735ded3253b - <alloc::boxed::Box<F,A> as core::ops::function::FnOnce<Args>>::call_once::had9e47d7a3dcecb8
[INFO] [stdout]                                at /rustc/202008a1b8de96d2e5b6bc02d379db03a877d34d/library/alloc/src/boxed.rs:1972:9
[INFO] [stdout]   60:     0x5735ded3253b - std::sys::pal::unix::thread::Thread::new::thread_start::h48cf765408f6f5f2
[INFO] [stdout]                                at /rustc/202008a1b8de96d2e5b6bc02d379db03a877d34d/library/std/src/sys/pal/unix/thread.rs:105:17
[INFO] [stdout]   61:     0x712a0288dac3 - <unknown>
[INFO] [stdout]   62:     0x712a0291ea04 - clone
[INFO] [stdout]   63:                0x0 - <unknown>
[INFO] [stdout] 
[INFO] [stdout] 
[INFO] [stdout] failures:
[INFO] [stdout]     generated::protocol_tests::test_parse_error_route_53_get_hosted_zone
[INFO] [stdout] 
[INFO] [stdout] test result: FAILED. 2 passed; 1 failed; 0 ignored; 0 measured; 0 filtered out; finished in 0.13s
[INFO] [stdout] 
[INFO] [stderr] error: test failed, to rerun pass `--lib`
[INFO] running `Command { std: "docker" "inspect" "8ac902aa2a9d5efd5cf64fde538d05a6ff91118897b1ef4532d446a0905c530d", kill_on_drop: false }`
[INFO] running `Command { std: "docker" "rm" "-f" "8ac902aa2a9d5efd5cf64fde538d05a6ff91118897b1ef4532d446a0905c530d", kill_on_drop: false }`
[INFO] [stdout] 8ac902aa2a9d5efd5cf64fde538d05a6ff91118897b1ef4532d446a0905c530d
