[INFO] fetching crate myko-rs 0.1.2...
[INFO] testing myko-rs-0.1.2 against beta-2024-12-08 for beta-1.84.0-4-retry
[INFO] extracting crate myko-rs 0.1.2 into /workspace/builds/worker-5-tc2/source
[INFO] validating manifest of crates.io crate myko-rs 0.1.2 on toolchain beta-2024-12-08
[INFO] running `Command { std: CARGO_HOME="/workspace/cargo-home" RUSTUP_HOME="/workspace/rustup-home" "/workspace/cargo-home/bin/cargo" "+beta-2024-12-08" "metadata" "--manifest-path" "Cargo.toml" "--no-deps", kill_on_drop: false }`
[INFO] started tweaking crates.io crate myko-rs 0.1.2
[INFO] finished tweaking crates.io crate myko-rs 0.1.2
[INFO] tweaked toml for crates.io crate myko-rs 0.1.2 written to /workspace/builds/worker-5-tc2/source/Cargo.toml
[INFO] running `Command { std: CARGO_HOME="/workspace/cargo-home" RUSTUP_HOME="/workspace/rustup-home" "/workspace/cargo-home/bin/cargo" "+beta-2024-12-08" "generate-lockfile" "--manifest-path" "Cargo.toml", kill_on_drop: false }`
[INFO] [stderr]     Updating crates.io index
[INFO] [stderr]      Locking 185 packages to latest compatible versions
[INFO] [stderr]       Adding rdkafka v0.36.2 (available: v0.37.0)
[INFO] [stderr]       Adding tokio-tungstenite v0.21.0 (available: v0.24.0)
[INFO] [stderr]       Adding tungstenite v0.21.0 (available: v0.24.0)
[INFO] running `Command { std: CARGO_HOME="/workspace/cargo-home" RUSTUP_HOME="/workspace/rustup-home" "/workspace/cargo-home/bin/cargo" "+beta-2024-12-08" "fetch" "--manifest-path" "Cargo.toml", kill_on_drop: false }`
[INFO] running `Command { std: "docker" "create" "-v" "/var/lib/crater-agent-workspace/builds/worker-5-tc2/target:/opt/rustwide/target:rw,Z" "-v" "/var/lib/crater-agent-workspace/builds/worker-5-tc2/source:/opt/rustwide/workdir:ro,Z" "-v" "/var/lib/crater-agent-workspace/cargo-home:/opt/rustwide/cargo-home:ro,Z" "-v" "/var/lib/crater-agent-workspace/rustup-home:/opt/rustwide/rustup-home:ro,Z" "-e" "SOURCE_DIR=/opt/rustwide/workdir" "-e" "CARGO_TARGET_DIR=/opt/rustwide/target" "-e" "CARGO_HOME=/opt/rustwide/cargo-home" "-e" "RUSTUP_HOME=/opt/rustwide/rustup-home" "-w" "/opt/rustwide/workdir" "-m" "1610612736" "--user" "0:0" "--network" "none" "ghcr.io/rust-lang/crates-build-env/linux@sha256:f3a9d4ad9d972b27faf3965f35b62e55ba32bbce8f20bc8fe909558a86702fde" "/opt/rustwide/cargo-home/bin/cargo" "+beta-2024-12-08" "metadata" "--no-deps" "--format-version=1", kill_on_drop: false }`
[INFO] [stdout] 97961d792fb9a9cf6ed44bee1a0a9f6935fd53d5b80aef4b49d0ccc3d14225a6
[INFO] running `Command { std: "docker" "start" "-a" "97961d792fb9a9cf6ed44bee1a0a9f6935fd53d5b80aef4b49d0ccc3d14225a6", kill_on_drop: false }`
[INFO] running `Command { std: "docker" "inspect" "97961d792fb9a9cf6ed44bee1a0a9f6935fd53d5b80aef4b49d0ccc3d14225a6", kill_on_drop: false }`
[INFO] running `Command { std: "docker" "rm" "-f" "97961d792fb9a9cf6ed44bee1a0a9f6935fd53d5b80aef4b49d0ccc3d14225a6", kill_on_drop: false }`
[INFO] [stdout] 97961d792fb9a9cf6ed44bee1a0a9f6935fd53d5b80aef4b49d0ccc3d14225a6
[INFO] running `Command { std: "docker" "create" "-v" "/var/lib/crater-agent-workspace/builds/worker-5-tc2/target:/opt/rustwide/target:rw,Z" "-v" "/var/lib/crater-agent-workspace/builds/worker-5-tc2/source:/opt/rustwide/workdir:ro,Z" "-v" "/var/lib/crater-agent-workspace/cargo-home:/opt/rustwide/cargo-home:ro,Z" "-v" "/var/lib/crater-agent-workspace/rustup-home:/opt/rustwide/rustup-home:ro,Z" "-e" "SOURCE_DIR=/opt/rustwide/workdir" "-e" "CARGO_TARGET_DIR=/opt/rustwide/target" "-e" "CARGO_INCREMENTAL=0" "-e" "RUST_BACKTRACE=full" "-e" "RUSTFLAGS=--cap-lints=warn" "-e" "RUSTDOCFLAGS=--cap-lints=warn" "-e" "CARGO_HOME=/opt/rustwide/cargo-home" "-e" "RUSTUP_HOME=/opt/rustwide/rustup-home" "-w" "/opt/rustwide/workdir" "-m" "1610612736" "--user" "0:0" "--network" "none" "ghcr.io/rust-lang/crates-build-env/linux@sha256:f3a9d4ad9d972b27faf3965f35b62e55ba32bbce8f20bc8fe909558a86702fde" "/opt/rustwide/cargo-home/bin/cargo" "+beta-2024-12-08" "build" "--frozen" "--message-format=json", kill_on_drop: false }`
[INFO] [stdout] ca1e1a2c5a4e9a81dd85cebb119ea7ac738b28d3ec0125e098803df974eb3616
[INFO] running `Command { std: "docker" "start" "-a" "ca1e1a2c5a4e9a81dd85cebb119ea7ac738b28d3ec0125e098803df974eb3616", kill_on_drop: false }`
[INFO] [stderr]    Compiling proc-macro2 v1.0.92
[INFO] [stderr]    Compiling unicode-ident v1.0.14
[INFO] [stderr]    Compiling cfg-if v1.0.0
[INFO] [stderr]    Compiling libc v0.2.168
[INFO] [stderr]    Compiling autocfg v1.4.0
[INFO] [stderr]    Compiling shlex v1.3.0
[INFO] [stderr]    Compiling pkg-config v0.3.31
[INFO] [stderr]    Compiling vcpkg v0.2.15
[INFO] [stderr]    Compiling log v0.4.22
[INFO] [stderr]    Compiling stable_deref_trait v1.2.0
[INFO] [stderr]    Compiling smallvec v1.13.2
[INFO] [stderr]    Compiling wasm-bindgen-shared v0.2.99
[INFO] [stderr]    Compiling once_cell v1.20.2
[INFO] [stderr]    Compiling litemap v0.7.4
[INFO] [stderr]    Compiling writeable v0.5.5
[INFO] [stderr]    Compiling fnv v1.0.7
[INFO] [stderr]    Compiling parking_lot_core v0.9.10
[INFO] [stderr]    Compiling version_check v0.9.5
[INFO] [stderr]    Compiling typenum v1.17.0
[INFO] [stderr]    Compiling byteorder v1.5.0
[INFO] [stderr]    Compiling cc v1.2.4
[INFO] [stderr]    Compiling bumpalo v3.16.0
[INFO] [stderr]    Compiling bytes v1.9.0
[INFO] [stderr]    Compiling scopeguard v1.2.0
[INFO] [stderr]    Compiling serde v1.0.216
[INFO] [stderr]    Compiling pin-project-lite v0.2.15
[INFO] [stderr]    Compiling icu_locid_transform_data v1.5.0
[INFO] [stderr]    Compiling icu_properties_data v1.5.0
[INFO] [stderr]    Compiling equivalent v1.0.1
[INFO] [stderr]    Compiling futures-core v0.3.31
[INFO] [stderr]    Compiling hashbrown v0.15.2
[INFO] [stderr]    Compiling itoa v1.0.14
[INFO] [stderr]    Compiling write16 v1.0.0
[INFO] [stderr]    Compiling lock_api v0.4.12
[INFO] [stderr]    Compiling slab v0.4.9
[INFO] [stderr]    Compiling num-traits v0.2.19
[INFO] [stderr]    Compiling openssl v0.10.68
[INFO] [stderr]    Compiling utf8_iter v1.0.4
[INFO] [stderr]    Compiling generic-array v0.14.7
[INFO] [stderr]    Compiling wasm-bindgen v0.2.99
[INFO] [stderr]    Compiling utf16_iter v1.0.5
[INFO] [stderr]    Compiling futures-sink v0.3.31
[INFO] [stderr]    Compiling foreign-types-shared v0.1.1
[INFO] [stderr]    Compiling strsim v0.11.1
[INFO] [stderr]    Compiling winnow v0.6.20
[INFO] [stderr]    Compiling icu_normalizer_data v1.5.0
[INFO] [stderr]    Compiling toml_datetime v0.6.8
[INFO] [stderr]    Compiling ident_case v1.0.1
[INFO] [stderr]    Compiling foreign-types v0.3.2
[INFO] [stderr]    Compiling native-tls v0.2.12
[INFO] [stderr]    Compiling paste v1.0.15
[INFO] [stderr]    Compiling quote v1.0.37
[INFO] [stderr]    Compiling bitflags v2.6.0
[INFO] [stderr]    Compiling indexmap v2.7.0
[INFO] [stderr]    Compiling percent-encoding v2.3.1
[INFO] [stderr]    Compiling pin-utils v0.1.0
[INFO] [stderr]    Compiling futures-task v0.3.31
[INFO] [stderr]    Compiling openssl-probe v0.1.5
[INFO] [stderr]    Compiling serde_json v1.0.133
[INFO] [stderr]    Compiling thiserror v1.0.69
[INFO] [stderr]    Compiling httparse v1.9.5
[INFO] [stderr]    Compiling form_urlencoded v1.2.1
[INFO] [stderr]    Compiling cpufeatures v0.2.16
[INFO] [stderr]    Compiling memchr v2.7.4
[INFO] [stderr]    Compiling ryu v1.0.18
[INFO] [stderr]    Compiling http v1.2.0
[INFO] [stderr]    Compiling syn v2.0.90
[INFO] [stderr]    Compiling futures-channel v0.3.31
[INFO] [stderr]    Compiling data-encoding v2.6.0
[INFO] [stderr]    Compiling openssl-src v300.4.1+3.4.0
[INFO] [stderr]    Compiling cmake v0.1.52
[INFO] [stderr]    Compiling utf-8 v0.7.6
[INFO] [stderr]    Compiling iana-time-zone v0.1.61
[INFO] [stderr]    Compiling discard v1.0.4
[INFO] [stderr]    Compiling md5 v0.7.0
[INFO] [stderr]    Compiling mio v1.0.3
[INFO] [stderr]    Compiling socket2 v0.5.8
[INFO] [stderr]    Compiling signal-hook-registry v1.4.2
[INFO] [stderr]    Compiling getrandom v0.2.15
[INFO] [stderr]    Compiling rmp v0.8.14
[INFO] [stderr]    Compiling parking_lot v0.12.3
[INFO] [stderr]    Compiling rand_core v0.6.4
[INFO] [stderr]    Compiling chrono v0.4.39
[INFO] [stderr]    Compiling uuid v1.11.0
[INFO] [stderr]    Compiling openssl-sys v0.9.104
[INFO] [stderr]    Compiling libz-sys v1.1.20
[INFO] [stderr]    Compiling rdkafka-sys v4.8.0+2.3.0
[INFO] [stderr]    Compiling crypto-common v0.1.6
[INFO] [stderr]    Compiling block-buffer v0.10.4
[INFO] [stderr]    Compiling digest v0.10.7
[INFO] [stderr]    Compiling sha1 v0.10.6
[INFO] [stderr]    Compiling toml_edit v0.22.22
[INFO] [stderr]    Compiling proc-macro-crate v3.2.0
[INFO] [stderr]    Compiling synstructure v0.13.1
[INFO] [stderr]    Compiling wasm-bindgen-backend v0.2.99
[INFO] [stderr]    Compiling darling_core v0.20.10
[INFO] [stderr]    Compiling zerofrom-derive v0.1.5
[INFO] [stderr]    Compiling yoke-derive v0.7.5
[INFO] [stderr]    Compiling zerovec-derive v0.10.3
[INFO] [stderr]    Compiling displaydoc v0.2.5
[INFO] [stderr]    Compiling icu_provider_macros v1.5.0
[INFO] [stderr]    Compiling serde_derive v1.0.216
[INFO] [stderr]    Compiling wasm-bindgen-macro-support v0.2.99
[INFO] [stderr]    Compiling tokio-macros v2.4.0
[INFO] [stderr]    Compiling zerocopy-derive v0.7.35
[INFO] [stderr]    Compiling openssl-macros v0.1.1
[INFO] [stderr]    Compiling darling_macro v0.20.10
[INFO] [stderr]    Compiling futures-macro v0.3.31
[INFO] [stderr]    Compiling num_enum_derive v0.7.3
[INFO] [stderr]    Compiling zerofrom v0.1.5
[INFO] [stderr]    Compiling thiserror-impl v1.0.69
[INFO] [stderr]    Compiling pin-project-internal v1.1.7
[INFO] [stderr]    Compiling gensym v0.1.1
[INFO] [stderr]    Compiling async-trait v0.1.83
[INFO] [stderr]    Compiling myko-macros v0.1.1
[INFO] [stderr]    Compiling yoke v0.7.5
[INFO] [stderr]    Compiling tokio v1.42.0
[INFO] [stderr]    Compiling darling v0.20.10
[INFO] [stderr]    Compiling partially_derive v0.2.1
[INFO] [stderr]    Compiling zerovec v0.10.4
[INFO] [stderr]    Compiling wasm-bindgen-macro v0.2.99
[INFO] [stderr]    Compiling num_enum v0.7.3
[INFO] [stderr]    Compiling futures-util v0.3.31
[INFO] [stderr]    Compiling zerocopy v0.7.35
[INFO] [stderr]    Compiling tinystr v0.7.6
[INFO] [stderr]    Compiling icu_collections v1.5.0
[INFO] [stderr]    Compiling icu_locid v1.5.0
[INFO] [stderr]    Compiling partially v0.2.1
[INFO] [stderr]    Compiling pin-project v1.1.7
[INFO] [stderr]    Compiling ppv-lite86 v0.2.20
[INFO] [stderr]    Compiling icu_provider v1.5.0
[INFO] [stderr]    Compiling rand_chacha v0.3.1
[INFO] [stderr]    Compiling icu_locid_transform v1.5.0
[INFO] [stderr]    Compiling rand v0.8.5
[INFO] [stderr]    Compiling console_error_panic_hook v0.1.7
[INFO] [stderr]    Compiling js-sys v0.3.76
[INFO] [stderr]    Compiling icu_properties v1.5.1
[INFO] [stderr]    Compiling icu_normalizer v1.5.0
[INFO] [stderr]    Compiling rmp-serde v1.3.0
[INFO] [stderr]    Compiling futures-signals v0.3.34
[INFO] [stderr]    Compiling idna_adapter v1.2.0
[INFO] [stderr]    Compiling tokio-util v0.7.13
[INFO] [stderr]    Compiling idna v1.0.3
[INFO] [stderr]    Compiling tokio-stream v0.1.17
[INFO] [stderr]    Compiling web-sys v0.3.76
[INFO] [stderr]    Compiling url v2.5.4
[INFO] [stderr]    Compiling rdkafka v0.36.2
[INFO] [stderr]    Compiling myko-wasm v0.1.1
[INFO] [stderr]    Compiling tungstenite v0.21.0
[INFO] [stderr]    Compiling tokio-native-tls v0.3.1
[INFO] [stderr]    Compiling tokio-tungstenite v0.21.0
[INFO] [stderr]    Compiling myko-rs v0.1.2 (/opt/rustwide/workdir)
[INFO] [stdout] warning: unused import: `hash::Hash`
[INFO] [stdout]  --> src/client.rs:4:33
[INFO] [stdout]   |
[INFO] [stdout] 4 | use std::{collections::HashMap, hash::Hash, sync::Arc};
[INFO] [stdout]   |                                 ^^^^^^^^^^
[INFO] [stdout]   |
[INFO] [stdout]   = note: `#[warn(unused_imports)]` on by default
[INFO] [stdout] 
[INFO] [stdout] 
[INFO] [stdout] warning: unused import: `myko_wasm::item::MItem`
[INFO] [stdout]  --> src/item.rs:1:5
[INFO] [stdout]   |
[INFO] [stdout] 1 | use myko_wasm::item::MItem;
[INFO] [stdout]   |     ^^^^^^^^^^^^^^^^^^^^^^
[INFO] [stdout] 
[INFO] [stdout] 
[INFO] [stdout] warning: unused import: `de::DeserializeOwned`
[INFO] [stdout]  --> src/item.rs:2:13
[INFO] [stdout]   |
[INFO] [stdout] 2 | use serde::{de::DeserializeOwned, Deserialize, Serialize};
[INFO] [stdout]   |             ^^^^^^^^^^^^^^^^^^^^
[INFO] [stdout] 
[INFO] [stdout] 
[INFO] [stdout] warning: unused variable: `s`
[INFO] [stdout]    --> src/websocket.rs:119:13
[INFO] [stdout]     |
[INFO] [stdout] 119 |         let s = SocketConnectionStatus::Connecting(addr.clone(), reconnect_token.clone());
[INFO] [stdout]     |             ^ help: if this is intentional, prefix it with an underscore: `_s`
[INFO] [stdout]     |
[INFO] [stdout]     = note: `#[warn(unused_variables)]` on by default
[INFO] [stdout] 
[INFO] [stdout] 
[INFO] [stdout] warning: unused variable: `result`
[INFO] [stdout]   --> src/query.rs:23:28
[INFO] [stdout]    |
[INFO] [stdout] 23 |     pub fn new(tx: String, result: Vec<Value>) -> QueryResponse {
[INFO] [stdout]    |                            ^^^^^^ help: if this is intentional, prefix it with an underscore: `_result`
[INFO] [stdout] 
[INFO] [stdout] 
[INFO] [stderr]     Finished `dev` profile [unoptimized + debuginfo] target(s) in 2m 51s
[INFO] running `Command { std: "docker" "inspect" "ca1e1a2c5a4e9a81dd85cebb119ea7ac738b28d3ec0125e098803df974eb3616", kill_on_drop: false }`
[INFO] running `Command { std: "docker" "rm" "-f" "ca1e1a2c5a4e9a81dd85cebb119ea7ac738b28d3ec0125e098803df974eb3616", kill_on_drop: false }`
[INFO] [stdout] ca1e1a2c5a4e9a81dd85cebb119ea7ac738b28d3ec0125e098803df974eb3616
[INFO] running `Command { std: "docker" "create" "-v" "/var/lib/crater-agent-workspace/builds/worker-5-tc2/target:/opt/rustwide/target:rw,Z" "-v" "/var/lib/crater-agent-workspace/builds/worker-5-tc2/source:/opt/rustwide/workdir:ro,Z" "-v" "/var/lib/crater-agent-workspace/cargo-home:/opt/rustwide/cargo-home:ro,Z" "-v" "/var/lib/crater-agent-workspace/rustup-home:/opt/rustwide/rustup-home:ro,Z" "-e" "SOURCE_DIR=/opt/rustwide/workdir" "-e" "CARGO_TARGET_DIR=/opt/rustwide/target" "-e" "CARGO_INCREMENTAL=0" "-e" "RUST_BACKTRACE=full" "-e" "RUSTFLAGS=--cap-lints=warn" "-e" "RUSTDOCFLAGS=--cap-lints=warn" "-e" "CARGO_HOME=/opt/rustwide/cargo-home" "-e" "RUSTUP_HOME=/opt/rustwide/rustup-home" "-w" "/opt/rustwide/workdir" "-m" "1610612736" "--user" "0:0" "--network" "none" "ghcr.io/rust-lang/crates-build-env/linux@sha256:f3a9d4ad9d972b27faf3965f35b62e55ba32bbce8f20bc8fe909558a86702fde" "/opt/rustwide/cargo-home/bin/cargo" "+beta-2024-12-08" "test" "--frozen" "--no-run" "--message-format=json", kill_on_drop: false }`
[INFO] [stdout] 860217569f832ffd288791d51d89ebe02b41bde5a08b2b9ebf4e45c62b5d9aab
[INFO] running `Command { std: "docker" "start" "-a" "860217569f832ffd288791d51d89ebe02b41bde5a08b2b9ebf4e45c62b5d9aab", kill_on_drop: false }`
[INFO] [stderr]    Compiling myko-rs v0.1.2 (/opt/rustwide/workdir)
[INFO] [stdout] warning: unused import: `hash::Hash`
[INFO] [stdout]  --> src/client.rs:4:33
[INFO] [stdout]   |
[INFO] [stdout] 4 | use std::{collections::HashMap, hash::Hash, sync::Arc};
[INFO] [stdout]   |                                 ^^^^^^^^^^
[INFO] [stdout]   |
[INFO] [stdout]   = note: `#[warn(unused_imports)]` on by default
[INFO] [stdout] 
[INFO] [stdout] 
[INFO] [stdout] warning: unused import: `myko_wasm::item::MItem`
[INFO] [stdout]  --> src/item.rs:1:5
[INFO] [stdout]   |
[INFO] [stdout] 1 | use myko_wasm::item::MItem;
[INFO] [stdout]   |     ^^^^^^^^^^^^^^^^^^^^^^
[INFO] [stdout] 
[INFO] [stdout] 
[INFO] [stdout] warning: unused import: `de::DeserializeOwned`
[INFO] [stdout]  --> src/item.rs:2:13
[INFO] [stdout]   |
[INFO] [stdout] 2 | use serde::{de::DeserializeOwned, Deserialize, Serialize};
[INFO] [stdout]   |             ^^^^^^^^^^^^^^^^^^^^
[INFO] [stdout] 
[INFO] [stdout] 
[INFO] [stdout] warning: unused variable: `s`
[INFO] [stdout]    --> src/websocket.rs:119:13
[INFO] [stdout]     |
[INFO] [stdout] 119 |         let s = SocketConnectionStatus::Connecting(addr.clone(), reconnect_token.clone());
[INFO] [stdout]     |             ^ help: if this is intentional, prefix it with an underscore: `_s`
[INFO] [stdout]     |
[INFO] [stdout]     = note: `#[warn(unused_variables)]` on by default
[INFO] [stdout] 
[INFO] [stdout] 
[INFO] [stdout] warning: unused variable: `result`
[INFO] [stdout]   --> src/query.rs:23:28
[INFO] [stdout]    |
[INFO] [stdout] 23 |     pub fn new(tx: String, result: Vec<Value>) -> QueryResponse {
[INFO] [stdout]    |                            ^^^^^^ help: if this is intentional, prefix it with an underscore: `_result`
[INFO] [stdout] 
[INFO] [stdout] 
[INFO] [stdout] warning: unused import: `hash::Hash`
[INFO] [stdout]  --> src/client.rs:4:33
[INFO] [stdout]   |
[INFO] [stdout] 4 | use std::{collections::HashMap, hash::Hash, sync::Arc};
[INFO] [stdout]   |                                 ^^^^^^^^^^
[INFO] [stdout]   |
[INFO] [stdout]   = note: `#[warn(unused_imports)]` on by default
[INFO] [stdout] 
[INFO] [stdout] 
[INFO] [stdout] warning: unused import: `myko_wasm::item::MItem`
[INFO] [stdout]  --> src/item.rs:1:5
[INFO] [stdout]   |
[INFO] [stdout] 1 | use myko_wasm::item::MItem;
[INFO] [stdout]   |     ^^^^^^^^^^^^^^^^^^^^^^
[INFO] [stdout] 
[INFO] [stdout] 
[INFO] [stdout] warning: unused import: `de::DeserializeOwned`
[INFO] [stdout]  --> src/item.rs:2:13
[INFO] [stdout]   |
[INFO] [stdout] 2 | use serde::{de::DeserializeOwned, Deserialize, Serialize};
[INFO] [stdout]   |             ^^^^^^^^^^^^^^^^^^^^
[INFO] [stdout] 
[INFO] [stdout] 
[INFO] [stdout] warning: unused variable: `s`
[INFO] [stdout]    --> src/websocket.rs:119:13
[INFO] [stdout]     |
[INFO] [stdout] 119 |         let s = SocketConnectionStatus::Connecting(addr.clone(), reconnect_token.clone());
[INFO] [stdout]     |             ^ help: if this is intentional, prefix it with an underscore: `_s`
[INFO] [stdout]     |
[INFO] [stdout]     = note: `#[warn(unused_variables)]` on by default
[INFO] [stdout] 
[INFO] [stdout] 
[INFO] [stdout] warning: unused variable: `result`
[INFO] [stdout]   --> src/query.rs:23:28
[INFO] [stdout]    |
[INFO] [stdout] 23 |     pub fn new(tx: String, result: Vec<Value>) -> QueryResponse {
[INFO] [stdout]    |                            ^^^^^^ help: if this is intentional, prefix it with an underscore: `_result`
[INFO] [stdout] 
[INFO] [stdout] 
[INFO] [stdout] warning: non-local `impl` definition, `impl` blocks should be written at the same level as their item
[INFO] [stdout]    --> src/tests.rs:144:9
[INFO] [stdout]     |
[INFO] [stdout] 140 |     #[tokio::test]
[INFO] [stdout]     |     -------------- move the `impl` block outside of this async block `<unnameable>` and up 2 bodies
[INFO] [stdout] ...
[INFO] [stdout] 144 |         impl Eventable<Demo, PartialDemo> for Demo {
[INFO] [stdout]     |         ^^^^^---------^----^^-----------^^^^^^----
[INFO] [stdout]     |              |         |     |                |
[INFO] [stdout]     |              |         |     |                `Demo` is not local
[INFO] [stdout]     |              |         |     `PartialDemo` is not local
[INFO] [stdout]     |              |         `Demo` is not local
[INFO] [stdout]     |              `Eventable` is not local
[INFO] [stdout]     |
[INFO] [stdout]     = note: an `impl` is never scoped, even when it is nested inside an item, as it may impact type checking outside of that item, which can be the case if neither the trait or the self type are at the same nesting level as the `impl`
[INFO] [stdout]     = note: `#[warn(non_local_definitions)]` on by default
[INFO] [stdout] 
[INFO] [stdout] 
[INFO] [stderr]     Finished `test` profile [unoptimized + debuginfo] target(s) in 5.16s
[INFO] running `Command { std: "docker" "inspect" "860217569f832ffd288791d51d89ebe02b41bde5a08b2b9ebf4e45c62b5d9aab", kill_on_drop: false }`
[INFO] running `Command { std: "docker" "rm" "-f" "860217569f832ffd288791d51d89ebe02b41bde5a08b2b9ebf4e45c62b5d9aab", kill_on_drop: false }`
[INFO] [stdout] 860217569f832ffd288791d51d89ebe02b41bde5a08b2b9ebf4e45c62b5d9aab
[INFO] running `Command { std: "docker" "create" "-v" "/var/lib/crater-agent-workspace/builds/worker-5-tc2/target:/opt/rustwide/target:rw,Z" "-v" "/var/lib/crater-agent-workspace/builds/worker-5-tc2/source:/opt/rustwide/workdir:ro,Z" "-v" "/var/lib/crater-agent-workspace/cargo-home:/opt/rustwide/cargo-home:ro,Z" "-v" "/var/lib/crater-agent-workspace/rustup-home:/opt/rustwide/rustup-home:ro,Z" "-e" "SOURCE_DIR=/opt/rustwide/workdir" "-e" "CARGO_TARGET_DIR=/opt/rustwide/target" "-e" "CARGO_INCREMENTAL=0" "-e" "RUST_BACKTRACE=full" "-e" "RUSTFLAGS=--cap-lints=warn" "-e" "RUSTDOCFLAGS=--cap-lints=warn" "-e" "CARGO_HOME=/opt/rustwide/cargo-home" "-e" "RUSTUP_HOME=/opt/rustwide/rustup-home" "-w" "/opt/rustwide/workdir" "-m" "1610612736" "--user" "0:0" "--network" "none" "ghcr.io/rust-lang/crates-build-env/linux@sha256:f3a9d4ad9d972b27faf3965f35b62e55ba32bbce8f20bc8fe909558a86702fde" "/opt/rustwide/cargo-home/bin/cargo" "+beta-2024-12-08" "test" "--frozen", kill_on_drop: false }`
[INFO] [stdout] 0f4bc7fd724341741f386a07ed90381c42780ba5161d545db8482014ac8764fe
[INFO] running `Command { std: "docker" "start" "-a" "0f4bc7fd724341741f386a07ed90381c42780ba5161d545db8482014ac8764fe", kill_on_drop: false }`
[INFO] [stderr] warning: unused import: `hash::Hash`
[INFO] [stderr]  --> src/client.rs:4:33
[INFO] [stderr]   |
[INFO] [stderr] 4 | use std::{collections::HashMap, hash::Hash, sync::Arc};
[INFO] [stderr]   |                                 ^^^^^^^^^^
[INFO] [stderr]   |
[INFO] [stderr]   = note: `#[warn(unused_imports)]` on by default
[INFO] [stderr] 
[INFO] [stderr] warning: unused import: `myko_wasm::item::MItem`
[INFO] [stderr]  --> src/item.rs:1:5
[INFO] [stderr]   |
[INFO] [stderr] 1 | use myko_wasm::item::MItem;
[INFO] [stderr]   |     ^^^^^^^^^^^^^^^^^^^^^^
[INFO] [stderr] 
[INFO] [stderr] warning: unused import: `de::DeserializeOwned`
[INFO] [stderr]  --> src/item.rs:2:13
[INFO] [stderr]   |
[INFO] [stderr] 2 | use serde::{de::DeserializeOwned, Deserialize, Serialize};
[INFO] [stderr]   |             ^^^^^^^^^^^^^^^^^^^^
[INFO] [stderr] 
[INFO] [stderr] warning: unused variable: `s`
[INFO] [stderr]    --> src/websocket.rs:119:13
[INFO] [stderr]     |
[INFO] [stderr] 119 |         let s = SocketConnectionStatus::Connecting(addr.clone(), reconnect_token.clone());
[INFO] [stderr]     |             ^ help: if this is intentional, prefix it with an underscore: `_s`
[INFO] [stderr]     |
[INFO] [stderr]     = note: `#[warn(unused_variables)]` on by default
[INFO] [stderr] 
[INFO] [stderr] warning: unused variable: `result`
[INFO] [stderr]   --> src/query.rs:23:28
[INFO] [stderr]    |
[INFO] [stderr] 23 |     pub fn new(tx: String, result: Vec<Value>) -> QueryResponse {
[INFO] [stderr]    |                            ^^^^^^ help: if this is intentional, prefix it with an underscore: `_result`
[INFO] [stderr] 
[INFO] [stderr] warning: non-local `impl` definition, `impl` blocks should be written at the same level as their item
[INFO] [stderr]    --> src/tests.rs:144:9
[INFO] [stderr]     |
[INFO] [stderr] 140 |     #[tokio::test]
[INFO] [stderr]     |     -------------- move the `impl` block outside of this async block `<unnameable>` and up 2 bodies
[INFO] [stderr] ...
[INFO] [stderr] 144 |         impl Eventable<Demo, PartialDemo> for Demo {
[INFO] [stderr]     |         ^^^^^---------^----^^-----------^^^^^^----
[INFO] [stderr]     |              |         |     |                |
[INFO] [stderr]     |              |         |     |                `Demo` is not local
[INFO] [stderr]     |              |         |     `PartialDemo` is not local
[INFO] [stderr]     |              |         `Demo` is not local
[INFO] [stderr]     |              `Eventable` is not local
[INFO] [stderr]     |
[INFO] [stderr]     = note: an `impl` is never scoped, even when it is nested inside an item, as it may impact type checking outside of that item, which can be the case if neither the trait or the self type are at the same nesting level as the `impl`
[INFO] [stderr]     = note: `#[warn(non_local_definitions)]` on by default
[INFO] [stderr] 
[INFO] [stderr] warning: `myko-rs` (lib) generated 5 warnings (run `cargo fix --lib -p myko-rs` to apply 3 suggestions)
[INFO] [stderr] warning: `myko-rs` (lib test) generated 6 warnings (5 duplicates)
[INFO] [stderr]     Finished `test` profile [unoptimized + debuginfo] target(s) in 0.20s
[INFO] [stderr]      Running unittests src/lib.rs (/opt/rustwide/target/debug/deps/myko_rs-09e4b135058859a4)
[INFO] [stdout] 
[INFO] [stdout] running 4 tests
[INFO] [stdout] test tests::myko_tests::it_checks_equality ... ok
[INFO] [stdout] test tests::myko_tests::it_makes_a_module ... ok
[INFO] [stdout] test tests::myko_tests::it_checks_partial_equality ... ok
[INFO] [stdout] test tests::myko_tests::it_makes_a_repo ... FAILED
[INFO] [stdout] 
[INFO] [stdout] failures:
[INFO] [stdout] 
[INFO] [stdout] ---- tests::myko_tests::it_makes_a_repo stdout ----
[INFO] [stdout] thread 'tests::myko_tests::it_makes_a_repo' panicked at src/subscription.rs:25:36:
[INFO] [stdout] publish failed: "Full(..)"
[INFO] [stdout] stack backtrace:
[INFO] [stdout]    0:     0x6427b9579a4a - std::backtrace_rs::backtrace::libunwind::trace::h8810477743020387
[INFO] [stdout]                                at /rustc/202008a1b8de96d2e5b6bc02d379db03a877d34d/library/std/src/../../backtrace/src/backtrace/libunwind.rs:116:5
[INFO] [stdout]    1:     0x6427b9579a4a - std::backtrace_rs::backtrace::trace_unsynchronized::h3aa55355dd6c54a6
[INFO] [stdout]                                at /rustc/202008a1b8de96d2e5b6bc02d379db03a877d34d/library/std/src/../../backtrace/src/backtrace/mod.rs:66:5
[INFO] [stdout]    2:     0x6427b9579a4a - std::sys::backtrace::_print_fmt::h8588b0f62410823f
[INFO] [stdout]                                at /rustc/202008a1b8de96d2e5b6bc02d379db03a877d34d/library/std/src/sys/backtrace.rs:66:9
[INFO] [stdout]    3:     0x6427b9579a4a - <std::sys::backtrace::BacktraceLock::print::DisplayBacktrace as core::fmt::Display>::fmt::h98c26ac25ffe89bb
[INFO] [stdout]                                at /rustc/202008a1b8de96d2e5b6bc02d379db03a877d34d/library/std/src/sys/backtrace.rs:39:26
[INFO] [stdout]    4:     0x6427b959fcb3 - core::fmt::rt::Argument::fmt::hf95377f4aebd453b
[INFO] [stdout]                                at /rustc/202008a1b8de96d2e5b6bc02d379db03a877d34d/library/core/src/fmt/rt.rs:177:76
[INFO] [stdout]    5:     0x6427b959fcb3 - core::fmt::write::h0dd5f6e2238c7982
[INFO] [stdout]                                at /rustc/202008a1b8de96d2e5b6bc02d379db03a877d34d/library/core/src/fmt/mod.rs:1189:21
[INFO] [stdout]    6:     0x6427b9576a03 - std::io::Write::write_fmt::h03bb0ca26e6faf8c
[INFO] [stdout]                                at /rustc/202008a1b8de96d2e5b6bc02d379db03a877d34d/library/std/src/io/mod.rs:1884:15
[INFO] [stdout]    7:     0x6427b9579892 - std::sys::backtrace::BacktraceLock::print::h5c19c1c038ee186d
[INFO] [stdout]                                at /rustc/202008a1b8de96d2e5b6bc02d379db03a877d34d/library/std/src/sys/backtrace.rs:42:9
[INFO] [stdout]    8:     0x6427b957aecd - std::panicking::default_hook::{{closure}}::h77172f079a1fcb13
[INFO] [stdout]                                at /rustc/202008a1b8de96d2e5b6bc02d379db03a877d34d/library/std/src/panicking.rs:268:22
[INFO] [stdout]    9:     0x6427b957acd7 - std::panicking::default_hook::he5f8e3b203ccddba
[INFO] [stdout]                                at /rustc/202008a1b8de96d2e5b6bc02d379db03a877d34d/library/std/src/panicking.rs:292:9
[INFO] [stdout]   10:     0x6427b92f0867 - <alloc::boxed::Box<F,A> as core::ops::function::Fn<Args>>::call::h7a3c7b4a1ae77f2f
[INFO] [stdout]                                at /rustc/202008a1b8de96d2e5b6bc02d379db03a877d34d/library/alloc/src/boxed.rs:1986:9
[INFO] [stdout]   11:     0x6427b92f0867 - test::test_main::{{closure}}::hf0d3b69ae9b353d1
[INFO] [stdout]                                at /rustc/202008a1b8de96d2e5b6bc02d379db03a877d34d/library/test/src/lib.rs:134:21
[INFO] [stdout]   12:     0x6427b957b578 - <alloc::boxed::Box<F,A> as core::ops::function::Fn<Args>>::call::h6332e82e7b189abd
[INFO] [stdout]                                at /rustc/202008a1b8de96d2e5b6bc02d379db03a877d34d/library/alloc/src/boxed.rs:1986:9
[INFO] [stdout]   13:     0x6427b957b578 - std::panicking::rust_panic_with_hook::h53863d4e9018df39
[INFO] [stdout]                                at /rustc/202008a1b8de96d2e5b6bc02d379db03a877d34d/library/std/src/panicking.rs:809:13
[INFO] [stdout]   14:     0x6427b957b33a - std::panicking::begin_panic_handler::{{closure}}::h67280e6fa0757873
[INFO] [stdout]                                at /rustc/202008a1b8de96d2e5b6bc02d379db03a877d34d/library/std/src/panicking.rs:674:13
[INFO] [stdout]   15:     0x6427b9579f29 - std::sys::backtrace::__rust_end_short_backtrace::h1dac3f54d6fbbeb2
[INFO] [stdout]                                at /rustc/202008a1b8de96d2e5b6bc02d379db03a877d34d/library/std/src/sys/backtrace.rs:170:18
[INFO] [stdout]   16:     0x6427b957afcc - rust_begin_unwind
[INFO] [stdout]                                at /rustc/202008a1b8de96d2e5b6bc02d379db03a877d34d/library/std/src/panicking.rs:665:5
[INFO] [stdout]   17:     0x6427b926f6e0 - core::panicking::panic_fmt::h6792bd1b2bf01041
[INFO] [stdout]                                at /rustc/202008a1b8de96d2e5b6bc02d379db03a877d34d/library/core/src/panicking.rs:76:14
[INFO] [stdout]   18:     0x6427b926fbc6 - core::result::unwrap_failed::h05e0602ed34287c5
[INFO] [stdout]                                at /rustc/202008a1b8de96d2e5b6bc02d379db03a877d34d/library/core/src/result.rs:1699:5
[INFO] [stdout]   19:     0x6427b92a4e84 - core::result::Result<T,E>::expect::hd71c3d80ef72d11d
[INFO] [stdout]                                at /rustc/202008a1b8de96d2e5b6bc02d379db03a877d34d/library/core/src/result.rs:1061:23
[INFO] [stdout]   20:     0x6427b928fcd8 - <myko_rs::subscription::Subscription<T,PT> as myko_rs::subscription::Publisher<T,PT>>::handle::h1ca7e122fbdd0828
[INFO] [stdout]                                at /opt/rustwide/workdir/src/subscription.rs:25:21
[INFO] [stdout]   21:     0x6427b92ad616 - myko_rs::repo::RepoStruct<T,PT>::process::{{closure}}::hb7b02962c6577efa
[INFO] [stdout]                                at /opt/rustwide/workdir/src/repo.rs:77:13
[INFO] [stdout]   22:     0x6427b9285b25 - myko_rs::tests::myko_tests::it_makes_a_repo::{{closure}}::h1a8da9d3006a1152
[INFO] [stdout]                                at /opt/rustwide/workdir/src/tests.rs:132:14
[INFO] [stdout]   23:     0x6427b9281632 - <core::pin::Pin<P> as core::future::future::Future>::poll::h6c1c093d0a34bc12
[INFO] [stdout]                                at /rustc/202008a1b8de96d2e5b6bc02d379db03a877d34d/library/core/src/future/future.rs:124:9
[INFO] [stdout]   24:     0x6427b92815ed - <core::pin::Pin<P> as core::future::future::Future>::poll::h6a62a700da86ff5e
[INFO] [stdout]                                at /rustc/202008a1b8de96d2e5b6bc02d379db03a877d34d/library/core/src/future/future.rs:124:9
[INFO] [stdout]   25:     0x6427b928f0ff - tokio::runtime::scheduler::current_thread::CoreGuard::block_on::{{closure}}::{{closure}}::{{closure}}::hfb7be85e1050a641
[INFO] [stdout]                                at /opt/rustwide/cargo-home/registry/src/index.crates.io-6f17d22bba15001f/tokio-1.42.0/src/runtime/scheduler/current_thread/mod.rs:729:57
[INFO] [stdout]   26:     0x6427b928f005 - tokio::runtime::coop::with_budget::hfad1c0a17d007bec
[INFO] [stdout]                                at /opt/rustwide/cargo-home/registry/src/index.crates.io-6f17d22bba15001f/tokio-1.42.0/src/runtime/coop.rs:107:5
[INFO] [stdout]   27:     0x6427b928f005 - tokio::runtime::coop::budget::hc1a411e0bb9b69a6
[INFO] [stdout]                                at /opt/rustwide/cargo-home/registry/src/index.crates.io-6f17d22bba15001f/tokio-1.42.0/src/runtime/coop.rs:73:5
[INFO] [stdout]   28:     0x6427b928f005 - tokio::runtime::scheduler::current_thread::CoreGuard::block_on::{{closure}}::{{closure}}::h9d1c4cc43aeaa014
[INFO] [stdout]                                at /opt/rustwide/cargo-home/registry/src/index.crates.io-6f17d22bba15001f/tokio-1.42.0/src/runtime/scheduler/current_thread/mod.rs:729:25
[INFO] [stdout]   29:     0x6427b928cc40 - tokio::runtime::scheduler::current_thread::Context::enter::hec1322895b2fc05a
[INFO] [stdout]                                at /opt/rustwide/cargo-home/registry/src/index.crates.io-6f17d22bba15001f/tokio-1.42.0/src/runtime/scheduler/current_thread/mod.rs:428:19
[INFO] [stdout]   30:     0x6427b928de0e - tokio::runtime::scheduler::current_thread::CoreGuard::block_on::{{closure}}::h84b828c7d6983f88
[INFO] [stdout]                                at /opt/rustwide/cargo-home/registry/src/index.crates.io-6f17d22bba15001f/tokio-1.42.0/src/runtime/scheduler/current_thread/mod.rs:728:36
[INFO] [stdout]   31:     0x6427b928db04 - tokio::runtime::scheduler::current_thread::CoreGuard::enter::{{closure}}::h3673b7610ed5b61f
[INFO] [stdout]                                at /opt/rustwide/cargo-home/registry/src/index.crates.io-6f17d22bba15001f/tokio-1.42.0/src/runtime/scheduler/current_thread/mod.rs:807:68
[INFO] [stdout]   32:     0x6427b9293feb - tokio::runtime::context::scoped::Scoped<T>::set::h532652cde40ddc3a
[INFO] [stdout]                                at /opt/rustwide/cargo-home/registry/src/index.crates.io-6f17d22bba15001f/tokio-1.42.0/src/runtime/context/scoped.rs:40:9
[INFO] [stdout]   33:     0x6427b92a50a9 - tokio::runtime::context::set_scheduler::{{closure}}::h6bd59a9e6703a688
[INFO] [stdout]                                at /opt/rustwide/cargo-home/registry/src/index.crates.io-6f17d22bba15001f/tokio-1.42.0/src/runtime/context.rs:180:26
[INFO] [stdout]   34:     0x6427b929f8cd - std::thread::local::LocalKey<T>::try_with::h3ab857019dc75052
[INFO] [stdout]                                at /rustc/202008a1b8de96d2e5b6bc02d379db03a877d34d/library/std/src/thread/local.rs:283:12
[INFO] [stdout]   35:     0x6427b929f3ea - std::thread::local::LocalKey<T>::with::h296b3e7eade276c4
[INFO] [stdout]                                at /rustc/202008a1b8de96d2e5b6bc02d379db03a877d34d/library/std/src/thread/local.rs:260:9
[INFO] [stdout]   36:     0x6427b92a4fdd - tokio::runtime::context::set_scheduler::hc061121e7a6652b8
[INFO] [stdout]                                at /opt/rustwide/cargo-home/registry/src/index.crates.io-6f17d22bba15001f/tokio-1.42.0/src/runtime/context.rs:180:9
[INFO] [stdout]   37:     0x6427b928d490 - tokio::runtime::scheduler::current_thread::CoreGuard::enter::h187cf25ae10d617f
[INFO] [stdout]                                at /opt/rustwide/cargo-home/registry/src/index.crates.io-6f17d22bba15001f/tokio-1.42.0/src/runtime/scheduler/current_thread/mod.rs:807:27
[INFO] [stdout]   38:     0x6427b928dba3 - tokio::runtime::scheduler::current_thread::CoreGuard::block_on::h3ee746048dd27408
[INFO] [stdout]                                at /opt/rustwide/cargo-home/registry/src/index.crates.io-6f17d22bba15001f/tokio-1.42.0/src/runtime/scheduler/current_thread/mod.rs:716:19
[INFO] [stdout]   39:     0x6427b928b1ef - tokio::runtime::scheduler::current_thread::CurrentThread::block_on::{{closure}}::h3901babea600cf22
[INFO] [stdout]                                at /opt/rustwide/cargo-home/registry/src/index.crates.io-6f17d22bba15001f/tokio-1.42.0/src/runtime/scheduler/current_thread/mod.rs:196:28
[INFO] [stdout]   40:     0x6427b9294e46 - tokio::runtime::context::runtime::enter_runtime::heda24d5136c5ebed
[INFO] [stdout]                                at /opt/rustwide/cargo-home/registry/src/index.crates.io-6f17d22bba15001f/tokio-1.42.0/src/runtime/context/runtime.rs:65:16
[INFO] [stdout]   41:     0x6427b928aae1 - tokio::runtime::scheduler::current_thread::CurrentThread::block_on::h98c9c5a27744f3a0
[INFO] [stdout]                                at /opt/rustwide/cargo-home/registry/src/index.crates.io-6f17d22bba15001f/tokio-1.42.0/src/runtime/scheduler/current_thread/mod.rs:184:9
[INFO] [stdout]   42:     0x6427b92a9743 - tokio::runtime::runtime::Runtime::block_on_inner::h1aa403ca09789e41
[INFO] [stdout]                                at /opt/rustwide/cargo-home/registry/src/index.crates.io-6f17d22bba15001f/tokio-1.42.0/src/runtime/runtime.rs:368:47
[INFO] [stdout]   43:     0x6427b92a9a47 - tokio::runtime::runtime::Runtime::block_on::hf84da23eb5299676
[INFO] [stdout]                                at /opt/rustwide/cargo-home/registry/src/index.crates.io-6f17d22bba15001f/tokio-1.42.0/src/runtime/runtime.rs:342:13
[INFO] [stdout]   44:     0x6427b9285211 - myko_rs::tests::myko_tests::it_makes_a_repo::hed01806466717557
[INFO] [stdout]                                at /opt/rustwide/workdir/src/tests.rs:135:9
[INFO] [stdout]   45:     0x6427b92850b7 - myko_rs::tests::myko_tests::it_makes_a_repo::{{closure}}::hc0c3cbaad51019a6
[INFO] [stdout]                                at /opt/rustwide/workdir/src/tests.rs:87:31
[INFO] [stdout]   46:     0x6427b92a15d6 - core::ops::function::FnOnce::call_once::hb45658c6e1f4e378
[INFO] [stdout]                                at /rustc/202008a1b8de96d2e5b6bc02d379db03a877d34d/library/core/src/ops/function.rs:250:5
[INFO] [stdout]   47:     0x6427b92f538b - core::ops::function::FnOnce::call_once::h871bf86719ec9aa4
[INFO] [stdout]                                at /rustc/202008a1b8de96d2e5b6bc02d379db03a877d34d/library/core/src/ops/function.rs:250:5
[INFO] [stdout]   48:     0x6427b92f538b - test::__rust_begin_short_backtrace::h2167df1e2b7d76fd
[INFO] [stdout]                                at /rustc/202008a1b8de96d2e5b6bc02d379db03a877d34d/library/test/src/lib.rs:632:18
[INFO] [stdout]   49:     0x6427b92f4d78 - test::run_test_in_process::{{closure}}::h15d92f75a3adfb79
[INFO] [stdout]                                at /rustc/202008a1b8de96d2e5b6bc02d379db03a877d34d/library/test/src/lib.rs:655:60
[INFO] [stdout]   50:     0x6427b92f4d78 - <core::panic::unwind_safe::AssertUnwindSafe<F> as core::ops::function::FnOnce<()>>::call_once::hb6c8955835a8dbbb
[INFO] [stdout]                                at /rustc/202008a1b8de96d2e5b6bc02d379db03a877d34d/library/core/src/panic/unwind_safe.rs:272:9
[INFO] [stdout]   51:     0x6427b92f4d78 - std::panicking::try::do_call::hc79d0fc888a0bd30
[INFO] [stdout]                                at /rustc/202008a1b8de96d2e5b6bc02d379db03a877d34d/library/std/src/panicking.rs:557:40
[INFO] [stdout]   52:     0x6427b92f4d78 - std::panicking::try::hb8a7878e3a8589d6
[INFO] [stdout]                                at /rustc/202008a1b8de96d2e5b6bc02d379db03a877d34d/library/std/src/panicking.rs:520:19
[INFO] [stdout]   53:     0x6427b92f4d78 - std::panic::catch_unwind::hb8e4600ff0ff5cfa
[INFO] [stdout]                                at /rustc/202008a1b8de96d2e5b6bc02d379db03a877d34d/library/std/src/panic.rs:358:14
[INFO] [stdout]   54:     0x6427b92f4d78 - test::run_test_in_process::hc2900b0b18688dd6
[INFO] [stdout]                                at /rustc/202008a1b8de96d2e5b6bc02d379db03a877d34d/library/test/src/lib.rs:655:27
[INFO] [stdout]   55:     0x6427b92f4d78 - test::run_test::{{closure}}::hac2a9cb07be3d48d
[INFO] [stdout]                                at /rustc/202008a1b8de96d2e5b6bc02d379db03a877d34d/library/test/src/lib.rs:576:43
[INFO] [stdout]   56:     0x6427b92b881a - test::run_test::{{closure}}::h4a5b729e66a38cd8
[INFO] [stdout]                                at /rustc/202008a1b8de96d2e5b6bc02d379db03a877d34d/library/test/src/lib.rs:606:41
[INFO] [stdout]   57:     0x6427b92b881a - std::sys::backtrace::__rust_begin_short_backtrace::h0496fb742492f573
[INFO] [stdout]                                at /rustc/202008a1b8de96d2e5b6bc02d379db03a877d34d/library/std/src/sys/backtrace.rs:154:18
[INFO] [stdout]   58:     0x6427b92bc194 - std::thread::Builder::spawn_unchecked_::{{closure}}::{{closure}}::hbb6d257c550a54bd
[INFO] [stdout]                                at /rustc/202008a1b8de96d2e5b6bc02d379db03a877d34d/library/std/src/thread/mod.rs:561:17
[INFO] [stdout]   59:     0x6427b92bc194 - <core::panic::unwind_safe::AssertUnwindSafe<F> as core::ops::function::FnOnce<()>>::call_once::h46696fe4a6832328
[INFO] [stdout]                                at /rustc/202008a1b8de96d2e5b6bc02d379db03a877d34d/library/core/src/panic/unwind_safe.rs:272:9
[INFO] [stdout]   60:     0x6427b92bc194 - std::panicking::try::do_call::h2625a51b667bfb64
[INFO] [stdout]                                at /rustc/202008a1b8de96d2e5b6bc02d379db03a877d34d/library/std/src/panicking.rs:557:40
[INFO] [stdout]   61:     0x6427b92bc194 - std::panicking::try::hb956a59a1973aa4c
[INFO] [stdout]                                at /rustc/202008a1b8de96d2e5b6bc02d379db03a877d34d/library/std/src/panicking.rs:520:19
[INFO] [stdout]   62:     0x6427b92bc194 - std::panic::catch_unwind::h64f3b9d1067ef6a0
[INFO] [stdout]                                at /rustc/202008a1b8de96d2e5b6bc02d379db03a877d34d/library/std/src/panic.rs:358:14
[INFO] [stdout]   63:     0x6427b92bc194 - std::thread::Builder::spawn_unchecked_::{{closure}}::h42b2841295b6c0b2
[INFO] [stdout]                                at /rustc/202008a1b8de96d2e5b6bc02d379db03a877d34d/library/std/src/thread/mod.rs:559:30
[INFO] [stdout]   64:     0x6427b92bc194 - core::ops::function::FnOnce::call_once{{vtable.shim}}::h6127de71b8124639
[INFO] [stdout]                                at /rustc/202008a1b8de96d2e5b6bc02d379db03a877d34d/library/core/src/ops/function.rs:250:5
[INFO] [stdout]   65:     0x6427b957f74b - <alloc::boxed::Box<F,A> as core::ops::function::FnOnce<Args>>::call_once::h42f0ba71002a1b2c
[INFO] [stdout]                                at /rustc/202008a1b8de96d2e5b6bc02d379db03a877d34d/library/alloc/src/boxed.rs:1972:9
[INFO] [stdout]   66:     0x6427b957f74b - <alloc::boxed::Box<F,A> as core::ops::function::FnOnce<Args>>::call_once::had9e47d7a3dcecb8
[INFO] [stdout]                                at /rustc/202008a1b8de96d2e5b6bc02d379db03a877d34d/library/alloc/src/boxed.rs:1972:9
[INFO] [stdout]   67:     0x6427b957f74b - std::sys::pal::unix::thread::Thread::new::thread_start::h48cf765408f6f5f2
[INFO] [stdout]                                at /rustc/202008a1b8de96d2e5b6bc02d379db03a877d34d/library/std/src/sys/pal/unix/thread.rs:105:17
[INFO] [stdout]   68:     0x763903d65ac3 - <unknown>
[INFO] [stdout]   69:     0x763903df6a04 - clone
[INFO] [stdout]   70:                0x0 - <unknown>
[INFO] [stdout] 
[INFO] [stdout] 
[INFO] [stdout] failures:
[INFO] [stdout]     tests::myko_tests::it_makes_a_repo
[INFO] [stdout] 
[INFO] [stdout] test result: FAILED. 3 passed; 1 failed; 0 ignored; 0 measured; 0 filtered out; finished in 0.15s
[INFO] [stdout] 
[INFO] [stderr] error: test failed, to rerun pass `--lib`
[INFO] running `Command { std: "docker" "inspect" "0f4bc7fd724341741f386a07ed90381c42780ba5161d545db8482014ac8764fe", kill_on_drop: false }`
[INFO] running `Command { std: "docker" "rm" "-f" "0f4bc7fd724341741f386a07ed90381c42780ba5161d545db8482014ac8764fe", kill_on_drop: false }`
[INFO] [stdout] 0f4bc7fd724341741f386a07ed90381c42780ba5161d545db8482014ac8764fe
