[INFO] fetching crate mydb_macros 0.0.2...
[INFO] testing mydb_macros-0.0.2 against 1.83.0 for beta-1.84.0-4-retry
[INFO] extracting crate mydb_macros 0.0.2 into /workspace/builds/worker-0-tc1/source
[INFO] validating manifest of crates.io crate mydb_macros 0.0.2 on toolchain 1.83.0
[INFO] running `Command { std: CARGO_HOME="/workspace/cargo-home" RUSTUP_HOME="/workspace/rustup-home" "/workspace/cargo-home/bin/cargo" "+1.83.0" "metadata" "--manifest-path" "Cargo.toml" "--no-deps", kill_on_drop: false }`
[INFO] started tweaking crates.io crate mydb_macros 0.0.2
[INFO] finished tweaking crates.io crate mydb_macros 0.0.2
[INFO] tweaked toml for crates.io crate mydb_macros 0.0.2 written to /workspace/builds/worker-0-tc1/source/Cargo.toml
[INFO] running `Command { std: CARGO_HOME="/workspace/cargo-home" RUSTUP_HOME="/workspace/rustup-home" "/workspace/cargo-home/bin/cargo" "+1.83.0" "generate-lockfile" "--manifest-path" "Cargo.toml", kill_on_drop: false }`
[INFO] [stderr]     Updating crates.io index
[INFO] [stderr]      Locking 44 packages to latest compatible versions
[INFO] running `Command { std: CARGO_HOME="/workspace/cargo-home" RUSTUP_HOME="/workspace/rustup-home" "/workspace/cargo-home/bin/cargo" "+1.83.0" "fetch" "--manifest-path" "Cargo.toml", kill_on_drop: false }`
[INFO] running `Command { std: "docker" "create" "-v" "/var/lib/crater-agent-workspace/builds/worker-0-tc1/target:/opt/rustwide/target:rw,Z" "-v" "/var/lib/crater-agent-workspace/builds/worker-0-tc1/source:/opt/rustwide/workdir:ro,Z" "-v" "/var/lib/crater-agent-workspace/cargo-home:/opt/rustwide/cargo-home:ro,Z" "-v" "/var/lib/crater-agent-workspace/rustup-home:/opt/rustwide/rustup-home:ro,Z" "-e" "SOURCE_DIR=/opt/rustwide/workdir" "-e" "CARGO_TARGET_DIR=/opt/rustwide/target" "-e" "CARGO_HOME=/opt/rustwide/cargo-home" "-e" "RUSTUP_HOME=/opt/rustwide/rustup-home" "-w" "/opt/rustwide/workdir" "-m" "1610612736" "--user" "0:0" "--network" "none" "ghcr.io/rust-lang/crates-build-env/linux@sha256:f3a9d4ad9d972b27faf3965f35b62e55ba32bbce8f20bc8fe909558a86702fde" "/opt/rustwide/cargo-home/bin/cargo" "+1.83.0" "metadata" "--no-deps" "--format-version=1", kill_on_drop: false }`
[INFO] [stdout] f2377407aa6e4f74caf786f8164457cece71e9bfa5474d6bbb0853b2b0ebc18b
[INFO] running `Command { std: "docker" "start" "-a" "f2377407aa6e4f74caf786f8164457cece71e9bfa5474d6bbb0853b2b0ebc18b", kill_on_drop: false }`
[INFO] running `Command { std: "docker" "inspect" "f2377407aa6e4f74caf786f8164457cece71e9bfa5474d6bbb0853b2b0ebc18b", kill_on_drop: false }`
[INFO] running `Command { std: "docker" "rm" "-f" "f2377407aa6e4f74caf786f8164457cece71e9bfa5474d6bbb0853b2b0ebc18b", kill_on_drop: false }`
[INFO] [stdout] f2377407aa6e4f74caf786f8164457cece71e9bfa5474d6bbb0853b2b0ebc18b
[INFO] running `Command { std: "docker" "create" "-v" "/var/lib/crater-agent-workspace/builds/worker-0-tc1/target:/opt/rustwide/target:rw,Z" "-v" "/var/lib/crater-agent-workspace/builds/worker-0-tc1/source:/opt/rustwide/workdir:ro,Z" "-v" "/var/lib/crater-agent-workspace/cargo-home:/opt/rustwide/cargo-home:ro,Z" "-v" "/var/lib/crater-agent-workspace/rustup-home:/opt/rustwide/rustup-home:ro,Z" "-e" "SOURCE_DIR=/opt/rustwide/workdir" "-e" "CARGO_TARGET_DIR=/opt/rustwide/target" "-e" "CARGO_INCREMENTAL=0" "-e" "RUST_BACKTRACE=full" "-e" "RUSTFLAGS=--cap-lints=warn" "-e" "RUSTDOCFLAGS=--cap-lints=warn" "-e" "CARGO_HOME=/opt/rustwide/cargo-home" "-e" "RUSTUP_HOME=/opt/rustwide/rustup-home" "-w" "/opt/rustwide/workdir" "-m" "1610612736" "--user" "0:0" "--network" "none" "ghcr.io/rust-lang/crates-build-env/linux@sha256:f3a9d4ad9d972b27faf3965f35b62e55ba32bbce8f20bc8fe909558a86702fde" "/opt/rustwide/cargo-home/bin/cargo" "+1.83.0" "build" "--frozen" "--message-format=json", kill_on_drop: false }`
[INFO] [stdout] e21cffba7c8c035e98efa138f02c15e456073303732549d0f9543080ec311e5c
[INFO] running `Command { std: "docker" "start" "-a" "e21cffba7c8c035e98efa138f02c15e456073303732549d0f9543080ec311e5c", kill_on_drop: false }`
[INFO] [stderr]    Compiling proc-macro2 v1.0.92
[INFO] [stderr]    Compiling serde v1.0.216
[INFO] [stderr]    Compiling autocfg v1.4.0
[INFO] [stderr]    Compiling unicode-ident v1.0.14
[INFO] [stderr]    Compiling percent-encoding v2.3.1
[INFO] [stderr]    Compiling ryu v1.0.18
[INFO] [stderr]    Compiling serde_json v1.0.133
[INFO] [stderr]    Compiling itoa v1.0.14
[INFO] [stderr]    Compiling iana-time-zone v0.1.61
[INFO] [stderr]    Compiling memchr v2.7.4
[INFO] [stderr]    Compiling form_urlencoded v1.2.1
[INFO] [stderr]    Compiling num-traits v0.2.19
[INFO] [stderr]    Compiling quote v1.0.37
[INFO] [stderr]    Compiling syn v2.0.90
[INFO] [stderr]    Compiling chrono v0.4.39
[INFO] [stderr]    Compiling serde_derive v1.0.216
[INFO] [stderr]    Compiling serde_urlencoded v0.7.1
[INFO] [stderr]    Compiling mydb_macros v0.0.2 (/opt/rustwide/workdir)
[INFO] [stdout] warning: unused import: `token`
[INFO] [stdout]  --> src/derives/entity/index.rs:3:37
[INFO] [stdout]   |
[INFO] [stdout] 3 | use syn::{ Attribute, Data, Result, token };
[INFO] [stdout]   |                                     ^^^^^
[INFO] [stdout]   |
[INFO] [stdout]   = note: `#[warn(unused_imports)]` on by default
[INFO] [stdout] 
[INFO] [stdout] 
[INFO] [stdout] warning: unused imports: `Ident` and `Span`
[INFO] [stdout]  --> src/derives/entity/getters.rs:1:20
[INFO] [stdout]   |
[INFO] [stdout] 1 | use proc_macro2::{ Ident, Span, TokenStream };
[INFO] [stdout]   |                    ^^^^^  ^^^^
[INFO] [stdout] 
[INFO] [stdout] 
[INFO] [stdout] warning: unused imports: `Ident` and `Span`
[INFO] [stdout]  --> src/derives/entity/setters.rs:1:20
[INFO] [stdout]   |
[INFO] [stdout] 1 | use proc_macro2::{ Ident, Span, TokenStream };
[INFO] [stdout]   |                    ^^^^^  ^^^^
[INFO] [stdout] 
[INFO] [stdout] 
[INFO] [stdout] warning: unused imports: `Punct` and `Span`
[INFO] [stdout]  --> src/derives/getters.rs:1:27
[INFO] [stdout]   |
[INFO] [stdout] 1 | use proc_macro2::{ Ident, Span, TokenStream, Punct };
[INFO] [stdout]   |                           ^^^^               ^^^^^
[INFO] [stdout] 
[INFO] [stdout] 
[INFO] [stdout] warning: unused import: `Result`
[INFO] [stdout]  --> src/derives/getters.rs:7:26
[INFO] [stdout]   |
[INFO] [stdout] 7 | use syn::{ Data, Fields, Result, Type };
[INFO] [stdout]   |                          ^^^^^^
[INFO] [stdout] 
[INFO] [stdout] 
[INFO] [stdout] warning: unused imports: `Punct` and `Span`
[INFO] [stdout]  --> src/derives/setters.rs:1:27
[INFO] [stdout]   |
[INFO] [stdout] 1 | use proc_macro2::{ Ident, Span, TokenStream, Punct };
[INFO] [stdout]   |                           ^^^^               ^^^^^
[INFO] [stdout] 
[INFO] [stdout] 
[INFO] [stdout] warning: unused import: `Result`
[INFO] [stdout]  --> src/derives/setters.rs:7:26
[INFO] [stdout]   |
[INFO] [stdout] 7 | use syn::{ Data, Fields, Result, Type };
[INFO] [stdout]   |                          ^^^^^^
[INFO] [stdout] 
[INFO] [stdout] 
[INFO] [stdout] warning: value assigned to `my_field` is never read
[INFO] [stdout]   --> src/derives/getters.rs:84:21
[INFO] [stdout]    |
[INFO] [stdout] 84 |             let mut my_field: MyField = MyField::new();
[INFO] [stdout]    |                     ^^^^^^^^
[INFO] [stdout]    |
[INFO] [stdout]    = help: maybe it is overwritten before being read?
[INFO] [stdout]    = note: `#[warn(unused_assignments)]` on by default
[INFO] [stdout] 
[INFO] [stdout] 
[INFO] [stdout] warning: value assigned to `my_field` is never read
[INFO] [stdout]   --> src/derives/setters.rs:74:21
[INFO] [stdout]    |
[INFO] [stdout] 74 |             let mut my_field: MyField = MyField::new();
[INFO] [stdout]    |                     ^^^^^^^^
[INFO] [stdout]    |
[INFO] [stdout]    = help: maybe it is overwritten before being read?
[INFO] [stdout] 
[INFO] [stdout] 
[INFO] [stdout] warning: unused variable: `ident`
[INFO] [stdout]  --> src/lib.rs:9:7
[INFO] [stdout]   |
[INFO] [stdout] 9 |       ident, data, attrs, vis, generics,
[INFO] [stdout]   |       ^^^^^ help: try ignoring the field: `ident: _`
[INFO] [stdout]   |
[INFO] [stdout]   = note: `#[warn(unused_variables)]` on by default
[INFO] [stdout] 
[INFO] [stdout] 
[INFO] [stdout] warning: unused variable: `vis`
[INFO] [stdout]  --> src/lib.rs:9:27
[INFO] [stdout]   |
[INFO] [stdout] 9 |       ident, data, attrs, vis, generics,
[INFO] [stdout]   |                           ^^^ help: try ignoring the field: `vis: _`
[INFO] [stdout] 
[INFO] [stdout] 
[INFO] [stdout] warning: unused variable: `generics`
[INFO] [stdout]  --> src/lib.rs:9:32
[INFO] [stdout]   |
[INFO] [stdout] 9 |       ident, data, attrs, vis, generics,
[INFO] [stdout]   |                                ^^^^^^^^ help: try ignoring the field: `generics: _`
[INFO] [stdout] 
[INFO] [stdout] 
[INFO] [stdout] warning: unused variable: `attrs`
[INFO] [stdout]   --> src/lib.rs:21:18
[INFO] [stdout]    |
[INFO] [stdout] 21 |     ident, data, attrs, vis, generics,
[INFO] [stdout]    |                  ^^^^^ help: try ignoring the field: `attrs: _`
[INFO] [stdout] 
[INFO] [stdout] 
[INFO] [stdout] warning: unused variable: `vis`
[INFO] [stdout]   --> src/lib.rs:21:25
[INFO] [stdout]    |
[INFO] [stdout] 21 |     ident, data, attrs, vis, generics,
[INFO] [stdout]    |                         ^^^ help: try ignoring the field: `vis: _`
[INFO] [stdout] 
[INFO] [stdout] 
[INFO] [stdout] warning: unused variable: `generics`
[INFO] [stdout]   --> src/lib.rs:21:30
[INFO] [stdout]    |
[INFO] [stdout] 21 |     ident, data, attrs, vis, generics,
[INFO] [stdout]    |                              ^^^^^^^^ help: try ignoring the field: `generics: _`
[INFO] [stdout] 
[INFO] [stdout] 
[INFO] [stdout] warning: unused variable: `attrs`
[INFO] [stdout]   --> src/lib.rs:30:18
[INFO] [stdout]    |
[INFO] [stdout] 30 |     ident, data, attrs, vis, generics,
[INFO] [stdout]    |                  ^^^^^ help: try ignoring the field: `attrs: _`
[INFO] [stdout] 
[INFO] [stdout] 
[INFO] [stdout] warning: unused variable: `vis`
[INFO] [stdout]   --> src/lib.rs:30:25
[INFO] [stdout]    |
[INFO] [stdout] 30 |     ident, data, attrs, vis, generics,
[INFO] [stdout]    |                         ^^^ help: try ignoring the field: `vis: _`
[INFO] [stdout] 
[INFO] [stdout] 
[INFO] [stdout] warning: unused variable: `generics`
[INFO] [stdout]   --> src/lib.rs:30:30
[INFO] [stdout]    |
[INFO] [stdout] 30 |     ident, data, attrs, vis, generics,
[INFO] [stdout]    |                              ^^^^^^^^ help: try ignoring the field: `generics: _`
[INFO] [stdout] 
[INFO] [stdout] 
[INFO] [stdout] warning: constant `NUMBER_TYPES` is never used
[INFO] [stdout]   --> src/derives/entity/index.rs:30:11
[INFO] [stdout]    |
[INFO] [stdout] 30 | pub const NUMBER_TYPES: &[&str] = &[
[INFO] [stdout]    |           ^^^^^^^^^^^^
[INFO] [stdout]    |
[INFO] [stdout]    = note: `#[warn(dead_code)]` on by default
[INFO] [stdout] 
[INFO] [stdout] 
[INFO] [stdout] warning: field `my_field` is never read
[INFO] [stdout]   --> src/derives/entity/index.rs:57:7
[INFO] [stdout]    |
[INFO] [stdout] 52 | pub struct TableField {
[INFO] [stdout]    |            ---------- field in this struct
[INFO] [stdout] ...
[INFO] [stdout] 57 |   pub my_field: MyField,
[INFO] [stdout]    |       ^^^^^^^^
[INFO] [stdout]    |
[INFO] [stdout]    = note: `TableField` has derived impls for the traits `Clone` and `Debug`, but these are intentionally ignored during dead code analysis
[INFO] [stdout] 
[INFO] [stdout] 
[INFO] [stdout] warning: function `get_token_stream_array` is never used
[INFO] [stdout]   --> src/derives/getters.rs:21:8
[INFO] [stdout]    |
[INFO] [stdout] 21 | pub fn get_token_stream_array(data: Data) -> Vec<TokenStream> {
[INFO] [stdout]    |        ^^^^^^^^^^^^^^^^^^^^^^
[INFO] [stdout] 
[INFO] [stdout] 
[INFO] [stdout] warning: function `get_token_stream_array` is never used
[INFO] [stdout]   --> src/derives/setters.rs:21:8
[INFO] [stdout]    |
[INFO] [stdout] 21 | pub fn get_token_stream_array(data: Data) -> Vec<TokenStream> {
[INFO] [stdout]    |        ^^^^^^^^^^^^^^^^^^^^^^
[INFO] [stdout] 
[INFO] [stdout] 
[INFO] [stderr]     Finished `dev` profile [unoptimized + debuginfo] target(s) in 11.34s
[INFO] running `Command { std: "docker" "inspect" "e21cffba7c8c035e98efa138f02c15e456073303732549d0f9543080ec311e5c", kill_on_drop: false }`
[INFO] running `Command { std: "docker" "rm" "-f" "e21cffba7c8c035e98efa138f02c15e456073303732549d0f9543080ec311e5c", kill_on_drop: false }`
[INFO] [stdout] e21cffba7c8c035e98efa138f02c15e456073303732549d0f9543080ec311e5c
[INFO] running `Command { std: "docker" "create" "-v" "/var/lib/crater-agent-workspace/builds/worker-0-tc1/target:/opt/rustwide/target:rw,Z" "-v" "/var/lib/crater-agent-workspace/builds/worker-0-tc1/source:/opt/rustwide/workdir:ro,Z" "-v" "/var/lib/crater-agent-workspace/cargo-home:/opt/rustwide/cargo-home:ro,Z" "-v" "/var/lib/crater-agent-workspace/rustup-home:/opt/rustwide/rustup-home:ro,Z" "-e" "SOURCE_DIR=/opt/rustwide/workdir" "-e" "CARGO_TARGET_DIR=/opt/rustwide/target" "-e" "CARGO_INCREMENTAL=0" "-e" "RUST_BACKTRACE=full" "-e" "RUSTFLAGS=--cap-lints=warn" "-e" "RUSTDOCFLAGS=--cap-lints=warn" "-e" "CARGO_HOME=/opt/rustwide/cargo-home" "-e" "RUSTUP_HOME=/opt/rustwide/rustup-home" "-w" "/opt/rustwide/workdir" "-m" "1610612736" "--user" "0:0" "--network" "none" "ghcr.io/rust-lang/crates-build-env/linux@sha256:f3a9d4ad9d972b27faf3965f35b62e55ba32bbce8f20bc8fe909558a86702fde" "/opt/rustwide/cargo-home/bin/cargo" "+1.83.0" "test" "--frozen" "--no-run" "--message-format=json", kill_on_drop: false }`
[INFO] [stdout] 82f8dfeeaa9af092c0bf5c3f1e42f65c6f870abe277c72403b4fa5c32d3649bc
[INFO] running `Command { std: "docker" "start" "-a" "82f8dfeeaa9af092c0bf5c3f1e42f65c6f870abe277c72403b4fa5c32d3649bc", kill_on_drop: false }`
[INFO] [stderr]    Compiling mydb_macros v0.0.2 (/opt/rustwide/workdir)
[INFO] [stdout] warning: unused import: `token`
[INFO] [stdout]  --> src/derives/entity/index.rs:3:37
[INFO] [stdout]   |
[INFO] [stdout] 3 | use syn::{ Attribute, Data, Result, token };
[INFO] [stdout]   |                                     ^^^^^
[INFO] [stdout]   |
[INFO] [stdout]   = note: `#[warn(unused_imports)]` on by default
[INFO] [stdout] 
[INFO] [stdout] 
[INFO] [stdout] warning: unused imports: `Ident` and `Span`
[INFO] [stdout]  --> src/derives/entity/getters.rs:1:20
[INFO] [stdout]   |
[INFO] [stdout] 1 | use proc_macro2::{ Ident, Span, TokenStream };
[INFO] [stdout]   |                    ^^^^^  ^^^^
[INFO] [stdout] 
[INFO] [stdout] 
[INFO] [stdout] warning: unused imports: `Ident` and `Span`
[INFO] [stdout]  --> src/derives/entity/setters.rs:1:20
[INFO] [stdout]   |
[INFO] [stdout] 1 | use proc_macro2::{ Ident, Span, TokenStream };
[INFO] [stdout]   |                    ^^^^^  ^^^^
[INFO] [stdout] 
[INFO] [stdout] 
[INFO] [stdout] warning: unused imports: `Punct` and `Span`
[INFO] [stdout]  --> src/derives/getters.rs:1:27
[INFO] [stdout]   |
[INFO] [stdout] 1 | use proc_macro2::{ Ident, Span, TokenStream, Punct };
[INFO] [stdout]   |                           ^^^^               ^^^^^
[INFO] [stdout] 
[INFO] [stdout] 
[INFO] [stdout] warning: unused import: `Result`
[INFO] [stdout]  --> src/derives/getters.rs:7:26
[INFO] [stdout]   |
[INFO] [stdout] 7 | use syn::{ Data, Fields, Result, Type };
[INFO] [stdout]   |                          ^^^^^^
[INFO] [stdout] 
[INFO] [stdout] 
[INFO] [stdout] warning: unused imports: `Punct` and `Span`
[INFO] [stdout]  --> src/derives/setters.rs:1:27
[INFO] [stdout]   |
[INFO] [stdout] 1 | use proc_macro2::{ Ident, Span, TokenStream, Punct };
[INFO] [stdout]   |                           ^^^^               ^^^^^
[INFO] [stdout] 
[INFO] [stdout] 
[INFO] [stdout] warning: unused import: `Result`
[INFO] [stdout]  --> src/derives/setters.rs:7:26
[INFO] [stdout]   |
[INFO] [stdout] 7 | use syn::{ Data, Fields, Result, Type };
[INFO] [stdout]   |                          ^^^^^^
[INFO] [stdout] 
[INFO] [stdout] 
[INFO] [stdout] warning: unused import: `token`
[INFO] [stdout]  --> src/derives/entity/index.rs:3:37
[INFO] [stdout]   |
[INFO] [stdout] 3 | use syn::{ Attribute, Data, Result, token };
[INFO] [stdout]   |                                     ^^^^^
[INFO] [stdout]   |
[INFO] [stdout]   = note: `#[warn(unused_imports)]` on by default
[INFO] [stdout] 
[INFO] [stdout] 
[INFO] [stdout] warning: unused imports: `Ident` and `Span`
[INFO] [stdout]  --> src/derives/entity/getters.rs:1:20
[INFO] [stdout]   |
[INFO] [stdout] 1 | use proc_macro2::{ Ident, Span, TokenStream };
[INFO] [stdout]   |                    ^^^^^  ^^^^
[INFO] [stdout] 
[INFO] [stdout] 
[INFO] [stdout] warning: unused imports: `Ident` and `Span`
[INFO] [stdout]  --> src/derives/entity/setters.rs:1:20
[INFO] [stdout]   |
[INFO] [stdout] 1 | use proc_macro2::{ Ident, Span, TokenStream };
[INFO] [stdout]   |                    ^^^^^  ^^^^
[INFO] [stdout] 
[INFO] [stdout] 
[INFO] [stdout] warning: unused imports: `Punct` and `Span`
[INFO] [stdout]  --> src/derives/getters.rs:1:27
[INFO] [stdout]   |
[INFO] [stdout] 1 | use proc_macro2::{ Ident, Span, TokenStream, Punct };
[INFO] [stdout]   |                           ^^^^               ^^^^^
[INFO] [stdout] 
[INFO] [stdout] 
[INFO] [stdout] warning: unused import: `Result`
[INFO] [stdout]  --> src/derives/getters.rs:7:26
[INFO] [stdout]   |
[INFO] [stdout] 7 | use syn::{ Data, Fields, Result, Type };
[INFO] [stdout]   |                          ^^^^^^
[INFO] [stdout] 
[INFO] [stdout] 
[INFO] [stdout] warning: unused imports: `Punct` and `Span`
[INFO] [stdout]  --> src/derives/setters.rs:1:27
[INFO] [stdout]   |
[INFO] [stdout] 1 | use proc_macro2::{ Ident, Span, TokenStream, Punct };
[INFO] [stdout]   |                           ^^^^               ^^^^^
[INFO] [stdout] 
[INFO] [stdout] 
[INFO] [stdout] warning: unused import: `Result`
[INFO] [stdout]  --> src/derives/setters.rs:7:26
[INFO] [stdout]   |
[INFO] [stdout] 7 | use syn::{ Data, Fields, Result, Type };
[INFO] [stdout]   |                          ^^^^^^
[INFO] [stdout] 
[INFO] [stdout] 
[INFO] [stdout] warning: value assigned to `my_field` is never read
[INFO] [stdout]   --> src/derives/getters.rs:84:21
[INFO] [stdout]    |
[INFO] [stdout] 84 |             let mut my_field: MyField = MyField::new();
[INFO] [stdout]    |                     ^^^^^^^^
[INFO] [stdout]    |
[INFO] [stdout]    = help: maybe it is overwritten before being read?
[INFO] [stdout]    = note: `#[warn(unused_assignments)]` on by default
[INFO] [stdout] 
[INFO] [stdout] 
[INFO] [stdout] warning: value assigned to `my_field` is never read
[INFO] [stdout]   --> src/derives/getters.rs:84:21
[INFO] [stdout]    |
[INFO] [stdout] 84 |             let mut my_field: MyField = MyField::new();
[INFO] [stdout]    |                     ^^^^^^^^
[INFO] [stdout]    |
[INFO] [stdout]    = help: maybe it is overwritten before being read?
[INFO] [stdout]    = note: `#[warn(unused_assignments)]` on by default
[INFO] [stdout] 
[INFO] [stdout] 
[INFO] [stdout] warning: value assigned to `my_field` is never read
[INFO] [stdout]   --> src/derives/setters.rs:74:21
[INFO] [stdout]    |
[INFO] [stdout] 74 |             let mut my_field: MyField = MyField::new();
[INFO] [stdout]    |                     ^^^^^^^^
[INFO] [stdout]    |
[INFO] [stdout]    = help: maybe it is overwritten before being read?
[INFO] [stdout] 
[INFO] [stdout] 
[INFO] [stdout] warning: value assigned to `my_field` is never read
[INFO] [stdout]   --> src/derives/setters.rs:74:21
[INFO] [stdout]    |
[INFO] [stdout] 74 |             let mut my_field: MyField = MyField::new();
[INFO] [stdout]    |                     ^^^^^^^^
[INFO] [stdout]    |
[INFO] [stdout]    = help: maybe it is overwritten before being read?
[INFO] [stdout] 
[INFO] [stdout] 
[INFO] [stdout] warning: unused variable: `ident`
[INFO] [stdout]  --> src/lib.rs:9:7
[INFO] [stdout]   |
[INFO] [stdout] 9 |       ident, data, attrs, vis, generics,
[INFO] [stdout]   |       ^^^^^ help: try ignoring the field: `ident: _`
[INFO] [stdout]   |
[INFO] [stdout]   = note: `#[warn(unused_variables)]` on by default
[INFO] [stdout] 
[INFO] [stdout] 
[INFO] [stdout] warning: unused variable: `vis`
[INFO] [stdout]  --> src/lib.rs:9:27
[INFO] [stdout]   |
[INFO] [stdout] 9 |       ident, data, attrs, vis, generics,
[INFO] [stdout]   |                           ^^^ help: try ignoring the field: `vis: _`
[INFO] [stdout] 
[INFO] [stdout] 
[INFO] [stdout] warning: unused variable: `ident`
[INFO] [stdout]  --> src/lib.rs:9:7
[INFO] [stdout]   |
[INFO] [stdout] 9 |       ident, data, attrs, vis, generics,
[INFO] [stdout]   |       ^^^^^ help: try ignoring the field: `ident: _`
[INFO] [stdout]   |
[INFO] [stdout]   = note: `#[warn(unused_variables)]` on by default
[INFO] [stdout] 
[INFO] [stdout] 
[INFO] [stdout] warning: unused variable: `vis`
[INFO] [stdout]  --> src/lib.rs:9:27
[INFO] [stdout]   |
[INFO] [stdout] 9 |       ident, data, attrs, vis, generics,
[INFO] [stdout]   |                           ^^^ help: try ignoring the field: `vis: _`
[INFO] [stdout] 
[INFO] [stdout] 
[INFO] [stdout] warning: unused variable: `generics`
[INFO] [stdout]  --> src/lib.rs:9:32
[INFO] [stdout]   |
[INFO] [stdout] 9 |       ident, data, attrs, vis, generics,
[INFO] [stdout]   |                                ^^^^^^^^ help: try ignoring the field: `generics: _`
[INFO] [stdout] 
[INFO] [stdout] 
[INFO] [stdout] warning: unused variable: `generics`
[INFO] [stdout]  --> src/lib.rs:9:32
[INFO] [stdout]   |
[INFO] [stdout] 9 |       ident, data, attrs, vis, generics,
[INFO] [stdout]   |                                ^^^^^^^^ help: try ignoring the field: `generics: _`
[INFO] [stdout] 
[INFO] [stdout] 
[INFO] [stdout] warning: unused variable: `attrs`
[INFO] [stdout]   --> src/lib.rs:21:18
[INFO] [stdout]    |
[INFO] [stdout] 21 |     ident, data, attrs, vis, generics,
[INFO] [stdout]    |                  ^^^^^ help: try ignoring the field: `attrs: _`
[INFO] [stdout] 
[INFO] [stdout] 
[INFO] [stdout] warning: unused variable: `vis`
[INFO] [stdout]   --> src/lib.rs:21:25
[INFO] [stdout]    |
[INFO] [stdout] 21 |     ident, data, attrs, vis, generics,
[INFO] [stdout]    |                         ^^^ help: try ignoring the field: `vis: _`
[INFO] [stdout] 
[INFO] [stdout] 
[INFO] [stdout] warning: unused variable: `generics`
[INFO] [stdout]   --> src/lib.rs:21:30
[INFO] [stdout]    |
[INFO] [stdout] 21 |     ident, data, attrs, vis, generics,
[INFO] [stdout]    |                              ^^^^^^^^ help: try ignoring the field: `generics: _`
[INFO] [stdout] 
[INFO] [stdout] 
[INFO] [stdout] warning: unused variable: `attrs`
[INFO] [stdout]   --> src/lib.rs:30:18
[INFO] [stdout]    |
[INFO] [stdout] 30 |     ident, data, attrs, vis, generics,
[INFO] [stdout]    |                  ^^^^^ help: try ignoring the field: `attrs: _`
[INFO] [stdout] 
[INFO] [stdout] 
[INFO] [stdout] warning: unused variable: `vis`
[INFO] [stdout]   --> src/lib.rs:30:25
[INFO] [stdout]    |
[INFO] [stdout] 30 |     ident, data, attrs, vis, generics,
[INFO] [stdout]    |                         ^^^ help: try ignoring the field: `vis: _`
[INFO] [stdout] 
[INFO] [stdout] 
[INFO] [stdout] warning: unused variable: `generics`
[INFO] [stdout]   --> src/lib.rs:30:30
[INFO] [stdout]    |
[INFO] [stdout] 30 |     ident, data, attrs, vis, generics,
[INFO] [stdout]    |                              ^^^^^^^^ help: try ignoring the field: `generics: _`
[INFO] [stdout] 
[INFO] [stdout] 
[INFO] [stdout] warning: unused variable: `attrs`
[INFO] [stdout]   --> src/lib.rs:21:18
[INFO] [stdout]    |
[INFO] [stdout] 21 |     ident, data, attrs, vis, generics,
[INFO] [stdout]    |                  ^^^^^ help: try ignoring the field: `attrs: _`
[INFO] [stdout] 
[INFO] [stdout] 
[INFO] [stdout] warning: unused variable: `vis`
[INFO] [stdout]   --> src/lib.rs:21:25
[INFO] [stdout]    |
[INFO] [stdout] 21 |     ident, data, attrs, vis, generics,
[INFO] [stdout]    |                         ^^^ help: try ignoring the field: `vis: _`
[INFO] [stdout] 
[INFO] [stdout] 
[INFO] [stdout] warning: unused variable: `generics`
[INFO] [stdout]   --> src/lib.rs:21:30
[INFO] [stdout]    |
[INFO] [stdout] 21 |     ident, data, attrs, vis, generics,
[INFO] [stdout]    |                              ^^^^^^^^ help: try ignoring the field: `generics: _`
[INFO] [stdout] 
[INFO] [stdout] 
[INFO] [stdout] warning: unused variable: `attrs`
[INFO] [stdout]   --> src/lib.rs:30:18
[INFO] [stdout]    |
[INFO] [stdout] 30 |     ident, data, attrs, vis, generics,
[INFO] [stdout]    |                  ^^^^^ help: try ignoring the field: `attrs: _`
[INFO] [stdout] 
[INFO] [stdout] 
[INFO] [stdout] warning: unused variable: `vis`
[INFO] [stdout]   --> src/lib.rs:30:25
[INFO] [stdout]    |
[INFO] [stdout] 30 |     ident, data, attrs, vis, generics,
[INFO] [stdout]    |                         ^^^ help: try ignoring the field: `vis: _`
[INFO] [stdout] 
[INFO] [stdout] 
[INFO] [stdout] warning: unused variable: `generics`
[INFO] [stdout]   --> src/lib.rs:30:30
[INFO] [stdout]    |
[INFO] [stdout] 30 |     ident, data, attrs, vis, generics,
[INFO] [stdout]    |                              ^^^^^^^^ help: try ignoring the field: `generics: _`
[INFO] [stdout] 
[INFO] [stdout] 
[INFO] [stdout] warning: constant `NUMBER_TYPES` is never used
[INFO] [stdout]   --> src/derives/entity/index.rs:30:11
[INFO] [stdout]    |
[INFO] [stdout] 30 | pub const NUMBER_TYPES: &[&str] = &[
[INFO] [stdout]    |           ^^^^^^^^^^^^
[INFO] [stdout]    |
[INFO] [stdout]    = note: `#[warn(dead_code)]` on by default
[INFO] [stdout] 
[INFO] [stdout] 
[INFO] [stdout] warning: field `my_field` is never read
[INFO] [stdout]   --> src/derives/entity/index.rs:57:7
[INFO] [stdout]    |
[INFO] [stdout] 52 | pub struct TableField {
[INFO] [stdout]    |            ---------- field in this struct
[INFO] [stdout] ...
[INFO] [stdout] 57 |   pub my_field: MyField,
[INFO] [stdout]    |       ^^^^^^^^
[INFO] [stdout]    |
[INFO] [stdout]    = note: `TableField` has derived impls for the traits `Clone` and `Debug`, but these are intentionally ignored during dead code analysis
[INFO] [stdout] 
[INFO] [stdout] 
[INFO] [stdout] warning: function `get_token_stream_array` is never used
[INFO] [stdout]   --> src/derives/getters.rs:21:8
[INFO] [stdout]    |
[INFO] [stdout] 21 | pub fn get_token_stream_array(data: Data) -> Vec<TokenStream> {
[INFO] [stdout]    |        ^^^^^^^^^^^^^^^^^^^^^^
[INFO] [stdout] 
[INFO] [stdout] 
[INFO] [stdout] warning: function `get_token_stream_array` is never used
[INFO] [stdout]   --> src/derives/setters.rs:21:8
[INFO] [stdout]    |
[INFO] [stdout] 21 | pub fn get_token_stream_array(data: Data) -> Vec<TokenStream> {
[INFO] [stdout]    |        ^^^^^^^^^^^^^^^^^^^^^^
[INFO] [stdout] 
[INFO] [stdout] 
[INFO] [stdout] warning: constant `NUMBER_TYPES` is never used
[INFO] [stdout]   --> src/derives/entity/index.rs:30:11
[INFO] [stdout]    |
[INFO] [stdout] 30 | pub const NUMBER_TYPES: &[&str] = &[
[INFO] [stdout]    |           ^^^^^^^^^^^^
[INFO] [stdout]    |
[INFO] [stdout]    = note: `#[warn(dead_code)]` on by default
[INFO] [stdout] 
[INFO] [stdout] 
[INFO] [stdout] warning: field `my_field` is never read
[INFO] [stdout]   --> src/derives/entity/index.rs:57:7
[INFO] [stdout]    |
[INFO] [stdout] 52 | pub struct TableField {
[INFO] [stdout]    |            ---------- field in this struct
[INFO] [stdout] ...
[INFO] [stdout] 57 |   pub my_field: MyField,
[INFO] [stdout]    |       ^^^^^^^^
[INFO] [stdout]    |
[INFO] [stdout]    = note: `TableField` has derived impls for the traits `Clone` and `Debug`, but these are intentionally ignored during dead code analysis
[INFO] [stdout] 
[INFO] [stdout] 
[INFO] [stdout] warning: function `get_token_stream_array` is never used
[INFO] [stdout]   --> src/derives/getters.rs:21:8
[INFO] [stdout]    |
[INFO] [stdout] 21 | pub fn get_token_stream_array(data: Data) -> Vec<TokenStream> {
[INFO] [stdout]    |        ^^^^^^^^^^^^^^^^^^^^^^
[INFO] [stdout] 
[INFO] [stdout] 
[INFO] [stdout] warning: function `get_token_stream_array` is never used
[INFO] [stdout]   --> src/derives/setters.rs:21:8
[INFO] [stdout]    |
[INFO] [stdout] 21 | pub fn get_token_stream_array(data: Data) -> Vec<TokenStream> {
[INFO] [stdout]    |        ^^^^^^^^^^^^^^^^^^^^^^
[INFO] [stdout] 
[INFO] [stdout] 
[INFO] [stderr]     Finished `test` profile [unoptimized + debuginfo] target(s) in 0.85s
[INFO] running `Command { std: "docker" "inspect" "82f8dfeeaa9af092c0bf5c3f1e42f65c6f870abe277c72403b4fa5c32d3649bc", kill_on_drop: false }`
[INFO] running `Command { std: "docker" "rm" "-f" "82f8dfeeaa9af092c0bf5c3f1e42f65c6f870abe277c72403b4fa5c32d3649bc", kill_on_drop: false }`
[INFO] [stdout] 82f8dfeeaa9af092c0bf5c3f1e42f65c6f870abe277c72403b4fa5c32d3649bc
[INFO] running `Command { std: "docker" "create" "-v" "/var/lib/crater-agent-workspace/builds/worker-0-tc1/target:/opt/rustwide/target:rw,Z" "-v" "/var/lib/crater-agent-workspace/builds/worker-0-tc1/source:/opt/rustwide/workdir:ro,Z" "-v" "/var/lib/crater-agent-workspace/cargo-home:/opt/rustwide/cargo-home:ro,Z" "-v" "/var/lib/crater-agent-workspace/rustup-home:/opt/rustwide/rustup-home:ro,Z" "-e" "SOURCE_DIR=/opt/rustwide/workdir" "-e" "CARGO_TARGET_DIR=/opt/rustwide/target" "-e" "CARGO_INCREMENTAL=0" "-e" "RUST_BACKTRACE=full" "-e" "RUSTFLAGS=--cap-lints=warn" "-e" "RUSTDOCFLAGS=--cap-lints=warn" "-e" "CARGO_HOME=/opt/rustwide/cargo-home" "-e" "RUSTUP_HOME=/opt/rustwide/rustup-home" "-w" "/opt/rustwide/workdir" "-m" "1610612736" "--user" "0:0" "--network" "none" "ghcr.io/rust-lang/crates-build-env/linux@sha256:f3a9d4ad9d972b27faf3965f35b62e55ba32bbce8f20bc8fe909558a86702fde" "/opt/rustwide/cargo-home/bin/cargo" "+1.83.0" "test" "--frozen", kill_on_drop: false }`
[INFO] [stdout] c97f306749c34d3a5af883ef6c71838d8c0aa57ad5944eb87e5d8ec374becd51
[INFO] running `Command { std: "docker" "start" "-a" "c97f306749c34d3a5af883ef6c71838d8c0aa57ad5944eb87e5d8ec374becd51", kill_on_drop: false }`
[INFO] [stderr] warning: unused import: `token`
[INFO] [stderr]  --> src/derives/entity/index.rs:3:37
[INFO] [stderr]   |
[INFO] [stderr] 3 | use syn::{ Attribute, Data, Result, token };
[INFO] [stderr]   |                                     ^^^^^
[INFO] [stderr]   |
[INFO] [stderr]   = note: `#[warn(unused_imports)]` on by default
[INFO] [stderr] 
[INFO] [stderr] warning: unused imports: `Ident` and `Span`
[INFO] [stderr]  --> src/derives/entity/getters.rs:1:20
[INFO] [stderr]   |
[INFO] [stderr] 1 | use proc_macro2::{ Ident, Span, TokenStream };
[INFO] [stderr]   |                    ^^^^^  ^^^^
[INFO] [stderr] 
[INFO] [stderr] warning: unused imports: `Ident` and `Span`
[INFO] [stderr]  --> src/derives/entity/setters.rs:1:20
[INFO] [stderr]   |
[INFO] [stderr] 1 | use proc_macro2::{ Ident, Span, TokenStream };
[INFO] [stderr]   |                    ^^^^^  ^^^^
[INFO] [stderr] 
[INFO] [stderr] warning: unused imports: `Punct` and `Span`
[INFO] [stderr]  --> src/derives/getters.rs:1:27
[INFO] [stderr]   |
[INFO] [stderr] 1 | use proc_macro2::{ Ident, Span, TokenStream, Punct };
[INFO] [stderr]   |                           ^^^^               ^^^^^
[INFO] [stderr] 
[INFO] [stderr] warning: unused import: `Result`
[INFO] [stderr]  --> src/derives/getters.rs:7:26
[INFO] [stderr]   |
[INFO] [stderr] 7 | use syn::{ Data, Fields, Result, Type };
[INFO] [stderr]   |                          ^^^^^^
[INFO] [stderr] 
[INFO] [stderr] warning: unused imports: `Punct` and `Span`
[INFO] [stderr]  --> src/derives/setters.rs:1:27
[INFO] [stderr]   |
[INFO] [stderr] 1 | use proc_macro2::{ Ident, Span, TokenStream, Punct };
[INFO] [stderr]   |                           ^^^^               ^^^^^
[INFO] [stderr] 
[INFO] [stderr] warning: unused import: `Result`
[INFO] [stderr]  --> src/derives/setters.rs:7:26
[INFO] [stderr]   |
[INFO] [stderr] 7 | use syn::{ Data, Fields, Result, Type };
[INFO] [stderr]   |                          ^^^^^^
[INFO] [stderr] 
[INFO] [stderr] warning: value assigned to `my_field` is never read
[INFO] [stderr]   --> src/derives/getters.rs:84:21
[INFO] [stderr]    |
[INFO] [stderr] 84 |             let mut my_field: MyField = MyField::new();
[INFO] [stderr]    |                     ^^^^^^^^
[INFO] [stderr]    |
[INFO] [stderr]    = help: maybe it is overwritten before being read?
[INFO] [stderr]    = note: `#[warn(unused_assignments)]` on by default
[INFO] [stderr] 
[INFO] [stderr] warning: value assigned to `my_field` is never read
[INFO] [stderr]   --> src/derives/setters.rs:74:21
[INFO] [stdout] 
[INFO] [stderr]    |
[INFO] [stdout] running 0 tests
[INFO] [stderr] 74 |             let mut my_field: MyField = MyField::new();
[INFO] [stdout] 
[INFO] [stderr]    |                     ^^^^^^^^
[INFO] [stdout] test result: ok. 0 passed; 0 failed; 0 ignored; 0 measured; 0 filtered out; finished in 0.00s
[INFO] [stderr]    |
[INFO] [stdout] 
[INFO] [stderr]    = help: maybe it is overwritten before being read?
[INFO] [stderr] 
[INFO] [stderr] warning: unused variable: `ident`
[INFO] [stderr]  --> src/lib.rs:9:7
[INFO] [stderr]   |
[INFO] [stderr] 9 |       ident, data, attrs, vis, generics,
[INFO] [stderr]   |       ^^^^^ help: try ignoring the field: `ident: _`
[INFO] [stderr]   |
[INFO] [stderr]   = note: `#[warn(unused_variables)]` on by default
[INFO] [stderr] 
[INFO] [stderr] warning: unused variable: `vis`
[INFO] [stderr]  --> src/lib.rs:9:27
[INFO] [stderr]   |
[INFO] [stderr] 9 |       ident, data, attrs, vis, generics,
[INFO] [stderr]   |                           ^^^ help: try ignoring the field: `vis: _`
[INFO] [stderr] 
[INFO] [stderr] warning: unused variable: `generics`
[INFO] [stderr]  --> src/lib.rs:9:32
[INFO] [stderr]   |
[INFO] [stderr] 9 |       ident, data, attrs, vis, generics,
[INFO] [stderr]   |                                ^^^^^^^^ help: try ignoring the field: `generics: _`
[INFO] [stderr] 
[INFO] [stderr] warning: unused variable: `attrs`
[INFO] [stderr]   --> src/lib.rs:21:18
[INFO] [stderr]    |
[INFO] [stderr] 21 |     ident, data, attrs, vis, generics,
[INFO] [stderr]    |                  ^^^^^ help: try ignoring the field: `attrs: _`
[INFO] [stderr] 
[INFO] [stderr] warning: unused variable: `vis`
[INFO] [stderr]   --> src/lib.rs:21:25
[INFO] [stderr]    |
[INFO] [stderr] 21 |     ident, data, attrs, vis, generics,
[INFO] [stderr]    |                         ^^^ help: try ignoring the field: `vis: _`
[INFO] [stderr] 
[INFO] [stderr] warning: unused variable: `generics`
[INFO] [stderr]   --> src/lib.rs:21:30
[INFO] [stderr]    |
[INFO] [stderr] 21 |     ident, data, attrs, vis, generics,
[INFO] [stderr]    |                              ^^^^^^^^ help: try ignoring the field: `generics: _`
[INFO] [stderr] 
[INFO] [stderr] warning: unused variable: `attrs`
[INFO] [stderr]   --> src/lib.rs:30:18
[INFO] [stderr]    |
[INFO] [stderr] 30 |     ident, data, attrs, vis, generics,
[INFO] [stderr]    |                  ^^^^^ help: try ignoring the field: `attrs: _`
[INFO] [stderr] 
[INFO] [stderr] warning: unused variable: `vis`
[INFO] [stderr]   --> src/lib.rs:30:25
[INFO] [stderr]    |
[INFO] [stderr] 30 |     ident, data, attrs, vis, generics,
[INFO] [stderr]    |                         ^^^ help: try ignoring the field: `vis: _`
[INFO] [stderr] 
[INFO] [stderr] warning: unused variable: `generics`
[INFO] [stderr]   --> src/lib.rs:30:30
[INFO] [stderr]    |
[INFO] [stderr] 30 |     ident, data, attrs, vis, generics,
[INFO] [stderr]    |                              ^^^^^^^^ help: try ignoring the field: `generics: _`
[INFO] [stderr] 
[INFO] [stderr] warning: constant `NUMBER_TYPES` is never used
[INFO] [stderr]   --> src/derives/entity/index.rs:30:11
[INFO] [stderr]    |
[INFO] [stderr] 30 | pub const NUMBER_TYPES: &[&str] = &[
[INFO] [stderr]    |           ^^^^^^^^^^^^
[INFO] [stderr]    |
[INFO] [stderr]    = note: `#[warn(dead_code)]` on by default
[INFO] [stderr] 
[INFO] [stderr] warning: field `my_field` is never read
[INFO] [stderr]   --> src/derives/entity/index.rs:57:7
[INFO] [stderr]    |
[INFO] [stderr] 52 | pub struct TableField {
[INFO] [stderr]    |            ---------- field in this struct
[INFO] [stderr] ...
[INFO] [stderr] 57 |   pub my_field: MyField,
[INFO] [stderr]    |       ^^^^^^^^
[INFO] [stderr]    |
[INFO] [stderr]    = note: `TableField` has derived impls for the traits `Clone` and `Debug`, but these are intentionally ignored during dead code analysis
[INFO] [stderr] 
[INFO] [stderr] warning: function `get_token_stream_array` is never used
[INFO] [stderr]   --> src/derives/getters.rs:21:8
[INFO] [stderr]    |
[INFO] [stderr] 21 | pub fn get_token_stream_array(data: Data) -> Vec<TokenStream> {
[INFO] [stderr]    |        ^^^^^^^^^^^^^^^^^^^^^^
[INFO] [stderr] 
[INFO] [stderr] warning: function `get_token_stream_array` is never used
[INFO] [stderr]   --> src/derives/setters.rs:21:8
[INFO] [stderr]    |
[INFO] [stderr] 21 | pub fn get_token_stream_array(data: Data) -> Vec<TokenStream> {
[INFO] [stderr]    |        ^^^^^^^^^^^^^^^^^^^^^^
[INFO] [stderr] 
[INFO] [stderr] warning: `mydb_macros` (lib) generated 22 warnings (run `cargo fix --lib -p mydb_macros` to apply 7 suggestions)
[INFO] [stderr] warning: `mydb_macros` (lib test) generated 22 warnings (22 duplicates)
[INFO] [stderr]     Finished `test` profile [unoptimized + debuginfo] target(s) in 0.05s
[INFO] [stderr]      Running unittests src/lib.rs (/opt/rustwide/target/debug/deps/mydb_macros-8db2f46df7094b19)
[INFO] [stderr]    Doc-tests mydb_macros
[INFO] [stdout] 
[INFO] [stdout] running 1 test
[INFO] [stdout] test src/derives/entity/index.rs - derives::entity::index::ts_entity_to_model (line 115) ... FAILED
[INFO] [stdout] 
[INFO] [stdout] failures:
[INFO] [stdout] 
[INFO] [stdout] ---- src/derives/entity/index.rs - derives::entity::index::ts_entity_to_model (line 115) stdout ----
[INFO] [stdout] error[E0432]: unresolved import `sqlx`
[INFO] [stdout]  --> src/derives/entity/index.rs:118:5
[INFO] [stdout]   |
[INFO] [stdout] 6 | use sqlx::FromRow;
[INFO] [stdout]   |     ^^^^ use of undeclared crate or module `sqlx`
[INFO] [stdout] 
[INFO] [stdout] error[E0433]: failed to resolve: use of undeclared crate or module `sqlx`
[INFO] [stdout]  --> src/derives/entity/index.rs:121:10
[INFO] [stdout]   |
[INFO] [stdout] 9 | #[derive(TableData, Debug, Clone, Default, FromRow, Deserialize, Serialize)]
[INFO] [stdout]   |          ^^^^^^^^^ use of undeclared crate or module `sqlx`
[INFO] [stdout]   |
[INFO] [stdout]   = note: this error originates in the derive macro `TableData` (in Nightly builds, run with -Z macro-backtrace for more info)
[INFO] [stdout] 
[INFO] [stdout] error[E0433]: failed to resolve: could not find `Deserialize` in `serde`
[INFO] [stdout]    --> src/derives/entity/index.rs:121:10
[INFO] [stdout]     |
[INFO] [stdout] 9   | #[derive(TableData, Debug, Clone, Default, FromRow, Deserialize, Serialize)]
[INFO] [stdout]     |          ^^^^^^^^^ could not find `Deserialize` in `serde`
[INFO] [stdout]     |
[INFO] [stdout] note: found an item that was configured out
[INFO] [stdout]    --> /opt/rustwide/cargo-home/registry/src/index.crates.io-6f17d22bba15001f/serde-1.0.216/src/lib.rs:343:24
[INFO] [stdout]     |
[INFO] [stdout] 343 | pub use serde_derive::{Deserialize, Serialize};
[INFO] [stdout]     |                        ^^^^^^^^^^^
[INFO] [stdout] note: the item is gated behind the `serde_derive` feature
[INFO] [stdout]    --> /opt/rustwide/cargo-home/registry/src/index.crates.io-6f17d22bba15001f/serde-1.0.216/src/lib.rs:341:7
[INFO] [stdout]     |
[INFO] [stdout] 341 | #[cfg(feature = "serde_derive")]
[INFO] [stdout]     |       ^^^^^^^^^^^^^^^^^^^^^^^^
[INFO] [stdout]     = note: this error originates in the derive macro `TableData` (in Nightly builds, run with -Z macro-backtrace for more info)
[INFO] [stdout] 
[INFO] [stdout] error[E0433]: failed to resolve: could not find `Serialize` in `serde`
[INFO] [stdout]    --> src/derives/entity/index.rs:121:10
[INFO] [stdout]     |
[INFO] [stdout] 9   | #[derive(TableData, Debug, Clone, Default, FromRow, Deserialize, Serialize)]
[INFO] [stdout]     |          ^^^^^^^^^ could not find `Serialize` in `serde`
[INFO] [stdout]     |
[INFO] [stdout] note: found an item that was configured out
[INFO] [stdout]    --> /opt/rustwide/cargo-home/registry/src/index.crates.io-6f17d22bba15001f/serde-1.0.216/src/lib.rs:343:37
[INFO] [stdout]     |
[INFO] [stdout] 343 | pub use serde_derive::{Deserialize, Serialize};
[INFO] [stdout]     |                                     ^^^^^^^^^
[INFO] [stdout] note: the item is gated behind the `serde_derive` feature
[INFO] [stdout]    --> /opt/rustwide/cargo-home/registry/src/index.crates.io-6f17d22bba15001f/serde-1.0.216/src/lib.rs:341:7
[INFO] [stdout]     |
[INFO] [stdout] 341 | #[cfg(feature = "serde_derive")]
[INFO] [stdout]     |       ^^^^^^^^^^^^^^^^^^^^^^^^
[INFO] [stdout]     = note: this error originates in the derive macro `TableData` (in Nightly builds, run with -Z macro-backtrace for more info)
[INFO] [stdout] 
[INFO] [stdout] error: cannot find derive macro `Deserialize` in this scope
[INFO] [stdout]  --> src/derives/entity/index.rs:121:53
[INFO] [stdout]   |
[INFO] [stdout] 9 | #[derive(TableData, Debug, Clone, Default, FromRow, Deserialize, Serialize)]
[INFO] [stdout]   |                                                     ^^^^^^^^^^^
[INFO] [stdout]   |
[INFO] [stdout] note: `Deserialize` is imported here, but it is only a trait, without a derive macro
[INFO] [stdout]  --> src/derives/entity/index.rs:117:13
[INFO] [stdout]   |
[INFO] [stdout] 5 | use serde::{Deserialize, Serialize};
[INFO] [stdout]   |             ^^^^^^^^^^^
[INFO] [stdout] help: consider importing this derive macro
[INFO] [stdout]   |
[INFO] [stdout] 2 + use serde_derive::Deserialize;
[INFO] [stdout]   |
[INFO] [stdout] 
[INFO] [stdout] error: cannot find derive macro `Serialize` in this scope
[INFO] [stdout]  --> src/derives/entity/index.rs:121:66
[INFO] [stdout]   |
[INFO] [stdout] 9 | #[derive(TableData, Debug, Clone, Default, FromRow, Deserialize, Serialize)]
[INFO] [stdout]   |                                                                  ^^^^^^^^^
[INFO] [stdout]   |
[INFO] [stdout] note: `Serialize` is imported here, but it is only a trait, without a derive macro
[INFO] [stdout]  --> src/derives/entity/index.rs:117:26
[INFO] [stdout]   |
[INFO] [stdout] 5 | use serde::{Deserialize, Serialize};
[INFO] [stdout]   |                          ^^^^^^^^^
[INFO] [stdout] help: consider importing this derive macro
[INFO] [stdout]   |
[INFO] [stdout] 2 + use serde_derive::Serialize;
[INFO] [stdout]   |
[INFO] [stdout] 
[INFO] [stdout] error[E0433]: failed to resolve: use of undeclared crate or module `mydb_sqlx`
[INFO] [stdout]  --> src/derives/entity/index.rs:121:10
[INFO] [stdout]   |
[INFO] [stdout] 9 | #[derive(TableData, Debug, Clone, Default, FromRow, Deserialize, Serialize)]
[INFO] [stdout]   |          ^^^^^^^^^ use of undeclared crate or module `mydb_sqlx`
[INFO] [stdout]   |
[INFO] [stdout]   = note: this error originates in the derive macro `TableData` (in Nightly builds, run with -Z macro-backtrace for more info)
[INFO] [stdout] 
[INFO] [stdout] error: aborting due to 7 previous errors
[INFO] [stdout] 
[INFO] [stdout] Some errors have detailed explanations: E0432, E0433.
[INFO] [stdout] For more information about an error, try `rustc --explain E0432`.
[INFO] [stdout] Couldn't compile the test.
[INFO] [stdout] 
[INFO] [stdout] failures:
[INFO] [stdout]     src/derives/entity/index.rs - derives::entity::index::ts_entity_to_model (line 115)
[INFO] [stdout] 
[INFO] [stdout] test result: FAILED. 0 passed; 1 failed; 0 ignored; 0 measured; 0 filtered out; finished in 0.15s
[INFO] [stdout] 
[INFO] [stderr] error: doctest failed, to rerun pass `--doc`
[INFO] running `Command { std: "docker" "inspect" "c97f306749c34d3a5af883ef6c71838d8c0aa57ad5944eb87e5d8ec374becd51", kill_on_drop: false }`
[INFO] running `Command { std: "docker" "rm" "-f" "c97f306749c34d3a5af883ef6c71838d8c0aa57ad5944eb87e5d8ec374becd51", kill_on_drop: false }`
[INFO] [stdout] c97f306749c34d3a5af883ef6c71838d8c0aa57ad5944eb87e5d8ec374becd51
