[INFO] fetching crate mycelium-base 6.2.0...
[INFO] testing mycelium-base-6.2.0 against beta-2024-12-08 for beta-1.84.0-4-retry
[INFO] extracting crate mycelium-base 6.2.0 into /workspace/builds/worker-1-tc2/source
[INFO] validating manifest of crates.io crate mycelium-base 6.2.0 on toolchain beta-2024-12-08
[INFO] running `Command { std: CARGO_HOME="/workspace/cargo-home" RUSTUP_HOME="/workspace/rustup-home" "/workspace/cargo-home/bin/cargo" "+beta-2024-12-08" "metadata" "--manifest-path" "Cargo.toml" "--no-deps", kill_on_drop: false }`
[INFO] started tweaking crates.io crate mycelium-base 6.2.0
[INFO] finished tweaking crates.io crate mycelium-base 6.2.0
[INFO] tweaked toml for crates.io crate mycelium-base 6.2.0 written to /workspace/builds/worker-1-tc2/source/Cargo.toml
[INFO] running `Command { std: CARGO_HOME="/workspace/cargo-home" RUSTUP_HOME="/workspace/rustup-home" "/workspace/cargo-home/bin/cargo" "+beta-2024-12-08" "generate-lockfile" "--manifest-path" "Cargo.toml", kill_on_drop: false }`
[INFO] [stderr]     Updating crates.io index
[INFO] [stderr]      Locking 25 packages to latest compatible versions
[INFO] running `Command { std: CARGO_HOME="/workspace/cargo-home" RUSTUP_HOME="/workspace/rustup-home" "/workspace/cargo-home/bin/cargo" "+beta-2024-12-08" "fetch" "--manifest-path" "Cargo.toml", kill_on_drop: false }`
[INFO] running `Command { std: "docker" "create" "-v" "/var/lib/crater-agent-workspace/builds/worker-1-tc2/target:/opt/rustwide/target:rw,Z" "-v" "/var/lib/crater-agent-workspace/builds/worker-1-tc2/source:/opt/rustwide/workdir:ro,Z" "-v" "/var/lib/crater-agent-workspace/cargo-home:/opt/rustwide/cargo-home:ro,Z" "-v" "/var/lib/crater-agent-workspace/rustup-home:/opt/rustwide/rustup-home:ro,Z" "-e" "SOURCE_DIR=/opt/rustwide/workdir" "-e" "CARGO_TARGET_DIR=/opt/rustwide/target" "-e" "CARGO_HOME=/opt/rustwide/cargo-home" "-e" "RUSTUP_HOME=/opt/rustwide/rustup-home" "-w" "/opt/rustwide/workdir" "-m" "1610612736" "--user" "0:0" "--network" "none" "ghcr.io/rust-lang/crates-build-env/linux@sha256:f3a9d4ad9d972b27faf3965f35b62e55ba32bbce8f20bc8fe909558a86702fde" "/opt/rustwide/cargo-home/bin/cargo" "+beta-2024-12-08" "metadata" "--no-deps" "--format-version=1", kill_on_drop: false }`
[INFO] [stdout] c11c14eecaa54f94fee5fc82c6441f36dd9b47c623489ca93740625f1b79795b
[INFO] running `Command { std: "docker" "start" "-a" "c11c14eecaa54f94fee5fc82c6441f36dd9b47c623489ca93740625f1b79795b", kill_on_drop: false }`
[INFO] running `Command { std: "docker" "inspect" "c11c14eecaa54f94fee5fc82c6441f36dd9b47c623489ca93740625f1b79795b", kill_on_drop: false }`
[INFO] running `Command { std: "docker" "rm" "-f" "c11c14eecaa54f94fee5fc82c6441f36dd9b47c623489ca93740625f1b79795b", kill_on_drop: false }`
[INFO] [stdout] c11c14eecaa54f94fee5fc82c6441f36dd9b47c623489ca93740625f1b79795b
[INFO] running `Command { std: "docker" "create" "-v" "/var/lib/crater-agent-workspace/builds/worker-1-tc2/target:/opt/rustwide/target:rw,Z" "-v" "/var/lib/crater-agent-workspace/builds/worker-1-tc2/source:/opt/rustwide/workdir:ro,Z" "-v" "/var/lib/crater-agent-workspace/cargo-home:/opt/rustwide/cargo-home:ro,Z" "-v" "/var/lib/crater-agent-workspace/rustup-home:/opt/rustwide/rustup-home:ro,Z" "-e" "SOURCE_DIR=/opt/rustwide/workdir" "-e" "CARGO_TARGET_DIR=/opt/rustwide/target" "-e" "CARGO_INCREMENTAL=0" "-e" "RUST_BACKTRACE=full" "-e" "RUSTFLAGS=--cap-lints=warn" "-e" "RUSTDOCFLAGS=--cap-lints=warn" "-e" "CARGO_HOME=/opt/rustwide/cargo-home" "-e" "RUSTUP_HOME=/opt/rustwide/rustup-home" "-w" "/opt/rustwide/workdir" "-m" "1610612736" "--user" "0:0" "--network" "none" "ghcr.io/rust-lang/crates-build-env/linux@sha256:f3a9d4ad9d972b27faf3965f35b62e55ba32bbce8f20bc8fe909558a86702fde" "/opt/rustwide/cargo-home/bin/cargo" "+beta-2024-12-08" "build" "--frozen" "--message-format=json", kill_on_drop: false }`
[INFO] [stdout] 88d3c8986f81422b2c507aea443123afb148838f54546172ed1aa2f446e34498
[INFO] running `Command { std: "docker" "start" "-a" "88d3c8986f81422b2c507aea443123afb148838f54546172ed1aa2f446e34498", kill_on_drop: false }`
[INFO] [stderr]    Compiling syn v2.0.90
[INFO] [stderr]    Compiling memchr v2.7.4
[INFO] [stderr]    Compiling serde v1.0.216
[INFO] [stderr]    Compiling regex-syntax v0.8.5
[INFO] [stderr]    Compiling serde_json v1.0.133
[INFO] [stderr]    Compiling equivalent v1.0.1
[INFO] [stderr]    Compiling hashbrown v0.15.2
[INFO] [stderr]    Compiling ryu v1.0.18
[INFO] [stderr]    Compiling itoa v1.0.14
[INFO] [stderr]    Compiling once_cell v1.20.2
[INFO] [stderr]    Compiling pin-project-lite v0.2.15
[INFO] [stderr]    Compiling tracing-core v0.1.33
[INFO] [stderr]    Compiling aho-corasick v1.1.3
[INFO] [stderr]    Compiling regex-automata v0.4.9
[INFO] [stderr]    Compiling uuid v1.11.0
[INFO] [stderr]    Compiling serde_derive v1.0.216
[INFO] [stderr]    Compiling tracing-attributes v0.1.28
[INFO] [stderr]    Compiling regex v1.11.1
[INFO] [stderr]    Compiling tracing v0.1.41
[INFO] [stderr]    Compiling utoipa-gen v5.2.0
[INFO] [stderr]    Compiling indexmap v2.7.0
[INFO] [stderr]    Compiling utoipa v5.2.0
[INFO] [stderr]    Compiling mycelium-base v6.2.0 (/opt/rustwide/workdir)
[INFO] [stderr]     Finished `dev` profile [unoptimized + debuginfo] target(s) in 28.79s
[INFO] running `Command { std: "docker" "inspect" "88d3c8986f81422b2c507aea443123afb148838f54546172ed1aa2f446e34498", kill_on_drop: false }`
[INFO] running `Command { std: "docker" "rm" "-f" "88d3c8986f81422b2c507aea443123afb148838f54546172ed1aa2f446e34498", kill_on_drop: false }`
[INFO] [stdout] 88d3c8986f81422b2c507aea443123afb148838f54546172ed1aa2f446e34498
[INFO] running `Command { std: "docker" "create" "-v" "/var/lib/crater-agent-workspace/builds/worker-1-tc2/target:/opt/rustwide/target:rw,Z" "-v" "/var/lib/crater-agent-workspace/builds/worker-1-tc2/source:/opt/rustwide/workdir:ro,Z" "-v" "/var/lib/crater-agent-workspace/cargo-home:/opt/rustwide/cargo-home:ro,Z" "-v" "/var/lib/crater-agent-workspace/rustup-home:/opt/rustwide/rustup-home:ro,Z" "-e" "SOURCE_DIR=/opt/rustwide/workdir" "-e" "CARGO_TARGET_DIR=/opt/rustwide/target" "-e" "CARGO_INCREMENTAL=0" "-e" "RUST_BACKTRACE=full" "-e" "RUSTFLAGS=--cap-lints=warn" "-e" "RUSTDOCFLAGS=--cap-lints=warn" "-e" "CARGO_HOME=/opt/rustwide/cargo-home" "-e" "RUSTUP_HOME=/opt/rustwide/rustup-home" "-w" "/opt/rustwide/workdir" "-m" "1610612736" "--user" "0:0" "--network" "none" "ghcr.io/rust-lang/crates-build-env/linux@sha256:f3a9d4ad9d972b27faf3965f35b62e55ba32bbce8f20bc8fe909558a86702fde" "/opt/rustwide/cargo-home/bin/cargo" "+beta-2024-12-08" "test" "--frozen" "--no-run" "--message-format=json", kill_on_drop: false }`
[INFO] [stdout] e0beeb37233ed2b7a9411ccb8eb08bbe219e9f682de02021208b5e383b4bf242
[INFO] running `Command { std: "docker" "start" "-a" "e0beeb37233ed2b7a9411ccb8eb08bbe219e9f682de02021208b5e383b4bf242", kill_on_drop: false }`
[INFO] [stderr]    Compiling mycelium-base v6.2.0 (/opt/rustwide/workdir)
[INFO] [stderr]     Finished `test` profile [unoptimized + debuginfo] target(s) in 2.29s
[INFO] running `Command { std: "docker" "inspect" "e0beeb37233ed2b7a9411ccb8eb08bbe219e9f682de02021208b5e383b4bf242", kill_on_drop: false }`
[INFO] running `Command { std: "docker" "rm" "-f" "e0beeb37233ed2b7a9411ccb8eb08bbe219e9f682de02021208b5e383b4bf242", kill_on_drop: false }`
[INFO] [stdout] e0beeb37233ed2b7a9411ccb8eb08bbe219e9f682de02021208b5e383b4bf242
[INFO] running `Command { std: "docker" "create" "-v" "/var/lib/crater-agent-workspace/builds/worker-1-tc2/target:/opt/rustwide/target:rw,Z" "-v" "/var/lib/crater-agent-workspace/builds/worker-1-tc2/source:/opt/rustwide/workdir:ro,Z" "-v" "/var/lib/crater-agent-workspace/cargo-home:/opt/rustwide/cargo-home:ro,Z" "-v" "/var/lib/crater-agent-workspace/rustup-home:/opt/rustwide/rustup-home:ro,Z" "-e" "SOURCE_DIR=/opt/rustwide/workdir" "-e" "CARGO_TARGET_DIR=/opt/rustwide/target" "-e" "CARGO_INCREMENTAL=0" "-e" "RUST_BACKTRACE=full" "-e" "RUSTFLAGS=--cap-lints=warn" "-e" "RUSTDOCFLAGS=--cap-lints=warn" "-e" "CARGO_HOME=/opt/rustwide/cargo-home" "-e" "RUSTUP_HOME=/opt/rustwide/rustup-home" "-w" "/opt/rustwide/workdir" "-m" "1610612736" "--user" "0:0" "--network" "none" "ghcr.io/rust-lang/crates-build-env/linux@sha256:f3a9d4ad9d972b27faf3965f35b62e55ba32bbce8f20bc8fe909558a86702fde" "/opt/rustwide/cargo-home/bin/cargo" "+beta-2024-12-08" "test" "--frozen", kill_on_drop: false }`
[INFO] [stdout] e9882357fe6767d69301b4afa0b7301f569e1c97b024b438c3d698db7f33fc61
[INFO] running `Command { std: "docker" "start" "-a" "e9882357fe6767d69301b4afa0b7301f569e1c97b024b438c3d698db7f33fc61", kill_on_drop: false }`
[INFO] [stderr]     Finished `test` profile [unoptimized + debuginfo] target(s) in 0.04s
[INFO] [stderr]      Running unittests src/lib.rs (/opt/rustwide/target/debug/deps/mycelium_base-0cc5efe147060eb3)
[INFO] [stdout] 
[INFO] [stdout] running 9 tests
[INFO] [stdout] test dtos::generic_map::tests::test_as_map_with_submap ... ok
[INFO] [stdout] test dtos::generic_map::tests::test_as_integer_map ... ok
[INFO] [stdout] test utils::errors::base::tests::test_has_str_code ... ok
[INFO] [stdout] test utils::errors::base::tests::test_error_type ... ok
[INFO] [stdout] test utils::errors::base::tests::test_error_msg ... ok
[INFO] [stdout] test utils::errors::factories::test::test_default_factories ... ok
[INFO] [stdout] test utils::errors::base::tests::test_is_in ... ok
[INFO] [stdout] test utils::errors::factories::test::test_creation_error_factory ... ok
[INFO] [stdout] test utils::errors::base::tests::test_from_msg ... ok
[INFO] [stdout] 
[INFO] [stdout] test result: ok. 9 passed; 0 failed; 0 ignored; 0 measured; 0 filtered out; finished in 0.02s
[INFO] [stdout] 
[INFO] [stderr]    Doc-tests mycelium_base
[INFO] [stdout] 
[INFO] [stdout] running 1 test
[INFO] [stdout] test src/lib.rs - dtos (line 13) ... FAILED
[INFO] [stdout] 
[INFO] [stdout] failures:
[INFO] [stdout] 
[INFO] [stdout] ---- src/lib.rs - dtos (line 13) stdout ----
[INFO] [stdout] error[E0277]: the trait bound `Comment: serde::ser::Serialize` is not satisfied
[INFO] [stdout]   --> src/lib.rs:20:14
[INFO] [stdout]    |
[INFO] [stdout] 10 |    comments: Children<Comment, i32>,
[INFO] [stdout]    |              ^^^^^^^^^^^^^^^^^^^^^^ the trait `serde::ser::Serialize` is not implemented for `Comment`
[INFO] [stdout]    |
[INFO] [stdout]    = note: for local types consider adding `#[derive(serde::Serialize)]` to your `Comment` type
[INFO] [stdout]    = note: for types from other crates check whether the crate offers a `serde` feature flag
[INFO] [stdout]    = help: the following other types implement trait `serde::ser::Serialize`:
[INFO] [stdout]              &'a T
[INFO] [stdout]              &'a mut T
[INFO] [stdout]              ()
[INFO] [stdout]              (T,)
[INFO] [stdout]              (T0, T1)
[INFO] [stdout]              (T0, T1, T2)
[INFO] [stdout]              (T0, T1, T2, T3)
[INFO] [stdout]              (T0, T1, T2, T3, T4)
[INFO] [stdout]            and 212 others
[INFO] [stdout] note: required by a bound in `Children`
[INFO] [stdout]   --> /opt/rustwide/workdir/src/dtos/children.rs:15:8
[INFO] [stdout]    |
[INFO] [stdout] 13 | pub enum Children<T, U>
[INFO] [stdout]    |          -------- required by a bound in this enum
[INFO] [stdout] 14 | where
[INFO] [stdout] 15 |     T: Serialize + ToSchema,
[INFO] [stdout]    |        ^^^^^^^^^ required by this bound in `Children`
[INFO] [stdout] 
[INFO] [stdout] error[E0277]: the trait bound `Comment: utoipa::ToSchema` is not satisfied
[INFO] [stdout]   --> src/lib.rs:20:14
[INFO] [stdout]    |
[INFO] [stdout] 10 |    comments: Children<Comment, i32>,
[INFO] [stdout]    |              ^^^^^^^^^^^^^^^^^^^^^^ the trait `utoipa::ToSchema` is not implemented for `Comment`
[INFO] [stdout]    |
[INFO] [stdout]    = help: the following other types implement trait `utoipa::ToSchema`:
[INFO] [stdout]              &'t [T]
[INFO] [stdout]              &'t mut [T]
[INFO] [stdout]              &str
[INFO] [stdout]              ()
[INFO] [stdout]              BTreeMap<K, T>
[INFO] [stdout]              BTreeSet<K>
[INFO] [stdout]              Box<T>
[INFO] [stdout]              Children<T, U>
[INFO] [stdout]            and 33 others
[INFO] [stdout] note: required by a bound in `Children`
[INFO] [stdout]   --> /opt/rustwide/workdir/src/dtos/children.rs:15:20
[INFO] [stdout]    |
[INFO] [stdout] 13 | pub enum Children<T, U>
[INFO] [stdout]    |          -------- required by a bound in this enum
[INFO] [stdout] 14 | where
[INFO] [stdout] 15 |     T: Serialize + ToSchema,
[INFO] [stdout]    |                    ^^^^^^^^ required by this bound in `Children`
[INFO] [stdout] 
[INFO] [stdout] error[E0277]: the trait bound `Comment: serde::ser::Serialize` is not satisfied
[INFO] [stdout]   --> src/lib.rs:32:15
[INFO] [stdout]    |
[INFO] [stdout] 22 |     comments: Children::Ids(vec![1, 2, 3]),
[INFO] [stdout]    |               ^^^^^^^^^^^^^^^^^^^^^^^^^^^^ the trait `serde::ser::Serialize` is not implemented for `Comment`
[INFO] [stdout]    |
[INFO] [stdout]    = note: for local types consider adding `#[derive(serde::Serialize)]` to your `Comment` type
[INFO] [stdout]    = note: for types from other crates check whether the crate offers a `serde` feature flag
[INFO] [stdout]    = help: the following other types implement trait `serde::ser::Serialize`:
[INFO] [stdout]              &'a T
[INFO] [stdout]              &'a mut T
[INFO] [stdout]              ()
[INFO] [stdout]              (T,)
[INFO] [stdout]              (T0, T1)
[INFO] [stdout]              (T0, T1, T2)
[INFO] [stdout]              (T0, T1, T2, T3)
[INFO] [stdout]              (T0, T1, T2, T3, T4)
[INFO] [stdout]            and 212 others
[INFO] [stdout] note: required by a bound in `Children`
[INFO] [stdout]   --> /opt/rustwide/workdir/src/dtos/children.rs:15:8
[INFO] [stdout]    |
[INFO] [stdout] 13 | pub enum Children<T, U>
[INFO] [stdout]    |          -------- required by a bound in this enum
[INFO] [stdout] 14 | where
[INFO] [stdout] 15 |     T: Serialize + ToSchema,
[INFO] [stdout]    |        ^^^^^^^^^ required by this bound in `Children`
[INFO] [stdout] 
[INFO] [stdout] error[E0277]: the trait bound `Comment: utoipa::ToSchema` is not satisfied
[INFO] [stdout]   --> src/lib.rs:32:15
[INFO] [stdout]    |
[INFO] [stdout] 22 |     comments: Children::Ids(vec![1, 2, 3]),
[INFO] [stdout]    |               ^^^^^^^^^^^^^^^^^^^^^^^^^^^^ the trait `utoipa::ToSchema` is not implemented for `Comment`
[INFO] [stdout]    |
[INFO] [stdout]    = help: the following other types implement trait `utoipa::ToSchema`:
[INFO] [stdout]              &'t [T]
[INFO] [stdout]              &'t mut [T]
[INFO] [stdout]              &str
[INFO] [stdout]              ()
[INFO] [stdout]              BTreeMap<K, T>
[INFO] [stdout]              BTreeSet<K>
[INFO] [stdout]              Box<T>
[INFO] [stdout]              Children<T, U>
[INFO] [stdout]            and 33 others
[INFO] [stdout] note: required by a bound in `Children`
[INFO] [stdout]   --> /opt/rustwide/workdir/src/dtos/children.rs:15:20
[INFO] [stdout]    |
[INFO] [stdout] 13 | pub enum Children<T, U>
[INFO] [stdout]    |          -------- required by a bound in this enum
[INFO] [stdout] 14 | where
[INFO] [stdout] 15 |     T: Serialize + ToSchema,
[INFO] [stdout]    |                    ^^^^^^^^ required by this bound in `Children`
[INFO] [stdout] 
[INFO] [stdout] error[E0277]: the trait bound `Comment: serde::ser::Serialize` is not satisfied
[INFO] [stdout]   --> src/lib.rs:38:15
[INFO] [stdout]    |
[INFO] [stdout] 28 |       comments: Children::Records(vec![
[INFO] [stdout]    |  _______________^
[INFO] [stdout] 29 | |         Comment {
[INFO] [stdout] 30 | |             post: Parent::Id(1),
[INFO] [stdout] 31 | |             id: 1,
[INFO] [stdout] ...  |
[INFO] [stdout] 43 | |         },
[INFO] [stdout] 44 | |     ]),
[INFO] [stdout]    | |______^ the trait `serde::ser::Serialize` is not implemented for `Comment`
[INFO] [stdout]    |
[INFO] [stdout]    = note: for local types consider adding `#[derive(serde::Serialize)]` to your `Comment` type
[INFO] [stdout]    = note: for types from other crates check whether the crate offers a `serde` feature flag
[INFO] [stdout]    = help: the following other types implement trait `serde::ser::Serialize`:
[INFO] [stdout]              &'a T
[INFO] [stdout]              &'a mut T
[INFO] [stdout]              ()
[INFO] [stdout]              (T,)
[INFO] [stdout]              (T0, T1)
[INFO] [stdout]              (T0, T1, T2)
[INFO] [stdout]              (T0, T1, T2, T3)
[INFO] [stdout]              (T0, T1, T2, T3, T4)
[INFO] [stdout]            and 212 others
[INFO] [stdout] note: required by a bound in `Children`
[INFO] [stdout]   --> /opt/rustwide/workdir/src/dtos/children.rs:15:8
[INFO] [stdout]    |
[INFO] [stdout] 13 | pub enum Children<T, U>
[INFO] [stdout]    |          -------- required by a bound in this enum
[INFO] [stdout] 14 | where
[INFO] [stdout] 15 |     T: Serialize + ToSchema,
[INFO] [stdout]    |        ^^^^^^^^^ required by this bound in `Children`
[INFO] [stdout] 
[INFO] [stdout] error[E0277]: the trait bound `Comment: utoipa::ToSchema` is not satisfied
[INFO] [stdout]   --> src/lib.rs:38:15
[INFO] [stdout]    |
[INFO] [stdout] 28 |       comments: Children::Records(vec![
[INFO] [stdout]    |  _______________^
[INFO] [stdout] 29 | |         Comment {
[INFO] [stdout] 30 | |             post: Parent::Id(1),
[INFO] [stdout] 31 | |             id: 1,
[INFO] [stdout] ...  |
[INFO] [stdout] 43 | |         },
[INFO] [stdout] 44 | |     ]),
[INFO] [stdout]    | |______^ the trait `utoipa::ToSchema` is not implemented for `Comment`
[INFO] [stdout]    |
[INFO] [stdout]    = help: the following other types implement trait `utoipa::ToSchema`:
[INFO] [stdout]              &'t [T]
[INFO] [stdout]              &'t mut [T]
[INFO] [stdout]              &str
[INFO] [stdout]              ()
[INFO] [stdout]              BTreeMap<K, T>
[INFO] [stdout]              BTreeSet<K>
[INFO] [stdout]              Box<T>
[INFO] [stdout]              Children<T, U>
[INFO] [stdout]            and 33 others
[INFO] [stdout] note: required by a bound in `Children`
[INFO] [stdout]   --> /opt/rustwide/workdir/src/dtos/children.rs:15:20
[INFO] [stdout]    |
[INFO] [stdout] 13 | pub enum Children<T, U>
[INFO] [stdout]    |          -------- required by a bound in this enum
[INFO] [stdout] 14 | where
[INFO] [stdout] 15 |     T: Serialize + ToSchema,
[INFO] [stdout]    |                    ^^^^^^^^ required by this bound in `Children`
[INFO] [stdout] 
[INFO] [stdout] error[E0277]: the trait bound `Comment: serde::ser::Serialize` is not satisfied
[INFO] [stdout]   --> src/lib.rs:38:33
[INFO] [stdout]    |
[INFO] [stdout] 28 |       comments: Children::Records(vec![
[INFO] [stdout]    |  _______________-----------------_^
[INFO] [stdout]    | |               |
[INFO] [stdout]    | |               required by a bound introduced by this call
[INFO] [stdout] 29 | |         Comment {
[INFO] [stdout] 30 | |             post: Parent::Id(1),
[INFO] [stdout] 31 | |             id: 1,
[INFO] [stdout] ...  |
[INFO] [stdout] 43 | |         },
[INFO] [stdout] 44 | |     ]),
[INFO] [stdout]    | |_____^ the trait `serde::ser::Serialize` is not implemented for `Comment`
[INFO] [stdout]    |
[INFO] [stdout]    = note: for local types consider adding `#[derive(serde::Serialize)]` to your `Comment` type
[INFO] [stdout]    = note: for types from other crates check whether the crate offers a `serde` feature flag
[INFO] [stdout]    = help: the following other types implement trait `serde::ser::Serialize`:
[INFO] [stdout]              &'a T
[INFO] [stdout]              &'a mut T
[INFO] [stdout]              ()
[INFO] [stdout]              (T,)
[INFO] [stdout]              (T0, T1)
[INFO] [stdout]              (T0, T1, T2)
[INFO] [stdout]              (T0, T1, T2, T3)
[INFO] [stdout]              (T0, T1, T2, T3, T4)
[INFO] [stdout]            and 212 others
[INFO] [stdout] note: required by a bound in `mycelium_base::dtos::Children::Records`
[INFO] [stdout]   --> /opt/rustwide/workdir/src/dtos/children.rs:15:8
[INFO] [stdout]    |
[INFO] [stdout] 15 |     T: Serialize + ToSchema,
[INFO] [stdout]    |        ^^^^^^^^^ required by this bound in `mycelium_base::dtos::Children::Records`
[INFO] [stdout] ...
[INFO] [stdout] 19 |     Records(Vec<T>),
[INFO] [stdout]    |     ------- required by a bound in this tuple variant
[INFO] [stdout] 
[INFO] [stdout] error[E0277]: the trait bound `Comment: utoipa::ToSchema` is not satisfied
[INFO] [stdout]   --> src/lib.rs:38:33
[INFO] [stdout]    |
[INFO] [stdout] 28 |       comments: Children::Records(vec![
[INFO] [stdout]    |  _______________-----------------_^
[INFO] [stdout]    | |               |
[INFO] [stdout]    | |               required by a bound introduced by this call
[INFO] [stdout] 29 | |         Comment {
[INFO] [stdout] 30 | |             post: Parent::Id(1),
[INFO] [stdout] 31 | |             id: 1,
[INFO] [stdout] ...  |
[INFO] [stdout] 43 | |         },
[INFO] [stdout] 44 | |     ]),
[INFO] [stdout]    | |_____^ the trait `utoipa::ToSchema` is not implemented for `Comment`
[INFO] [stdout]    |
[INFO] [stdout]    = help: the following other types implement trait `utoipa::ToSchema`:
[INFO] [stdout]              &'t [T]
[INFO] [stdout]              &'t mut [T]
[INFO] [stdout]              &str
[INFO] [stdout]              ()
[INFO] [stdout]              BTreeMap<K, T>
[INFO] [stdout]              BTreeSet<K>
[INFO] [stdout]              Box<T>
[INFO] [stdout]              Children<T, U>
[INFO] [stdout]            and 33 others
[INFO] [stdout] note: required by a bound in `mycelium_base::dtos::Children::Records`
[INFO] [stdout]   --> /opt/rustwide/workdir/src/dtos/children.rs:15:20
[INFO] [stdout]    |
[INFO] [stdout] 15 |     T: Serialize + ToSchema,
[INFO] [stdout]    |                    ^^^^^^^^ required by this bound in `mycelium_base::dtos::Children::Records`
[INFO] [stdout] ...
[INFO] [stdout] 19 |     Records(Vec<T>),
[INFO] [stdout]    |     ------- required by a bound in this tuple variant
[INFO] [stdout] 
[INFO] [stdout] error: aborting due to 8 previous errors
[INFO] [stdout] 
[INFO] [stdout] For more information about this error, try `rustc --explain E0277`.
[INFO] [stdout] Couldn't compile the test.
[INFO] [stdout] 
[INFO] [stdout] failures:
[INFO] [stdout]     src/lib.rs - dtos (line 13)
[INFO] [stdout] 
[INFO] [stdout] test result: FAILED. 0 passed; 1 failed; 0 ignored; 0 measured; 0 filtered out; finished in 0.10s
[INFO] [stdout] 
[INFO] [stderr] error: doctest failed, to rerun pass `--doc`
[INFO] running `Command { std: "docker" "inspect" "e9882357fe6767d69301b4afa0b7301f569e1c97b024b438c3d698db7f33fc61", kill_on_drop: false }`
[INFO] running `Command { std: "docker" "rm" "-f" "e9882357fe6767d69301b4afa0b7301f569e1c97b024b438c3d698db7f33fc61", kill_on_drop: false }`
[INFO] [stdout] e9882357fe6767d69301b4afa0b7301f569e1c97b024b438c3d698db7f33fc61
