[INFO] fetching crate my_public_crate_hh 0.1.0...
[INFO] testing my_public_crate_hh-0.1.0 against 1.83.0 for beta-1.84.0-4-retry
[INFO] extracting crate my_public_crate_hh 0.1.0 into /workspace/builds/worker-4-tc1/source
[INFO] validating manifest of crates.io crate my_public_crate_hh 0.1.0 on toolchain 1.83.0
[INFO] running `Command { std: CARGO_HOME="/workspace/cargo-home" RUSTUP_HOME="/workspace/rustup-home" "/workspace/cargo-home/bin/cargo" "+1.83.0" "metadata" "--manifest-path" "Cargo.toml" "--no-deps", kill_on_drop: false }`
[INFO] started tweaking crates.io crate my_public_crate_hh 0.1.0
[INFO] finished tweaking crates.io crate my_public_crate_hh 0.1.0
[INFO] tweaked toml for crates.io crate my_public_crate_hh 0.1.0 written to /workspace/builds/worker-4-tc1/source/Cargo.toml
[INFO] running `Command { std: CARGO_HOME="/workspace/cargo-home" RUSTUP_HOME="/workspace/rustup-home" "/workspace/cargo-home/bin/cargo" "+1.83.0" "generate-lockfile" "--manifest-path" "Cargo.toml", kill_on_drop: false }`
[INFO] running `Command { std: CARGO_HOME="/workspace/cargo-home" RUSTUP_HOME="/workspace/rustup-home" "/workspace/cargo-home/bin/cargo" "+1.83.0" "fetch" "--manifest-path" "Cargo.toml", kill_on_drop: false }`
[INFO] running `Command { std: "docker" "create" "-v" "/var/lib/crater-agent-workspace/builds/worker-4-tc1/target:/opt/rustwide/target:rw,Z" "-v" "/var/lib/crater-agent-workspace/builds/worker-4-tc1/source:/opt/rustwide/workdir:ro,Z" "-v" "/var/lib/crater-agent-workspace/cargo-home:/opt/rustwide/cargo-home:ro,Z" "-v" "/var/lib/crater-agent-workspace/rustup-home:/opt/rustwide/rustup-home:ro,Z" "-e" "SOURCE_DIR=/opt/rustwide/workdir" "-e" "CARGO_TARGET_DIR=/opt/rustwide/target" "-e" "CARGO_HOME=/opt/rustwide/cargo-home" "-e" "RUSTUP_HOME=/opt/rustwide/rustup-home" "-w" "/opt/rustwide/workdir" "-m" "1610612736" "--user" "0:0" "--network" "none" "ghcr.io/rust-lang/crates-build-env/linux@sha256:f3a9d4ad9d972b27faf3965f35b62e55ba32bbce8f20bc8fe909558a86702fde" "/opt/rustwide/cargo-home/bin/cargo" "+1.83.0" "metadata" "--no-deps" "--format-version=1", kill_on_drop: false }`
[INFO] [stdout] bc78e2af369c9665b889a279979f4fabc5379abe1ed0d837d1253fa620d140f4
[INFO] running `Command { std: "docker" "start" "-a" "bc78e2af369c9665b889a279979f4fabc5379abe1ed0d837d1253fa620d140f4", kill_on_drop: false }`
[INFO] running `Command { std: "docker" "inspect" "bc78e2af369c9665b889a279979f4fabc5379abe1ed0d837d1253fa620d140f4", kill_on_drop: false }`
[INFO] running `Command { std: "docker" "rm" "-f" "bc78e2af369c9665b889a279979f4fabc5379abe1ed0d837d1253fa620d140f4", kill_on_drop: false }`
[INFO] [stdout] bc78e2af369c9665b889a279979f4fabc5379abe1ed0d837d1253fa620d140f4
[INFO] running `Command { std: "docker" "create" "-v" "/var/lib/crater-agent-workspace/builds/worker-4-tc1/target:/opt/rustwide/target:rw,Z" "-v" "/var/lib/crater-agent-workspace/builds/worker-4-tc1/source:/opt/rustwide/workdir:ro,Z" "-v" "/var/lib/crater-agent-workspace/cargo-home:/opt/rustwide/cargo-home:ro,Z" "-v" "/var/lib/crater-agent-workspace/rustup-home:/opt/rustwide/rustup-home:ro,Z" "-e" "SOURCE_DIR=/opt/rustwide/workdir" "-e" "CARGO_TARGET_DIR=/opt/rustwide/target" "-e" "CARGO_INCREMENTAL=0" "-e" "RUST_BACKTRACE=full" "-e" "RUSTFLAGS=--cap-lints=warn" "-e" "RUSTDOCFLAGS=--cap-lints=warn" "-e" "CARGO_HOME=/opt/rustwide/cargo-home" "-e" "RUSTUP_HOME=/opt/rustwide/rustup-home" "-w" "/opt/rustwide/workdir" "-m" "1610612736" "--user" "0:0" "--network" "none" "ghcr.io/rust-lang/crates-build-env/linux@sha256:f3a9d4ad9d972b27faf3965f35b62e55ba32bbce8f20bc8fe909558a86702fde" "/opt/rustwide/cargo-home/bin/cargo" "+1.83.0" "build" "--frozen" "--message-format=json", kill_on_drop: false }`
[INFO] [stdout] 4f9ed8994fd70d363eb22886d085af918c155a8ffbd73d48926c6cf2d7325380
[INFO] running `Command { std: "docker" "start" "-a" "4f9ed8994fd70d363eb22886d085af918c155a8ffbd73d48926c6cf2d7325380", kill_on_drop: false }`
[INFO] [stderr]    Compiling my_public_crate_hh v0.1.0 (/opt/rustwide/workdir)
[INFO] [stderr]     Finished `dev` profile [unoptimized + debuginfo] target(s) in 0.18s
[INFO] running `Command { std: "docker" "inspect" "4f9ed8994fd70d363eb22886d085af918c155a8ffbd73d48926c6cf2d7325380", kill_on_drop: false }`
[INFO] running `Command { std: "docker" "rm" "-f" "4f9ed8994fd70d363eb22886d085af918c155a8ffbd73d48926c6cf2d7325380", kill_on_drop: false }`
[INFO] [stdout] 4f9ed8994fd70d363eb22886d085af918c155a8ffbd73d48926c6cf2d7325380
[INFO] running `Command { std: "docker" "create" "-v" "/var/lib/crater-agent-workspace/builds/worker-4-tc1/target:/opt/rustwide/target:rw,Z" "-v" "/var/lib/crater-agent-workspace/builds/worker-4-tc1/source:/opt/rustwide/workdir:ro,Z" "-v" "/var/lib/crater-agent-workspace/cargo-home:/opt/rustwide/cargo-home:ro,Z" "-v" "/var/lib/crater-agent-workspace/rustup-home:/opt/rustwide/rustup-home:ro,Z" "-e" "SOURCE_DIR=/opt/rustwide/workdir" "-e" "CARGO_TARGET_DIR=/opt/rustwide/target" "-e" "CARGO_INCREMENTAL=0" "-e" "RUST_BACKTRACE=full" "-e" "RUSTFLAGS=--cap-lints=warn" "-e" "RUSTDOCFLAGS=--cap-lints=warn" "-e" "CARGO_HOME=/opt/rustwide/cargo-home" "-e" "RUSTUP_HOME=/opt/rustwide/rustup-home" "-w" "/opt/rustwide/workdir" "-m" "1610612736" "--user" "0:0" "--network" "none" "ghcr.io/rust-lang/crates-build-env/linux@sha256:f3a9d4ad9d972b27faf3965f35b62e55ba32bbce8f20bc8fe909558a86702fde" "/opt/rustwide/cargo-home/bin/cargo" "+1.83.0" "test" "--frozen" "--no-run" "--message-format=json", kill_on_drop: false }`
[INFO] [stdout] 5362419b58a07492f76bb21932fc7f50f2ac34ed37e36fda780e35e5ccd9af5f
[INFO] running `Command { std: "docker" "start" "-a" "5362419b58a07492f76bb21932fc7f50f2ac34ed37e36fda780e35e5ccd9af5f", kill_on_drop: false }`
[INFO] [stderr]    Compiling my_public_crate_hh v0.1.0 (/opt/rustwide/workdir)
[INFO] [stderr]     Finished `test` profile [unoptimized + debuginfo] target(s) in 0.34s
[INFO] running `Command { std: "docker" "inspect" "5362419b58a07492f76bb21932fc7f50f2ac34ed37e36fda780e35e5ccd9af5f", kill_on_drop: false }`
[INFO] running `Command { std: "docker" "rm" "-f" "5362419b58a07492f76bb21932fc7f50f2ac34ed37e36fda780e35e5ccd9af5f", kill_on_drop: false }`
[INFO] [stdout] 5362419b58a07492f76bb21932fc7f50f2ac34ed37e36fda780e35e5ccd9af5f
[INFO] running `Command { std: "docker" "create" "-v" "/var/lib/crater-agent-workspace/builds/worker-4-tc1/target:/opt/rustwide/target:rw,Z" "-v" "/var/lib/crater-agent-workspace/builds/worker-4-tc1/source:/opt/rustwide/workdir:ro,Z" "-v" "/var/lib/crater-agent-workspace/cargo-home:/opt/rustwide/cargo-home:ro,Z" "-v" "/var/lib/crater-agent-workspace/rustup-home:/opt/rustwide/rustup-home:ro,Z" "-e" "SOURCE_DIR=/opt/rustwide/workdir" "-e" "CARGO_TARGET_DIR=/opt/rustwide/target" "-e" "CARGO_INCREMENTAL=0" "-e" "RUST_BACKTRACE=full" "-e" "RUSTFLAGS=--cap-lints=warn" "-e" "RUSTDOCFLAGS=--cap-lints=warn" "-e" "CARGO_HOME=/opt/rustwide/cargo-home" "-e" "RUSTUP_HOME=/opt/rustwide/rustup-home" "-w" "/opt/rustwide/workdir" "-m" "1610612736" "--user" "0:0" "--network" "none" "ghcr.io/rust-lang/crates-build-env/linux@sha256:f3a9d4ad9d972b27faf3965f35b62e55ba32bbce8f20bc8fe909558a86702fde" "/opt/rustwide/cargo-home/bin/cargo" "+1.83.0" "test" "--frozen", kill_on_drop: false }`
[INFO] [stdout] 1e1b6e67ebbd38dec768ccf214b67cd676c980f9cd89319efcb3e98a927646c2
[INFO] running `Command { std: "docker" "start" "-a" "1e1b6e67ebbd38dec768ccf214b67cd676c980f9cd89319efcb3e98a927646c2", kill_on_drop: false }`
[INFO] [stderr]     Finished `test` profile [unoptimized + debuginfo] target(s) in 0.01s
[INFO] [stderr]      Running unittests src/lib.rs (/opt/rustwide/target/debug/deps/my_public_crate_hh-80482f4b8f948aeb)
[INFO] [stdout] 
[INFO] [stderr]    Doc-tests my_public_crate_hh
[INFO] [stdout] running 0 tests
[INFO] [stdout] 
[INFO] [stdout] test result: ok. 0 passed; 0 failed; 0 ignored; 0 measured; 0 filtered out; finished in 0.00s
[INFO] [stdout] 
[INFO] [stdout] 
[INFO] [stdout] running 1 test
[INFO] [stdout] test src/lib.rs - add (line 5) ... FAILED
[INFO] [stdout] 
[INFO] [stdout] failures:
[INFO] [stdout] 
[INFO] [stdout] ---- src/lib.rs - add (line 5) stdout ----
[INFO] [stdout] error[E0433]: failed to resolve: use of undeclared crate or module `my_public_crate`
[INFO] [stdout]  --> src/lib.rs:6:12
[INFO] [stdout]   |
[INFO] [stdout] 3 | assert_eq!(my_public_crate::add(2, 3), 5);
[INFO] [stdout]   |            ^^^^^^^^^^^^^^^ use of undeclared crate or module `my_public_crate`
[INFO] [stdout]   |
[INFO] [stdout] help: there is a crate or module with a similar name
[INFO] [stdout]   |
[INFO] [stdout] 3 | assert_eq!(my_public_crate_hh::add(2, 3), 5);
[INFO] [stdout]   |            ~~~~~~~~~~~~~~~~~~
[INFO] [stdout] 
[INFO] [stdout] error: aborting due to 1 previous error
[INFO] [stdout] 
[INFO] [stdout] For more information about this error, try `rustc --explain E0433`.
[INFO] [stdout] Couldn't compile the test.
[INFO] [stdout] 
[INFO] [stdout] failures:
[INFO] [stdout]     src/lib.rs - add (line 5)
[INFO] [stdout] 
[INFO] [stdout] test result: FAILED. 0 passed; 1 failed; 0 ignored; 0 measured; 0 filtered out; finished in 0.10s
[INFO] [stdout] 
[INFO] [stderr] error: doctest failed, to rerun pass `--doc`
[INFO] running `Command { std: "docker" "inspect" "1e1b6e67ebbd38dec768ccf214b67cd676c980f9cd89319efcb3e98a927646c2", kill_on_drop: false }`
[INFO] running `Command { std: "docker" "rm" "-f" "1e1b6e67ebbd38dec768ccf214b67cd676c980f9cd89319efcb3e98a927646c2", kill_on_drop: false }`
[INFO] [stdout] 1e1b6e67ebbd38dec768ccf214b67cd676c980f9cd89319efcb3e98a927646c2
