[INFO] fetching crate monolib 0.7.1...
[INFO] testing monolib-0.7.1 against 1.83.0 for beta-1.84.0-4-retry
[INFO] extracting crate monolib 0.7.1 into /workspace/builds/worker-4-tc1/source
[INFO] validating manifest of crates.io crate monolib 0.7.1 on toolchain 1.83.0
[INFO] running `Command { std: CARGO_HOME="/workspace/cargo-home" RUSTUP_HOME="/workspace/rustup-home" "/workspace/cargo-home/bin/cargo" "+1.83.0" "metadata" "--manifest-path" "Cargo.toml" "--no-deps", kill_on_drop: false }`
[INFO] started tweaking crates.io crate monolib 0.7.1
[INFO] finished tweaking crates.io crate monolib 0.7.1
[INFO] tweaked toml for crates.io crate monolib 0.7.1 written to /workspace/builds/worker-4-tc1/source/Cargo.toml
[INFO] running `Command { std: CARGO_HOME="/workspace/cargo-home" RUSTUP_HOME="/workspace/rustup-home" "/workspace/cargo-home/bin/cargo" "+1.83.0" "generate-lockfile" "--manifest-path" "Cargo.toml", kill_on_drop: false }`
[INFO] [stderr]     Updating crates.io index
[INFO] [stderr]      Locking 121 packages to latest compatible versions
[INFO] [stderr]       Adding rodio v0.19.0 (available: v0.20.1)
[INFO] running `Command { std: CARGO_HOME="/workspace/cargo-home" RUSTUP_HOME="/workspace/rustup-home" "/workspace/cargo-home/bin/cargo" "+1.83.0" "fetch" "--manifest-path" "Cargo.toml", kill_on_drop: false }`
[INFO] [stderr]  Downloading crates ...
[INFO] [stderr]   Downloaded vorbis_rs v0.5.5
[INFO] [stderr]   Downloaded ogg_next_sys v0.1.4
[INFO] [stderr]   Downloaded aotuv_lancer_vorbis_sys v0.1.5
[INFO] [stderr]   Downloaded lonelyradio_types v0.7.0
[INFO] running `Command { std: "docker" "create" "-v" "/var/lib/crater-agent-workspace/builds/worker-4-tc1/target:/opt/rustwide/target:rw,Z" "-v" "/var/lib/crater-agent-workspace/builds/worker-4-tc1/source:/opt/rustwide/workdir:ro,Z" "-v" "/var/lib/crater-agent-workspace/cargo-home:/opt/rustwide/cargo-home:ro,Z" "-v" "/var/lib/crater-agent-workspace/rustup-home:/opt/rustwide/rustup-home:ro,Z" "-e" "SOURCE_DIR=/opt/rustwide/workdir" "-e" "CARGO_TARGET_DIR=/opt/rustwide/target" "-e" "CARGO_HOME=/opt/rustwide/cargo-home" "-e" "RUSTUP_HOME=/opt/rustwide/rustup-home" "-w" "/opt/rustwide/workdir" "-m" "1610612736" "--user" "0:0" "--network" "none" "ghcr.io/rust-lang/crates-build-env/linux@sha256:f3a9d4ad9d972b27faf3965f35b62e55ba32bbce8f20bc8fe909558a86702fde" "/opt/rustwide/cargo-home/bin/cargo" "+1.83.0" "metadata" "--no-deps" "--format-version=1", kill_on_drop: false }`
[INFO] [stdout] a1d433f8cac05b9d6c82885fcc0cc6c7550d625f9d4ea853c24336809d5244d1
[INFO] running `Command { std: "docker" "start" "-a" "a1d433f8cac05b9d6c82885fcc0cc6c7550d625f9d4ea853c24336809d5244d1", kill_on_drop: false }`
[INFO] running `Command { std: "docker" "inspect" "a1d433f8cac05b9d6c82885fcc0cc6c7550d625f9d4ea853c24336809d5244d1", kill_on_drop: false }`
[INFO] running `Command { std: "docker" "rm" "-f" "a1d433f8cac05b9d6c82885fcc0cc6c7550d625f9d4ea853c24336809d5244d1", kill_on_drop: false }`
[INFO] [stdout] a1d433f8cac05b9d6c82885fcc0cc6c7550d625f9d4ea853c24336809d5244d1
[INFO] running `Command { std: "docker" "create" "-v" "/var/lib/crater-agent-workspace/builds/worker-4-tc1/target:/opt/rustwide/target:rw,Z" "-v" "/var/lib/crater-agent-workspace/builds/worker-4-tc1/source:/opt/rustwide/workdir:ro,Z" "-v" "/var/lib/crater-agent-workspace/cargo-home:/opt/rustwide/cargo-home:ro,Z" "-v" "/var/lib/crater-agent-workspace/rustup-home:/opt/rustwide/rustup-home:ro,Z" "-e" "SOURCE_DIR=/opt/rustwide/workdir" "-e" "CARGO_TARGET_DIR=/opt/rustwide/target" "-e" "CARGO_INCREMENTAL=0" "-e" "RUST_BACKTRACE=full" "-e" "RUSTFLAGS=--cap-lints=warn" "-e" "RUSTDOCFLAGS=--cap-lints=warn" "-e" "CARGO_HOME=/opt/rustwide/cargo-home" "-e" "RUSTUP_HOME=/opt/rustwide/rustup-home" "-w" "/opt/rustwide/workdir" "-m" "1610612736" "--user" "0:0" "--network" "none" "ghcr.io/rust-lang/crates-build-env/linux@sha256:f3a9d4ad9d972b27faf3965f35b62e55ba32bbce8f20bc8fe909558a86702fde" "/opt/rustwide/cargo-home/bin/cargo" "+1.83.0" "build" "--frozen" "--message-format=json", kill_on_drop: false }`
[INFO] [stdout] 8dc4fcf05c763a612a5892fd2751691a72307de4040b60b48dc059bf35397b25
[INFO] running `Command { std: "docker" "start" "-a" "8dc4fcf05c763a612a5892fd2751691a72307de4040b60b48dc059bf35397b25", kill_on_drop: false }`
[INFO] [stderr]    Compiling proc-macro2 v1.0.92
[INFO] [stderr]    Compiling unicode-ident v1.0.14
[INFO] [stderr]    Compiling libc v0.2.168
[INFO] [stderr]    Compiling shlex v1.3.0
[INFO] [stderr]    Compiling pkg-config v0.3.31
[INFO] [stderr]    Compiling serde v1.0.216
[INFO] [stderr]    Compiling cfg-if v1.0.0
[INFO] [stderr]    Compiling autocfg v1.4.0
[INFO] [stderr]    Compiling paste v1.0.15
[INFO] [stderr]    Compiling cpal v0.15.3
[INFO] [stderr]    Compiling bitflags v2.6.0
[INFO] [stderr]    Compiling thiserror v2.0.7
[INFO] [stderr]    Compiling thiserror v1.0.69
[INFO] [stderr]    Compiling lazy_static v1.5.0
[INFO] [stderr]    Compiling log v0.4.22
[INFO] [stderr]    Compiling byteorder v1.5.0
[INFO] [stderr]    Compiling tinyvec_macros v0.1.1
[INFO] [stderr]    Compiling cc v1.2.4
[INFO] [stderr]    Compiling arrayvec v0.7.6
[INFO] [stderr]    Compiling bytemuck v1.20.0
[INFO] [stderr]    Compiling anyhow v1.0.94
[INFO] [stderr]    Compiling dasp_sample v0.11.0
[INFO] [stderr]    Compiling bitflags v1.3.2
[INFO] [stderr]    Compiling tinyvec v1.8.0
[INFO] [stderr]    Compiling claxon v0.4.3
[INFO] [stderr]    Compiling symphonia-core v0.5.4
[INFO] [stderr]    Compiling num-traits v0.2.19
[INFO] [stderr]    Compiling quote v1.0.37
[INFO] [stderr]    Compiling syn v2.0.90
[INFO] [stderr]    Compiling alsa-sys v0.3.1
[INFO] [stderr]    Compiling errno v0.3.10
[INFO] [stderr]    Compiling getrandom v0.2.15
[INFO] [stderr]    Compiling alsa v0.9.1
[INFO] [stderr]    Compiling ogg_next_sys v0.1.4
[INFO] [stderr]    Compiling aotuv_lancer_vorbis_sys v0.1.5
[INFO] [stderr]    Compiling symphonia-codec-alac v0.5.4
[INFO] [stderr]    Compiling rmp v0.8.14
[INFO] [stderr]    Compiling serde_derive v1.0.216
[INFO] [stderr]    Compiling thiserror-impl v1.0.69
[INFO] [stderr]    Compiling thiserror-impl v2.0.7
[INFO] [stderr]    Compiling rodio v0.19.0
[INFO] [stderr]    Compiling vorbis_rs v0.5.5
[INFO] [stderr]    Compiling serde_bytes v0.11.15
[INFO] [stderr]    Compiling rmp-serde v1.3.0
[INFO] [stderr]    Compiling lonelyradio_types v0.7.0
[INFO] [stderr]    Compiling monolib v0.7.1 (/opt/rustwide/workdir)
[INFO] [stderr]     Finished `dev` profile [unoptimized + debuginfo] target(s) in 25.69s
[INFO] running `Command { std: "docker" "inspect" "8dc4fcf05c763a612a5892fd2751691a72307de4040b60b48dc059bf35397b25", kill_on_drop: false }`
[INFO] running `Command { std: "docker" "rm" "-f" "8dc4fcf05c763a612a5892fd2751691a72307de4040b60b48dc059bf35397b25", kill_on_drop: false }`
[INFO] [stdout] 8dc4fcf05c763a612a5892fd2751691a72307de4040b60b48dc059bf35397b25
[INFO] running `Command { std: "docker" "create" "-v" "/var/lib/crater-agent-workspace/builds/worker-4-tc1/target:/opt/rustwide/target:rw,Z" "-v" "/var/lib/crater-agent-workspace/builds/worker-4-tc1/source:/opt/rustwide/workdir:ro,Z" "-v" "/var/lib/crater-agent-workspace/cargo-home:/opt/rustwide/cargo-home:ro,Z" "-v" "/var/lib/crater-agent-workspace/rustup-home:/opt/rustwide/rustup-home:ro,Z" "-e" "SOURCE_DIR=/opt/rustwide/workdir" "-e" "CARGO_TARGET_DIR=/opt/rustwide/target" "-e" "CARGO_INCREMENTAL=0" "-e" "RUST_BACKTRACE=full" "-e" "RUSTFLAGS=--cap-lints=warn" "-e" "RUSTDOCFLAGS=--cap-lints=warn" "-e" "CARGO_HOME=/opt/rustwide/cargo-home" "-e" "RUSTUP_HOME=/opt/rustwide/rustup-home" "-w" "/opt/rustwide/workdir" "-m" "1610612736" "--user" "0:0" "--network" "none" "ghcr.io/rust-lang/crates-build-env/linux@sha256:f3a9d4ad9d972b27faf3965f35b62e55ba32bbce8f20bc8fe909558a86702fde" "/opt/rustwide/cargo-home/bin/cargo" "+1.83.0" "test" "--frozen" "--no-run" "--message-format=json", kill_on_drop: false }`
[INFO] [stdout] 113350c707fad6e5f304abe824ac66e07e65b771677f80cdf207a01280cac6e2
[INFO] running `Command { std: "docker" "start" "-a" "113350c707fad6e5f304abe824ac66e07e65b771677f80cdf207a01280cac6e2", kill_on_drop: false }`
[INFO] [stderr]    Compiling monolib v0.7.1 (/opt/rustwide/workdir)
[INFO] [stderr]     Finished `test` profile [unoptimized + debuginfo] target(s) in 2.50s
[INFO] running `Command { std: "docker" "inspect" "113350c707fad6e5f304abe824ac66e07e65b771677f80cdf207a01280cac6e2", kill_on_drop: false }`
[INFO] running `Command { std: "docker" "rm" "-f" "113350c707fad6e5f304abe824ac66e07e65b771677f80cdf207a01280cac6e2", kill_on_drop: false }`
[INFO] [stdout] 113350c707fad6e5f304abe824ac66e07e65b771677f80cdf207a01280cac6e2
[INFO] running `Command { std: "docker" "create" "-v" "/var/lib/crater-agent-workspace/builds/worker-4-tc1/target:/opt/rustwide/target:rw,Z" "-v" "/var/lib/crater-agent-workspace/builds/worker-4-tc1/source:/opt/rustwide/workdir:ro,Z" "-v" "/var/lib/crater-agent-workspace/cargo-home:/opt/rustwide/cargo-home:ro,Z" "-v" "/var/lib/crater-agent-workspace/rustup-home:/opt/rustwide/rustup-home:ro,Z" "-e" "SOURCE_DIR=/opt/rustwide/workdir" "-e" "CARGO_TARGET_DIR=/opt/rustwide/target" "-e" "CARGO_INCREMENTAL=0" "-e" "RUST_BACKTRACE=full" "-e" "RUSTFLAGS=--cap-lints=warn" "-e" "RUSTDOCFLAGS=--cap-lints=warn" "-e" "CARGO_HOME=/opt/rustwide/cargo-home" "-e" "RUSTUP_HOME=/opt/rustwide/rustup-home" "-w" "/opt/rustwide/workdir" "-m" "1610612736" "--user" "0:0" "--network" "none" "ghcr.io/rust-lang/crates-build-env/linux@sha256:f3a9d4ad9d972b27faf3965f35b62e55ba32bbce8f20bc8fe909558a86702fde" "/opt/rustwide/cargo-home/bin/cargo" "+1.83.0" "test" "--frozen", kill_on_drop: false }`
[INFO] [stdout] 3ccbb4d6d99499ef22b7c92ca73d451e31d9c066c6f4f1c39ff0bdb3168197eb
[INFO] running `Command { std: "docker" "start" "-a" "3ccbb4d6d99499ef22b7c92ca73d451e31d9c066c6f4f1c39ff0bdb3168197eb", kill_on_drop: false }`
[INFO] [stderr]     Finished `test` profile [unoptimized + debuginfo] target(s) in 0.11s
[INFO] [stderr]      Running unittests src/lib.rs (/opt/rustwide/target/debug/deps/monolib-80013f138d17ee4f)
[INFO] [stderr]    Doc-tests monolib
[INFO] [stdout] 
[INFO] [stdout] running 0 tests
[INFO] [stdout] 
[INFO] [stdout] test result: ok. 0 passed; 0 failed; 0 ignored; 0 measured; 0 filtered out; finished in 0.00s
[INFO] [stdout] 
[INFO] [stdout] 
[INFO] [stdout] running 1 test
[INFO] [stdout] test src/lib.rs - (line 4) ... FAILED
[INFO] [stdout] 
[INFO] [stdout] failures:
[INFO] [stdout] 
[INFO] [stdout] ---- src/lib.rs - (line 4) stdout ----
[INFO] [stdout] error[E0425]: cannot find value `md` in this scope
[INFO] [stdout]   --> src/lib.rs:12:15
[INFO] [stdout]    |
[INFO] [stdout] 10 | let seconds = md.length / md.sample_rate as u64 / 2;
[INFO] [stdout]    |               ^^ not found in this scope
[INFO] [stdout] 
[INFO] [stdout] error[E0425]: cannot find value `md` in this scope
[INFO] [stdout]   --> src/lib.rs:12:27
[INFO] [stdout]    |
[INFO] [stdout] 10 | let seconds = md.length / md.sample_rate as u64 / 2;
[INFO] [stdout]    |                           ^^ not found in this scope
[INFO] [stdout] 
[INFO] [stdout] error[E0425]: cannot find value `md` in this scope
[INFO] [stdout]   --> src/lib.rs:13:46
[INFO] [stdout]    |
[INFO] [stdout] 11 | println!("Playing: {} - {} - {} ({}:{:02})", md.artist, md.album, md.title, seconds / 60, seconds % 60);
[INFO] [stdout]    |                                              ^^ not found in this scope
[INFO] [stdout] 
[INFO] [stdout] error[E0425]: cannot find value `md` in this scope
[INFO] [stdout]   --> src/lib.rs:13:57
[INFO] [stdout]    |
[INFO] [stdout] 11 | println!("Playing: {} - {} - {} ({}:{:02})", md.artist, md.album, md.title, seconds / 60, seconds % 60);
[INFO] [stdout]    |                                                         ^^ not found in this scope
[INFO] [stdout] 
[INFO] [stdout] error[E0425]: cannot find value `md` in this scope
[INFO] [stdout]   --> src/lib.rs:13:67
[INFO] [stdout]    |
[INFO] [stdout] 11 | println!("Playing: {} - {} - {} ({}:{:02})", md.artist, md.album, md.title, seconds / 60, seconds % 60);
[INFO] [stdout]    |                                                                   ^^ not found in this scope
[INFO] [stdout] 
[INFO] [stdout] error: aborting due to 5 previous errors
[INFO] [stdout] 
[INFO] [stdout] For more information about this error, try `rustc --explain E0425`.
[INFO] [stdout] Couldn't compile the test.
[INFO] [stdout] 
[INFO] [stdout] failures:
[INFO] [stdout]     src/lib.rs - (line 4)
[INFO] [stdout] 
[INFO] [stdout] test result: FAILED. 0 passed; 1 failed; 0 ignored; 0 measured; 0 filtered out; finished in 0.13s
[INFO] [stdout] 
[INFO] [stderr] error: doctest failed, to rerun pass `--doc`
[INFO] running `Command { std: "docker" "inspect" "3ccbb4d6d99499ef22b7c92ca73d451e31d9c066c6f4f1c39ff0bdb3168197eb", kill_on_drop: false }`
[INFO] running `Command { std: "docker" "rm" "-f" "3ccbb4d6d99499ef22b7c92ca73d451e31d9c066c6f4f1c39ff0bdb3168197eb", kill_on_drop: false }`
[INFO] [stdout] 3ccbb4d6d99499ef22b7c92ca73d451e31d9c066c6f4f1c39ff0bdb3168197eb
