[INFO] fetching crate monoio-http 0.3.12...
[INFO] testing monoio-http-0.3.12 against beta-2024-12-08 for beta-1.84.0-4-retry
[INFO] extracting crate monoio-http 0.3.12 into /workspace/builds/worker-6-tc2/source
[INFO] validating manifest of crates.io crate monoio-http 0.3.12 on toolchain beta-2024-12-08
[INFO] running `Command { std: CARGO_HOME="/workspace/cargo-home" RUSTUP_HOME="/workspace/rustup-home" "/workspace/cargo-home/bin/cargo" "+beta-2024-12-08" "metadata" "--manifest-path" "Cargo.toml" "--no-deps", kill_on_drop: false }`
[INFO] started tweaking crates.io crate monoio-http 0.3.12
[INFO] removed 0 missing examples
[INFO] finished tweaking crates.io crate monoio-http 0.3.12
[INFO] tweaked toml for crates.io crate monoio-http 0.3.12 written to /workspace/builds/worker-6-tc2/source/Cargo.toml
[INFO] crate crates.io crate monoio-http 0.3.12 already has a lockfile, it will not be regenerated
[INFO] running `Command { std: CARGO_HOME="/workspace/cargo-home" RUSTUP_HOME="/workspace/rustup-home" "/workspace/cargo-home/bin/cargo" "+beta-2024-12-08" "fetch" "--manifest-path" "Cargo.toml", kill_on_drop: false }`
[INFO] [stderr]     Blocking waiting for file lock on package cache
[INFO] [stderr]     Blocking waiting for file lock on package cache
[INFO] running `Command { std: "docker" "create" "-v" "/var/lib/crater-agent-workspace/builds/worker-6-tc2/target:/opt/rustwide/target:rw,Z" "-v" "/var/lib/crater-agent-workspace/builds/worker-6-tc2/source:/opt/rustwide/workdir:ro,Z" "-v" "/var/lib/crater-agent-workspace/cargo-home:/opt/rustwide/cargo-home:ro,Z" "-v" "/var/lib/crater-agent-workspace/rustup-home:/opt/rustwide/rustup-home:ro,Z" "-e" "SOURCE_DIR=/opt/rustwide/workdir" "-e" "CARGO_TARGET_DIR=/opt/rustwide/target" "-e" "CARGO_HOME=/opt/rustwide/cargo-home" "-e" "RUSTUP_HOME=/opt/rustwide/rustup-home" "-w" "/opt/rustwide/workdir" "-m" "1610612736" "--user" "0:0" "--network" "none" "ghcr.io/rust-lang/crates-build-env/linux@sha256:f3a9d4ad9d972b27faf3965f35b62e55ba32bbce8f20bc8fe909558a86702fde" "/opt/rustwide/cargo-home/bin/cargo" "+beta-2024-12-08" "metadata" "--no-deps" "--format-version=1", kill_on_drop: false }`
[INFO] [stdout] efefa8209fc6f88d993d8094526a61b5d1e97bc782b3993957c78be0444fe1c7
[INFO] running `Command { std: "docker" "start" "-a" "efefa8209fc6f88d993d8094526a61b5d1e97bc782b3993957c78be0444fe1c7", kill_on_drop: false }`
[INFO] running `Command { std: "docker" "inspect" "efefa8209fc6f88d993d8094526a61b5d1e97bc782b3993957c78be0444fe1c7", kill_on_drop: false }`
[INFO] running `Command { std: "docker" "rm" "-f" "efefa8209fc6f88d993d8094526a61b5d1e97bc782b3993957c78be0444fe1c7", kill_on_drop: false }`
[INFO] [stdout] efefa8209fc6f88d993d8094526a61b5d1e97bc782b3993957c78be0444fe1c7
[INFO] running `Command { std: "docker" "create" "-v" "/var/lib/crater-agent-workspace/builds/worker-6-tc2/target:/opt/rustwide/target:rw,Z" "-v" "/var/lib/crater-agent-workspace/builds/worker-6-tc2/source:/opt/rustwide/workdir:ro,Z" "-v" "/var/lib/crater-agent-workspace/cargo-home:/opt/rustwide/cargo-home:ro,Z" "-v" "/var/lib/crater-agent-workspace/rustup-home:/opt/rustwide/rustup-home:ro,Z" "-e" "SOURCE_DIR=/opt/rustwide/workdir" "-e" "CARGO_TARGET_DIR=/opt/rustwide/target" "-e" "CARGO_INCREMENTAL=0" "-e" "RUST_BACKTRACE=full" "-e" "RUSTFLAGS=--cap-lints=warn" "-e" "RUSTDOCFLAGS=--cap-lints=warn" "-e" "CARGO_HOME=/opt/rustwide/cargo-home" "-e" "RUSTUP_HOME=/opt/rustwide/rustup-home" "-w" "/opt/rustwide/workdir" "-m" "1610612736" "--user" "0:0" "--network" "none" "ghcr.io/rust-lang/crates-build-env/linux@sha256:f3a9d4ad9d972b27faf3965f35b62e55ba32bbce8f20bc8fe909558a86702fde" "/opt/rustwide/cargo-home/bin/cargo" "+beta-2024-12-08" "build" "--frozen" "--message-format=json", kill_on_drop: false }`
[INFO] [stdout] 8c05d15191910b08162febc862bd2e952b03c8ae95ccf5efd34166abdcc360e9
[INFO] running `Command { std: "docker" "start" "-a" "8c05d15191910b08162febc862bd2e952b03c8ae95ccf5efd34166abdcc360e9", kill_on_drop: false }`
[INFO] [stderr]    Compiling libc v0.2.159
[INFO] [stderr]    Compiling autocfg v1.4.0
[INFO] [stderr]    Compiling proc-macro2 v1.0.87
[INFO] [stderr]    Compiling unicode-ident v1.0.13
[INFO] [stderr]    Compiling pin-project-lite v0.2.14
[INFO] [stderr]    Compiling shlex v1.3.0
[INFO] [stderr]    Compiling bytes v1.7.2
[INFO] [stderr]    Compiling pin-utils v0.1.0
[INFO] [stderr]    Compiling log v0.4.22
[INFO] [stderr]    Compiling bitflags v1.3.2
[INFO] [stderr]    Compiling io-uring v0.6.4
[INFO] [stderr]    Compiling byteorder v1.5.0
[INFO] [stderr]    Compiling untrusted v0.9.0
[INFO] [stderr]    Compiling spin v0.9.8
[INFO] [stderr]    Compiling memchr v2.7.4
[INFO] [stderr]    Compiling futures-core v0.3.31
[INFO] [stderr]    Compiling thiserror v1.0.64
[INFO] [stderr]    Compiling futures-sink v0.3.31
[INFO] [stderr]    Compiling rustls v0.21.12
[INFO] [stderr]    Compiling futures-task v0.3.31
[INFO] [stderr]    Compiling httparse v1.9.5
[INFO] [stderr]    Compiling once_cell v1.20.2
[INFO] [stderr]    Compiling cc v1.1.28
[INFO] [stderr]    Compiling futures-util v0.3.31
[INFO] [stderr]    Compiling hashbrown v0.12.3
[INFO] [stderr]    Compiling tracing-core v0.1.32
[INFO] [stderr]    Compiling reusable-box-future v0.2.0
[INFO] [stderr]    Compiling fnv v1.0.7
[INFO] [stderr]    Compiling param v0.1.2
[INFO] [stderr]    Compiling itoa v1.0.11
[INFO] [stderr]    Compiling service-async v0.2.4
[INFO] [stderr]    Compiling smallvec v1.13.2
[INFO] [stderr]    Compiling fxhash v0.2.1
[INFO] [stderr]    Compiling tracing v0.1.40
[INFO] [stderr]    Compiling tokio v1.40.0
[INFO] [stderr]    Compiling http v1.1.0
[INFO] [stderr]    Compiling memoffset v0.7.1
[INFO] [stderr]    Compiling slab v0.4.9
[INFO] [stderr]    Compiling indexmap v1.9.3
[INFO] [stderr]    Compiling quote v1.0.37
[INFO] [stderr]    Compiling syn v2.0.79
[INFO] [stderr]    Compiling ring v0.17.8
[INFO] [stderr]    Compiling local-sync v0.1.1
[INFO] [stderr]    Compiling socket2 v0.5.7
[INFO] [stderr]    Compiling getrandom v0.2.15
[INFO] [stderr]    Compiling mio v0.8.11
[INFO] [stderr]    Compiling nix v0.26.4
[INFO] [stderr]    Compiling tokio-util v0.7.12
[INFO] [stderr]    Compiling auto-const-array v0.2.1
[INFO] [stderr]    Compiling monoio-macros v0.1.0
[INFO] [stderr]    Compiling thiserror-impl v1.0.64
[INFO] [stderr]    Compiling monoio v0.2.4
[INFO] [stderr]    Compiling rustls-webpki v0.101.7
[INFO] [stderr]    Compiling sct v0.7.1
[INFO] [stderr]    Compiling monoio-io-wrapper v0.1.1
[INFO] [stderr]    Compiling monoio-compat v0.2.2
[INFO] [stderr]    Compiling monoio-codec v0.3.4
[INFO] [stderr]    Compiling monoio-rustls v0.3.0
[INFO] [stderr]    Compiling monoio-http v0.3.12 (/opt/rustwide/workdir)
[INFO] [stderr]     Finished `dev` profile [unoptimized + debuginfo] target(s) in 24.27s
[INFO] running `Command { std: "docker" "inspect" "8c05d15191910b08162febc862bd2e952b03c8ae95ccf5efd34166abdcc360e9", kill_on_drop: false }`
[INFO] running `Command { std: "docker" "rm" "-f" "8c05d15191910b08162febc862bd2e952b03c8ae95ccf5efd34166abdcc360e9", kill_on_drop: false }`
[INFO] [stdout] 8c05d15191910b08162febc862bd2e952b03c8ae95ccf5efd34166abdcc360e9
[INFO] running `Command { std: "docker" "create" "-v" "/var/lib/crater-agent-workspace/builds/worker-6-tc2/target:/opt/rustwide/target:rw,Z" "-v" "/var/lib/crater-agent-workspace/builds/worker-6-tc2/source:/opt/rustwide/workdir:ro,Z" "-v" "/var/lib/crater-agent-workspace/cargo-home:/opt/rustwide/cargo-home:ro,Z" "-v" "/var/lib/crater-agent-workspace/rustup-home:/opt/rustwide/rustup-home:ro,Z" "-e" "SOURCE_DIR=/opt/rustwide/workdir" "-e" "CARGO_TARGET_DIR=/opt/rustwide/target" "-e" "CARGO_INCREMENTAL=0" "-e" "RUST_BACKTRACE=full" "-e" "RUSTFLAGS=--cap-lints=warn" "-e" "RUSTDOCFLAGS=--cap-lints=warn" "-e" "CARGO_HOME=/opt/rustwide/cargo-home" "-e" "RUSTUP_HOME=/opt/rustwide/rustup-home" "-w" "/opt/rustwide/workdir" "-m" "1610612736" "--user" "0:0" "--network" "none" "ghcr.io/rust-lang/crates-build-env/linux@sha256:f3a9d4ad9d972b27faf3965f35b62e55ba32bbce8f20bc8fe909558a86702fde" "/opt/rustwide/cargo-home/bin/cargo" "+beta-2024-12-08" "test" "--frozen" "--no-run" "--message-format=json", kill_on_drop: false }`
[INFO] [stdout] abc0fbad631eb3a2e233b96e1d42890f0e4461d47ec4760e1be141d35050cf37
[INFO] running `Command { std: "docker" "start" "-a" "abc0fbad631eb3a2e233b96e1d42890f0e4461d47ec4760e1be141d35050cf37", kill_on_drop: false }`
[INFO] [stderr]    Compiling log v0.4.22
[INFO] [stderr]    Compiling tracing-core v0.1.32
[INFO] [stderr]    Compiling serde v1.0.210
[INFO] [stderr]    Compiling syn v2.0.79
[INFO] [stderr]    Compiling getrandom v0.2.15
[INFO] [stderr]    Compiling lazy_static v1.5.0
[INFO] [stderr]    Compiling overload v0.1.1
[INFO] [stderr]    Compiling serde_json v1.0.128
[INFO] [stderr]    Compiling thread_local v1.1.8
[INFO] [stderr]    Compiling ryu v1.0.18
[INFO] [stderr]    Compiling hex v0.4.3
[INFO] [stderr]    Compiling sharded-slab v0.1.7
[INFO] [stderr]    Compiling nu-ansi-term v0.46.0
[INFO] [stderr]    Compiling mio v0.8.11
[INFO] [stderr]    Compiling ring v0.17.8
[INFO] [stderr]    Compiling rand_core v0.6.4
[INFO] [stderr]    Compiling env_logger v0.10.2
[INFO] [stderr]    Compiling tracing-log v0.2.0
[INFO] [stderr]    Compiling tracing-subscriber v0.3.18
[INFO] [stderr]    Compiling rustls-webpki v0.101.7
[INFO] [stderr]    Compiling sct v0.7.1
[INFO] [stderr]    Compiling rustls v0.21.12
[INFO] [stderr]    Compiling auto-const-array v0.2.1
[INFO] [stderr]    Compiling monoio-macros v0.1.0
[INFO] [stderr]    Compiling zerocopy-derive v0.7.35
[INFO] [stderr]    Compiling thiserror-impl v1.0.64
[INFO] [stderr]    Compiling tracing-attributes v0.1.27
[INFO] [stderr]    Compiling serde_derive v1.0.210
[INFO] [stderr]    Compiling monoio v0.2.4
[INFO] [stderr]    Compiling zerocopy v0.7.35
[INFO] [stderr]    Compiling tracing v0.1.40
[INFO] [stderr]    Compiling thiserror v1.0.64
[INFO] [stderr]    Compiling ppv-lite86 v0.2.20
[INFO] [stderr]    Compiling rand_chacha v0.3.1
[INFO] [stderr]    Compiling rand v0.8.5
[INFO] [stderr]    Compiling monoio-io-wrapper v0.1.1
[INFO] [stderr]    Compiling monoio-compat v0.2.2
[INFO] [stderr]    Compiling monoio-codec v0.3.4
[INFO] [stderr]    Compiling monoio-rustls v0.3.0
[INFO] [stderr]    Compiling monoio-http v0.3.12 (/opt/rustwide/workdir)
[INFO] [stderr]    Compiling quickcheck v1.0.3
[INFO] [stderr]     Finished `test` profile [unoptimized + debuginfo] target(s) in 30.27s
[INFO] running `Command { std: "docker" "inspect" "abc0fbad631eb3a2e233b96e1d42890f0e4461d47ec4760e1be141d35050cf37", kill_on_drop: false }`
[INFO] running `Command { std: "docker" "rm" "-f" "abc0fbad631eb3a2e233b96e1d42890f0e4461d47ec4760e1be141d35050cf37", kill_on_drop: false }`
[INFO] [stdout] abc0fbad631eb3a2e233b96e1d42890f0e4461d47ec4760e1be141d35050cf37
[INFO] running `Command { std: "docker" "create" "-v" "/var/lib/crater-agent-workspace/builds/worker-6-tc2/target:/opt/rustwide/target:rw,Z" "-v" "/var/lib/crater-agent-workspace/builds/worker-6-tc2/source:/opt/rustwide/workdir:ro,Z" "-v" "/var/lib/crater-agent-workspace/cargo-home:/opt/rustwide/cargo-home:ro,Z" "-v" "/var/lib/crater-agent-workspace/rustup-home:/opt/rustwide/rustup-home:ro,Z" "-e" "SOURCE_DIR=/opt/rustwide/workdir" "-e" "CARGO_TARGET_DIR=/opt/rustwide/target" "-e" "CARGO_INCREMENTAL=0" "-e" "RUST_BACKTRACE=full" "-e" "RUSTFLAGS=--cap-lints=warn" "-e" "RUSTDOCFLAGS=--cap-lints=warn" "-e" "CARGO_HOME=/opt/rustwide/cargo-home" "-e" "RUSTUP_HOME=/opt/rustwide/rustup-home" "-w" "/opt/rustwide/workdir" "-m" "1610612736" "--user" "0:0" "--network" "none" "ghcr.io/rust-lang/crates-build-env/linux@sha256:f3a9d4ad9d972b27faf3965f35b62e55ba32bbce8f20bc8fe909558a86702fde" "/opt/rustwide/cargo-home/bin/cargo" "+beta-2024-12-08" "test" "--frozen", kill_on_drop: false }`
[INFO] [stdout] 1cd2d11f9f20bc7392aa66a002bb7cc4e9ed813bc39bcf0e41aa1982873ebe6a
[INFO] running `Command { std: "docker" "start" "-a" "1cd2d11f9f20bc7392aa66a002bb7cc4e9ed813bc39bcf0e41aa1982873ebe6a", kill_on_drop: false }`
[INFO] [stderr]     Finished `test` profile [unoptimized + debuginfo] target(s) in 0.14s
[INFO] [stderr]      Running unittests src/lib.rs (/opt/rustwide/target/debug/deps/monoio_http-c094fbef82931741)
[INFO] [stdout] 
[INFO] [stdout] running 442 tests
[INFO] [stdout] test h1::codec::decoder::tests::decode_fixed_body ... ok
[INFO] [stdout] test h1::codec::decoder::tests::decode_chunked_body ... ok
[INFO] [stdout] test h1::codec::decoder::tests::decode_request_header ... ok
[INFO] [stdout] test h1::codec::decoder::tests::decode_too_big_chunked_body ... ok
[INFO] [stdout] test h1::codec::decoder::tests::decode_response_header ... ok
[INFO] [stdout] test h1::codec::decoder::tests::legacy_decode_chunked_request ... ok
[INFO] [stdout] test h1::codec::decoder::tests::legacy_decode_chunked_response ... ok
[INFO] [stdout] test h1::codec::decoder::tests::legacy_decode_fixed_body_request ... ok
[INFO] [stdout] test h1::codec::decoder::tests::legacy_decode_fixed_body_response ... ok
[INFO] [stdout] test h1::codec::decoder::tests::legacy_decode_request_without_body ... ok
[INFO] [stdout] test h1::codec::decoder::tests::legacy_decode_response_without_body ... ok
[INFO] [stdout] test h2::error::tests::error_from_reason ... ok
[INFO] [stdout] test h2::frame::tests::test_unpack_octets_4 ... ok
[INFO] [stdout] test h2::frame::headers::test::test_nameless_header_at_resume ... ok
[INFO] [stdout] test h2::hpack::decoder::test::test_decode_continuation_header_with_non_huff_encoded_name ... ok
[INFO] [stdout] test h2::hpack::decoder::test::test_decode_empty ... ok
[INFO] [stdout] test h1::codec::decoder::tests::decode_fixed_body_multiple_times ... ok
[INFO] [stdout] test h2::hpack::decoder::test::test_decode_indexed_larger_than_table ... ok
[INFO] [stdout] test h1::payload::tests::legacy_fixed_payload ... ok
[INFO] [stdout] test h2::hpack::decoder::test::test_peek_u8 ... ok
[INFO] [stdout] test h2::hpack::encoder::test::test_decreasing_table_size_without_eviction ... ok
[INFO] [stdout] test h2::hpack::encoder::test::test_encode_indexed_name_literal_value ... ok
[INFO] [stdout] test h2::hpack::encoder::test::test_encode_method_patch ... ok
[INFO] [stdout] test h2::hpack::encoder::test::test_encode_method_get ... ok
[INFO] [stdout] test h2::hpack::encoder::test::test_encoding_headers_with_same_name ... ok
[INFO] [stdout] test h2::hpack::encoder::test::test_evicted_overflow ... ignored
[INFO] [stdout] test h2::hpack::encoder::test::test_encode_method_post ... ok
[INFO] [stdout] test h2::hpack::encoder::test::test_evicting_headers_when_multiple_of_same_name_are_in_table ... ok
[INFO] [stdout] test h2::hpack::encoder::test::test_large_headers_are_not_indexed ... ok
[INFO] [stdout] test h2::hpack::encoder::test::test_large_size_update ... ok
[INFO] [stdout] test h2::hpack::encoder::test::test_max_size_zero ... ok
[INFO] [stdout] test h2::hpack::encoder::test::test_nameless_header ... ok
[INFO] [stdout] test h2::hpack::encoder::test::test_repeated_headers_are_indexed ... ok
[INFO] [stdout] test h2::hpack::encoder::test::test_resizing_table ... ok
[INFO] [stdout] test h2::hpack::encoder::test::test_sensitive_headers_are_never_indexed ... ok
[INFO] [stdout] test h1::payload::tests::legacy_stream_payload ... ok
[INFO] [stdout] test h2::hpack::decoder::test::test_decode_string_empty ... ok
[INFO] [stdout] test h2::hpack::encoder::test::test_update_max_size_combos ... ok
[INFO] [stdout] test h2::hpack::huffman::test::encode_decode_u8 ... ok
[INFO] [stdout] test h2::hpack::huffman::test::encode_single_byte ... ok
[INFO] [stdout] test h2::hpack::huffman::test::encode_decode_str ... ok
[INFO] [stdout] test h2::hpack::encoder::test::test_content_length_value_not_indexed ... ok
[INFO] [stdout] test h2::hpack::huffman::test::multi_char ... ok
[INFO] [stdout] test h2::hpack::huffman::test::single_char_multi_byte ... ok
[INFO] [stdout] test h2::hpack::test::fixture::go_hpack::story_01 ... ok
[INFO] [stdout] test h2::hpack::encoder::test::test_evicting_headers ... ok
[INFO] [stdout] test h2::hpack::huffman::test::decode_single_byte ... ok
[INFO] [stdout] test h2::hpack::test::fixture::go_hpack::story_00 ... ok
[INFO] [stdout] test h2::hpack::test::fixture::go_hpack::story_04 ... ok
[INFO] [stdout] test h2::hpack::test::fixture::go_hpack::story_05 ... ok
[INFO] [stdout] test h2::hpack::test::fixture::go_hpack::story_02 ... ok
[INFO] [stdout] test h2::hpack::test::fixture::go_hpack::story_03 ... ok
[INFO] [stdout] test h1::codec::decoder::tests::uring_decode_fixed_body_request ... FAILED
[INFO] [stdout] test h1::codec::decoder::tests::uring_decode_chunked_request ... FAILED
[INFO] [stdout] test h1::codec::decoder::tests::uring_decode_chunked_response ... FAILED
[INFO] [stdout] test h1::codec::decoder::tests::uring_decode_request_without_body ... FAILED
[INFO] [stdout] test h2::hpack::test::fixture::go_hpack::story_09 ... ok
[INFO] [stdout] test h1::payload::tests::uring_fixed_payload ... FAILED
[INFO] [stdout] test h1::codec::decoder::tests::uring_decode_response_without_body ... FAILED
[INFO] [stdout] test h1::payload::tests::uring_stream_payload ... FAILED
[INFO] [stdout] test h1::codec::decoder::tests::uring_decode_fixed_body_response ... FAILED
[INFO] [stdout] test h2::hpack::test::fixture::go_hpack::story_06 ... ok
[INFO] [stdout] test h2::hpack::test::fixture::go_hpack::story_07 ... ok
[INFO] [stdout] test h2::hpack::test::fixture::go_hpack::story_11 ... ok
[INFO] [stdout] test h2::hpack::test::fixture::go_hpack::story_08 ... ok
[INFO] [stdout] test h2::hpack::test::fixture::go_hpack::story_13 ... ok
[INFO] [stdout] test h1::codec::decoder::tests::decode_response_header_multiple_times ... ok
[INFO] [stdout] test h2::hpack::test::fixture::go_hpack::story_10 ... ok
[INFO] [stdout] test h2::hpack::test::fixture::go_hpack::story_15 ... ok
[INFO] [stdout] test h2::hpack::test::fixture::go_hpack::story_18 ... ok
[INFO] [stdout] test h2::hpack::test::fixture::go_hpack::story_14 ... ok
[INFO] [stdout] test h1::codec::decoder::tests::decode_request_header_multiple_times ... ok
[INFO] [stdout] test h2::hpack::test::fixture::go_hpack::story_12 ... ok
[INFO] [stdout] test h2::hpack::test::fixture::go_hpack::story_17 ... ok
[INFO] [stdout] test h2::hpack::test::fixture::go_hpack::story_19 ... ok
[INFO] [stdout] test h2::hpack::test::fixture::go_hpack::story_16 ... ok
[INFO] [stdout] test h2::hpack::test::fixture::haskell_http2_linear::story_00 ... ok
[INFO] [stdout] test h2::hpack::test::fixture::haskell_http2_linear::story_03 ... ok
[INFO] [stdout] test h2::hpack::test::fixture::haskell_http2_linear::story_01 ... ok
[INFO] [stdout] test h2::hpack::test::fixture::haskell_http2_linear::story_04 ... ok
[INFO] [stdout] test h2::hpack::test::fixture::haskell_http2_linear::story_05 ... ok
[INFO] [stdout] test h2::hpack::test::fixture::haskell_http2_linear::story_02 ... ok
[INFO] [stdout] test h2::hpack::test::fixture::haskell_http2_linear::story_06 ... ok
[INFO] [stdout] test h2::hpack::test::fixture::haskell_http2_linear::story_07 ... ok
[INFO] [stdout] test h2::hpack::test::fixture::haskell_http2_linear::story_08 ... ok
[INFO] [stdout] test h2::hpack::test::fixture::haskell_http2_linear::story_09 ... ok
[INFO] [stdout] test h2::hpack::test::fixture::haskell_http2_linear::story_10 ... ok
[INFO] [stdout] test h2::hpack::test::fixture::haskell_http2_linear::story_13 ... ok
[INFO] [stdout] test h2::hpack::test::fixture::haskell_http2_linear::story_15 ... ok
[INFO] [stdout] test h2::hpack::test::fixture::haskell_http2_linear::story_11 ... ok
[INFO] [stdout] test h2::hpack::test::fixture::haskell_http2_linear::story_12 ... ok
[INFO] [stdout] test h2::hpack::test::fixture::haskell_http2_linear::story_14 ... ok
[INFO] [stdout] test h2::hpack::test::fixture::haskell_http2_linear::story_16 ... ok
[INFO] [stdout] test h2::hpack::test::fixture::go_hpack::story_24 ... ok
[INFO] [stdout] test h2::hpack::test::fixture::haskell_http2_linear::story_17 ... ok
[INFO] [stdout] test h2::hpack::test::fixture::haskell_http2_linear::story_18 ... ok
[INFO] [stdout] test h2::hpack::test::fixture::haskell_http2_linear::story_19 ... ok
[INFO] [stdout] test h2::hpack::test::fixture::haskell_http2_linear::story_24 ... ok
[INFO] [stdout] test h2::hpack::test::fixture::go_hpack::story_26 ... ok
[INFO] [stdout] test h2::hpack::test::fixture::haskell_http2_linear::story_26 ... ok
[INFO] [stdout] test h2::hpack::test::fixture::haskell_http2_linear::story_20 ... ok
[INFO] [stdout] test h2::hpack::test::fixture::go_hpack::story_31 ... ok
[INFO] [stdout] test h2::hpack::test::fixture::haskell_http2_linear::story_28 ... ok
[INFO] [stdout] test h2::hpack::test::fixture::haskell_http2_linear::story_22 ... ok
[INFO] [stdout] test h2::hpack::test::fixture::go_hpack::story_20 ... ok
[INFO] [stdout] test h2::hpack::test::fixture::haskell_http2_linear_huffman::story_00 ... ok
[INFO] [stdout] test h2::hpack::test::fixture::haskell_http2_linear_huffman::story_01 ... ok
[INFO] [stdout] test h2::hpack::test::fixture::go_hpack::story_28 ... ok
[INFO] [stdout] test h2::hpack::test::fixture::haskell_http2_linear_huffman::story_02 ... ok
[INFO] [stdout] test h2::hpack::test::fixture::haskell_http2_linear_huffman::story_03 ... ok
[INFO] [stdout] test h2::hpack::test::fixture::haskell_http2_linear_huffman::story_04 ... ok
[INFO] [stdout] test h2::hpack::test::fixture::haskell_http2_linear_huffman::story_06 ... ok
[INFO] [stdout] test h2::hpack::test::fixture::haskell_http2_linear::story_25 ... ok
[INFO] [stdout] test h2::hpack::test::fixture::haskell_http2_linear_huffman::story_05 ... ok
[INFO] [stdout] test h2::hpack::test::fixture::haskell_http2_linear_huffman::story_08 ... ok
[INFO] [stdout] test h2::hpack::test::fixture::haskell_http2_linear::story_31 ... ok
[INFO] [stdout] test h2::hpack::test::fixture::haskell_http2_linear_huffman::story_07 ... ok
[INFO] [stdout] test h2::hpack::test::fixture::haskell_http2_linear_huffman::story_10 ... ok
[INFO] [stdout] test h2::hpack::test::fixture::haskell_http2_linear::story_23 ... ok
[INFO] [stdout] test h2::hpack::test::fixture::haskell_http2_linear_huffman::story_13 ... ok
[INFO] [stdout] test h2::hpack::test::fixture::haskell_http2_linear_huffman::story_15 ... ok
[INFO] [stdout] test h2::hpack::test::fixture::haskell_http2_linear_huffman::story_14 ... ok
[INFO] [stdout] test h2::hpack::test::fixture::haskell_http2_linear_huffman::story_09 ... ok
[INFO] [stdout] test h2::hpack::test::fixture::haskell_http2_linear_huffman::story_12 ... ok
[INFO] [stdout] test h2::hpack::test::fixture::haskell_http2_linear_huffman::story_11 ... ok
[INFO] [stdout] test h2::hpack::test::fixture::haskell_http2_linear_huffman::story_17 ... ok
[INFO] [stdout] test h2::hpack::test::fixture::haskell_http2_linear_huffman::story_16 ... ok
[INFO] [stdout] test h2::hpack::test::fixture::haskell_http2_linear_huffman::story_18 ... ok
[INFO] [stdout] test h2::hpack::test::fixture::haskell_http2_linear_huffman::story_19 ... ok
[INFO] [stdout] test h2::hpack::test::fixture::haskell_http2_linear_huffman::story_24 ... ok
[INFO] [stdout] test h2::hpack::test::fixture::go_hpack::story_25 ... ok
[INFO] [stdout] test h2::hpack::test::fixture::haskell_http2_linear_huffman::story_20 ... ok
[INFO] [stdout] test h2::hpack::test::fixture::haskell_http2_linear::story_29 ... ok
[INFO] [stdout] test h2::hpack::test::fixture::haskell_http2_linear_huffman::story_26 ... ok
[INFO] [stdout] test h2::hpack::test::fixture::haskell_http2_linear::story_27 ... ok
[INFO] [stdout] test h2::hpack::test::fixture::haskell_http2_linear::story_21 ... ok
[INFO] [stdout] test h2::hpack::test::fixture::go_hpack::story_29 ... ok
[INFO] [stdout] test h2::hpack::test::fixture::haskell_http2_naive::story_00 ... ok
[INFO] [stdout] test h2::hpack::test::fixture::haskell_http2_naive::story_01 ... ok
[INFO] [stdout] test h2::hpack::test::fixture::haskell_http2_naive::story_02 ... ok
[INFO] [stdout] test h2::hpack::test::fixture::haskell_http2_naive::story_03 ... ok
[INFO] [stdout] test h2::hpack::test::fixture::haskell_http2_naive::story_04 ... ok
[INFO] [stdout] test h2::hpack::test::fixture::haskell_http2_naive::story_05 ... ok
[INFO] [stdout] test h2::hpack::test::fixture::haskell_http2_naive::story_06 ... ok
[INFO] [stdout] test h2::hpack::test::fixture::haskell_http2_naive::story_07 ... ok
[INFO] [stdout] test h2::hpack::test::fixture::haskell_http2_linear_huffman::story_31 ... ok
[INFO] [stdout] test h2::hpack::test::fixture::haskell_http2_naive::story_08 ... ok
[INFO] [stdout] test h2::hpack::test::fixture::go_hpack::story_22 ... ok
[INFO] [stdout] test h2::hpack::test::fixture::haskell_http2_linear_huffman::story_28 ... ok
[INFO] [stdout] test h2::hpack::test::fixture::haskell_http2_naive::story_10 ... ok
[INFO] [stdout] test h2::hpack::test::fixture::haskell_http2_naive::story_09 ... ok
[INFO] [stdout] test h2::hpack::test::fixture::haskell_http2_naive::story_13 ... ok
[INFO] [stdout] test h2::hpack::test::fixture::haskell_http2_naive::story_11 ... ok
[INFO] [stdout] test h2::hpack::test::fixture::haskell_http2_naive::story_14 ... ok
[INFO] [stdout] test h2::hpack::test::fixture::haskell_http2_naive::story_12 ... ok
[INFO] [stdout] test h2::hpack::test::fixture::haskell_http2_naive::story_15 ... ok
[INFO] [stdout] test h2::hpack::test::fixture::haskell_http2_naive::story_16 ... ok
[INFO] [stdout] test h2::hpack::test::fixture::haskell_http2_naive::story_18 ... ok
[INFO] [stdout] test h2::hpack::test::fixture::haskell_http2_naive::story_17 ... ok
[INFO] [stdout] test h2::hpack::test::fixture::haskell_http2_naive::story_19 ... ok
[INFO] [stdout] test h2::hpack::test::fixture::go_hpack::story_23 ... ok
[INFO] [stdout] test h2::hpack::test::fixture::haskell_http2_naive::story_20 ... ok
[INFO] [stdout] test h2::hpack::test::fixture::haskell_http2_linear_huffman::story_23 ... ok
[INFO] [stdout] test h2::hpack::test::fixture::haskell_http2_linear_huffman::story_22 ... ok
[INFO] [stdout] test h2::hpack::test::fixture::haskell_http2_linear_huffman::story_25 ... ok
[INFO] [stdout] test h2::hpack::test::fixture::haskell_http2_linear_huffman::story_27 ... ok
[INFO] [stdout] test h2::hpack::test::fixture::haskell_http2_naive::story_24 ... ok
[INFO] [stdout] test h2::hpack::test::fixture::haskell_http2_naive::story_26 ... ok
[INFO] [stdout] test h2::hpack::test::fixture::haskell_http2_linear::story_30 ... ok
[INFO] [stdout] test h2::hpack::test::fixture::haskell_http2_naive_huffman::story_00 ... ok
[INFO] [stdout] test h2::hpack::test::fixture::haskell_http2_naive_huffman::story_01 ... ok
[INFO] [stdout] test h2::hpack::test::fixture::haskell_http2_naive::story_28 ... ok
[INFO] [stdout] test h2::hpack::test::fixture::haskell_http2_naive_huffman::story_02 ... ok
[INFO] [stdout] test h2::hpack::test::fixture::haskell_http2_naive_huffman::story_03 ... ok
[INFO] [stdout] test h2::hpack::test::fixture::haskell_http2_naive::story_25 ... ok
[INFO] [stdout] test h2::hpack::test::fixture::haskell_http2_naive_huffman::story_04 ... ok
[INFO] [stdout] test h2::hpack::test::fixture::haskell_http2_naive::story_31 ... ok
[INFO] [stdout] test h2::hpack::test::fixture::haskell_http2_naive_huffman::story_05 ... ok
[INFO] [stdout] test h2::hpack::test::fixture::haskell_http2_naive_huffman::story_07 ... ok
[INFO] [stdout] test h2::hpack::test::fixture::haskell_http2_naive_huffman::story_09 ... ok
[INFO] [stdout] test h2::hpack::test::fixture::haskell_http2_naive_huffman::story_08 ... ok
[INFO] [stdout] test h2::hpack::test::fixture::haskell_http2_naive_huffman::story_06 ... ok
[INFO] [stdout] test h2::hpack::test::fixture::haskell_http2_naive_huffman::story_10 ... ok
[INFO] [stdout] test h2::hpack::test::fixture::haskell_http2_naive_huffman::story_14 ... ok
[INFO] [stdout] test h2::hpack::test::fixture::haskell_http2_naive_huffman::story_13 ... ok
[INFO] [stdout] test h2::hpack::test::fixture::haskell_http2_naive_huffman::story_11 ... ok
[INFO] [stdout] test h2::hpack::test::fixture::haskell_http2_naive::story_29 ... ok
[INFO] [stdout] test h2::hpack::test::fixture::haskell_http2_naive_huffman::story_17 ... ok
[INFO] [stdout] test h2::hpack::test::fixture::haskell_http2_naive_huffman::story_12 ... ok
[INFO] [stdout] test h2::hpack::test::fixture::haskell_http2_linear_huffman::story_21 ... ok
[INFO] [stdout] test h2::hpack::test::fixture::haskell_http2_naive_huffman::story_19 ... ok
[INFO] [stdout] test h2::hpack::test::fixture::haskell_http2_naive_huffman::story_15 ... ok
[INFO] [stdout] test h2::hpack::test::fixture::haskell_http2_naive_huffman::story_16 ... ok
[INFO] [stdout] test h2::hpack::test::fixture::haskell_http2_naive_huffman::story_18 ... ok
[INFO] [stdout] test h2::hpack::test::fixture::haskell_http2_naive_huffman::story_24 ... ok
[INFO] [stdout] test h2::hpack::test::fixture::haskell_http2_naive::story_22 ... ok
[INFO] [stdout] test h2::hpack::test::fixture::go_hpack::story_21 ... ok
[INFO] [stdout] test h2::hpack::test::fixture::haskell_http2_naive::story_27 ... ok
[INFO] [stdout] test h2::hpack::test::fixture::go_hpack::story_27 ... ok
[INFO] [stdout] test h2::hpack::test::fixture::haskell_http2_naive::story_21 ... ok
[INFO] [stdout] test h2::hpack::test::fixture::haskell_http2_naive_huffman::story_31 ... ok
[INFO] [stdout] test h2::hpack::test::fixture::haskell_http2_static::story_00 ... ok
[INFO] [stdout] test h2::hpack::test::fixture::haskell_http2_static::story_01 ... ok
[INFO] [stdout] test h2::hpack::test::fixture::haskell_http2_linear_huffman::story_30 ... ok
[INFO] [stdout] test h2::hpack::test::fixture::haskell_http2_static::story_03 ... ok
[INFO] [stdout] test h2::hpack::test::fixture::haskell_http2_static::story_04 ... ok
[INFO] [stdout] test h2::hpack::test::fixture::haskell_http2_static::story_05 ... ok
[INFO] [stdout] test h2::hpack::test::fixture::haskell_http2_static::story_06 ... ok
[INFO] [stdout] test h2::hpack::test::fixture::haskell_http2_naive_huffman::story_20 ... ok
[INFO] [stdout] test h2::hpack::test::fixture::haskell_http2_static::story_02 ... ok
[INFO] [stdout] test h2::hpack::test::fixture::haskell_http2_static::story_07 ... ok
[INFO] [stdout] test h2::hpack::test::fixture::haskell_http2_static::story_09 ... ok
[INFO] [stdout] test h2::hpack::test::fixture::haskell_http2_static::story_10 ... ok
[INFO] [stdout] test h2::hpack::test::fixture::haskell_http2_static::story_08 ... ok
[INFO] [stdout] test h2::hpack::test::fixture::haskell_http2_static::story_13 ... ok
[INFO] [stdout] test h2::hpack::test::fixture::haskell_http2_static::story_11 ... ok
[INFO] [stdout] test h2::hpack::test::fixture::haskell_http2_static::story_14 ... ok
[INFO] [stdout] test h2::hpack::test::fixture::haskell_http2_static::story_12 ... ok
[INFO] [stdout] test h2::hpack::test::fixture::haskell_http2_static::story_15 ... ok
[INFO] [stdout] test h2::hpack::test::fixture::haskell_http2_static::story_16 ... ok
[INFO] [stdout] test h2::hpack::test::fixture::haskell_http2_static::story_17 ... ok
[INFO] [stdout] test h2::hpack::test::fixture::haskell_http2_static::story_18 ... ok
[INFO] [stdout] test h2::hpack::test::fixture::haskell_http2_static::story_19 ... ok
[INFO] [stdout] test h2::hpack::test::fixture::haskell_http2_naive::story_23 ... ok
[INFO] [stdout] test h2::hpack::test::fixture::go_hpack::story_30 ... ok
[INFO] [stdout] test h2::hpack::test::fixture::haskell_http2_static::story_24 ... ok
[INFO] [stdout] test h2::hpack::test::fixture::haskell_http2_static::story_20 ... ok
[INFO] [stdout] test h2::hpack::test::fixture::haskell_http2_static::story_25 ... ok
[INFO] [stdout] test h2::hpack::test::fixture::haskell_http2_static::story_22 ... ok
[INFO] [stdout] test h2::hpack::test::fixture::haskell_http2_naive_huffman::story_26 ... ok
[INFO] [stdout] test h2::hpack::test::fixture::haskell_http2_naive_huffman::story_28 ... ok
[INFO] [stdout] test h2::hpack::test::fixture::haskell_http2_static::story_26 ... ok
[INFO] [stdout] test h2::hpack::test::fixture::haskell_http2_linear_huffman::story_29 ... ok
[INFO] [stdout] test h2::hpack::test::fixture::haskell_http2_static_huffman::story_00 ... ok
[INFO] [stdout] test h2::hpack::test::fixture::haskell_http2_static_huffman::story_01 ... ok
[INFO] [stdout] test h2::hpack::test::fixture::haskell_http2_naive_huffman::story_25 ... ok
[INFO] [stdout] test h2::hpack::test::fixture::haskell_http2_static_huffman::story_02 ... ok
[INFO] [stdout] test h2::hpack::test::fixture::haskell_http2_static::story_31 ... ok
[INFO] [stdout] test h2::hpack::test::fixture::haskell_http2_naive_huffman::story_23 ... ok
[INFO] [stdout] test h2::hpack::test::fixture::haskell_http2_static_huffman::story_05 ... ok
[INFO] [stdout] test h2::hpack::test::fixture::haskell_http2_static_huffman::story_03 ... ok
[INFO] [stdout] test h2::hpack::test::fixture::haskell_http2_static_huffman::story_04 ... ok
[INFO] [stdout] test h2::hpack::test::fixture::haskell_http2_static_huffman::story_07 ... ok
[INFO] [stdout] test h2::hpack::test::fixture::haskell_http2_static_huffman::story_06 ... ok
[INFO] [stdout] test h2::hpack::test::fixture::haskell_http2_static_huffman::story_10 ... ok
[INFO] [stdout] test h2::hpack::test::fixture::haskell_http2_static_huffman::story_11 ... ok
[INFO] [stdout] test h2::hpack::test::fixture::haskell_http2_static_huffman::story_13 ... ok
[INFO] [stdout] test h2::hpack::test::fixture::haskell_http2_static_huffman::story_09 ... ok
[INFO] [stdout] test h2::hpack::test::fixture::haskell_http2_static_huffman::story_14 ... ok
[INFO] [stdout] test h2::hpack::test::fixture::haskell_http2_static::story_28 ... ok
[INFO] [stdout] test h2::hpack::test::fixture::haskell_http2_static_huffman::story_08 ... ok
[INFO] [stdout] test h2::hpack::test::fixture::haskell_http2_static_huffman::story_15 ... ok
[INFO] [stdout] test h2::hpack::test::fixture::haskell_http2_static_huffman::story_12 ... ok
[INFO] [stdout] test h2::hpack::test::fixture::haskell_http2_static_huffman::story_17 ... ok
[INFO] [stdout] test h2::hpack::test::fixture::haskell_http2_static_huffman::story_18 ... ok
[INFO] [stdout] test h2::hpack::test::fixture::haskell_http2_static_huffman::story_16 ... ok
[INFO] [stdout] test h2::hpack::test::fixture::haskell_http2_naive::story_30 ... ok
[INFO] [stdout] test h2::hpack::test::fixture::haskell_http2_static_huffman::story_19 ... ok
[INFO] [stdout] test h2::hpack::test::fixture::haskell_http2_static::story_23 ... ok
[INFO] [stdout] test h2::hpack::test::fixture::haskell_http2_static_huffman::story_24 ... ok
[INFO] [stdout] test h2::hpack::test::fixture::haskell_http2_static::story_21 ... ok
[INFO] [stdout] test h2::hpack::test::fixture::haskell_http2_naive_huffman::story_22 ... ok
[INFO] [stdout] test h2::hpack::test::fixture::haskell_http2_static::story_27 ... ok
[INFO] [stdout] test h2::hpack::test::fixture::haskell_http2_static::story_29 ... ok
[INFO] [stdout] test h2::hpack::test::fixture::haskell_http2_static_huffman::story_28 ... ok
[INFO] [stdout] test h2::hpack::test::fixture::nghttp2::story_00 ... ok
[INFO] [stdout] test h2::hpack::test::fixture::nghttp2::story_01 ... ok
[INFO] [stdout] test h2::hpack::test::fixture::nghttp2::story_02 ... ok
[INFO] [stdout] test h2::hpack::test::fixture::nghttp2::story_03 ... ok
[INFO] [stdout] test h2::hpack::test::fixture::nghttp2::story_04 ... ok
[INFO] [stdout] test h2::hpack::test::fixture::nghttp2::story_05 ... ok
[INFO] [stdout] test h2::hpack::test::fixture::nghttp2::story_06 ... ok
[INFO] [stdout] test h2::hpack::test::fixture::nghttp2::story_07 ... ok
[INFO] [stdout] test h2::hpack::test::fixture::nghttp2::story_08 ... ok
[INFO] [stdout] test h2::hpack::test::fixture::nghttp2::story_09 ... ok
[INFO] [stdout] test h2::hpack::test::fixture::nghttp2::story_10 ... ok
[INFO] [stdout] test h2::hpack::test::fixture::haskell_http2_static_huffman::story_26 ... ok
[INFO] [stdout] test h2::hpack::test::fixture::haskell_http2_static_huffman::story_22 ... ok
[INFO] [stdout] test h2::hpack::test::fixture::nghttp2::story_11 ... ok
[INFO] [stdout] test h2::hpack::test::fixture::nghttp2::story_14 ... ok
[INFO] [stdout] test h2::hpack::test::fixture::nghttp2::story_13 ... ok
[INFO] [stdout] test h2::hpack::test::fixture::nghttp2::story_12 ... ok
[INFO] [stdout] test h2::hpack::test::fixture::nghttp2::story_15 ... ok
[INFO] [stdout] test h2::hpack::test::fixture::nghttp2::story_17 ... ok
[INFO] [stdout] test h2::hpack::test::fixture::nghttp2::story_16 ... ok
[INFO] [stdout] test h2::hpack::test::fixture::nghttp2::story_19 ... ok
[INFO] [stdout] test h2::hpack::test::fixture::nghttp2::story_18 ... ok
[INFO] [stdout] test h2::hpack::test::fixture::nghttp2::story_20 ... ok
[INFO] [stdout] test h2::hpack::test::fixture::haskell_http2_static_huffman::story_20 ... ok
[INFO] [stdout] test h2::hpack::test::fixture::nghttp2::story_24 ... ok
[INFO] [stdout] test h2::hpack::test::fixture::haskell_http2_static_huffman::story_31 ... ok
[INFO] [stdout] test h2::hpack::test::fixture::haskell_http2_naive_huffman::story_27 ... ok
[INFO] [stdout] test h2::hpack::test::fixture::nghttp2::story_22 ... ok
[INFO] [stdout] test h2::hpack::test::fixture::nghttp2::story_26 ... ok
[INFO] [stdout] test h2::hpack::test::fixture::haskell_http2_static_huffman::story_23 ... ok
[INFO] [stdout] test h2::hpack::test::fixture::haskell_http2_static_huffman::story_27 ... ok
[INFO] [stdout] test h2::hpack::test::fixture::haskell_http2_static::story_30 ... ok
[INFO] [stdout] test h2::hpack::test::fixture::nghttp2_16384_4096::story_00 ... ok
[INFO] [stdout] test h2::hpack::test::fixture::haskell_http2_static_huffman::story_25 ... ok
[INFO] [stdout] test h2::hpack::test::fixture::nghttp2_16384_4096::story_01 ... ok
[INFO] [stdout] test h2::hpack::test::fixture::nghttp2_16384_4096::story_02 ... ok
[INFO] [stdout] test h2::hpack::test::fixture::nghttp2_16384_4096::story_04 ... ok
[INFO] [stdout] test h2::hpack::test::fixture::nghttp2_16384_4096::story_03 ... ok
[INFO] [stdout] test h2::hpack::test::fixture::nghttp2_16384_4096::story_05 ... ok
[INFO] [stdout] test h2::hpack::test::fixture::nghttp2_16384_4096::story_06 ... ok
[INFO] [stdout] test h2::hpack::test::fixture::nghttp2_16384_4096::story_07 ... ok
[INFO] [stdout] test h2::hpack::test::fixture::nghttp2_16384_4096::story_08 ... ok
[INFO] [stdout] test h2::hpack::test::fixture::nghttp2_16384_4096::story_09 ... ok
[INFO] [stdout] test h2::hpack::test::fixture::nghttp2_16384_4096::story_10 ... ok
[INFO] [stdout] test h2::hpack::test::fixture::nghttp2_16384_4096::story_11 ... ok
[INFO] [stdout] test h2::hpack::test::fixture::haskell_http2_naive_huffman::story_29 ... ok
[INFO] [stdout] test h2::hpack::test::fixture::nghttp2_16384_4096::story_12 ... ok
[INFO] [stdout] test h2::hpack::test::fixture::nghttp2_16384_4096::story_15 ... ok
[INFO] [stdout] test h2::hpack::test::fixture::nghttp2_16384_4096::story_13 ... ok
[INFO] [stdout] test h2::hpack::test::fixture::nghttp2_16384_4096::story_14 ... ok
[INFO] [stdout] test h2::hpack::test::fixture::nghttp2_16384_4096::story_16 ... ok
[INFO] [stdout] test h2::hpack::test::fixture::nghttp2::story_21 ... ok
[INFO] [stdout] test h2::hpack::test::fixture::nghttp2_16384_4096::story_19 ... ok
[INFO] [stdout] test h2::hpack::test::fixture::nghttp2_16384_4096::story_18 ... ok
[INFO] [stdout] test h2::hpack::test::fixture::nghttp2_16384_4096::story_17 ... ok
[INFO] [stdout] test h2::hpack::test::fixture::nghttp2::story_28 ... ok
[INFO] [stdout] test h2::hpack::test::fixture::haskell_http2_static_huffman::story_30 ... ok
[INFO] [stdout] test h2::hpack::test::fixture::nghttp2::story_29 ... ok
[INFO] [stdout] test h2::hpack::test::fixture::nghttp2_16384_4096::story_24 ... ok
[INFO] [stdout] test h2::hpack::test::fixture::nghttp2_16384_4096::story_20 ... ok
[INFO] [stdout] test h2::hpack::test::fixture::nghttp2::story_25 ... ok
[INFO] [stdout] test h2::hpack::test::fixture::nghttp2::story_31 ... ok
[INFO] [stdout] test h2::hpack::test::fixture::haskell_http2_static_huffman::story_29 ... ok
[INFO] [stdout] test h2::hpack::test::fixture::nghttp2_change_table_size::story_00 ... ok
[INFO] [stdout] test h2::hpack::test::fixture::nghttp2_change_table_size::story_01 ... ok
[INFO] [stdout] test h2::hpack::test::fixture::nghttp2_change_table_size::story_02 ... ok
[INFO] [stdout] test h2::hpack::test::fixture::nghttp2_change_table_size::story_03 ... ok
[INFO] [stdout] test h2::hpack::test::fixture::nghttp2_change_table_size::story_04 ... ok
[INFO] [stdout] test h2::hpack::test::fixture::nghttp2_16384_4096::story_26 ... ok
[INFO] [stdout] test h2::hpack::test::fixture::nghttp2_change_table_size::story_05 ... ok
[INFO] [stdout] test h2::hpack::test::fixture::nghttp2_change_table_size::story_06 ... ok
[INFO] [stdout] test h2::hpack::test::fixture::nghttp2_change_table_size::story_08 ... ok
[INFO] [stdout] test h2::hpack::test::fixture::haskell_http2_naive_huffman::story_21 ... ok
[INFO] [stdout] test h2::hpack::test::fixture::nghttp2::story_27 ... ok
[INFO] [stdout] test h2::hpack::test::fixture::nghttp2_change_table_size::story_09 ... ok
[INFO] [stdout] test h2::hpack::test::fixture::nghttp2_change_table_size::story_07 ... ok
[INFO] [stdout] test h2::hpack::test::fixture::nghttp2_change_table_size::story_10 ... ok
[INFO] [stdout] test h2::hpack::test::fixture::nghttp2_change_table_size::story_11 ... ok
[INFO] [stdout] test h2::hpack::test::fixture::nghttp2_change_table_size::story_13 ... ok
[INFO] [stdout] test h2::hpack::test::fixture::nghttp2_change_table_size::story_12 ... ok
[INFO] [stdout] test h2::hpack::test::fixture::nghttp2_change_table_size::story_15 ... ok
[INFO] [stdout] test h2::hpack::test::fixture::nghttp2_change_table_size::story_18 ... ok
[INFO] [stdout] test h2::hpack::test::fixture::nghttp2_change_table_size::story_17 ... ok
[INFO] [stdout] test h2::hpack::test::fixture::nghttp2_change_table_size::story_14 ... ok
[INFO] [stdout] test h2::hpack::test::fixture::nghttp2_change_table_size::story_16 ... ok
[INFO] [stdout] test h2::hpack::test::fixture::nghttp2_change_table_size::story_19 ... ok
[INFO] [stdout] test h2::hpack::test::fixture::haskell_http2_naive_huffman::story_30 ... ok
[INFO] [stdout] test h2::hpack::test::fixture::nghttp2_16384_4096::story_25 ... ok
[INFO] [stdout] test h2::hpack::test::fixture::nghttp2_change_table_size::story_24 ... ok
[INFO] [stdout] test h2::hpack::test::fixture::nghttp2_change_table_size::story_20 ... ok
[INFO] [stdout] test h2::hpack::test::fixture::nghttp2_change_table_size::story_26 ... ok
[INFO] [stdout] test h2::hpack::test::fixture::nghttp2_16384_4096::story_28 ... ok
[INFO] [stdout] test h2::hpack::test::fixture::nghttp2_16384_4096::story_29 ... ok
[INFO] [stdout] test h2::hpack::test::fixture::nghttp2_16384_4096::story_27 ... ok
[INFO] [stdout] test h2::hpack::test::fixture::node_http2_hpack::story_00 ... ok
[INFO] [stdout] test h2::hpack::test::fixture::node_http2_hpack::story_01 ... ok
[INFO] [stdout] test h2::hpack::test::fixture::node_http2_hpack::story_02 ... ok
[INFO] [stdout] test h2::hpack::test::fixture::node_http2_hpack::story_03 ... ok
[INFO] [stdout] test h2::hpack::test::fixture::nghttp2_change_table_size::story_25 ... ok
[INFO] [stdout] test h2::hpack::test::fixture::node_http2_hpack::story_04 ... ok
[INFO] [stdout] test h2::hpack::test::fixture::node_http2_hpack::story_05 ... ok
[INFO] [stdout] test h2::hpack::test::fixture::nghttp2_16384_4096::story_21 ... ok
[INFO] [stdout] test h2::hpack::test::fixture::node_http2_hpack::story_06 ... ok
[INFO] [stdout] test h2::hpack::test::fixture::node_http2_hpack::story_07 ... ok
[INFO] [stdout] test h2::hpack::test::fixture::node_http2_hpack::story_08 ... ok
[INFO] [stdout] test h2::hpack::test::fixture::node_http2_hpack::story_09 ... ok
[INFO] [stdout] test h2::hpack::test::fixture::node_http2_hpack::story_10 ... ok
[INFO] [stdout] test h2::hpack::test::fixture::node_http2_hpack::story_13 ... ok
[INFO] [stdout] test h2::hpack::test::fixture::nghttp2_change_table_size::story_28 ... ok
[INFO] [stdout] test h2::hpack::test::fixture::node_http2_hpack::story_14 ... ok
[INFO] [stdout] test h2::hpack::test::fixture::node_http2_hpack::story_15 ... ok
[INFO] [stdout] test h2::hpack::test::fixture::node_http2_hpack::story_16 ... ok
[INFO] [stdout] test h2::hpack::test::fixture::node_http2_hpack::story_11 ... ok
[INFO] [stdout] test h2::hpack::test::fixture::node_http2_hpack::story_12 ... ok
[INFO] [stdout] test h2::hpack::test::fixture::node_http2_hpack::story_17 ... ok
[INFO] [stdout] test h2::hpack::test::fixture::node_http2_hpack::story_19 ... ok
[INFO] [stdout] test h2::hpack::test::fixture::node_http2_hpack::story_18 ... ok
[INFO] [stdout] test h2::hpack::test::fixture::nghttp2::story_23 ... ok
[INFO] [stdout] test h2::hpack::test::fixture::nghttp2_16384_4096::story_23 ... ok
[INFO] [stdout] test h2::hpack::test::fixture::node_http2_hpack::story_20 ... ok
[INFO] [stdout] test h2::hpack::test::fixture::node_http2_hpack::story_24 ... ok
[INFO] [stdout] test h2::hpack::test::fixture::node_http2_hpack::story_26 ... ok
[INFO] [stdout] test h2::hpack::test::fixture::nghttp2::story_30 ... ok
[INFO] [stdout] test h2::hpack::test::fixture::haskell_http2_static_huffman::story_21 ... ok
[INFO] [stdout] test h2::hpack::test::fixture::nghttp2_change_table_size::story_22 ... ok
[INFO] [stdout] test h2::hpack::test::fixture::node_http2_hpack::story_25 ... ok
[INFO] [stdout] test h2::hpack::test::fixture::python_hpack::story_00 ... ok
[INFO] [stdout] test h2::hpack::test::fixture::python_hpack::story_01 ... ok
[INFO] [stdout] test h2::hpack::test::fixture::python_hpack::story_02 ... ok
[INFO] [stdout] test h2::hpack::test::fixture::python_hpack::story_03 ... ok
[INFO] [stdout] test h2::hpack::test::fixture::python_hpack::story_04 ... ok
[INFO] [stdout] test h2::hpack::test::fixture::python_hpack::story_05 ... ok
[INFO] [stdout] test h2::hpack::test::fixture::python_hpack::story_06 ... ok
[INFO] [stdout] test h2::hpack::test::fixture::python_hpack::story_07 ... ok
[INFO] [stdout] test h2::hpack::test::fixture::python_hpack::story_08 ... ok
[INFO] [stdout] test h2::hpack::test::fixture::node_http2_hpack::story_23 ... ok
[INFO] [stdout] test h2::hpack::test::fixture::python_hpack::story_09 ... ok
[INFO] [stdout] test h2::hpack::test::fixture::node_http2_hpack::story_22 ... ok
[INFO] [stdout] test h2::hpack::test::fixture::python_hpack::story_10 ... ok
[INFO] [stdout] test h2::hpack::test::fixture::python_hpack::story_11 ... ok
[INFO] [stdout] test h2::hpack::test::fixture::python_hpack::story_13 ... ok
[INFO] [stdout] test h2::hpack::test::fixture::python_hpack::story_12 ... ok
[INFO] [stdout] test h2::hpack::test::fixture::python_hpack::story_15 ... ok
[INFO] [stdout] test h2::hpack::test::fixture::python_hpack::story_14 ... ok
[INFO] [stdout] test h2::hpack::test::fixture::python_hpack::story_16 ... ok
[INFO] [stdout] test h2::hpack::test::fixture::python_hpack::story_17 ... ok
[INFO] [stdout] test h2::hpack::test::fixture::python_hpack::story_18 ... ok
[INFO] [stdout] test h2::hpack::test::fixture::node_http2_hpack::story_31 ... ok
[INFO] [stdout] test h2::hpack::test::fixture::python_hpack::story_19 ... ok
[INFO] [stdout] test h2::hpack::test::fixture::node_http2_hpack::story_28 ... ok
[INFO] [stdout] test h2::hpack::test::fixture::nghttp2_16384_4096::story_22 ... ok
[INFO] [stdout] test h2::hpack::test::fixture::nghttp2_change_table_size::story_30 ... ok
[INFO] [stdout] test h2::hpack::test::fixture::python_hpack::story_24 ... ok
[INFO] [stdout] test h2::hpack::test::fixture::python_hpack::story_20 ... ok
[INFO] [stdout] test h2::hpack::test::fixture::python_hpack::story_26 ... ok
[INFO] [stdout] test h2::hpack::test::fixture::python_hpack::story_22 ... ok
[INFO] [stdout] test h2::hpack::test::fixture::python_hpack::story_28 ... ok
[INFO] [stdout] test h2::hpack::test::fixture::nghttp2_change_table_size::story_23 ... ok
[INFO] [stdout] test h2::hpack::test::fixture::node_http2_hpack::story_29 ... ok
[INFO] [stdout] test h2::proto::streams::flow_control::sanity_unclaimed_ratio ... ok
[INFO] [stdout] test util::spsc::tests::legacy_send_recv ... ok
[INFO] [stdout] test util::spsc::tests::uring_send_recv ... FAILED
[INFO] [stdout] test h2::hpack::test::fixture::node_http2_hpack::story_21 ... ok
[INFO] [stdout] test h2::hpack::test::fixture::node_http2_hpack::story_27 ... ok
[INFO] [stdout] test h2::hpack::test::fixture::python_hpack::story_31 ... ok
[INFO] [stdout] test h2::hpack::test::fixture::nghttp2_change_table_size::story_27 ... ok
[INFO] [stdout] test h2::hpack::test::fixture::nghttp2_16384_4096::story_30 ... ok
[INFO] [stdout] test h2::hpack::test::fixture::nghttp2_change_table_size::story_29 ... ok
[INFO] [stdout] test h2::hpack::test::fixture::nghttp2_change_table_size::story_21 ... ok
[INFO] [stdout] test h2::hpack::test::fixture::python_hpack::story_27 ... ok
[INFO] [stdout] test h2::hpack::test::fixture::python_hpack::story_25 ... ok
[INFO] [stdout] test h2::hpack::test::fixture::python_hpack::story_23 ... ok
[INFO] [stdout] test h2::hpack::test::fixture::python_hpack::story_21 ... ok
[INFO] [stdout] test h2::hpack::test::fixture::python_hpack::story_29 ... ok
[INFO] [stdout] test h2::hpack::test::fixture::node_http2_hpack::story_30 ... ok
[INFO] [stdout] test h2::hpack::test::fixture::python_hpack::story_30 ... ok
[INFO] [stdout] test h2::hpack::test::fuzz::hpack_fuzz ... ok
[INFO] [stdout] 
[INFO] [stdout] failures:
[INFO] [stdout] 
[INFO] [stdout] ---- h1::codec::decoder::tests::uring_decode_fixed_body_request stdout ----
[INFO] [stdout] thread 'h1::codec::decoder::tests::uring_decode_fixed_body_request' panicked at src/h1/codec/decoder.rs:861:48:
[INFO] [stdout] Failed building the Runtime: Os { code: 1, kind: PermissionDenied, message: "Operation not permitted" }
[INFO] [stdout] stack backtrace:
[INFO] [stdout]    0:     0x64d70ba8ba5a - std::backtrace_rs::backtrace::libunwind::trace::h8810477743020387
[INFO] [stdout]                                at /rustc/202008a1b8de96d2e5b6bc02d379db03a877d34d/library/std/src/../../backtrace/src/backtrace/libunwind.rs:116:5
[INFO] [stdout]    1:     0x64d70ba8ba5a - std::backtrace_rs::backtrace::trace_unsynchronized::h3aa55355dd6c54a6
[INFO] [stdout]                                at /rustc/202008a1b8de96d2e5b6bc02d379db03a877d34d/library/std/src/../../backtrace/src/backtrace/mod.rs:66:5
[INFO] [stdout]    2:     0x64d70ba8ba5a - std::sys::backtrace::_print_fmt::h8588b0f62410823f
[INFO] [stdout]                                at /rustc/202008a1b8de96d2e5b6bc02d379db03a877d34d/library/std/src/sys/backtrace.rs:66:9
[INFO] [stdout]    3:     0x64d70ba8ba5a - <std::sys::backtrace::BacktraceLock::print::DisplayBacktrace as core::fmt::Display>::fmt::h98c26ac25ffe89bb
[INFO] [stdout]                                at /rustc/202008a1b8de96d2e5b6bc02d379db03a877d34d/library/std/src/sys/backtrace.rs:39:26
[INFO] [stdout]    4:     0x64d70bab1be3 - core::fmt::rt::Argument::fmt::hf95377f4aebd453b
[INFO] [stdout]                                at /rustc/202008a1b8de96d2e5b6bc02d379db03a877d34d/library/core/src/fmt/rt.rs:177:76
[INFO] [stdout]    5:     0x64d70bab1be3 - core::fmt::write::h0dd5f6e2238c7982
[INFO] [stdout]                                at /rustc/202008a1b8de96d2e5b6bc02d379db03a877d34d/library/core/src/fmt/mod.rs:1189:21
[INFO] [stdout]    6:     0x64d70ba88a03 - std::io::Write::write_fmt::h03bb0ca26e6faf8c
[INFO] [stdout]                                at /rustc/202008a1b8de96d2e5b6bc02d379db03a877d34d/library/std/src/io/mod.rs:1884:15
[INFO] [stdout]    7:     0x64d70ba8b8a2 - std::sys::backtrace::BacktraceLock::print::h5c19c1c038ee186d
[INFO] [stdout]                                at /rustc/202008a1b8de96d2e5b6bc02d379db03a877d34d/library/std/src/sys/backtrace.rs:42:9
[INFO] [stdout]    8:     0x64d70ba8cedd - std::panicking::default_hook::{{closure}}::h77172f079a1fcb13
[INFO] [stdout]                                at /rustc/202008a1b8de96d2e5b6bc02d379db03a877d34d/library/std/src/panicking.rs:268:22
[INFO] [stdout]    9:     0x64d70ba8cce7 - std::panicking::default_hook::he5f8e3b203ccddba
[INFO] [stdout]                                at /rustc/202008a1b8de96d2e5b6bc02d379db03a877d34d/library/std/src/panicking.rs:292:9
[INFO] [stdout]   10:     0x64d70b98a007 - <alloc::boxed::Box<F,A> as core::ops::function::Fn<Args>>::call::h7a3c7b4a1ae77f2f
[INFO] [stdout]                                at /rustc/202008a1b8de96d2e5b6bc02d379db03a877d34d/library/alloc/src/boxed.rs:1986:9
[INFO] [stdout]   11:     0x64d70b98a007 - test::test_main::{{closure}}::hf0d3b69ae9b353d1
[INFO] [stdout]                                at /rustc/202008a1b8de96d2e5b6bc02d379db03a877d34d/library/test/src/lib.rs:134:21
[INFO] [stdout]   12:     0x64d70ba8d588 - <alloc::boxed::Box<F,A> as core::ops::function::Fn<Args>>::call::h6332e82e7b189abd
[INFO] [stdout]                                at /rustc/202008a1b8de96d2e5b6bc02d379db03a877d34d/library/alloc/src/boxed.rs:1986:9
[INFO] [stdout]   13:     0x64d70ba8d588 - std::panicking::rust_panic_with_hook::h53863d4e9018df39
[INFO] [stdout]                                at /rustc/202008a1b8de96d2e5b6bc02d379db03a877d34d/library/std/src/panicking.rs:809:13
[INFO] [stdout]   14:     0x64d70ba8d34a - std::panicking::begin_panic_handler::{{closure}}::h67280e6fa0757873
[INFO] [stdout]                                at /rustc/202008a1b8de96d2e5b6bc02d379db03a877d34d/library/std/src/panicking.rs:674:13
[INFO] [stdout]   15:     0x64d70ba8bf39 - std::sys::backtrace::__rust_end_short_backtrace::h1dac3f54d6fbbeb2
[INFO] [stdout]                                at /rustc/202008a1b8de96d2e5b6bc02d379db03a877d34d/library/std/src/sys/backtrace.rs:170:18
[INFO] [stdout]   16:     0x64d70ba8cfdc - rust_begin_unwind
[INFO] [stdout]                                at /rustc/202008a1b8de96d2e5b6bc02d379db03a877d34d/library/std/src/panicking.rs:665:5
[INFO] [stdout]   17:     0x64d70b8400d0 - core::panicking::panic_fmt::h6792bd1b2bf01041
[INFO] [stdout]                                at /rustc/202008a1b8de96d2e5b6bc02d379db03a877d34d/library/core/src/panicking.rs:76:14
[INFO] [stdout]   18:     0x64d70b840576 - core::result::unwrap_failed::h05e0602ed34287c5
[INFO] [stdout]                                at /rustc/202008a1b8de96d2e5b6bc02d379db03a877d34d/library/core/src/result.rs:1699:5
[INFO] [stdout]   19:     0x64d70b89b5c1 - core::result::Result<T,E>::expect::hcd048606025dce2e
[INFO] [stdout]                                at /rustc/202008a1b8de96d2e5b6bc02d379db03a877d34d/library/core/src/result.rs:1061:23
[INFO] [stdout]   20:     0x64d70b85c991 - monoio_http::h1::codec::decoder::tests::uring_decode_fixed_body_request::hd43e2bb879ee8e4a
[INFO] [stdout]                                at /opt/rustwide/workdir/src/h1/codec/decoder.rs:861:9
[INFO] [stdout]   21:     0x64d70b85c8e7 - monoio_http::h1::codec::decoder::tests::uring_decode_fixed_body_request::{{closure}}::h02a67f98fbd7459b
[INFO] [stdout]                                at /opt/rustwide/workdir/src/h1/codec/decoder.rs:848:41
[INFO] [stdout]   22:     0x64d70b846af6 - core::ops::function::FnOnce::call_once::hcb95772e4a0af77a
[INFO] [stdout]                                at /rustc/202008a1b8de96d2e5b6bc02d379db03a877d34d/library/core/src/ops/function.rs:250:5
[INFO] [stdout]   23:     0x64d70b98eb2b - core::ops::function::FnOnce::call_once::h871bf86719ec9aa4
[INFO] [stdout]                                at /rustc/202008a1b8de96d2e5b6bc02d379db03a877d34d/library/core/src/ops/function.rs:250:5
[INFO] [stdout]   24:     0x64d70b98eb2b - test::__rust_begin_short_backtrace::h2167df1e2b7d76fd
[INFO] [stdout]                                at /rustc/202008a1b8de96d2e5b6bc02d379db03a877d34d/library/test/src/lib.rs:632:18
[INFO] [stdout]   25:     0x64d70b98e518 - test::run_test_in_process::{{closure}}::h15d92f75a3adfb79
[INFO] [stdout]                                at /rustc/202008a1b8de96d2e5b6bc02d379db03a877d34d/library/test/src/lib.rs:655:60
[INFO] [stdout]   26:     0x64d70b98e518 - <core::panic::unwind_safe::AssertUnwindSafe<F> as core::ops::function::FnOnce<()>>::call_once::hb6c8955835a8dbbb
[INFO] [stdout]                                at /rustc/202008a1b8de96d2e5b6bc02d379db03a877d34d/library/core/src/panic/unwind_safe.rs:272:9
[INFO] [stdout]   27:     0x64d70b98e518 - std::panicking::try::do_call::hc79d0fc888a0bd30
[INFO] [stdout]                                at /rustc/202008a1b8de96d2e5b6bc02d379db03a877d34d/library/std/src/panicking.rs:557:40
[INFO] [stdout]   28:     0x64d70b98e518 - std::panicking::try::hb8a7878e3a8589d6
[INFO] [stdout]                                at /rustc/202008a1b8de96d2e5b6bc02d379db03a877d34d/library/std/src/panicking.rs:520:19
[INFO] [stdout]   29:     0x64d70b98e518 - std::panic::catch_unwind::hb8e4600ff0ff5cfa
[INFO] [stdout]                                at /rustc/202008a1b8de96d2e5b6bc02d379db03a877d34d/library/std/src/panic.rs:358:14
[INFO] [stdout]   30:     0x64d70b98e518 - test::run_test_in_process::hc2900b0b18688dd6
[INFO] [stdout]                                at /rustc/202008a1b8de96d2e5b6bc02d379db03a877d34d/library/test/src/lib.rs:655:27
[INFO] [stdout]   31:     0x64d70b98e518 - test::run_test::{{closure}}::hac2a9cb07be3d48d
[INFO] [stdout]                                at /rustc/202008a1b8de96d2e5b6bc02d379db03a877d34d/library/test/src/lib.rs:576:43
[INFO] [stdout]   32:     0x64d70b951fba - test::run_test::{{closure}}::h4a5b729e66a38cd8
[INFO] [stdout]                                at /rustc/202008a1b8de96d2e5b6bc02d379db03a877d34d/library/test/src/lib.rs:606:41
[INFO] [stdout]   33:     0x64d70b951fba - std::sys::backtrace::__rust_begin_short_backtrace::h0496fb742492f573
[INFO] [stdout]                                at /rustc/202008a1b8de96d2e5b6bc02d379db03a877d34d/library/std/src/sys/backtrace.rs:154:18
[INFO] [stdout]   34:     0x64d70b955934 - std::thread::Builder::spawn_unchecked_::{{closure}}::{{closure}}::hbb6d257c550a54bd
[INFO] [stdout]                                at /rustc/202008a1b8de96d2e5b6bc02d379db03a877d34d/library/std/src/thread/mod.rs:561:17
[INFO] [stdout]   35:     0x64d70b955934 - <core::panic::unwind_safe::AssertUnwindSafe<F> as core::ops::function::FnOnce<()>>::call_once::h46696fe4a6832328
[INFO] [stdout]                                at /rustc/202008a1b8de96d2e5b6bc02d379db03a877d34d/library/core/src/panic/unwind_safe.rs:272:9
[INFO] [stdout]   36:     0x64d70b955934 - std::panicking::try::do_call::h2625a51b667bfb64
[INFO] [stdout]                                at /rustc/202008a1b8de96d2e5b6bc02d379db03a877d34d/library/std/src/panicking.rs:557:40
[INFO] [stdout]   37:     0x64d70b955934 - std::panicking::try::hb956a59a1973aa4c
[INFO] [stdout]                                at /rustc/202008a1b8de96d2e5b6bc02d379db03a877d34d/library/std/src/panicking.rs:520:19
[INFO] [stdout]   38:     0x64d70b955934 - std::panic::catch_unwind::h64f3b9d1067ef6a0
[INFO] [stdout]                                at /rustc/202008a1b8de96d2e5b6bc02d379db03a877d34d/library/std/src/panic.rs:358:14
[INFO] [stdout]   39:     0x64d70b955934 - std::thread::Builder::spawn_unchecked_::{{closure}}::h42b2841295b6c0b2
[INFO] [stdout]                                at /rustc/202008a1b8de96d2e5b6bc02d379db03a877d34d/library/std/src/thread/mod.rs:559:30
[INFO] [stdout]   40:     0x64d70b955934 - core::ops::function::FnOnce::call_once{{vtable.shim}}::h6127de71b8124639
[INFO] [stdout]                                at /rustc/202008a1b8de96d2e5b6bc02d379db03a877d34d/library/core/src/ops/function.rs:250:5
[INFO] [stdout]   41:     0x64d70ba915db - <alloc::boxed::Box<F,A> as core::ops::function::FnOnce<Args>>::call_once::h42f0ba71002a1b2c
[INFO] [stdout]                                at /rustc/202008a1b8de96d2e5b6bc02d379db03a877d34d/library/alloc/src/boxed.rs:1972:9
[INFO] [stdout]   42:     0x64d70ba915db - <alloc::boxed::Box<F,A> as core::ops::function::FnOnce<Args>>::call_once::had9e47d7a3dcecb8
[INFO] [stdout]                                at /rustc/202008a1b8de96d2e5b6bc02d379db03a877d34d/library/alloc/src/boxed.rs:1972:9
[INFO] [stdout]   43:     0x64d70ba915db - std::sys::pal::unix::thread::Thread::new::thread_start::h48cf765408f6f5f2
[INFO] [stdout]                                at /rustc/202008a1b8de96d2e5b6bc02d379db03a877d34d/library/std/src/sys/pal/unix/thread.rs:105:17
[INFO] [stdout]   44:     0x7de815a04ac3 - <unknown>
[INFO] [stdout]   45:     0x7de815a95a04 - clone
[INFO] [stdout]   46:                0x0 - <unknown>
[INFO] [stdout] 
[INFO] [stdout] ---- h1::codec::decoder::tests::uring_decode_chunked_request stdout ----
[INFO] [stdout] thread 'h1::codec::decoder::tests::uring_decode_chunked_request' panicked at src/h1/codec/decoder.rs:904:17:
[INFO] [stdout] Failed building the Runtime: Os { code: 1, kind: PermissionDenied, message: "Operation not permitted" }
[INFO] [stdout] stack backtrace:
[INFO] [stdout]    0:     0x64d70ba8ba5a - std::backtrace_rs::backtrace::libunwind::trace::h8810477743020387
[INFO] [stdout]                                at /rustc/202008a1b8de96d2e5b6bc02d379db03a877d34d/library/std/src/../../backtrace/src/backtrace/libunwind.rs:116:5
[INFO] [stdout]    1:     0x64d70ba8ba5a - std::backtrace_rs::backtrace::trace_unsynchronized::h3aa55355dd6c54a6
[INFO] [stdout]                                at /rustc/202008a1b8de96d2e5b6bc02d379db03a877d34d/library/std/src/../../backtrace/src/backtrace/mod.rs:66:5
[INFO] [stdout]    2:     0x64d70ba8ba5a - std::sys::backtrace::_print_fmt::h8588b0f62410823f
[INFO] [stdout]                                at /rustc/202008a1b8de96d2e5b6bc02d379db03a877d34d/library/std/src/sys/backtrace.rs:66:9
[INFO] [stdout]    3:     0x64d70ba8ba5a - <std::sys::backtrace::BacktraceLock::print::DisplayBacktrace as core::fmt::Display>::fmt::h98c26ac25ffe89bb
[INFO] [stdout]                                at /rustc/202008a1b8de96d2e5b6bc02d379db03a877d34d/library/std/src/sys/backtrace.rs:39:26
[INFO] [stdout]    4:     0x64d70bab1be3 - core::fmt::rt::Argument::fmt::hf95377f4aebd453b
[INFO] [stdout]                                at /rustc/202008a1b8de96d2e5b6bc02d379db03a877d34d/library/core/src/fmt/rt.rs:177:76
[INFO] [stdout]    5:     0x64d70bab1be3 - core::fmt::write::h0dd5f6e2238c7982
[INFO] [stdout]                                at /rustc/202008a1b8de96d2e5b6bc02d379db03a877d34d/library/core/src/fmt/mod.rs:1189:21
[INFO] [stdout]    6:     0x64d70ba88a03 - std::io::Write::write_fmt::h03bb0ca26e6faf8c
[INFO] [stdout]                                at /rustc/202008a1b8de96d2e5b6bc02d379db03a877d34d/library/std/src/io/mod.rs:1884:15
[INFO] [stdout]    7:     0x64d70ba8b8a2 - std::sys::backtrace::BacktraceLock::print::h5c19c1c038ee186d
[INFO] [stdout]                                at /rustc/202008a1b8de96d2e5b6bc02d379db03a877d34d/library/std/src/sys/backtrace.rs:42:9
[INFO] [stdout]    8:     0x64d70ba8cedd - std::panicking::default_hook::{{closure}}::h77172f079a1fcb13
[INFO] [stdout]                                at /rustc/202008a1b8de96d2e5b6bc02d379db03a877d34d/library/std/src/panicking.rs:268:22
[INFO] [stdout]    9:     0x64d70ba8cce7 - std::panicking::default_hook::he5f8e3b203ccddba
[INFO] [stdout]                                at /rustc/202008a1b8de96d2e5b6bc02d379db03a877d34d/library/std/src/panicking.rs:292:9
[INFO] [stdout]   10:     0x64d70b98a007 - <alloc::boxed::Box<F,A> as core::ops::function::Fn<Args>>::call::h7a3c7b4a1ae77f2f
[INFO] [stdout]                                at /rustc/202008a1b8de96d2e5b6bc02d379db03a877d34d/library/alloc/src/boxed.rs:1986:9
[INFO] [stdout]   11:     0x64d70b98a007 - test::test_main::{{closure}}::hf0d3b69ae9b353d1
[INFO] [stdout]                                at /rustc/202008a1b8de96d2e5b6bc02d379db03a877d34d/library/test/src/lib.rs:134:21
[INFO] [stdout]   12:     0x64d70ba8d588 - <alloc::boxed::Box<F,A> as core::ops::function::Fn<Args>>::call::h6332e82e7b189abd
[INFO] [stdout]                                at /rustc/202008a1b8de96d2e5b6bc02d379db03a877d34d/library/alloc/src/boxed.rs:1986:9
[INFO] [stdout]   13:     0x64d70ba8d588 - std::panicking::rust_panic_with_hook::h53863d4e9018df39
[INFO] [stdout]                                at /rustc/202008a1b8de96d2e5b6bc02d379db03a877d34d/library/std/src/panicking.rs:809:13
[INFO] [stdout]   14:     0x64d70ba8d34a - std::panicking::begin_panic_handler::{{closure}}::h67280e6fa0757873
[INFO] [stdout]                                at /rustc/202008a1b8de96d2e5b6bc02d379db03a877d34d/library/std/src/panicking.rs:674:13
[INFO] [stdout]   15:     0x64d70ba8bf39 - std::sys::backtrace::__rust_end_short_backtrace::h1dac3f54d6fbbeb2
[INFO] [stdout]                                at /rustc/202008a1b8de96d2e5b6bc02d379db03a877d34d/library/std/src/sys/backtrace.rs:170:18
[INFO] [stdout]   16:     0x64d70ba8cfdc - rust_begin_unwind
[INFO] [stdout]                                at /rustc/202008a1b8de96d2e5b6bc02d379db03a877d34d/library/std/src/panicking.rs:665:5
[INFO] [stdout]   17:     0x64d70b8400d0 - core::panicking::panic_fmt::h6792bd1b2bf01041
[INFO] [stdout]                                at /rustc/202008a1b8de96d2e5b6bc02d379db03a877d34d/library/core/src/panicking.rs:76:14
[INFO] [stdout]   18:     0x64d70b840576 - core::result::unwrap_failed::h05e0602ed34287c5
[INFO] [stdout]                                at /rustc/202008a1b8de96d2e5b6bc02d379db03a877d34d/library/core/src/result.rs:1699:5
[INFO] [stdout]   19:     0x64d70b89b5c1 - core::result::Result<T,E>::expect::hcd048606025dce2e
[INFO] [stdout]                                at /rustc/202008a1b8de96d2e5b6bc02d379db03a877d34d/library/core/src/result.rs:1061:23
[INFO] [stdout]   20:     0x64d70b861691 - monoio_http::h1::codec::decoder::tests::uring_decode_chunked_request::h9a43900e06cd7a57
[INFO] [stdout]                                at /opt/rustwide/workdir/src/h1/codec/decoder.rs:904:9
[INFO] [stdout]   21:     0x64d70b8615e7 - monoio_http::h1::codec::decoder::tests::uring_decode_chunked_request::{{closure}}::h6788dae9916afdbb
[INFO] [stdout]                                at /opt/rustwide/workdir/src/h1/codec/decoder.rs:882:38
[INFO] [stdout]   22:     0x64d70b841076 - core::ops::function::FnOnce::call_once::h0d6075e229a61d97
[INFO] [stdout]                                at /rustc/202008a1b8de96d2e5b6bc02d379db03a877d34d/library/core/src/ops/function.rs:250:5
[INFO] [stdout]   23:     0x64d70b98eb2b - core::ops::function::FnOnce::call_once::h871bf86719ec9aa4
[INFO] [stdout]                                at /rustc/202008a1b8de96d2e5b6bc02d379db03a877d34d/library/core/src/ops/function.rs:250:5
[INFO] [stdout]   24:     0x64d70b98eb2b - test::__rust_begin_short_backtrace::h2167df1e2b7d76fd
[INFO] [stdout]                                at /rustc/202008a1b8de96d2e5b6bc02d379db03a877d34d/library/test/src/lib.rs:632:18
[INFO] [stdout]   25:     0x64d70b98e518 - test::run_test_in_process::{{closure}}::h15d92f75a3adfb79
[INFO] [stdout]                                at /rustc/202008a1b8de96d2e5b6bc02d379db03a877d34d/library/test/src/lib.rs:655:60
[INFO] [stdout]   26:     0x64d70b98e518 - <core::panic::unwind_safe::AssertUnwindSafe<F> as core::ops::function::FnOnce<()>>::call_once::hb6c8955835a8dbbb
[INFO] [stdout]                                at /rustc/202008a1b8de96d2e5b6bc02d379db03a877d34d/library/core/src/panic/unwind_safe.rs:272:9
[INFO] [stdout]   27:     0x64d70b98e518 - std::panicking::try::do_call::hc79d0fc888a0bd30
[INFO] [stdout]                                at /rustc/202008a1b8de96d2e5b6bc02d379db03a877d34d/library/std/src/panicking.rs:557:40
[INFO] [stdout]   28:     0x64d70b98e518 - std::panicking::try::hb8a7878e3a8589d6
[INFO] [stdout]                                at /rustc/202008a1b8de96d2e5b6bc02d379db03a877d34d/library/std/src/panicking.rs:520:19
[INFO] [stdout]   29:     0x64d70b98e518 - std::panic::catch_unwind::hb8e4600ff0ff5cfa
[INFO] [stdout]                                at /rustc/202008a1b8de96d2e5b6bc02d379db03a877d34d/library/std/src/panic.rs:358:14
[INFO] [stdout]   30:     0x64d70b98e518 - test::run_test_in_process::hc2900b0b18688dd6
[INFO] [stdout]                                at /rustc/202008a1b8de96d2e5b6bc02d379db03a877d34d/library/test/src/lib.rs:655:27
[INFO] [stdout]   31:     0x64d70b98e518 - test::run_test::{{closure}}::hac2a9cb07be3d48d
[INFO] [stdout]                                at /rustc/202008a1b8de96d2e5b6bc02d379db03a877d34d/library/test/src/lib.rs:576:43
[INFO] [stdout]   32:     0x64d70b951fba - test::run_test::{{closure}}::h4a5b729e66a38cd8
[INFO] [stdout]                                at /rustc/202008a1b8de96d2e5b6bc02d379db03a877d34d/library/test/src/lib.rs:606:41
[INFO] [stdout]   33:     0x64d70b951fba - std::sys::backtrace::__rust_begin_short_backtrace::h0496fb742492f573
[INFO] [stdout]                                at /rustc/202008a1b8de96d2e5b6bc02d379db03a877d34d/library/std/src/sys/backtrace.rs:154:18
[INFO] [stdout]   34:     0x64d70b955934 - std::thread::Builder::spawn_unchecked_::{{closure}}::{{closure}}::hbb6d257c550a54bd
[INFO] [stdout]                                at /rustc/202008a1b8de96d2e5b6bc02d379db03a877d34d/library/std/src/thread/mod.rs:561:17
[INFO] [stdout]   35:     0x64d70b955934 - <core::panic::unwind_safe::AssertUnwindSafe<F> as core::ops::function::FnOnce<()>>::call_once::h46696fe4a6832328
[INFO] [stdout]                                at /rustc/202008a1b8de96d2e5b6bc02d379db03a877d34d/library/core/src/panic/unwind_safe.rs:272:9
[INFO] [stdout]   36:     0x64d70b955934 - std::panicking::try::do_call::h2625a51b667bfb64
[INFO] [stdout]                                at /rustc/202008a1b8de96d2e5b6bc02d379db03a877d34d/library/std/src/panicking.rs:557:40
[INFO] [stdout]   37:     0x64d70b955934 - std::panicking::try::hb956a59a1973aa4c
[INFO] [stdout]                                at /rustc/202008a1b8de96d2e5b6bc02d379db03a877d34d/library/std/src/panicking.rs:520:19
[INFO] [stdout]   38:     0x64d70b955934 - std::panic::catch_unwind::h64f3b9d1067ef6a0
[INFO] [stdout]                                at /rustc/202008a1b8de96d2e5b6bc02d379db03a877d34d/library/std/src/panic.rs:358:14
[INFO] [stdout]   39:     0x64d70b955934 - std::thread::Builder::spawn_unchecked_::{{closure}}::h42b2841295b6c0b2
[INFO] [stdout]                                at /rustc/202008a1b8de96d2e5b6bc02d379db03a877d34d/library/std/src/thread/mod.rs:559:30
[INFO] [stdout]   40:     0x64d70b955934 - core::ops::function::FnOnce::call_once{{vtable.shim}}::h6127de71b8124639
[INFO] [stdout]                                at /rustc/202008a1b8de96d2e5b6bc02d379db03a877d34d/library/core/src/ops/function.rs:250:5
[INFO] [stdout]   41:     0x64d70ba915db - <alloc::boxed::Box<F,A> as core::ops::function::FnOnce<Args>>::call_once::h42f0ba71002a1b2c
[INFO] [stdout]                                at /rustc/202008a1b8de96d2e5b6bc02d379db03a877d34d/library/alloc/src/boxed.rs:1972:9
[INFO] [stdout]   42:     0x64d70ba915db - <alloc::boxed::Box<F,A> as core::ops::function::FnOnce<Args>>::call_once::had9e47d7a3dcecb8
[INFO] [stdout]                                at /rustc/202008a1b8de96d2e5b6bc02d379db03a877d34d/library/alloc/src/boxed.rs:1972:9
[INFO] [stdout]   43:     0x64d70ba915db - std::sys::pal::unix::thread::Thread::new::thread_start::h48cf765408f6f5f2
[INFO] [stdout]                                at /rustc/202008a1b8de96d2e5b6bc02d379db03a877d34d/library/std/src/sys/pal/unix/thread.rs:105:17
[INFO] [stdout]   44:     0x7de815a04ac3 - <unknown>
[INFO] [stdout]   45:     0x7de815a95a04 - clone
[INFO] [stdout]   46:                0x0 - <unknown>
[INFO] [stdout] 
[INFO] [stdout] ---- h1::codec::decoder::tests::uring_decode_chunked_response stdout ----
[INFO] [stdout] thread 'h1::codec::decoder::tests::uring_decode_chunked_response' panicked at src/h1/codec/decoder.rs:924:17:
[INFO] [stdout] Failed building the Runtime: Os { code: 1, kind: PermissionDenied, message: "Operation not permitted" }
[INFO] [stdout] stack backtrace:
[INFO] [stdout]    0:     0x64d70ba8ba5a - std::backtrace_rs::backtrace::libunwind::trace::h8810477743020387
[INFO] [stdout]                                at /rustc/202008a1b8de96d2e5b6bc02d379db03a877d34d/library/std/src/../../backtrace/src/backtrace/libunwind.rs:116:5
[INFO] [stdout]    1:     0x64d70ba8ba5a - std::backtrace_rs::backtrace::trace_unsynchronized::h3aa55355dd6c54a6
[INFO] [stdout]                                at /rustc/202008a1b8de96d2e5b6bc02d379db03a877d34d/library/std/src/../../backtrace/src/backtrace/mod.rs:66:5
[INFO] [stdout]    2:     0x64d70ba8ba5a - std::sys::backtrace::_print_fmt::h8588b0f62410823f
[INFO] [stdout]                                at /rustc/202008a1b8de96d2e5b6bc02d379db03a877d34d/library/std/src/sys/backtrace.rs:66:9
[INFO] [stdout]    3:     0x64d70ba8ba5a - <std::sys::backtrace::BacktraceLock::print::DisplayBacktrace as core::fmt::Display>::fmt::h98c26ac25ffe89bb
[INFO] [stdout]                                at /rustc/202008a1b8de96d2e5b6bc02d379db03a877d34d/library/std/src/sys/backtrace.rs:39:26
[INFO] [stdout]    4:     0x64d70bab1be3 - core::fmt::rt::Argument::fmt::hf95377f4aebd453b
[INFO] [stdout]                                at /rustc/202008a1b8de96d2e5b6bc02d379db03a877d34d/library/core/src/fmt/rt.rs:177:76
[INFO] [stdout]    5:     0x64d70bab1be3 - core::fmt::write::h0dd5f6e2238c7982
[INFO] [stdout]                                at /rustc/202008a1b8de96d2e5b6bc02d379db03a877d34d/library/core/src/fmt/mod.rs:1189:21
[INFO] [stdout]    6:     0x64d70ba88a03 - std::io::Write::write_fmt::h03bb0ca26e6faf8c
[INFO] [stdout]                                at /rustc/202008a1b8de96d2e5b6bc02d379db03a877d34d/library/std/src/io/mod.rs:1884:15
[INFO] [stdout]    7:     0x64d70ba8b8a2 - std::sys::backtrace::BacktraceLock::print::h5c19c1c038ee186d
[INFO] [stdout]                                at /rustc/202008a1b8de96d2e5b6bc02d379db03a877d34d/library/std/src/sys/backtrace.rs:42:9
[INFO] [stdout]    8:     0x64d70ba8cedd - std::panicking::default_hook::{{closure}}::h77172f079a1fcb13
[INFO] [stdout]                                at /rustc/202008a1b8de96d2e5b6bc02d379db03a877d34d/library/std/src/panicking.rs:268:22
[INFO] [stdout]    9:     0x64d70ba8cce7 - std::panicking::default_hook::he5f8e3b203ccddba
[INFO] [stdout]                                at /rustc/202008a1b8de96d2e5b6bc02d379db03a877d34d/library/std/src/panicking.rs:292:9
[INFO] [stdout]   10:     0x64d70b98a007 - <alloc::boxed::Box<F,A> as core::ops::function::Fn<Args>>::call::h7a3c7b4a1ae77f2f
[INFO] [stdout]                                at /rustc/202008a1b8de96d2e5b6bc02d379db03a877d34d/library/alloc/src/boxed.rs:1986:9
[INFO] [stdout]   11:     0x64d70b98a007 - test::test_main::{{closure}}::hf0d3b69ae9b353d1
[INFO] [stdout]                                at /rustc/202008a1b8de96d2e5b6bc02d379db03a877d34d/library/test/src/lib.rs:134:21
[INFO] [stdout]   12:     0x64d70ba8d588 - <alloc::boxed::Box<F,A> as core::ops::function::Fn<Args>>::call::h6332e82e7b189abd
[INFO] [stdout]                                at /rustc/202008a1b8de96d2e5b6bc02d379db03a877d34d/library/alloc/src/boxed.rs:1986:9
[INFO] [stdout]   13:     0x64d70ba8d588 - std::panicking::rust_panic_with_hook::h53863d4e9018df39
[INFO] [stdout]                                at /rustc/202008a1b8de96d2e5b6bc02d379db03a877d34d/library/std/src/panicking.rs:809:13
[INFO] [stdout]   14:     0x64d70ba8d34a - std::panicking::begin_panic_handler::{{closure}}::h67280e6fa0757873
[INFO] [stdout]                                at /rustc/202008a1b8de96d2e5b6bc02d379db03a877d34d/library/std/src/panicking.rs:674:13
[INFO] [stdout]   15:     0x64d70ba8bf39 - std::sys::backtrace::__rust_end_short_backtrace::h1dac3f54d6fbbeb2
[INFO] [stdout]                                at /rustc/202008a1b8de96d2e5b6bc02d379db03a877d34d/library/std/src/sys/backtrace.rs:170:18
[INFO] [stdout]   16:     0x64d70ba8cfdc - rust_begin_unwind
[INFO] [stdout]                                at /rustc/202008a1b8de96d2e5b6bc02d379db03a877d34d/library/std/src/panicking.rs:665:5
[INFO] [stdout]   17:     0x64d70b8400d0 - core::panicking::panic_fmt::h6792bd1b2bf01041
[INFO] [stdout]                                at /rustc/202008a1b8de96d2e5b6bc02d379db03a877d34d/library/core/src/panicking.rs:76:14
[INFO] [stdout]   18:     0x64d70b840576 - core::result::unwrap_failed::h05e0602ed34287c5
[INFO] [stdout]                                at /rustc/202008a1b8de96d2e5b6bc02d379db03a877d34d/library/core/src/result.rs:1699:5
[INFO] [stdout]   19:     0x64d70b89b5c1 - core::result::Result<T,E>::expect::hcd048606025dce2e
[INFO] [stdout]                                at /rustc/202008a1b8de96d2e5b6bc02d379db03a877d34d/library/core/src/result.rs:1061:23
[INFO] [stdout]   20:     0x64d70b8649d1 - monoio_http::h1::codec::decoder::tests::uring_decode_chunked_response::h74ec7d6cbdc043d1
[INFO] [stdout]                                at /opt/rustwide/workdir/src/h1/codec/decoder.rs:924:9
[INFO] [stdout]   21:     0x64d70b864927 - monoio_http::h1::codec::decoder::tests::uring_decode_chunked_response::{{closure}}::h1ee227e618e92690
[INFO] [stdout]                                at /opt/rustwide/workdir/src/h1/codec/decoder.rs:908:39
[INFO] [stdout]   22:     0x64d70b841376 - core::ops::function::FnOnce::call_once::h1435685158de690d
[INFO] [stdout]                                at /rustc/202008a1b8de96d2e5b6bc02d379db03a877d34d/library/core/src/ops/function.rs:250:5
[INFO] [stdout]   23:     0x64d70b98eb2b - core::ops::function::FnOnce::call_once::h871bf86719ec9aa4
[INFO] [stdout]                                at /rustc/202008a1b8de96d2e5b6bc02d379db03a877d34d/library/core/src/ops/function.rs:250:5
[INFO] [stdout]   24:     0x64d70b98eb2b - test::__rust_begin_short_backtrace::h2167df1e2b7d76fd
[INFO] [stdout]                                at /rustc/202008a1b8de96d2e5b6bc02d379db03a877d34d/library/test/src/lib.rs:632:18
[INFO] [stdout]   25:     0x64d70b98e518 - test::run_test_in_process::{{closure}}::h15d92f75a3adfb79
[INFO] [stdout]                                at /rustc/202008a1b8de96d2e5b6bc02d379db03a877d34d/library/test/src/lib.rs:655:60
[INFO] [stdout]   26:     0x64d70b98e518 - <core::panic::unwind_safe::AssertUnwindSafe<F> as core::ops::function::FnOnce<()>>::call_once::hb6c8955835a8dbbb
[INFO] [stdout]                                at /rustc/202008a1b8de96d2e5b6bc02d379db03a877d34d/library/core/src/panic/unwind_safe.rs:272:9
[INFO] [stdout]   27:     0x64d70b98e518 - std::panicking::try::do_call::hc79d0fc888a0bd30
[INFO] [stdout]                                at /rustc/202008a1b8de96d2e5b6bc02d379db03a877d34d/library/std/src/panicking.rs:557:40
[INFO] [stdout]   28:     0x64d70b98e518 - std::panicking::try::hb8a7878e3a8589d6
[INFO] [stdout]                                at /rustc/202008a1b8de96d2e5b6bc02d379db03a877d34d/library/std/src/panicking.rs:520:19
[INFO] [stdout]   29:     0x64d70b98e518 - std::panic::catch_unwind::hb8e4600ff0ff5cfa
[INFO] [stdout]                                at /rustc/202008a1b8de96d2e5b6bc02d379db03a877d34d/library/std/src/panic.rs:358:14
[INFO] [stdout]   30:     0x64d70b98e518 - test::run_test_in_process::hc2900b0b18688dd6
[INFO] [stdout]                                at /rustc/202008a1b8de96d2e5b6bc02d379db03a877d34d/library/test/src/lib.rs:655:27
[INFO] [stdout]   31:     0x64d70b98e518 - test::run_test::{{closure}}::hac2a9cb07be3d48d
[INFO] [stdout]                                at /rustc/202008a1b8de96d2e5b6bc02d379db03a877d34d/library/test/src/lib.rs:576:43
[INFO] [stdout]   32:     0x64d70b951fba - test::run_test::{{closure}}::h4a5b729e66a38cd8
[INFO] [stdout]                                at /rustc/202008a1b8de96d2e5b6bc02d379db03a877d34d/library/test/src/lib.rs:606:41
[INFO] [stdout]   33:     0x64d70b951fba - std::sys::backtrace::__rust_begin_short_backtrace::h0496fb742492f573
[INFO] [stdout]                                at /rustc/202008a1b8de96d2e5b6bc02d379db03a877d34d/library/std/src/sys/backtrace.rs:154:18
[INFO] [stdout]   34:     0x64d70b955934 - std::thread::Builder::spawn_unchecked_::{{closure}}::{{closure}}::hbb6d257c550a54bd
[INFO] [stdout]                                at /rustc/202008a1b8de96d2e5b6bc02d379db03a877d34d/library/std/src/thread/mod.rs:561:17
[INFO] [stdout]   35:     0x64d70b955934 - <core::panic::unwind_safe::AssertUnwindSafe<F> as core::ops::function::FnOnce<()>>::call_once::h46696fe4a6832328
[INFO] [stdout]                                at /rustc/202008a1b8de96d2e5b6bc02d379db03a877d34d/library/core/src/panic/unwind_safe.rs:272:9
[INFO] [stdout]   36:     0x64d70b955934 - std::panicking::try::do_call::h2625a51b667bfb64
[INFO] [stdout]                                at /rustc/202008a1b8de96d2e5b6bc02d379db03a877d34d/library/std/src/panicking.rs:557:40
[INFO] [stdout]   37:     0x64d70b955934 - std::panicking::try::hb956a59a1973aa4c
[INFO] [stdout]                                at /rustc/202008a1b8de96d2e5b6bc02d379db03a877d34d/library/std/src/panicking.rs:520:19
[INFO] [stdout]   38:     0x64d70b955934 - std::panic::catch_unwind::h64f3b9d1067ef6a0
[INFO] [stdout]                                at /rustc/202008a1b8de96d2e5b6bc02d379db03a877d34d/library/std/src/panic.rs:358:14
[INFO] [stdout]   39:     0x64d70b955934 - std::thread::Builder::spawn_unchecked_::{{closure}}::h42b2841295b6c0b2
[INFO] [stdout]                                at /rustc/202008a1b8de96d2e5b6bc02d379db03a877d34d/library/std/src/thread/mod.rs:559:30
[INFO] [stdout]   40:     0x64d70b955934 - core::ops::function::FnOnce::call_once{{vtable.shim}}::h6127de71b8124639
[INFO] [stdout]                                at /rustc/202008a1b8de96d2e5b6bc02d379db03a877d34d/library/core/src/ops/function.rs:250:5
[INFO] [stdout]   41:     0x64d70ba915db - <alloc::boxed::Box<F,A> as core::ops::function::FnOnce<Args>>::call_once::h42f0ba71002a1b2c
[INFO] [stdout]                                at /rustc/202008a1b8de96d2e5b6bc02d379db03a877d34d/library/alloc/src/boxed.rs:1972:9
[INFO] [stdout]   42:     0x64d70ba915db - <alloc::boxed::Box<F,A> as core::ops::function::FnOnce<Args>>::call_once::had9e47d7a3dcecb8
[INFO] [stdout]                                at /rustc/202008a1b8de96d2e5b6bc02d379db03a877d34d/library/alloc/src/boxed.rs:1972:9
[INFO] [stdout]   43:     0x64d70ba915db - std::sys::pal::unix::thread::Thread::new::thread_start::h48cf765408f6f5f2
[INFO] [stdout]                                at /rustc/202008a1b8de96d2e5b6bc02d379db03a877d34d/library/std/src/sys/pal/unix/thread.rs:105:17
[INFO] [stdout]   44:     0x7de815a04ac3 - <unknown>
[INFO] [stdout]   45:     0x7de815a95a04 - clone
[INFO] [stdout]   46:                0x0 - <unknown>
[INFO] [stdout] 
[INFO] [stdout] ---- h1::codec::decoder::tests::uring_decode_request_without_body stdout ----
[INFO] [stdout] thread 'h1::codec::decoder::tests::uring_decode_request_without_body' panicked at src/h1/codec/decoder.rs:835:53:
[INFO] [stdout] Failed building the Runtime: Os { code: 1, kind: PermissionDenied, message: "Operation not permitted" }
[INFO] [stdout] stack backtrace:
[INFO] [stdout]    0:     0x64d70ba8ba5a - std::backtrace_rs::backtrace::libunwind::trace::h8810477743020387
[INFO] [stdout]                                at /rustc/202008a1b8de96d2e5b6bc02d379db03a877d34d/library/std/src/../../backtrace/src/backtrace/libunwind.rs:116:5
[INFO] [stdout]    1:     0x64d70ba8ba5a - std::backtrace_rs::backtrace::trace_unsynchronized::h3aa55355dd6c54a6
[INFO] [stdout]                                at /rustc/202008a1b8de96d2e5b6bc02d379db03a877d34d/library/std/src/../../backtrace/src/backtrace/mod.rs:66:5
[INFO] [stdout]    2:     0x64d70ba8ba5a - std::sys::backtrace::_print_fmt::h8588b0f62410823f
[INFO] [stdout]                                at /rustc/202008a1b8de96d2e5b6bc02d379db03a877d34d/library/std/src/sys/backtrace.rs:66:9
[INFO] [stdout]    3:     0x64d70ba8ba5a - <std::sys::backtrace::BacktraceLock::print::DisplayBacktrace as core::fmt::Display>::fmt::h98c26ac25ffe89bb
[INFO] [stdout]                                at /rustc/202008a1b8de96d2e5b6bc02d379db03a877d34d/library/std/src/sys/backtrace.rs:39:26
[INFO] [stdout]    4:     0x64d70bab1be3 - core::fmt::rt::Argument::fmt::hf95377f4aebd453b
[INFO] [stdout]                                at /rustc/202008a1b8de96d2e5b6bc02d379db03a877d34d/library/core/src/fmt/rt.rs:177:76
[INFO] [stdout]    5:     0x64d70bab1be3 - core::fmt::write::h0dd5f6e2238c7982
[INFO] [stdout]                                at /rustc/202008a1b8de96d2e5b6bc02d379db03a877d34d/library/core/src/fmt/mod.rs:1189:21
[INFO] [stdout]    6:     0x64d70ba88a03 - std::io::Write::write_fmt::h03bb0ca26e6faf8c
[INFO] [stdout]                                at /rustc/202008a1b8de96d2e5b6bc02d379db03a877d34d/library/std/src/io/mod.rs:1884:15
[INFO] [stdout]    7:     0x64d70ba8b8a2 - std::sys::backtrace::BacktraceLock::print::h5c19c1c038ee186d
[INFO] [stdout]                                at /rustc/202008a1b8de96d2e5b6bc02d379db03a877d34d/library/std/src/sys/backtrace.rs:42:9
[INFO] [stdout]    8:     0x64d70ba8cedd - std::panicking::default_hook::{{closure}}::h77172f079a1fcb13
[INFO] [stdout]                                at /rustc/202008a1b8de96d2e5b6bc02d379db03a877d34d/library/std/src/panicking.rs:268:22
[INFO] [stdout]    9:     0x64d70ba8cce7 - std::panicking::default_hook::he5f8e3b203ccddba
[INFO] [stdout]                                at /rustc/202008a1b8de96d2e5b6bc02d379db03a877d34d/library/std/src/panicking.rs:292:9
[INFO] [stdout]   10:     0x64d70b98a007 - <alloc::boxed::Box<F,A> as core::ops::function::Fn<Args>>::call::h7a3c7b4a1ae77f2f
[INFO] [stdout]                                at /rustc/202008a1b8de96d2e5b6bc02d379db03a877d34d/library/alloc/src/boxed.rs:1986:9
[INFO] [stdout]   11:     0x64d70b98a007 - test::test_main::{{closure}}::hf0d3b69ae9b353d1
[INFO] [stdout]                                at /rustc/202008a1b8de96d2e5b6bc02d379db03a877d34d/library/test/src/lib.rs:134:21
[INFO] [stdout]   12:     0x64d70ba8d588 - <alloc::boxed::Box<F,A> as core::ops::function::Fn<Args>>::call::h6332e82e7b189abd
[INFO] [stdout]                                at /rustc/202008a1b8de96d2e5b6bc02d379db03a877d34d/library/alloc/src/boxed.rs:1986:9
[INFO] [stdout]   13:     0x64d70ba8d588 - std::panicking::rust_panic_with_hook::h53863d4e9018df39
[INFO] [stdout]                                at /rustc/202008a1b8de96d2e5b6bc02d379db03a877d34d/library/std/src/panicking.rs:809:13
[INFO] [stdout]   14:     0x64d70ba8d34a - std::panicking::begin_panic_handler::{{closure}}::h67280e6fa0757873
[INFO] [stdout]                                at /rustc/202008a1b8de96d2e5b6bc02d379db03a877d34d/library/std/src/panicking.rs:674:13
[INFO] [stdout]   15:     0x64d70ba8bf39 - std::sys::backtrace::__rust_end_short_backtrace::h1dac3f54d6fbbeb2
[INFO] [stdout]                                at /rustc/202008a1b8de96d2e5b6bc02d379db03a877d34d/library/std/src/sys/backtrace.rs:170:18
[INFO] [stdout]   16:     0x64d70ba8cfdc - rust_begin_unwind
[INFO] [stdout]                                at /rustc/202008a1b8de96d2e5b6bc02d379db03a877d34d/library/std/src/panicking.rs:665:5
[INFO] [stdout]   17:     0x64d70b8400d0 - core::panicking::panic_fmt::h6792bd1b2bf01041
[INFO] [stdout]                                at /rustc/202008a1b8de96d2e5b6bc02d379db03a877d34d/library/core/src/panicking.rs:76:14
[INFO] [stdout]   18:     0x64d70b840576 - core::result::unwrap_failed::h05e0602ed34287c5
[INFO] [stdout]                                at /rustc/202008a1b8de96d2e5b6bc02d379db03a877d34d/library/core/src/result.rs:1699:5
[INFO] [stdout]   19:     0x64d70b89b5c1 - core::result::Result<T,E>::expect::hcd048606025dce2e
[INFO] [stdout]                                at /rustc/202008a1b8de96d2e5b6bc02d379db03a877d34d/library/core/src/result.rs:1061:23
[INFO] [stdout]   20:     0x64d70b85aa11 - monoio_http::h1::codec::decoder::tests::uring_decode_request_without_body::h262c57a454a6675b
[INFO] [stdout]                                at /opt/rustwide/workdir/src/h1/codec/decoder.rs:835:9
[INFO] [stdout]   21:     0x64d70b85a967 - monoio_http::h1::codec::decoder::tests::uring_decode_request_without_body::{{closure}}::h71fc3ac02d9218c4
[INFO] [stdout]                                at /opt/rustwide/workdir/src/h1/codec/decoder.rs:830:43
[INFO] [stdout]   22:     0x64d70b845256 - core::ops::function::FnOnce::call_once::h943a6e23df279056
[INFO] [stdout]                                at /rustc/202008a1b8de96d2e5b6bc02d379db03a877d34d/library/core/src/ops/function.rs:250:5
[INFO] [stdout]   23:     0x64d70b98eb2b - core::ops::function::FnOnce::call_once::h871bf86719ec9aa4
[INFO] [stdout]                                at /rustc/202008a1b8de96d2e5b6bc02d379db03a877d34d/library/core/src/ops/function.rs:250:5
[INFO] [stdout]   24:     0x64d70b98eb2b - test::__rust_begin_short_backtrace::h2167df1e2b7d76fd
[INFO] [stdout]                                at /rustc/202008a1b8de96d2e5b6bc02d379db03a877d34d/library/test/src/lib.rs:632:18
[INFO] [stdout]   25:     0x64d70b98e518 - test::run_test_in_process::{{closure}}::h15d92f75a3adfb79
[INFO] [stdout]                                at /rustc/202008a1b8de96d2e5b6bc02d379db03a877d34d/library/test/src/lib.rs:655:60
[INFO] [stdout]   26:     0x64d70b98e518 - <core::panic::unwind_safe::AssertUnwindSafe<F> as core::ops::function::FnOnce<()>>::call_once::hb6c8955835a8dbbb
[INFO] [stdout]                                at /rustc/202008a1b8de96d2e5b6bc02d379db03a877d34d/library/core/src/panic/unwind_safe.rs:272:9
[INFO] [stdout]   27:     0x64d70b98e518 - std::panicking::try::do_call::hc79d0fc888a0bd30
[INFO] [stdout]                                at /rustc/202008a1b8de96d2e5b6bc02d379db03a877d34d/library/std/src/panicking.rs:557:40
[INFO] [stdout]   28:     0x64d70b98e518 - std::panicking::try::hb8a7878e3a8589d6
[INFO] [stdout]                                at /rustc/202008a1b8de96d2e5b6bc02d379db03a877d34d/library/std/src/panicking.rs:520:19
[INFO] [stdout]   29:     0x64d70b98e518 - std::panic::catch_unwind::hb8e4600ff0ff5cfa
[INFO] [stdout]                                at /rustc/202008a1b8de96d2e5b6bc02d379db03a877d34d/library/std/src/panic.rs:358:14
[INFO] [stdout]   30:     0x64d70b98e518 - test::run_test_in_process::hc2900b0b18688dd6
[INFO] [stdout]                                at /rustc/202008a1b8de96d2e5b6bc02d379db03a877d34d/library/test/src/lib.rs:655:27
[INFO] [stdout]   31:     0x64d70b98e518 - test::run_test::{{closure}}::hac2a9cb07be3d48d
[INFO] [stdout]                                at /rustc/202008a1b8de96d2e5b6bc02d379db03a877d34d/library/test/src/lib.rs:576:43
[INFO] [stdout]   32:     0x64d70b951fba - test::run_test::{{closure}}::h4a5b729e66a38cd8
[INFO] [stdout]                                at /rustc/202008a1b8de96d2e5b6bc02d379db03a877d34d/library/test/src/lib.rs:606:41
[INFO] [stdout]   33:     0x64d70b951fba - std::sys::backtrace::__rust_begin_short_backtrace::h0496fb742492f573
[INFO] [stdout]                                at /rustc/202008a1b8de96d2e5b6bc02d379db03a877d34d/library/std/src/sys/backtrace.rs:154:18
[INFO] [stdout]   34:     0x64d70b955934 - std::thread::Builder::spawn_unchecked_::{{closure}}::{{closure}}::hbb6d257c550a54bd
[INFO] [stdout]                                at /rustc/202008a1b8de96d2e5b6bc02d379db03a877d34d/library/std/src/thread/mod.rs:561:17
[INFO] [stdout]   35:     0x64d70b955934 - <core::panic::unwind_safe::AssertUnwindSafe<F> as core::ops::function::FnOnce<()>>::call_once::h46696fe4a6832328
[INFO] [stdout]                                at /rustc/202008a1b8de96d2e5b6bc02d379db03a877d34d/library/core/src/panic/unwind_safe.rs:272:9
[INFO] [stdout]   36:     0x64d70b955934 - std::panicking::try::do_call::h2625a51b667bfb64
[INFO] [stdout]                                at /rustc/202008a1b8de96d2e5b6bc02d379db03a877d34d/library/std/src/panicking.rs:557:40
[INFO] [stdout]   37:     0x64d70b955934 - std::panicking::try::hb956a59a1973aa4c
[INFO] [stdout]                                at /rustc/202008a1b8de96d2e5b6bc02d379db03a877d34d/library/std/src/panicking.rs:520:19
[INFO] [stdout]   38:     0x64d70b955934 - std::panic::catch_unwind::h64f3b9d1067ef6a0
[INFO] [stdout]                                at /rustc/202008a1b8de96d2e5b6bc02d379db03a877d34d/library/std/src/panic.rs:358:14
[INFO] [stdout]   39:     0x64d70b955934 - std::thread::Builder::spawn_unchecked_::{{closure}}::h42b2841295b6c0b2
[INFO] [stdout]                                at /rustc/202008a1b8de96d2e5b6bc02d379db03a877d34d/library/std/src/thread/mod.rs:559:30
[INFO] [stdout]   40:     0x64d70b955934 - core::ops::function::FnOnce::call_once{{vtable.shim}}::h6127de71b8124639
[INFO] [stdout]                                at /rustc/202008a1b8de96d2e5b6bc02d379db03a877d34d/library/core/src/ops/function.rs:250:5
[INFO] [stdout]   41:     0x64d70ba915db - <alloc::boxed::Box<F,A> as core::ops::function::FnOnce<Args>>::call_once::h42f0ba71002a1b2c
[INFO] [stdout]                                at /rustc/202008a1b8de96d2e5b6bc02d379db03a877d34d/library/alloc/src/boxed.rs:1972:9
[INFO] [stdout]   42:     0x64d70ba915db - <alloc::boxed::Box<F,A> as core::ops::function::FnOnce<Args>>::call_once::had9e47d7a3dcecb8
[INFO] [stdout]                                at /rustc/202008a1b8de96d2e5b6bc02d379db03a877d34d/library/alloc/src/boxed.rs:1972:9
[INFO] [stdout]   43:     0x64d70ba915db - std::sys::pal::unix::thread::Thread::new::thread_start::h48cf765408f6f5f2
[INFO] [stdout]                                at /rustc/202008a1b8de96d2e5b6bc02d379db03a877d34d/library/std/src/sys/pal/unix/thread.rs:105:17
[INFO] [stdout]   44:     0x7de815a04ac3 - <unknown>
[INFO] [stdout]   45:     0x7de815a95a04 - clone
[INFO] [stdout]   46:                0x0 - <unknown>
[INFO] [stdout] 
[INFO] [stdout] ---- h1::payload::tests::uring_fixed_payload stdout ----
[INFO] [stdout] thread 'h1::payload::tests::uring_fixed_payload' panicked at src/h1/payload.rs:408:10:
[INFO] [stdout] Failed building the Runtime: Os { code: 1, kind: PermissionDenied, message: "Operation not permitted" }
[INFO] [stdout] stack backtrace:
[INFO] [stdout]    0:     0x64d70ba8ba5a - std::backtrace_rs::backtrace::libunwind::trace::h8810477743020387
[INFO] [stdout]                                at /rustc/202008a1b8de96d2e5b6bc02d379db03a877d34d/library/std/src/../../backtrace/src/backtrace/libunwind.rs:116:5
[INFO] [stdout]    1:     0x64d70ba8ba5a - std::backtrace_rs::backtrace::trace_unsynchronized::h3aa55355dd6c54a6
[INFO] [stdout]                                at /rustc/202008a1b8de96d2e5b6bc02d379db03a877d34d/library/std/src/../../backtrace/src/backtrace/mod.rs:66:5
[INFO] [stdout]    2:     0x64d70ba8ba5a - std::sys::backtrace::_print_fmt::h8588b0f62410823f
[INFO] [stdout]                                at /rustc/202008a1b8de96d2e5b6bc02d379db03a877d34d/library/std/src/sys/backtrace.rs:66:9
[INFO] [stdout]    3:     0x64d70ba8ba5a - <std::sys::backtrace::BacktraceLock::print::DisplayBacktrace as core::fmt::Display>::fmt::h98c26ac25ffe89bb
[INFO] [stdout]                                at /rustc/202008a1b8de96d2e5b6bc02d379db03a877d34d/library/std/src/sys/backtrace.rs:39:26
[INFO] [stdout]    4:     0x64d70bab1be3 - core::fmt::rt::Argument::fmt::hf95377f4aebd453b
[INFO] [stdout]                                at /rustc/202008a1b8de96d2e5b6bc02d379db03a877d34d/library/core/src/fmt/rt.rs:177:76
[INFO] [stdout]    5:     0x64d70bab1be3 - core::fmt::write::h0dd5f6e2238c7982
[INFO] [stdout]                                at /rustc/202008a1b8de96d2e5b6bc02d379db03a877d34d/library/core/src/fmt/mod.rs:1189:21
[INFO] [stdout]    6:     0x64d70ba88a03 - std::io::Write::write_fmt::h03bb0ca26e6faf8c
[INFO] [stdout]                                at /rustc/202008a1b8de96d2e5b6bc02d379db03a877d34d/library/std/src/io/mod.rs:1884:15
[INFO] [stdout]    7:     0x64d70ba8b8a2 - std::sys::backtrace::BacktraceLock::print::h5c19c1c038ee186d
[INFO] [stdout]                                at /rustc/202008a1b8de96d2e5b6bc02d379db03a877d34d/library/std/src/sys/backtrace.rs:42:9
[INFO] [stdout]    8:     0x64d70ba8cedd - std::panicking::default_hook::{{closure}}::h77172f079a1fcb13
[INFO] [stdout]                                at /rustc/202008a1b8de96d2e5b6bc02d379db03a877d34d/library/std/src/panicking.rs:268:22
[INFO] [stdout]    9:     0x64d70ba8cce7 - std::panicking::default_hook::he5f8e3b203ccddba
[INFO] [stdout]                                at /rustc/202008a1b8de96d2e5b6bc02d379db03a877d34d/library/std/src/panicking.rs:292:9
[INFO] [stdout]   10:     0x64d70b98a007 - <alloc::boxed::Box<F,A> as core::ops::function::Fn<Args>>::call::h7a3c7b4a1ae77f2f
[INFO] [stdout]                                at /rustc/202008a1b8de96d2e5b6bc02d379db03a877d34d/library/alloc/src/boxed.rs:1986:9
[INFO] [stdout]   11:     0x64d70b98a007 - test::test_main::{{closure}}::hf0d3b69ae9b353d1
[INFO] [stdout]                                at /rustc/202008a1b8de96d2e5b6bc02d379db03a877d34d/library/test/src/lib.rs:134:21
[INFO] [stdout]   12:     0x64d70ba8d588 - <alloc::boxed::Box<F,A> as core::ops::function::Fn<Args>>::call::h6332e82e7b189abd
[INFO] [stdout]                                at /rustc/202008a1b8de96d2e5b6bc02d379db03a877d34d/library/alloc/src/boxed.rs:1986:9
[INFO] [stdout]   13:     0x64d70ba8d588 - std::panicking::rust_panic_with_hook::h53863d4e9018df39
[INFO] [stdout]                                at /rustc/202008a1b8de96d2e5b6bc02d379db03a877d34d/library/std/src/panicking.rs:809:13
[INFO] [stdout]   14:     0x64d70ba8d34a - std::panicking::begin_panic_handler::{{closure}}::h67280e6fa0757873
[INFO] [stdout]                                at /rustc/202008a1b8de96d2e5b6bc02d379db03a877d34d/library/std/src/panicking.rs:674:13
[INFO] [stdout]   15:     0x64d70ba8bf39 - std::sys::backtrace::__rust_end_short_backtrace::h1dac3f54d6fbbeb2
[INFO] [stdout]                                at /rustc/202008a1b8de96d2e5b6bc02d379db03a877d34d/library/std/src/sys/backtrace.rs:170:18
[INFO] [stdout]   16:     0x64d70ba8cfdc - rust_begin_unwind
[INFO] [stdout]                                at /rustc/202008a1b8de96d2e5b6bc02d379db03a877d34d/library/std/src/panicking.rs:665:5
[INFO] [stdout]   17:     0x64d70b8400d0 - core::panicking::panic_fmt::h6792bd1b2bf01041
[INFO] [stdout]                                at /rustc/202008a1b8de96d2e5b6bc02d379db03a877d34d/library/core/src/panicking.rs:76:14
[INFO] [stdout]   18:     0x64d70b840576 - core::result::unwrap_failed::h05e0602ed34287c5
[INFO] [stdout]                                at /rustc/202008a1b8de96d2e5b6bc02d379db03a877d34d/library/core/src/result.rs:1699:5
[INFO] [stdout]   19:     0x64d70b89b3e1 - core::result::Result<T,E>::expect::h6e8a9f9ef26b63c6
[INFO] [stdout]                                at /rustc/202008a1b8de96d2e5b6bc02d379db03a877d34d/library/core/src/result.rs:1061:23
[INFO] [stdout]   20:     0x64d70b8921d7 - monoio_http::h1::payload::tests::uring_fixed_payload::hcc9b72f7e0395167
[INFO] [stdout]                                at /opt/rustwide/workdir/src/h1/payload.rs:405:9
[INFO] [stdout]   21:     0x64d70b892127 - monoio_http::h1::payload::tests::uring_fixed_payload::{{closure}}::h556f478d8390041d
[INFO] [stdout]                                at /opt/rustwide/workdir/src/h1/payload.rs:392:29
[INFO] [stdout]   22:     0x64d70b843cf6 - core::ops::function::FnOnce::call_once::h67936985ffc1c509
[INFO] [stdout]                                at /rustc/202008a1b8de96d2e5b6bc02d379db03a877d34d/library/core/src/ops/function.rs:250:5
[INFO] [stdout]   23:     0x64d70b98eb2b - core::ops::function::FnOnce::call_once::h871bf86719ec9aa4
[INFO] [stdout]                                at /rustc/202008a1b8de96d2e5b6bc02d379db03a877d34d/library/core/src/ops/function.rs:250:5
[INFO] [stdout]   24:     0x64d70b98eb2b - test::__rust_begin_short_backtrace::h2167df1e2b7d76fd
[INFO] [stdout]                                at /rustc/202008a1b8de96d2e5b6bc02d379db03a877d34d/library/test/src/lib.rs:632:18
[INFO] [stdout]   25:     0x64d70b98e518 - test::run_test_in_process::{{closure}}::h15d92f75a3adfb79
[INFO] [stdout]                                at /rustc/202008a1b8de96d2e5b6bc02d379db03a877d34d/library/test/src/lib.rs:655:60
[INFO] [stdout]   26:     0x64d70b98e518 - <core::panic::unwind_safe::AssertUnwindSafe<F> as core::ops::function::FnOnce<()>>::call_once::hb6c8955835a8dbbb
[INFO] [stdout]                                at /rustc/202008a1b8de96d2e5b6bc02d379db03a877d34d/library/core/src/panic/unwind_safe.rs:272:9
[INFO] [stdout]   27:     0x64d70b98e518 - std::panicking::try::do_call::hc79d0fc888a0bd30
[INFO] [stdout]                                at /rustc/202008a1b8de96d2e5b6bc02d379db03a877d34d/library/std/src/panicking.rs:557:40
[INFO] [stdout]   28:     0x64d70b98e518 - std::panicking::try::hb8a7878e3a8589d6
[INFO] [stdout]                                at /rustc/202008a1b8de96d2e5b6bc02d379db03a877d34d/library/std/src/panicking.rs:520:19
[INFO] [stdout]   29:     0x64d70b98e518 - std::panic::catch_unwind::hb8e4600ff0ff5cfa
[INFO] [stdout]                                at /rustc/202008a1b8de96d2e5b6bc02d379db03a877d34d/library/std/src/panic.rs:358:14
[INFO] [stdout]   30:     0x64d70b98e518 - test::run_test_in_process::hc2900b0b18688dd6
[INFO] [stdout]                                at /rustc/202008a1b8de96d2e5b6bc02d379db03a877d34d/library/test/src/lib.rs:655:27
[INFO] [stdout]   31:     0x64d70b98e518 - test::run_test::{{closure}}::hac2a9cb07be3d48d
[INFO] [stdout]                                at /rustc/202008a1b8de96d2e5b6bc02d379db03a877d34d/library/test/src/lib.rs:576:43
[INFO] [stdout]   32:     0x64d70b951fba - test::run_test::{{closure}}::h4a5b729e66a38cd8
[INFO] [stdout]                                at /rustc/202008a1b8de96d2e5b6bc02d379db03a877d34d/library/test/src/lib.rs:606:41
[INFO] [stdout]   33:     0x64d70b951fba - std::sys::backtrace::__rust_begin_short_backtrace::h0496fb742492f573
[INFO] [stdout]                                at /rustc/202008a1b8de96d2e5b6bc02d379db03a877d34d/library/std/src/sys/backtrace.rs:154:18
[INFO] [stdout]   34:     0x64d70b955934 - std::thread::Builder::spawn_unchecked_::{{closure}}::{{closure}}::hbb6d257c550a54bd
[INFO] [stdout]                                at /rustc/202008a1b8de96d2e5b6bc02d379db03a877d34d/library/std/src/thread/mod.rs:561:17
[INFO] [stdout]   35:     0x64d70b955934 - <core::panic::unwind_safe::AssertUnwindSafe<F> as core::ops::function::FnOnce<()>>::call_once::h46696fe4a6832328
[INFO] [stdout]                                at /rustc/202008a1b8de96d2e5b6bc02d379db03a877d34d/library/core/src/panic/unwind_safe.rs:272:9
[INFO] [stdout]   36:     0x64d70b955934 - std::panicking::try::do_call::h2625a51b667bfb64
[INFO] [stdout]                                at /rustc/202008a1b8de96d2e5b6bc02d379db03a877d34d/library/std/src/panicking.rs:557:40
[INFO] [stdout]   37:     0x64d70b955934 - std::panicking::try::hb956a59a1973aa4c
[INFO] [stdout]                                at /rustc/202008a1b8de96d2e5b6bc02d379db03a877d34d/library/std/src/panicking.rs:520:19
[INFO] [stdout]   38:     0x64d70b955934 - std::panic::catch_unwind::h64f3b9d1067ef6a0
[INFO] [stdout]                                at /rustc/202008a1b8de96d2e5b6bc02d379db03a877d34d/library/std/src/panic.rs:358:14
[INFO] [stdout]   39:     0x64d70b955934 - std::thread::Builder::spawn_unchecked_::{{closure}}::h42b2841295b6c0b2
[INFO] [stdout]                                at /rustc/202008a1b8de96d2e5b6bc02d379db03a877d34d/library/std/src/thread/mod.rs:559:30
[INFO] [stdout]   40:     0x64d70b955934 - core::ops::function::FnOnce::call_once{{vtable.shim}}::h6127de71b8124639
[INFO] [stdout]                                at /rustc/202008a1b8de96d2e5b6bc02d379db03a877d34d/library/core/src/ops/function.rs:250:5
[INFO] [stdout]   41:     0x64d70ba915db - <alloc::boxed::Box<F,A> as core::ops::function::FnOnce<Args>>::call_once::h42f0ba71002a1b2c
[INFO] [stdout]                                at /rustc/202008a1b8de96d2e5b6bc02d379db03a877d34d/library/alloc/src/boxed.rs:1972:9
[INFO] [stdout]   42:     0x64d70ba915db - <alloc::boxed::Box<F,A> as core::ops::function::FnOnce<Args>>::call_once::had9e47d7a3dcecb8
[INFO] [stdout]                                at /rustc/202008a1b8de96d2e5b6bc02d379db03a877d34d/library/alloc/src/boxed.rs:1972:9
[INFO] [stdout]   43:     0x64d70ba915db - std::sys::pal::unix::thread::Thread::new::thread_start::h48cf765408f6f5f2
[INFO] [stdout]                                at /rustc/202008a1b8de96d2e5b6bc02d379db03a877d34d/library/std/src/sys/pal/unix/thread.rs:105:17
[INFO] [stdout]   44:     0x7de815a04ac3 - <unknown>
[INFO] [stdout]   45:     0x7de815a95a04 - clone
[INFO] [stdout]   46:                0x0 - <unknown>
[INFO] [stdout] 
[INFO] [stdout] ---- h1::codec::decoder::tests::uring_decode_response_without_body stdout ----
[INFO] [stdout] thread 'h1::codec::decoder::tests::uring_decode_response_without_body' panicked at src/h1/codec/decoder.rs:844:53:
[INFO] [stdout] Failed building the Runtime: Os { code: 1, kind: PermissionDenied, message: "Operation not permitted" }
[INFO] [stdout] stack backtrace:
[INFO] [stdout]    0:     0x64d70ba8ba5a - std::backtrace_rs::backtrace::libunwind::trace::h8810477743020387
[INFO] [stdout]                                at /rustc/202008a1b8de96d2e5b6bc02d379db03a877d34d/library/std/src/../../backtrace/src/backtrace/libunwind.rs:116:5
[INFO] [stdout]    1:     0x64d70ba8ba5a - std::backtrace_rs::backtrace::trace_unsynchronized::h3aa55355dd6c54a6
[INFO] [stdout]                                at /rustc/202008a1b8de96d2e5b6bc02d379db03a877d34d/library/std/src/../../backtrace/src/backtrace/mod.rs:66:5
[INFO] [stdout]    2:     0x64d70ba8ba5a - std::sys::backtrace::_print_fmt::h8588b0f62410823f
[INFO] [stdout]                                at /rustc/202008a1b8de96d2e5b6bc02d379db03a877d34d/library/std/src/sys/backtrace.rs:66:9
[INFO] [stdout]    3:     0x64d70ba8ba5a - <std::sys::backtrace::BacktraceLock::print::DisplayBacktrace as core::fmt::Display>::fmt::h98c26ac25ffe89bb
[INFO] [stdout]                                at /rustc/202008a1b8de96d2e5b6bc02d379db03a877d34d/library/std/src/sys/backtrace.rs:39:26
[INFO] [stdout]    4:     0x64d70bab1be3 - core::fmt::rt::Argument::fmt::hf95377f4aebd453b
[INFO] [stdout]                                at /rustc/202008a1b8de96d2e5b6bc02d379db03a877d34d/library/core/src/fmt/rt.rs:177:76
[INFO] [stdout]    5:     0x64d70bab1be3 - core::fmt::write::h0dd5f6e2238c7982
[INFO] [stdout]                                at /rustc/202008a1b8de96d2e5b6bc02d379db03a877d34d/library/core/src/fmt/mod.rs:1189:21
[INFO] [stdout]    6:     0x64d70ba88a03 - std::io::Write::write_fmt::h03bb0ca26e6faf8c
[INFO] [stdout]                                at /rustc/202008a1b8de96d2e5b6bc02d379db03a877d34d/library/std/src/io/mod.rs:1884:15
[INFO] [stdout]    7:     0x64d70ba8b8a2 - std::sys::backtrace::BacktraceLock::print::h5c19c1c038ee186d
[INFO] [stdout]                                at /rustc/202008a1b8de96d2e5b6bc02d379db03a877d34d/library/std/src/sys/backtrace.rs:42:9
[INFO] [stdout]    8:     0x64d70ba8cedd - std::panicking::default_hook::{{closure}}::h77172f079a1fcb13
[INFO] [stdout]                                at /rustc/202008a1b8de96d2e5b6bc02d379db03a877d34d/library/std/src/panicking.rs:268:22
[INFO] [stdout]    9:     0x64d70ba8cce7 - std::panicking::default_hook::he5f8e3b203ccddba
[INFO] [stdout]                                at /rustc/202008a1b8de96d2e5b6bc02d379db03a877d34d/library/std/src/panicking.rs:292:9
[INFO] [stdout]   10:     0x64d70b98a007 - <alloc::boxed::Box<F,A> as core::ops::function::Fn<Args>>::call::h7a3c7b4a1ae77f2f
[INFO] [stdout]                                at /rustc/202008a1b8de96d2e5b6bc02d379db03a877d34d/library/alloc/src/boxed.rs:1986:9
[INFO] [stdout]   11:     0x64d70b98a007 - test::test_main::{{closure}}::hf0d3b69ae9b353d1
[INFO] [stdout]                                at /rustc/202008a1b8de96d2e5b6bc02d379db03a877d34d/library/test/src/lib.rs:134:21
[INFO] [stdout]   12:     0x64d70ba8d588 - <alloc::boxed::Box<F,A> as core::ops::function::Fn<Args>>::call::h6332e82e7b189abd
[INFO] [stdout]                                at /rustc/202008a1b8de96d2e5b6bc02d379db03a877d34d/library/alloc/src/boxed.rs:1986:9
[INFO] [stdout]   13:     0x64d70ba8d588 - std::panicking::rust_panic_with_hook::h53863d4e9018df39
[INFO] [stdout]                                at /rustc/202008a1b8de96d2e5b6bc02d379db03a877d34d/library/std/src/panicking.rs:809:13
[INFO] [stdout]   14:     0x64d70ba8d34a - std::panicking::begin_panic_handler::{{closure}}::h67280e6fa0757873
[INFO] [stdout]                                at /rustc/202008a1b8de96d2e5b6bc02d379db03a877d34d/library/std/src/panicking.rs:674:13
[INFO] [stdout]   15:     0x64d70ba8bf39 - std::sys::backtrace::__rust_end_short_backtrace::h1dac3f54d6fbbeb2
[INFO] [stdout]                                at /rustc/202008a1b8de96d2e5b6bc02d379db03a877d34d/library/std/src/sys/backtrace.rs:170:18
[INFO] [stdout]   16:     0x64d70ba8cfdc - rust_begin_unwind
[INFO] [stdout]                                at /rustc/202008a1b8de96d2e5b6bc02d379db03a877d34d/library/std/src/panicking.rs:665:5
[INFO] [stdout]   17:     0x64d70b8400d0 - core::panicking::panic_fmt::h6792bd1b2bf01041
[INFO] [stdout]                                at /rustc/202008a1b8de96d2e5b6bc02d379db03a877d34d/library/core/src/panicking.rs:76:14
[INFO] [stdout]   18:     0x64d70b840576 - core::result::unwrap_failed::h05e0602ed34287c5
[INFO] [stdout]                                at /rustc/202008a1b8de96d2e5b6bc02d379db03a877d34d/library/core/src/result.rs:1699:5
[INFO] [stdout]   19:     0x64d70b89b5c1 - core::result::Result<T,E>::expect::hcd048606025dce2e
[INFO] [stdout]                                at /rustc/202008a1b8de96d2e5b6bc02d379db03a877d34d/library/core/src/result.rs:1061:23
[INFO] [stdout]   20:     0x64d70b85b8f1 - monoio_http::h1::codec::decoder::tests::uring_decode_response_without_body::hbe6dd49be18fc152
[INFO] [stdout]                                at /opt/rustwide/workdir/src/h1/codec/decoder.rs:844:9
[INFO] [stdout]   21:     0x64d70b85b847 - monoio_http::h1::codec::decoder::tests::uring_decode_response_without_body::{{closure}}::hb46fb3d578f4444c
[INFO] [stdout]                                at /opt/rustwide/workdir/src/h1/codec/decoder.rs:839:44
[INFO] [stdout]   22:     0x64d70b846e36 - core::ops::function::FnOnce::call_once::hd44417dfcbce3160
[INFO] [stdout]                                at /rustc/202008a1b8de96d2e5b6bc02d379db03a877d34d/library/core/src/ops/function.rs:250:5
[INFO] [stdout]   23:     0x64d70b98eb2b - core::ops::function::FnOnce::call_once::h871bf86719ec9aa4
[INFO] [stdout]                                at /rustc/202008a1b8de96d2e5b6bc02d379db03a877d34d/library/core/src/ops/function.rs:250:5
[INFO] [stdout]   24:     0x64d70b98eb2b - test::__rust_begin_short_backtrace::h2167df1e2b7d76fd
[INFO] [stdout]                                at /rustc/202008a1b8de96d2e5b6bc02d379db03a877d34d/library/test/src/lib.rs:632:18
[INFO] [stdout]   25:     0x64d70b98e518 - test::run_test_in_process::{{closure}}::h15d92f75a3adfb79
[INFO] [stdout]                                at /rustc/202008a1b8de96d2e5b6bc02d379db03a877d34d/library/test/src/lib.rs:655:60
[INFO] [stdout]   26:     0x64d70b98e518 - <core::panic::unwind_safe::AssertUnwindSafe<F> as core::ops::function::FnOnce<()>>::call_once::hb6c8955835a8dbbb
[INFO] [stdout]                                at /rustc/202008a1b8de96d2e5b6bc02d379db03a877d34d/library/core/src/panic/unwind_safe.rs:272:9
[INFO] [stdout]   27:     0x64d70b98e518 - std::panicking::try::do_call::hc79d0fc888a0bd30
[INFO] [stdout]                                at /rustc/202008a1b8de96d2e5b6bc02d379db03a877d34d/library/std/src/panicking.rs:557:40
[INFO] [stdout]   28:     0x64d70b98e518 - std::panicking::try::hb8a7878e3a8589d6
[INFO] [stdout]                                at /rustc/202008a1b8de96d2e5b6bc02d379db03a877d34d/library/std/src/panicking.rs:520:19
[INFO] [stdout]   29:     0x64d70b98e518 - std::panic::catch_unwind::hb8e4600ff0ff5cfa
[INFO] [stdout]                                at /rustc/202008a1b8de96d2e5b6bc02d379db03a877d34d/library/std/src/panic.rs:358:14
[INFO] [stdout]   30:     0x64d70b98e518 - test::run_test_in_process::hc2900b0b18688dd6
[INFO] [stdout]                                at /rustc/202008a1b8de96d2e5b6bc02d379db03a877d34d/library/test/src/lib.rs:655:27
[INFO] [stdout]   31:     0x64d70b98e518 - test::run_test::{{closure}}::hac2a9cb07be3d48d
[INFO] [stdout]                                at /rustc/202008a1b8de96d2e5b6bc02d379db03a877d34d/library/test/src/lib.rs:576:43
[INFO] [stdout]   32:     0x64d70b951fba - test::run_test::{{closure}}::h4a5b729e66a38cd8
[INFO] [stdout]                                at /rustc/202008a1b8de96d2e5b6bc02d379db03a877d34d/library/test/src/lib.rs:606:41
[INFO] [stdout]   33:     0x64d70b951fba - std::sys::backtrace::__rust_begin_short_backtrace::h0496fb742492f573
[INFO] [stdout]                                at /rustc/202008a1b8de96d2e5b6bc02d379db03a877d34d/library/std/src/sys/backtrace.rs:154:18
[INFO] [stdout]   34:     0x64d70b955934 - std::thread::Builder::spawn_unchecked_::{{closure}}::{{closure}}::hbb6d257c550a54bd
[INFO] [stdout]                                at /rustc/202008a1b8de96d2e5b6bc02d379db03a877d34d/library/std/src/thread/mod.rs:561:17
[INFO] [stdout]   35:     0x64d70b955934 - <core::panic::unwind_safe::AssertUnwindSafe<F> as core::ops::function::FnOnce<()>>::call_once::h46696fe4a6832328
[INFO] [stdout]                                at /rustc/202008a1b8de96d2e5b6bc02d379db03a877d34d/library/core/src/panic/unwind_safe.rs:272:9
[INFO] [stdout]   36:     0x64d70b955934 - std::panicking::try::do_call::h2625a51b667bfb64
[INFO] [stdout]                                at /rustc/202008a1b8de96d2e5b6bc02d379db03a877d34d/library/std/src/panicking.rs:557:40
[INFO] [stdout]   37:     0x64d70b955934 - std::panicking::try::hb956a59a1973aa4c
[INFO] [stdout]                                at /rustc/202008a1b8de96d2e5b6bc02d379db03a877d34d/library/std/src/panicking.rs:520:19
[INFO] [stdout]   38:     0x64d70b955934 - std::panic::catch_unwind::h64f3b9d1067ef6a0
[INFO] [stdout]                                at /rustc/202008a1b8de96d2e5b6bc02d379db03a877d34d/library/std/src/panic.rs:358:14
[INFO] [stdout]   39:     0x64d70b955934 - std::thread::Builder::spawn_unchecked_::{{closure}}::h42b2841295b6c0b2
[INFO] [stdout]                                at /rustc/202008a1b8de96d2e5b6bc02d379db03a877d34d/library/std/src/thread/mod.rs:559:30
[INFO] [stdout]   40:     0x64d70b955934 - core::ops::function::FnOnce::call_once{{vtable.shim}}::h6127de71b8124639
[INFO] [stdout]                                at /rustc/202008a1b8de96d2e5b6bc02d379db03a877d34d/library/core/src/ops/function.rs:250:5
[INFO] [stdout]   41:     0x64d70ba915db - <alloc::boxed::Box<F,A> as core::ops::function::FnOnce<Args>>::call_once::h42f0ba71002a1b2c
[INFO] [stdout]                                at /rustc/202008a1b8de96d2e5b6bc02d379db03a877d34d/library/alloc/src/boxed.rs:1972:9
[INFO] [stdout]   42:     0x64d70ba915db - <alloc::boxed::Box<F,A> as core::ops::function::FnOnce<Args>>::call_once::had9e47d7a3dcecb8
[INFO] [stdout]                                at /rustc/202008a1b8de96d2e5b6bc02d379db03a877d34d/library/alloc/src/boxed.rs:1972:9
[INFO] [stdout]   43:     0x64d70ba915db - std::sys::pal::unix::thread::Thread::new::thread_start::h48cf765408f6f5f2
[INFO] [stdout]                                at /rustc/202008a1b8de96d2e5b6bc02d379db03a877d34d/library/std/src/sys/pal/unix/thread.rs:105:17
[INFO] [stdout]   44:     0x7de815a04ac3 - <unknown>
[INFO] [stdout]   45:     0x7de815a95a04 - clone
[INFO] [stdout]   46:                0x0 - <unknown>
[INFO] [stdout] 
[INFO] [stdout] ---- h1::payload::tests::uring_stream_payload stdout ----
[INFO] [stdout] thread 'h1::payload::tests::uring_stream_payload' panicked at src/h1/payload.rs:388:48:
[INFO] [stdout] Failed building the Runtime: Os { code: 1, kind: PermissionDenied, message: "Operation not permitted" }
[INFO] [stdout] stack backtrace:
[INFO] [stdout]    0:     0x64d70ba8ba5a - std::backtrace_rs::backtrace::libunwind::trace::h8810477743020387
[INFO] [stdout]                                at /rustc/202008a1b8de96d2e5b6bc02d379db03a877d34d/library/std/src/../../backtrace/src/backtrace/libunwind.rs:116:5
[INFO] [stdout]    1:     0x64d70ba8ba5a - std::backtrace_rs::backtrace::trace_unsynchronized::h3aa55355dd6c54a6
[INFO] [stdout]                                at /rustc/202008a1b8de96d2e5b6bc02d379db03a877d34d/library/std/src/../../backtrace/src/backtrace/mod.rs:66:5
[INFO] [stdout]    2:     0x64d70ba8ba5a - std::sys::backtrace::_print_fmt::h8588b0f62410823f
[INFO] [stdout]                                at /rustc/202008a1b8de96d2e5b6bc02d379db03a877d34d/library/std/src/sys/backtrace.rs:66:9
[INFO] [stdout]    3:     0x64d70ba8ba5a - <std::sys::backtrace::BacktraceLock::print::DisplayBacktrace as core::fmt::Display>::fmt::h98c26ac25ffe89bb
[INFO] [stdout]                                at /rustc/202008a1b8de96d2e5b6bc02d379db03a877d34d/library/std/src/sys/backtrace.rs:39:26
[INFO] [stdout]    4:     0x64d70bab1be3 - core::fmt::rt::Argument::fmt::hf95377f4aebd453b
[INFO] [stdout]                                at /rustc/202008a1b8de96d2e5b6bc02d379db03a877d34d/library/core/src/fmt/rt.rs:177:76
[INFO] [stdout]    5:     0x64d70bab1be3 - core::fmt::write::h0dd5f6e2238c7982
[INFO] [stdout]                                at /rustc/202008a1b8de96d2e5b6bc02d379db03a877d34d/library/core/src/fmt/mod.rs:1189:21
[INFO] [stdout]    6:     0x64d70ba88a03 - std::io::Write::write_fmt::h03bb0ca26e6faf8c
[INFO] [stdout]                                at /rustc/202008a1b8de96d2e5b6bc02d379db03a877d34d/library/std/src/io/mod.rs:1884:15
[INFO] [stdout]    7:     0x64d70ba8b8a2 - std::sys::backtrace::BacktraceLock::print::h5c19c1c038ee186d
[INFO] [stdout]                                at /rustc/202008a1b8de96d2e5b6bc02d379db03a877d34d/library/std/src/sys/backtrace.rs:42:9
[INFO] [stdout]    8:     0x64d70ba8cedd - std::panicking::default_hook::{{closure}}::h77172f079a1fcb13
[INFO] [stdout]                                at /rustc/202008a1b8de96d2e5b6bc02d379db03a877d34d/library/std/src/panicking.rs:268:22
[INFO] [stdout]    9:     0x64d70ba8cce7 - std::panicking::default_hook::he5f8e3b203ccddba
[INFO] [stdout]                                at /rustc/202008a1b8de96d2e5b6bc02d379db03a877d34d/library/std/src/panicking.rs:292:9
[INFO] [stdout]   10:     0x64d70b98a007 - <alloc::boxed::Box<F,A> as core::ops::function::Fn<Args>>::call::h7a3c7b4a1ae77f2f
[INFO] [stdout]                                at /rustc/202008a1b8de96d2e5b6bc02d379db03a877d34d/library/alloc/src/boxed.rs:1986:9
[INFO] [stdout]   11:     0x64d70b98a007 - test::test_main::{{closure}}::hf0d3b69ae9b353d1
[INFO] [stdout]                                at /rustc/202008a1b8de96d2e5b6bc02d379db03a877d34d/library/test/src/lib.rs:134:21
[INFO] [stdout]   12:     0x64d70ba8d588 - <alloc::boxed::Box<F,A> as core::ops::function::Fn<Args>>::call::h6332e82e7b189abd
[INFO] [stdout]                                at /rustc/202008a1b8de96d2e5b6bc02d379db03a877d34d/library/alloc/src/boxed.rs:1986:9
[INFO] [stdout]   13:     0x64d70ba8d588 - std::panicking::rust_panic_with_hook::h53863d4e9018df39
[INFO] [stdout]                                at /rustc/202008a1b8de96d2e5b6bc02d379db03a877d34d/library/std/src/panicking.rs:809:13
[INFO] [stdout]   14:     0x64d70ba8d34a - std::panicking::begin_panic_handler::{{closure}}::h67280e6fa0757873
[INFO] [stdout]                                at /rustc/202008a1b8de96d2e5b6bc02d379db03a877d34d/library/std/src/panicking.rs:674:13
[INFO] [stdout]   15:     0x64d70ba8bf39 - std::sys::backtrace::__rust_end_short_backtrace::h1dac3f54d6fbbeb2
[INFO] [stdout]                                at /rustc/202008a1b8de96d2e5b6bc02d379db03a877d34d/library/std/src/sys/backtrace.rs:170:18
[INFO] [stdout]   16:     0x64d70ba8cfdc - rust_begin_unwind
[INFO] [stdout]                                at /rustc/202008a1b8de96d2e5b6bc02d379db03a877d34d/library/std/src/panicking.rs:665:5
[INFO] [stdout]   17:     0x64d70b8400d0 - core::panicking::panic_fmt::h6792bd1b2bf01041
[INFO] [stdout]                                at /rustc/202008a1b8de96d2e5b6bc02d379db03a877d34d/library/core/src/panicking.rs:76:14
[INFO] [stdout]   18:     0x64d70b840576 - core::result::unwrap_failed::h05e0602ed34287c5
[INFO] [stdout]                                at /rustc/202008a1b8de96d2e5b6bc02d379db03a877d34d/library/core/src/result.rs:1699:5
[INFO] [stdout]   19:     0x64d70b89b3e1 - core::result::Result<T,E>::expect::h6e8a9f9ef26b63c6
[INFO] [stdout]                                at /rustc/202008a1b8de96d2e5b6bc02d379db03a877d34d/library/core/src/result.rs:1061:23
[INFO] [stdout]   20:     0x64d70b88f595 - monoio_http::h1::payload::tests::uring_stream_payload::h7995b659d77cba22
[INFO] [stdout]                                at /opt/rustwide/workdir/src/h1/payload.rs:388:9
[INFO] [stdout]   21:     0x64d70b88f4e7 - monoio_http::h1::payload::tests::uring_stream_payload::{{closure}}::h1cf79fcc07765d8e
[INFO] [stdout]                                at /opt/rustwide/workdir/src/h1/payload.rs:368:30
[INFO] [stdout]   22:     0x64d70b841bc6 - core::ops::function::FnOnce::call_once::h2afa74ad5228bfac
[INFO] [stdout]                                at /rustc/202008a1b8de96d2e5b6bc02d379db03a877d34d/library/core/src/ops/function.rs:250:5
[INFO] [stdout]   23:     0x64d70b98eb2b - core::ops::function::FnOnce::call_once::h871bf86719ec9aa4
[INFO] [stdout]                                at /rustc/202008a1b8de96d2e5b6bc02d379db03a877d34d/library/core/src/ops/function.rs:250:5
[INFO] [stdout]   24:     0x64d70b98eb2b - test::__rust_begin_short_backtrace::h2167df1e2b7d76fd
[INFO] [stdout]                                at /rustc/202008a1b8de96d2e5b6bc02d379db03a877d34d/library/test/src/lib.rs:632:18
[INFO] [stdout]   25:     0x64d70b98e518 - test::run_test_in_process::{{closure}}::h15d92f75a3adfb79
[INFO] [stdout]                                at /rustc/202008a1b8de96d2e5b6bc02d379db03a877d34d/library/test/src/lib.rs:655:60
[INFO] [stdout]   26:     0x64d70b98e518 - <core::panic::unwind_safe::AssertUnwindSafe<F> as core::ops::function::FnOnce<()>>::call_once::hb6c8955835a8dbbb
[INFO] [stdout]                                at /rustc/202008a1b8de96d2e5b6bc02d379db03a877d34d/library/core/src/panic/unwind_safe.rs:272:9
[INFO] [stdout]   27:     0x64d70b98e518 - std::panicking::try::do_call::hc79d0fc888a0bd30
[INFO] [stdout]                                at /rustc/202008a1b8de96d2e5b6bc02d379db03a877d34d/library/std/src/panicking.rs:557:40
[INFO] [stdout]   28:     0x64d70b98e518 - std::panicking::try::hb8a7878e3a8589d6
[INFO] [stdout]                                at /rustc/202008a1b8de96d2e5b6bc02d379db03a877d34d/library/std/src/panicking.rs:520:19
[INFO] [stdout]   29:     0x64d70b98e518 - std::panic::catch_unwind::hb8e4600ff0ff5cfa
[INFO] [stdout]                                at /rustc/202008a1b8de96d2e5b6bc02d379db03a877d34d/library/std/src/panic.rs:358:14
[INFO] [stdout]   30:     0x64d70b98e518 - test::run_test_in_process::hc2900b0b18688dd6
[INFO] [stdout]                                at /rustc/202008a1b8de96d2e5b6bc02d379db03a877d34d/library/test/src/lib.rs:655:27
[INFO] [stdout]   31:     0x64d70b98e518 - test::run_test::{{closure}}::hac2a9cb07be3d48d
[INFO] [stdout]                                at /rustc/202008a1b8de96d2e5b6bc02d379db03a877d34d/library/test/src/lib.rs:576:43
[INFO] [stdout]   32:     0x64d70b951fba - test::run_test::{{closure}}::h4a5b729e66a38cd8
[INFO] [stdout]                                at /rustc/202008a1b8de96d2e5b6bc02d379db03a877d34d/library/test/src/lib.rs:606:41
[INFO] [stdout]   33:     0x64d70b951fba - std::sys::backtrace::__rust_begin_short_backtrace::h0496fb742492f573
[INFO] [stdout]                                at /rustc/202008a1b8de96d2e5b6bc02d379db03a877d34d/library/std/src/sys/backtrace.rs:154:18
[INFO] [stdout]   34:     0x64d70b955934 - std::thread::Builder::spawn_unchecked_::{{closure}}::{{closure}}::hbb6d257c550a54bd
[INFO] [stdout]                                at /rustc/202008a1b8de96d2e5b6bc02d379db03a877d34d/library/std/src/thread/mod.rs:561:17
[INFO] [stdout]   35:     0x64d70b955934 - <core::panic::unwind_safe::AssertUnwindSafe<F> as core::ops::function::FnOnce<()>>::call_once::h46696fe4a6832328
[INFO] [stdout]                                at /rustc/202008a1b8de96d2e5b6bc02d379db03a877d34d/library/core/src/panic/unwind_safe.rs:272:9
[INFO] [stdout]   36:     0x64d70b955934 - std::panicking::try::do_call::h2625a51b667bfb64
[INFO] [stdout]                                at /rustc/202008a1b8de96d2e5b6bc02d379db03a877d34d/library/std/src/panicking.rs:557:40
[INFO] [stdout]   37:     0x64d70b955934 - std::panicking::try::hb956a59a1973aa4c
[INFO] [stdout]                                at /rustc/202008a1b8de96d2e5b6bc02d379db03a877d34d/library/std/src/panicking.rs:520:19
[INFO] [stdout]   38:     0x64d70b955934 - std::panic::catch_unwind::h64f3b9d1067ef6a0
[INFO] [stdout]                                at /rustc/202008a1b8de96d2e5b6bc02d379db03a877d34d/library/std/src/panic.rs:358:14
[INFO] [stdout]   39:     0x64d70b955934 - std::thread::Builder::spawn_unchecked_::{{closure}}::h42b2841295b6c0b2
[INFO] [stdout]                                at /rustc/202008a1b8de96d2e5b6bc02d379db03a877d34d/library/std/src/thread/mod.rs:559:30
[INFO] [stdout]   40:     0x64d70b955934 - core::ops::function::FnOnce::call_once{{vtable.shim}}::h6127de71b8124639
[INFO] [stdout]                                at /rustc/202008a1b8de96d2e5b6bc02d379db03a877d34d/library/core/src/ops/function.rs:250:5
[INFO] [stdout]   41:     0x64d70ba915db - <alloc::boxed::Box<F,A> as core::ops::function::FnOnce<Args>>::call_once::h42f0ba71002a1b2c
[INFO] [stdout]                                at /rustc/202008a1b8de96d2e5b6bc02d379db03a877d34d/library/alloc/src/boxed.rs:1972:9
[INFO] [stdout]   42:     0x64d70ba915db - <alloc::boxed::Box<F,A> as core::ops::function::FnOnce<Args>>::call_once::had9e47d7a3dcecb8
[INFO] [stdout]                                at /rustc/202008a1b8de96d2e5b6bc02d379db03a877d34d/library/alloc/src/boxed.rs:1972:9
[INFO] [stdout]   43:     0x64d70ba915db - std::sys::pal::unix::thread::Thread::new::thread_start::h48cf765408f6f5f2
[INFO] [stdout]                                at /rustc/202008a1b8de96d2e5b6bc02d379db03a877d34d/library/std/src/sys/pal/unix/thread.rs:105:17
[INFO] [stdout]   44:     0x7de815a04ac3 - <unknown>
[INFO] [stdout]   45:     0x7de815a95a04 - clone
[INFO] [stdout]   46:                0x0 - <unknown>
[INFO] [stdout] 
[INFO] [stdout] ---- h1::codec::decoder::tests::uring_decode_fixed_body_response stdout ----
[INFO] [stdout] thread 'h1::codec::decoder::tests::uring_decode_fixed_body_response' panicked at src/h1/codec/decoder.rs:878:48:
[INFO] [stdout] Failed building the Runtime: Os { code: 1, kind: PermissionDenied, message: "Operation not permitted" }
[INFO] [stdout] stack backtrace:
[INFO] [stdout]    0:     0x64d70ba8ba5a - std::backtrace_rs::backtrace::libunwind::trace::h8810477743020387
[INFO] [stdout]                                at /rustc/202008a1b8de96d2e5b6bc02d379db03a877d34d/library/std/src/../../backtrace/src/backtrace/libunwind.rs:116:5
[INFO] [stdout]    1:     0x64d70ba8ba5a - std::backtrace_rs::backtrace::trace_unsynchronized::h3aa55355dd6c54a6
[INFO] [stdout]                                at /rustc/202008a1b8de96d2e5b6bc02d379db03a877d34d/library/std/src/../../backtrace/src/backtrace/mod.rs:66:5
[INFO] [stdout]    2:     0x64d70ba8ba5a - std::sys::backtrace::_print_fmt::h8588b0f62410823f
[INFO] [stdout]                                at /rustc/202008a1b8de96d2e5b6bc02d379db03a877d34d/library/std/src/sys/backtrace.rs:66:9
[INFO] [stdout]    3:     0x64d70ba8ba5a - <std::sys::backtrace::BacktraceLock::print::DisplayBacktrace as core::fmt::Display>::fmt::h98c26ac25ffe89bb
[INFO] [stdout]                                at /rustc/202008a1b8de96d2e5b6bc02d379db03a877d34d/library/std/src/sys/backtrace.rs:39:26
[INFO] [stdout]    4:     0x64d70bab1be3 - core::fmt::rt::Argument::fmt::hf95377f4aebd453b
[INFO] [stdout]                                at /rustc/202008a1b8de96d2e5b6bc02d379db03a877d34d/library/core/src/fmt/rt.rs:177:76
[INFO] [stdout]    5:     0x64d70bab1be3 - core::fmt::write::h0dd5f6e2238c7982
[INFO] [stdout]                                at /rustc/202008a1b8de96d2e5b6bc02d379db03a877d34d/library/core/src/fmt/mod.rs:1189:21
[INFO] [stdout]    6:     0x64d70ba88a03 - std::io::Write::write_fmt::h03bb0ca26e6faf8c
[INFO] [stdout]                                at /rustc/202008a1b8de96d2e5b6bc02d379db03a877d34d/library/std/src/io/mod.rs:1884:15
[INFO] [stdout]    7:     0x64d70ba8b8a2 - std::sys::backtrace::BacktraceLock::print::h5c19c1c038ee186d
[INFO] [stdout]                                at /rustc/202008a1b8de96d2e5b6bc02d379db03a877d34d/library/std/src/sys/backtrace.rs:42:9
[INFO] [stdout]    8:     0x64d70ba8cedd - std::panicking::default_hook::{{closure}}::h77172f079a1fcb13
[INFO] [stdout]                                at /rustc/202008a1b8de96d2e5b6bc02d379db03a877d34d/library/std/src/panicking.rs:268:22
[INFO] [stdout]    9:     0x64d70ba8cce7 - std::panicking::default_hook::he5f8e3b203ccddba
[INFO] [stdout]                                at /rustc/202008a1b8de96d2e5b6bc02d379db03a877d34d/library/std/src/panicking.rs:292:9
[INFO] [stdout]   10:     0x64d70b98a007 - <alloc::boxed::Box<F,A> as core::ops::function::Fn<Args>>::call::h7a3c7b4a1ae77f2f
[INFO] [stdout]                                at /rustc/202008a1b8de96d2e5b6bc02d379db03a877d34d/library/alloc/src/boxed.rs:1986:9
[INFO] [stdout]   11:     0x64d70b98a007 - test::test_main::{{closure}}::hf0d3b69ae9b353d1
[INFO] [stdout]                                at /rustc/202008a1b8de96d2e5b6bc02d379db03a877d34d/library/test/src/lib.rs:134:21
[INFO] [stdout]   12:     0x64d70ba8d588 - <alloc::boxed::Box<F,A> as core::ops::function::Fn<Args>>::call::h6332e82e7b189abd
[INFO] [stdout]                                at /rustc/202008a1b8de96d2e5b6bc02d379db03a877d34d/library/alloc/src/boxed.rs:1986:9
[INFO] [stdout]   13:     0x64d70ba8d588 - std::panicking::rust_panic_with_hook::h53863d4e9018df39
[INFO] [stdout]                                at /rustc/202008a1b8de96d2e5b6bc02d379db03a877d34d/library/std/src/panicking.rs:809:13
[INFO] [stdout]   14:     0x64d70ba8d34a - std::panicking::begin_panic_handler::{{closure}}::h67280e6fa0757873
[INFO] [stdout]                                at /rustc/202008a1b8de96d2e5b6bc02d379db03a877d34d/library/std/src/panicking.rs:674:13
[INFO] [stdout]   15:     0x64d70ba8bf39 - std::sys::backtrace::__rust_end_short_backtrace::h1dac3f54d6fbbeb2
[INFO] [stdout]                                at /rustc/202008a1b8de96d2e5b6bc02d379db03a877d34d/library/std/src/sys/backtrace.rs:170:18
[INFO] [stdout]   16:     0x64d70ba8cfdc - rust_begin_unwind
[INFO] [stdout]                                at /rustc/202008a1b8de96d2e5b6bc02d379db03a877d34d/library/std/src/panicking.rs:665:5
[INFO] [stdout]   17:     0x64d70b8400d0 - core::panicking::panic_fmt::h6792bd1b2bf01041
[INFO] [stdout]                                at /rustc/202008a1b8de96d2e5b6bc02d379db03a877d34d/library/core/src/panicking.rs:76:14
[INFO] [stdout]   18:     0x64d70b840576 - core::result::unwrap_failed::h05e0602ed34287c5
[INFO] [stdout]                                at /rustc/202008a1b8de96d2e5b6bc02d379db03a877d34d/library/core/src/result.rs:1699:5
[INFO] [stdout]   19:     0x64d70b89b5c1 - core::result::Result<T,E>::expect::hcd048606025dce2e
[INFO] [stdout]                                at /rustc/202008a1b8de96d2e5b6bc02d379db03a877d34d/library/core/src/result.rs:1061:23
[INFO] [stdout]   20:     0x64d70b85eeb1 - monoio_http::h1::codec::decoder::tests::uring_decode_fixed_body_response::hc4853da838d973e2
[INFO] [stdout]                                at /opt/rustwide/workdir/src/h1/codec/decoder.rs:878:9
[INFO] [stdout]   21:     0x64d70b85ee07 - monoio_http::h1::codec::decoder::tests::uring_decode_fixed_body_response::{{closure}}::h37239db77bec4a42
[INFO] [stdout]                                at /opt/rustwide/workdir/src/h1/codec/decoder.rs:865:42
[INFO] [stdout]   22:     0x64d70b843876 - core::ops::function::FnOnce::call_once::h5f252a8538146a74
[INFO] [stdout]                                at /rustc/202008a1b8de96d2e5b6bc02d379db03a877d34d/library/core/src/ops/function.rs:250:5
[INFO] [stdout]   23:     0x64d70b98eb2b - core::ops::function::FnOnce::call_once::h871bf86719ec9aa4
[INFO] [stdout]                                at /rustc/202008a1b8de96d2e5b6bc02d379db03a877d34d/library/core/src/ops/function.rs:250:5
[INFO] [stdout]   24:     0x64d70b98eb2b - test::__rust_begin_short_backtrace::h2167df1e2b7d76fd
[INFO] [stdout]                                at /rustc/202008a1b8de96d2e5b6bc02d379db03a877d34d/library/test/src/lib.rs:632:18
[INFO] [stdout]   25:     0x64d70b98e518 - test::run_test_in_process::{{closure}}::h15d92f75a3adfb79
[INFO] [stdout]                                at /rustc/202008a1b8de96d2e5b6bc02d379db03a877d34d/library/test/src/lib.rs:655:60
[INFO] [stdout]   26:     0x64d70b98e518 - <core::panic::unwind_safe::AssertUnwindSafe<F> as core::ops::function::FnOnce<()>>::call_once::hb6c8955835a8dbbb
[INFO] [stdout]                                at /rustc/202008a1b8de96d2e5b6bc02d379db03a877d34d/library/core/src/panic/unwind_safe.rs:272:9
[INFO] [stdout]   27:     0x64d70b98e518 - std::panicking::try::do_call::hc79d0fc888a0bd30
[INFO] [stdout]                                at /rustc/202008a1b8de96d2e5b6bc02d379db03a877d34d/library/std/src/panicking.rs:557:40
[INFO] [stdout]   28:     0x64d70b98e518 - std::panicking::try::hb8a7878e3a8589d6
[INFO] [stdout]                                at /rustc/202008a1b8de96d2e5b6bc02d379db03a877d34d/library/std/src/panicking.rs:520:19
[INFO] [stdout]   29:     0x64d70b98e518 - std::panic::catch_unwind::hb8e4600ff0ff5cfa
[INFO] [stdout]                                at /rustc/202008a1b8de96d2e5b6bc02d379db03a877d34d/library/std/src/panic.rs:358:14
[INFO] [stdout]   30:     0x64d70b98e518 - test::run_test_in_process::hc2900b0b18688dd6
[INFO] [stdout]                                at /rustc/202008a1b8de96d2e5b6bc02d379db03a877d34d/library/test/src/lib.rs:655:27
[INFO] [stdout]   31:     0x64d70b98e518 - test::run_test::{{closure}}::hac2a9cb07be3d48d
[INFO] [stdout]                                at /rustc/202008a1b8de96d2e5b6bc02d379db03a877d34d/library/test/src/lib.rs:576:43
[INFO] [stdout]   32:     0x64d70b951fba - test::run_test::{{closure}}::h4a5b729e66a38cd8
[INFO] [stdout]                                at /rustc/202008a1b8de96d2e5b6bc02d379db03a877d34d/library/test/src/lib.rs:606:41
[INFO] [stdout]   33:     0x64d70b951fba - std::sys::backtrace::__rust_begin_short_backtrace::h0496fb742492f573
[INFO] [stdout]                                at /rustc/202008a1b8de96d2e5b6bc02d379db03a877d34d/library/std/src/sys/backtrace.rs:154:18
[INFO] [stdout]   34:     0x64d70b955934 - std::thread::Builder::spawn_unchecked_::{{closure}}::{{closure}}::hbb6d257c550a54bd
[INFO] [stdout]                                at /rustc/202008a1b8de96d2e5b6bc02d379db03a877d34d/library/std/src/thread/mod.rs:561:17
[INFO] [stdout]   35:     0x64d70b955934 - <core::panic::unwind_safe::AssertUnwindSafe<F> as core::ops::function::FnOnce<()>>::call_once::h46696fe4a6832328
[INFO] [stdout]                                at /rustc/202008a1b8de96d2e5b6bc02d379db03a877d34d/library/core/src/panic/unwind_safe.rs:272:9
[INFO] [stdout]   36:     0x64d70b955934 - std::panicking::try::do_call::h2625a51b667bfb64
[INFO] [stdout]                                at /rustc/202008a1b8de96d2e5b6bc02d379db03a877d34d/library/std/src/panicking.rs:557:40
[INFO] [stdout]   37:     0x64d70b955934 - std::panicking::try::hb956a59a1973aa4c
[INFO] [stdout]                                at /rustc/202008a1b8de96d2e5b6bc02d379db03a877d34d/library/std/src/panicking.rs:520:19
[INFO] [stdout]   38:     0x64d70b955934 - std::panic::catch_unwind::h64f3b9d1067ef6a0
[INFO] [stdout]                                at /rustc/202008a1b8de96d2e5b6bc02d379db03a877d34d/library/std/src/panic.rs:358:14
[INFO] [stdout]   39:     0x64d70b955934 - std::thread::Builder::spawn_unchecked_::{{closure}}::h42b2841295b6c0b2
[INFO] [stdout]                                at /rustc/202008a1b8de96d2e5b6bc02d379db03a877d34d/library/std/src/thread/mod.rs:559:30
[INFO] [stdout]   40:     0x64d70b955934 - core::ops::function::FnOnce::call_once{{vtable.shim}}::h6127de71b8124639
[INFO] [stdout]                                at /rustc/202008a1b8de96d2e5b6bc02d379db03a877d34d/library/core/src/ops/function.rs:250:5
[INFO] [stdout]   41:     0x64d70ba915db - <alloc::boxed::Box<F,A> as core::ops::function::FnOnce<Args>>::call_once::h42f0ba71002a1b2c
[INFO] [stdout]                                at /rustc/202008a1b8de96d2e5b6bc02d379db03a877d34d/library/alloc/src/boxed.rs:1972:9
[INFO] [stdout]   42:     0x64d70ba915db - <alloc::boxed::Box<F,A> as core::ops::function::FnOnce<Args>>::call_once::had9e47d7a3dcecb8
[INFO] [stdout]                                at /rustc/202008a1b8de96d2e5b6bc02d379db03a877d34d/library/alloc/src/boxed.rs:1972:9
[INFO] [stdout]   43:     0x64d70ba915db - std::sys::pal::unix::thread::Thread::new::thread_start::h48cf765408f6f5f2
[INFO] [stdout]                                at /rustc/202008a1b8de96d2e5b6bc02d379db03a877d34d/library/std/src/sys/pal/unix/thread.rs:105:17
[INFO] [stdout]   44:     0x7de815a04ac3 - <unknown>
[INFO] [stdout]   45:     0x7de815a95a04 - clone
[INFO] [stdout]   46:                0x0 - <unknown>
[INFO] [stdout] 
[INFO] [stdout] ---- util::spsc::tests::uring_send_recv stdout ----
[INFO] [stdout] thread 'util::spsc::tests::uring_send_recv' panicked at src/util/spsc.rs:237:46:
[INFO] [stdout] Failed building the Runtime: Os { code: 1, kind: PermissionDenied, message: "Operation not permitted" }
[INFO] [stdout] stack backtrace:
[INFO] [stdout]    0:     0x64d70ba8ba5a - std::backtrace_rs::backtrace::libunwind::trace::h8810477743020387
[INFO] [stdout]                                at /rustc/202008a1b8de96d2e5b6bc02d379db03a877d34d/library/std/src/../../backtrace/src/backtrace/libunwind.rs:116:5
[INFO] [stdout]    1:     0x64d70ba8ba5a - std::backtrace_rs::backtrace::trace_unsynchronized::h3aa55355dd6c54a6
[INFO] [stdout]                                at /rustc/202008a1b8de96d2e5b6bc02d379db03a877d34d/library/std/src/../../backtrace/src/backtrace/mod.rs:66:5
[INFO] [stdout]    2:     0x64d70ba8ba5a - std::sys::backtrace::_print_fmt::h8588b0f62410823f
[INFO] [stdout]                                at /rustc/202008a1b8de96d2e5b6bc02d379db03a877d34d/library/std/src/sys/backtrace.rs:66:9
[INFO] [stdout]    3:     0x64d70ba8ba5a - <std::sys::backtrace::BacktraceLock::print::DisplayBacktrace as core::fmt::Display>::fmt::h98c26ac25ffe89bb
[INFO] [stdout]                                at /rustc/202008a1b8de96d2e5b6bc02d379db03a877d34d/library/std/src/sys/backtrace.rs:39:26
[INFO] [stdout]    4:     0x64d70bab1be3 - core::fmt::rt::Argument::fmt::hf95377f4aebd453b
[INFO] [stdout]                                at /rustc/202008a1b8de96d2e5b6bc02d379db03a877d34d/library/core/src/fmt/rt.rs:177:76
[INFO] [stdout]    5:     0x64d70bab1be3 - core::fmt::write::h0dd5f6e2238c7982
[INFO] [stdout]                                at /rustc/202008a1b8de96d2e5b6bc02d379db03a877d34d/library/core/src/fmt/mod.rs:1189:21
[INFO] [stdout]    6:     0x64d70ba88a03 - std::io::Write::write_fmt::h03bb0ca26e6faf8c
[INFO] [stdout]                                at /rustc/202008a1b8de96d2e5b6bc02d379db03a877d34d/library/std/src/io/mod.rs:1884:15
[INFO] [stdout]    7:     0x64d70ba8b8a2 - std::sys::backtrace::BacktraceLock::print::h5c19c1c038ee186d
[INFO] [stdout]                                at /rustc/202008a1b8de96d2e5b6bc02d379db03a877d34d/library/std/src/sys/backtrace.rs:42:9
[INFO] [stdout]    8:     0x64d70ba8cedd - std::panicking::default_hook::{{closure}}::h77172f079a1fcb13
[INFO] [stdout]                                at /rustc/202008a1b8de96d2e5b6bc02d379db03a877d34d/library/std/src/panicking.rs:268:22
[INFO] [stdout]    9:     0x64d70ba8cce7 - std::panicking::default_hook::he5f8e3b203ccddba
[INFO] [stdout]                                at /rustc/202008a1b8de96d2e5b6bc02d379db03a877d34d/library/std/src/panicking.rs:292:9
[INFO] [stdout]   10:     0x64d70b98a007 - <alloc::boxed::Box<F,A> as core::ops::function::Fn<Args>>::call::h7a3c7b4a1ae77f2f
[INFO] [stdout]                                at /rustc/202008a1b8de96d2e5b6bc02d379db03a877d34d/library/alloc/src/boxed.rs:1986:9
[INFO] [stdout]   11:     0x64d70b98a007 - test::test_main::{{closure}}::hf0d3b69ae9b353d1
[INFO] [stdout]                                at /rustc/202008a1b8de96d2e5b6bc02d379db03a877d34d/library/test/src/lib.rs:134:21
[INFO] [stdout]   12:     0x64d70ba8d588 - <alloc::boxed::Box<F,A> as core::ops::function::Fn<Args>>::call::h6332e82e7b189abd
[INFO] [stdout]                                at /rustc/202008a1b8de96d2e5b6bc02d379db03a877d34d/library/alloc/src/boxed.rs:1986:9
[INFO] [stdout]   13:     0x64d70ba8d588 - std::panicking::rust_panic_with_hook::h53863d4e9018df39
[INFO] [stdout]                                at /rustc/202008a1b8de96d2e5b6bc02d379db03a877d34d/library/std/src/panicking.rs:809:13
[INFO] [stdout]   14:     0x64d70ba8d34a - std::panicking::begin_panic_handler::{{closure}}::h67280e6fa0757873
[INFO] [stdout]                                at /rustc/202008a1b8de96d2e5b6bc02d379db03a877d34d/library/std/src/panicking.rs:674:13
[INFO] [stdout]   15:     0x64d70ba8bf39 - std::sys::backtrace::__rust_end_short_backtrace::h1dac3f54d6fbbeb2
[INFO] [stdout]                                at /rustc/202008a1b8de96d2e5b6bc02d379db03a877d34d/library/std/src/sys/backtrace.rs:170:18
[INFO] [stdout]   16:     0x64d70ba8cfdc - rust_begin_unwind
[INFO] [stdout]                                at /rustc/202008a1b8de96d2e5b6bc02d379db03a877d34d/library/std/src/panicking.rs:665:5
[INFO] [stdout]   17:     0x64d70b8400d0 - core::panicking::panic_fmt::h6792bd1b2bf01041
[INFO] [stdout]                                at /rustc/202008a1b8de96d2e5b6bc02d379db03a877d34d/library/core/src/panicking.rs:76:14
[INFO] [stdout]   18:     0x64d70b840576 - core::result::unwrap_failed::h05e0602ed34287c5
[INFO] [stdout]                                at /rustc/202008a1b8de96d2e5b6bc02d379db03a877d34d/library/core/src/result.rs:1699:5
[INFO] [stdout]   19:     0x64d70b89b5c1 - core::result::Result<T,E>::expect::hcd048606025dce2e
[INFO] [stdout]                                at /rustc/202008a1b8de96d2e5b6bc02d379db03a877d34d/library/core/src/result.rs:1061:23
[INFO] [stdout]   20:     0x64d70b8ed718 - monoio_http::util::spsc::tests::uring_send_recv::hfdda33128f57f5a3
[INFO] [stdout]                                at /opt/rustwide/workdir/src/util/spsc.rs:237:9
[INFO] [stdout]   21:     0x64d70b8ed687 - monoio_http::util::spsc::tests::uring_send_recv::{{closure}}::h35eeb941994ab11f
[INFO] [stdout]                                at /opt/rustwide/workdir/src/util/spsc.rs:232:25
[INFO] [stdout]   22:     0x64d70b842226 - core::ops::function::FnOnce::call_once::h3441bc1ff5ae61b0
[INFO] [stdout]                                at /rustc/202008a1b8de96d2e5b6bc02d379db03a877d34d/library/core/src/ops/function.rs:250:5
[INFO] [stdout]   23:     0x64d70b98eb2b - core::ops::function::FnOnce::call_once::h871bf86719ec9aa4
[INFO] [stdout]                                at /rustc/202008a1b8de96d2e5b6bc02d379db03a877d34d/library/core/src/ops/function.rs:250:5
[INFO] [stdout]   24:     0x64d70b98eb2b - test::__rust_begin_short_backtrace::h2167df1e2b7d76fd
[INFO] [stdout]                                at /rustc/202008a1b8de96d2e5b6bc02d379db03a877d34d/library/test/src/lib.rs:632:18
[INFO] [stdout]   25:     0x64d70b98e518 - test::run_test_in_process::{{closure}}::h15d92f75a3adfb79
[INFO] [stdout]                                at /rustc/202008a1b8de96d2e5b6bc02d379db03a877d34d/library/test/src/lib.rs:655:60
[INFO] [stdout]   26:     0x64d70b98e518 - <core::panic::unwind_safe::AssertUnwindSafe<F> as core::ops::function::FnOnce<()>>::call_once::hb6c8955835a8dbbb
[INFO] [stdout]                                at /rustc/202008a1b8de96d2e5b6bc02d379db03a877d34d/library/core/src/panic/unwind_safe.rs:272:9
[INFO] [stdout]   27:     0x64d70b98e518 - std::panicking::try::do_call::hc79d0fc888a0bd30
[INFO] [stdout]                                at /rustc/202008a1b8de96d2e5b6bc02d379db03a877d34d/library/std/src/panicking.rs:557:40
[INFO] [stdout]   28:     0x64d70b98e518 - std::panicking::try::hb8a7878e3a8589d6
[INFO] [stdout]                                at /rustc/202008a1b8de96d2e5b6bc02d379db03a877d34d/library/std/src/panicking.rs:520:19
[INFO] [stdout]   29:     0x64d70b98e518 - std::panic::catch_unwind::hb8e4600ff0ff5cfa
[INFO] [stdout]                                at /rustc/202008a1b8de96d2e5b6bc02d379db03a877d34d/library/std/src/panic.rs:358:14
[INFO] [stdout]   30:     0x64d70b98e518 - test::run_test_in_process::hc2900b0b18688dd6
[INFO] [stdout]                                at /rustc/202008a1b8de96d2e5b6bc02d379db03a877d34d/library/test/src/lib.rs:655:27
[INFO] [stdout]   31:     0x64d70b98e518 - test::run_test::{{closure}}::hac2a9cb07be3d48d
[INFO] [stdout]                                at /rustc/202008a1b8de96d2e5b6bc02d379db03a877d34d/library/test/src/lib.rs:576:43
[INFO] [stdout]   32:     0x64d70b951fba - test::run_test::{{closure}}::h4a5b729e66a38cd8
[INFO] [stdout]                                at /rustc/202008a1b8de96d2e5b6bc02d379db03a877d34d/library/test/src/lib.rs:606:41
[INFO] [stdout]   33:     0x64d70b951fba - std::sys::backtrace::__rust_begin_short_backtrace::h0496fb742492f573
[INFO] [stdout]                                at /rustc/202008a1b8de96d2e5b6bc02d379db03a877d34d/library/std/src/sys/backtrace.rs:154:18
[INFO] [stdout]   34:     0x64d70b955934 - std::thread::Builder::spawn_unchecked_::{{closure}}::{{closure}}::hbb6d257c550a54bd
[INFO] [stdout]                                at /rustc/202008a1b8de96d2e5b6bc02d379db03a877d34d/library/std/src/thread/mod.rs:561:17
[INFO] [stdout]   35:     0x64d70b955934 - <core::panic::unwind_safe::AssertUnwindSafe<F> as core::ops::function::FnOnce<()>>::call_once::h46696fe4a6832328
[INFO] [stdout]                                at /rustc/202008a1b8de96d2e5b6bc02d379db03a877d34d/library/core/src/panic/unwind_safe.rs:272:9
[INFO] [stdout]   36:     0x64d70b955934 - std::panicking::try::do_call::h2625a51b667bfb64
[INFO] [stdout]                                at /rustc/202008a1b8de96d2e5b6bc02d379db03a877d34d/library/std/src/panicking.rs:557:40
[INFO] [stdout]   37:     0x64d70b955934 - std::panicking::try::hb956a59a1973aa4c
[INFO] [stdout]                                at /rustc/202008a1b8de96d2e5b6bc02d379db03a877d34d/library/std/src/panicking.rs:520:19
[INFO] [stdout]   38:     0x64d70b955934 - std::panic::catch_unwind::h64f3b9d1067ef6a0
[INFO] [stdout]                                at /rustc/202008a1b8de96d2e5b6bc02d379db03a877d34d/library/std/src/panic.rs:358:14
[INFO] [stdout]   39:     0x64d70b955934 - std::thread::Builder::spawn_unchecked_::{{closure}}::h42b2841295b6c0b2
[INFO] [stdout]                                at /rustc/202008a1b8de96d2e5b6bc02d379db03a877d34d/library/std/src/thread/mod.rs:559:30
[INFO] [stdout]   40:     0x64d70b955934 - core::ops::function::FnOnce::call_once{{vtable.shim}}::h6127de71b8124639
[INFO] [stdout]                                at /rustc/202008a1b8de96d2e5b6bc02d379db03a877d34d/library/core/src/ops/function.rs:250:5
[INFO] [stdout]   41:     0x64d70ba915db - <alloc::boxed::Box<F,A> as core::ops::function::FnOnce<Args>>::call_once::h42f0ba71002a1b2c
[INFO] [stdout]                                at /rustc/202008a1b8de96d2e5b6bc02d379db03a877d34d/library/alloc/src/boxed.rs:1972:9
[INFO] [stdout]   42:     0x64d70ba915db - <alloc::boxed::Box<F,A> as core::ops::function::FnOnce<Args>>::call_once::had9e47d7a3dcecb8
[INFO] [stdout]                                at /rustc/202008a1b8de96d2e5b6bc02d379db03a877d34d/library/alloc/src/boxed.rs:1972:9
[INFO] [stdout]   43:     0x64d70ba915db - std::sys::pal::unix::thread::Thread::new::thread_start::h48cf765408f6f5f2
[INFO] [stdout]                                at /rustc/202008a1b8de96d2e5b6bc02d379db03a877d34d/library/std/src/sys/pal/unix/thread.rs:105:17
[INFO] [stdout]   44:     0x7de815a04ac3 - <unknown>
[INFO] [stdout]   45:     0x7de815a95a04 - clone
[INFO] [stdout]   46:                0x0 - <unknown>
[INFO] [stdout] 
[INFO] [stdout] 
[INFO] [stdout] failures:
[INFO] [stdout]     h1::codec::decoder::tests::uring_decode_chunked_request
[INFO] [stdout]     h1::codec::decoder::tests::uring_decode_chunked_response
[INFO] [stdout]     h1::codec::decoder::tests::uring_decode_fixed_body_request
[INFO] [stdout]     h1::codec::decoder::tests::uring_decode_fixed_body_response
[INFO] [stdout]     h1::codec::decoder::tests::uring_decode_request_without_body
[INFO] [stdout]     h1::codec::decoder::tests::uring_decode_response_without_body
[INFO] [stdout]     h1::payload::tests::uring_fixed_payload
[INFO] [stdout]     h1::payload::tests::uring_stream_payload
[INFO] [stdout]     util::spsc::tests::uring_send_recv
[INFO] [stdout] 
[INFO] [stdout] test result: FAILED. 432 passed; 9 failed; 1 ignored; 0 measured; 0 filtered out; finished in 31.86s
[INFO] [stdout] 
[INFO] [stderr] error: test failed, to rerun pass `--lib`
[INFO] running `Command { std: "docker" "inspect" "1cd2d11f9f20bc7392aa66a002bb7cc4e9ed813bc39bcf0e41aa1982873ebe6a", kill_on_drop: false }`
[INFO] running `Command { std: "docker" "rm" "-f" "1cd2d11f9f20bc7392aa66a002bb7cc4e9ed813bc39bcf0e41aa1982873ebe6a", kill_on_drop: false }`
[INFO] [stdout] 1cd2d11f9f20bc7392aa66a002bb7cc4e9ed813bc39bcf0e41aa1982873ebe6a
