[INFO] fetching crate molt-forked 0.4.5...
[INFO] testing molt-forked-0.4.5 against 1.83.0 for beta-1.84.0-4-retry
[INFO] extracting crate molt-forked 0.4.5 into /workspace/builds/worker-2-tc1/source
[INFO] validating manifest of crates.io crate molt-forked 0.4.5 on toolchain 1.83.0
[INFO] running `Command { std: CARGO_HOME="/workspace/cargo-home" RUSTUP_HOME="/workspace/rustup-home" "/workspace/cargo-home/bin/cargo" "+1.83.0" "metadata" "--manifest-path" "Cargo.toml" "--no-deps", kill_on_drop: false }`
[INFO] started tweaking crates.io crate molt-forked 0.4.5
[INFO] finished tweaking crates.io crate molt-forked 0.4.5
[INFO] tweaked toml for crates.io crate molt-forked 0.4.5 written to /workspace/builds/worker-2-tc1/source/Cargo.toml
[INFO] running `Command { std: CARGO_HOME="/workspace/cargo-home" RUSTUP_HOME="/workspace/rustup-home" "/workspace/cargo-home/bin/cargo" "+1.83.0" "generate-lockfile" "--manifest-path" "Cargo.toml", kill_on_drop: false }`
[INFO] [stderr]     Updating crates.io index
[INFO] [stderr]     Blocking waiting for file lock on package cache
[INFO] [stderr]      Locking 46 packages to latest compatible versions
[INFO] running `Command { std: CARGO_HOME="/workspace/cargo-home" RUSTUP_HOME="/workspace/rustup-home" "/workspace/cargo-home/bin/cargo" "+1.83.0" "fetch" "--manifest-path" "Cargo.toml", kill_on_drop: false }`
[INFO] [stderr]     Blocking waiting for file lock on package cache
[INFO] [stderr]     Blocking waiting for file lock on package cache
[INFO] running `Command { std: "docker" "create" "-v" "/var/lib/crater-agent-workspace/builds/worker-2-tc1/target:/opt/rustwide/target:rw,Z" "-v" "/var/lib/crater-agent-workspace/builds/worker-2-tc1/source:/opt/rustwide/workdir:ro,Z" "-v" "/var/lib/crater-agent-workspace/cargo-home:/opt/rustwide/cargo-home:ro,Z" "-v" "/var/lib/crater-agent-workspace/rustup-home:/opt/rustwide/rustup-home:ro,Z" "-e" "SOURCE_DIR=/opt/rustwide/workdir" "-e" "CARGO_TARGET_DIR=/opt/rustwide/target" "-e" "CARGO_HOME=/opt/rustwide/cargo-home" "-e" "RUSTUP_HOME=/opt/rustwide/rustup-home" "-w" "/opt/rustwide/workdir" "-m" "1610612736" "--user" "0:0" "--network" "none" "ghcr.io/rust-lang/crates-build-env/linux@sha256:f3a9d4ad9d972b27faf3965f35b62e55ba32bbce8f20bc8fe909558a86702fde" "/opt/rustwide/cargo-home/bin/cargo" "+1.83.0" "metadata" "--no-deps" "--format-version=1", kill_on_drop: false }`
[INFO] [stdout] 74b02bba460189071f9a640c3f4573ef34f7a23c8a354b979e8ef98d6b40b5a4
[INFO] running `Command { std: "docker" "start" "-a" "74b02bba460189071f9a640c3f4573ef34f7a23c8a354b979e8ef98d6b40b5a4", kill_on_drop: false }`
[INFO] running `Command { std: "docker" "inspect" "74b02bba460189071f9a640c3f4573ef34f7a23c8a354b979e8ef98d6b40b5a4", kill_on_drop: false }`
[INFO] running `Command { std: "docker" "rm" "-f" "74b02bba460189071f9a640c3f4573ef34f7a23c8a354b979e8ef98d6b40b5a4", kill_on_drop: false }`
[INFO] [stdout] 74b02bba460189071f9a640c3f4573ef34f7a23c8a354b979e8ef98d6b40b5a4
[INFO] running `Command { std: "docker" "create" "-v" "/var/lib/crater-agent-workspace/builds/worker-2-tc1/target:/opt/rustwide/target:rw,Z" "-v" "/var/lib/crater-agent-workspace/builds/worker-2-tc1/source:/opt/rustwide/workdir:ro,Z" "-v" "/var/lib/crater-agent-workspace/cargo-home:/opt/rustwide/cargo-home:ro,Z" "-v" "/var/lib/crater-agent-workspace/rustup-home:/opt/rustwide/rustup-home:ro,Z" "-e" "SOURCE_DIR=/opt/rustwide/workdir" "-e" "CARGO_TARGET_DIR=/opt/rustwide/target" "-e" "CARGO_INCREMENTAL=0" "-e" "RUST_BACKTRACE=full" "-e" "RUSTFLAGS=--cap-lints=warn" "-e" "RUSTDOCFLAGS=--cap-lints=warn" "-e" "CARGO_HOME=/opt/rustwide/cargo-home" "-e" "RUSTUP_HOME=/opt/rustwide/rustup-home" "-w" "/opt/rustwide/workdir" "-m" "1610612736" "--user" "0:0" "--network" "none" "ghcr.io/rust-lang/crates-build-env/linux@sha256:f3a9d4ad9d972b27faf3965f35b62e55ba32bbce8f20bc8fe909558a86702fde" "/opt/rustwide/cargo-home/bin/cargo" "+1.83.0" "build" "--frozen" "--message-format=json", kill_on_drop: false }`
[INFO] [stdout] 409368c3935835fc17e589321ecf4d9ba260f77dee5a83bc4c93387369c093a5
[INFO] running `Command { std: "docker" "start" "-a" "409368c3935835fc17e589321ecf4d9ba260f77dee5a83bc4c93387369c093a5", kill_on_drop: false }`
[INFO] [stderr]    Compiling hashbrown v0.15.2
[INFO] [stderr]    Compiling equivalent v1.0.1
[INFO] [stderr]    Compiling cfg-if v1.0.0
[INFO] [stderr]    Compiling indexmap v2.7.0
[INFO] [stderr]    Compiling molt-forked v0.4.5 (/opt/rustwide/workdir)
[INFO] [stdout] warning: unused variable: `interp`
[INFO] [stdout]    --> src/commands.rs:955:22
[INFO] [stdout]     |
[INFO] [stdout] 955 | pub fn cmd_puts<Ctx>(interp: &mut Interp<Ctx>, argv: &[Value]) -> MoltResult {
[INFO] [stdout]     |                      ^^^^^^ help: if this is intentional, prefix it with an underscore: `_interp`
[INFO] [stdout]     |
[INFO] [stdout]     = note: `#[warn(unused_variables)]` on by default
[INFO] [stdout] 
[INFO] [stdout] 
[INFO] [stdout] warning: unused variable: `e`
[INFO] [stdout]    --> src/interp.rs:895:36
[INFO] [stdout]     |
[INFO] [stdout] 895 |                         if let Err(e) = result_value {
[INFO] [stdout]     |                                    ^ help: if this is intentional, prefix it with an underscore: `_e`
[INFO] [stdout] 
[INFO] [stdout] 
[INFO] [stdout] warning: unused variable: `e`
[INFO] [stdout]    --> src/interp.rs:918:24
[INFO] [stdout]     |
[INFO] [stdout] 918 |             if let Err(e) = result_value {
[INFO] [stdout]     |                        ^ help: if this is intentional, prefix it with an underscore: `_e`
[INFO] [stdout] 
[INFO] [stdout] 
[INFO] [stdout] warning: function `cmd_todo` is never used
[INFO] [stdout]     --> src/commands.rs:1168:8
[INFO] [stdout]      |
[INFO] [stdout] 1168 | pub fn cmd_todo<Ctx>(_interp: &mut Interp<Ctx>, _argv: &[Value]) -> MoltResult {
[INFO] [stdout]      |        ^^^^^^^^
[INFO] [stdout]      |
[INFO] [stdout]      = note: `#[warn(dead_code)]` on by default
[INFO] [stdout] 
[INFO] [stdout] 
[INFO] [stdout] warning: method `slice` is never used
[INFO] [stdout]    --> src/util.rs:183:8
[INFO] [stdout]     |
[INFO] [stdout] 181 | pub(crate) trait StringUtils {
[INFO] [stdout]     |                  ----------- method in this trait
[INFO] [stdout] 182 |     fn substring(&self, start: usize, len: usize) -> &str;
[INFO] [stdout] 183 |     fn slice(&self, range: impl RangeBounds<usize>) -> &str;
[INFO] [stdout]     |        ^^^^^
[INFO] [stdout] 
[INFO] [stdout] 
[INFO] [stdout] warning: methods `as_any`, `as_any_mut`, and `into_any` are never used
[INFO] [stdout]     --> src/value.rs:1103:8
[INFO] [stdout]      |
[INFO] [stdout] 1102 | trait MoltAny: Any + Display + Debug {
[INFO] [stdout]      |       ------- methods in this trait
[INFO] [stdout] 1103 |     fn as_any(&self) -> &dyn Any;
[INFO] [stdout]      |        ^^^^^^
[INFO] [stdout] 1104 |     fn as_any_mut(&mut self) -> &mut dyn Any;
[INFO] [stdout]      |        ^^^^^^^^^^
[INFO] [stdout] 1105 |     fn into_any(self: Box<Self>) -> Box<dyn Any>;
[INFO] [stdout]      |        ^^^^^^^^
[INFO] [stdout] 
[INFO] [stdout] 
[INFO] [stderr]     Finished `dev` profile [unoptimized + debuginfo] target(s) in 3.69s
[INFO] running `Command { std: "docker" "inspect" "409368c3935835fc17e589321ecf4d9ba260f77dee5a83bc4c93387369c093a5", kill_on_drop: false }`
[INFO] running `Command { std: "docker" "rm" "-f" "409368c3935835fc17e589321ecf4d9ba260f77dee5a83bc4c93387369c093a5", kill_on_drop: false }`
[INFO] [stdout] 409368c3935835fc17e589321ecf4d9ba260f77dee5a83bc4c93387369c093a5
[INFO] running `Command { std: "docker" "create" "-v" "/var/lib/crater-agent-workspace/builds/worker-2-tc1/target:/opt/rustwide/target:rw,Z" "-v" "/var/lib/crater-agent-workspace/builds/worker-2-tc1/source:/opt/rustwide/workdir:ro,Z" "-v" "/var/lib/crater-agent-workspace/cargo-home:/opt/rustwide/cargo-home:ro,Z" "-v" "/var/lib/crater-agent-workspace/rustup-home:/opt/rustwide/rustup-home:ro,Z" "-e" "SOURCE_DIR=/opt/rustwide/workdir" "-e" "CARGO_TARGET_DIR=/opt/rustwide/target" "-e" "CARGO_INCREMENTAL=0" "-e" "RUST_BACKTRACE=full" "-e" "RUSTFLAGS=--cap-lints=warn" "-e" "RUSTDOCFLAGS=--cap-lints=warn" "-e" "CARGO_HOME=/opt/rustwide/cargo-home" "-e" "RUSTUP_HOME=/opt/rustwide/rustup-home" "-w" "/opt/rustwide/workdir" "-m" "1610612736" "--user" "0:0" "--network" "none" "ghcr.io/rust-lang/crates-build-env/linux@sha256:f3a9d4ad9d972b27faf3965f35b62e55ba32bbce8f20bc8fe909558a86702fde" "/opt/rustwide/cargo-home/bin/cargo" "+1.83.0" "test" "--frozen" "--no-run" "--message-format=json", kill_on_drop: false }`
[INFO] [stdout] 47551b702fb090d61d27db8a3246bb884901520ceffeb96d8bf9c3c61325b14a
[INFO] running `Command { std: "docker" "start" "-a" "47551b702fb090d61d27db8a3246bb884901520ceffeb96d8bf9c3c61325b14a", kill_on_drop: false }`
[INFO] [stderr]    Compiling molt-forked v0.4.5 (/opt/rustwide/workdir)
[INFO] [stdout] warning: unused variable: `interp`
[INFO] [stdout]    --> src/commands.rs:955:22
[INFO] [stdout]     |
[INFO] [stdout] 955 | pub fn cmd_puts<Ctx>(interp: &mut Interp<Ctx>, argv: &[Value]) -> MoltResult {
[INFO] [stdout]     |                      ^^^^^^ help: if this is intentional, prefix it with an underscore: `_interp`
[INFO] [stdout]     |
[INFO] [stdout]     = note: `#[warn(unused_variables)]` on by default
[INFO] [stdout] 
[INFO] [stdout] 
[INFO] [stdout] warning: unused variable: `e`
[INFO] [stdout]    --> src/interp.rs:895:36
[INFO] [stdout]     |
[INFO] [stdout] 895 |                         if let Err(e) = result_value {
[INFO] [stdout]     |                                    ^ help: if this is intentional, prefix it with an underscore: `_e`
[INFO] [stdout] 
[INFO] [stdout] 
[INFO] [stdout] warning: unused variable: `e`
[INFO] [stdout]    --> src/interp.rs:918:24
[INFO] [stdout]     |
[INFO] [stdout] 918 |             if let Err(e) = result_value {
[INFO] [stdout]     |                        ^ help: if this is intentional, prefix it with an underscore: `_e`
[INFO] [stdout] 
[INFO] [stdout] 
[INFO] [stdout] warning: function `cmd_todo` is never used
[INFO] [stdout]     --> src/commands.rs:1168:8
[INFO] [stdout]      |
[INFO] [stdout] 1168 | pub fn cmd_todo<Ctx>(_interp: &mut Interp<Ctx>, _argv: &[Value]) -> MoltResult {
[INFO] [stdout]      |        ^^^^^^^^
[INFO] [stdout]      |
[INFO] [stdout]      = note: `#[warn(dead_code)]` on by default
[INFO] [stdout] 
[INFO] [stdout] 
[INFO] [stdout] warning: method `slice` is never used
[INFO] [stdout]    --> src/util.rs:183:8
[INFO] [stdout]     |
[INFO] [stdout] 181 | pub(crate) trait StringUtils {
[INFO] [stdout]     |                  ----------- method in this trait
[INFO] [stdout] 182 |     fn substring(&self, start: usize, len: usize) -> &str;
[INFO] [stdout] 183 |     fn slice(&self, range: impl RangeBounds<usize>) -> &str;
[INFO] [stdout]     |        ^^^^^
[INFO] [stdout] 
[INFO] [stdout] 
[INFO] [stdout] warning: methods `as_any`, `as_any_mut`, and `into_any` are never used
[INFO] [stdout]     --> src/value.rs:1103:8
[INFO] [stdout]      |
[INFO] [stdout] 1102 | trait MoltAny: Any + Display + Debug {
[INFO] [stdout]      |       ------- methods in this trait
[INFO] [stdout] 1103 |     fn as_any(&self) -> &dyn Any;
[INFO] [stdout]      |        ^^^^^^
[INFO] [stdout] 1104 |     fn as_any_mut(&mut self) -> &mut dyn Any;
[INFO] [stdout]      |        ^^^^^^^^^^
[INFO] [stdout] 1105 |     fn into_any(self: Box<Self>) -> Box<dyn Any>;
[INFO] [stdout]      |        ^^^^^^^^
[INFO] [stdout] 
[INFO] [stdout] 
[INFO] [stdout] warning: unused variable: `interp`
[INFO] [stdout]    --> src/commands.rs:955:22
[INFO] [stdout]     |
[INFO] [stdout] 955 | pub fn cmd_puts<Ctx>(interp: &mut Interp<Ctx>, argv: &[Value]) -> MoltResult {
[INFO] [stdout]     |                      ^^^^^^ help: if this is intentional, prefix it with an underscore: `_interp`
[INFO] [stdout]     |
[INFO] [stdout]     = note: `#[warn(unused_variables)]` on by default
[INFO] [stdout] 
[INFO] [stdout] 
[INFO] [stdout] warning: unused variable: `e`
[INFO] [stdout]    --> src/interp.rs:895:36
[INFO] [stdout]     |
[INFO] [stdout] 895 |                         if let Err(e) = result_value {
[INFO] [stdout]     |                                    ^ help: if this is intentional, prefix it with an underscore: `_e`
[INFO] [stdout] 
[INFO] [stdout] 
[INFO] [stdout] warning: unused variable: `e`
[INFO] [stdout]    --> src/interp.rs:918:24
[INFO] [stdout]     |
[INFO] [stdout] 918 |             if let Err(e) = result_value {
[INFO] [stdout]     |                        ^ help: if this is intentional, prefix it with an underscore: `_e`
[INFO] [stdout] 
[INFO] [stdout] 
[INFO] [stdout] warning: function `cmd_todo` is never used
[INFO] [stdout]     --> src/commands.rs:1168:8
[INFO] [stdout]      |
[INFO] [stdout] 1168 | pub fn cmd_todo<Ctx>(_interp: &mut Interp<Ctx>, _argv: &[Value]) -> MoltResult {
[INFO] [stdout]      |        ^^^^^^^^
[INFO] [stdout]      |
[INFO] [stdout]      = note: `#[warn(dead_code)]` on by default
[INFO] [stdout] 
[INFO] [stdout] 
[INFO] [stdout] warning: method `slice` is never used
[INFO] [stdout]    --> src/util.rs:183:8
[INFO] [stdout]     |
[INFO] [stdout] 181 | pub(crate) trait StringUtils {
[INFO] [stdout]     |                  ----------- method in this trait
[INFO] [stdout] 182 |     fn substring(&self, start: usize, len: usize) -> &str;
[INFO] [stdout] 183 |     fn slice(&self, range: impl RangeBounds<usize>) -> &str;
[INFO] [stdout]     |        ^^^^^
[INFO] [stdout] 
[INFO] [stdout] 
[INFO] [stdout] warning: methods `as_any`, `as_any_mut`, and `into_any` are never used
[INFO] [stdout]     --> src/value.rs:1103:8
[INFO] [stdout]      |
[INFO] [stdout] 1102 | trait MoltAny: Any + Display + Debug {
[INFO] [stdout]      |       ------- methods in this trait
[INFO] [stdout] 1103 |     fn as_any(&self) -> &dyn Any;
[INFO] [stdout]      |        ^^^^^^
[INFO] [stdout] 1104 |     fn as_any_mut(&mut self) -> &mut dyn Any;
[INFO] [stdout]      |        ^^^^^^^^^^
[INFO] [stdout] 1105 |     fn into_any(self: Box<Self>) -> Box<dyn Any>;
[INFO] [stdout]      |        ^^^^^^^^
[INFO] [stdout] 
[INFO] [stdout] 
[INFO] [stderr]     Finished `test` profile [unoptimized + debuginfo] target(s) in 4.16s
[INFO] running `Command { std: "docker" "inspect" "47551b702fb090d61d27db8a3246bb884901520ceffeb96d8bf9c3c61325b14a", kill_on_drop: false }`
[INFO] running `Command { std: "docker" "rm" "-f" "47551b702fb090d61d27db8a3246bb884901520ceffeb96d8bf9c3c61325b14a", kill_on_drop: false }`
[INFO] [stdout] 47551b702fb090d61d27db8a3246bb884901520ceffeb96d8bf9c3c61325b14a
[INFO] running `Command { std: "docker" "create" "-v" "/var/lib/crater-agent-workspace/builds/worker-2-tc1/target:/opt/rustwide/target:rw,Z" "-v" "/var/lib/crater-agent-workspace/builds/worker-2-tc1/source:/opt/rustwide/workdir:ro,Z" "-v" "/var/lib/crater-agent-workspace/cargo-home:/opt/rustwide/cargo-home:ro,Z" "-v" "/var/lib/crater-agent-workspace/rustup-home:/opt/rustwide/rustup-home:ro,Z" "-e" "SOURCE_DIR=/opt/rustwide/workdir" "-e" "CARGO_TARGET_DIR=/opt/rustwide/target" "-e" "CARGO_INCREMENTAL=0" "-e" "RUST_BACKTRACE=full" "-e" "RUSTFLAGS=--cap-lints=warn" "-e" "RUSTDOCFLAGS=--cap-lints=warn" "-e" "CARGO_HOME=/opt/rustwide/cargo-home" "-e" "RUSTUP_HOME=/opt/rustwide/rustup-home" "-w" "/opt/rustwide/workdir" "-m" "1610612736" "--user" "0:0" "--network" "none" "ghcr.io/rust-lang/crates-build-env/linux@sha256:f3a9d4ad9d972b27faf3965f35b62e55ba32bbce8f20bc8fe909558a86702fde" "/opt/rustwide/cargo-home/bin/cargo" "+1.83.0" "test" "--frozen", kill_on_drop: false }`
[INFO] [stdout] 39ad38e265577212cad5237f993ac2547b60619c7c14ff7a59805a8cbef86289
[INFO] running `Command { std: "docker" "start" "-a" "39ad38e265577212cad5237f993ac2547b60619c7c14ff7a59805a8cbef86289", kill_on_drop: false }`
[INFO] [stderr] warning: unused variable: `interp`
[INFO] [stderr]    --> src/commands.rs:955:22
[INFO] [stderr]     |
[INFO] [stderr] 955 | pub fn cmd_puts<Ctx>(interp: &mut Interp<Ctx>, argv: &[Value]) -> MoltResult {
[INFO] [stderr]     |                      ^^^^^^ help: if this is intentional, prefix it with an underscore: `_interp`
[INFO] [stderr]     |
[INFO] [stderr]     = note: `#[warn(unused_variables)]` on by default
[INFO] [stderr] 
[INFO] [stderr] warning: unused variable: `e`
[INFO] [stderr]    --> src/interp.rs:895:36
[INFO] [stderr]     |
[INFO] [stderr] 895 |                         if let Err(e) = result_value {
[INFO] [stderr]     |                                    ^ help: if this is intentional, prefix it with an underscore: `_e`
[INFO] [stderr] 
[INFO] [stderr] warning: unused variable: `e`
[INFO] [stderr]    --> src/interp.rs:918:24
[INFO] [stderr]     |
[INFO] [stderr] 918 |             if let Err(e) = result_value {
[INFO] [stderr]     |                        ^ help: if this is intentional, prefix it with an underscore: `_e`
[INFO] [stderr] 
[INFO] [stderr] warning: function `cmd_todo` is never used
[INFO] [stderr]     --> src/commands.rs:1168:8
[INFO] [stderr]      |
[INFO] [stderr] 1168 | pub fn cmd_todo<Ctx>(_interp: &mut Interp<Ctx>, _argv: &[Value]) -> MoltResult {
[INFO] [stderr]      |        ^^^^^^^^
[INFO] [stderr]      |
[INFO] [stderr]      = note: `#[warn(dead_code)]` on by default
[INFO] [stderr] 
[INFO] [stderr] warning: method `slice` is never used
[INFO] [stderr]    --> src/util.rs:183:8
[INFO] [stderr]     |
[INFO] [stderr] 181 | pub(crate) trait StringUtils {
[INFO] [stderr]     |                  ----------- method in this trait
[INFO] [stderr] 182 |     fn substring(&self, start: usize, len: usize) -> &str;
[INFO] [stderr] 183 |     fn slice(&self, range: impl RangeBounds<usize>) -> &str;
[INFO] [stderr]     |        ^^^^^
[INFO] [stderr] 
[INFO] [stderr] warning: methods `as_any`, `as_any_mut`, and `into_any` are never used
[INFO] [stderr]     --> src/value.rs:1103:8
[INFO] [stderr]      |
[INFO] [stderr] 1102 | trait MoltAny: Any + Display + Debug {
[INFO] [stderr]      |       ------- methods in this trait
[INFO] [stderr] 1103 |     fn as_any(&self) -> &dyn Any;
[INFO] [stderr]      |        ^^^^^^
[INFO] [stderr] 1104 |     fn as_any_mut(&mut self) -> &mut dyn Any;
[INFO] [stderr]      |        ^^^^^^^^^^
[INFO] [stderr] 1105 |     fn into_any(self: Box<Self>) -> Box<dyn Any>;
[INFO] [stderr]      |        ^^^^^^^^
[INFO] [stderr] 
[INFO] [stdout] 
[INFO] [stderr] warning: `molt-forked` (lib) generated 6 warnings
[INFO] [stdout] running 116 tests
[INFO] [stderr] warning: `molt-forked` (lib test) generated 6 warnings (6 duplicates)
[INFO] [stderr]     Finished `test` profile [unoptimized + debuginfo] target(s) in 0.05s
[INFO] [stderr]      Running unittests src/lib.rs (/opt/rustwide/target/debug/deps/molt_forked-87bbb4275c0997ba)
[INFO] [stdout] test eval_ptr::tests::test_bracket_term ... ok
[INFO] [stdout] test eval_ptr::tests::test_skip_comment ... ok
[INFO] [stdout] test eval_ptr::tests::test_next_is ... ok
[INFO] [stdout] test interp::tests::test_eval ... ok
[INFO] [stdout] test eval_ptr::tests::test_next_is_block_white ... ok
[INFO] [stdout] test dict::tests::test_dict_to_string ... ok
[INFO] [stdout] test interp::tests::test_eval_value ... ok
[INFO] [stdout] test interp::tests::test_expr ... ok
[INFO] [stdout] test interp::tests::test_expr_bool ... ok
[INFO] [stdout] test interp::tests::test_expr_float ... ok
[INFO] [stdout] test interp::tests::test_complete ... ok
[INFO] [stdout] test list::tests::test_list_to_string ... ok
[INFO] [stdout] test list::tests::test_parse_quoted_item ... ok
[INFO] [stdout] test list::tests::test_parse_bare_item ... ok
[INFO] [stdout] test macros::tests::test_molt_ok ... ok
[INFO] [stdout] test macros::tests::test_molt_throw ... ok
[INFO] [stdout] test list::tests::test_parse_braced_item ... ok
[INFO] [stdout] test parser::tests::test_parse_braced_word ... ok
[INFO] [stdout] test parser::tests::test_parse_brackets ... ok
[INFO] [stdout] test parser::tests::test_parse_dollar ... ok
[INFO] [stdout] test eval_ptr::tests::test_at_end_of_script ... ok
[INFO] [stdout] test list::tests::test_issue_43 ... ok
[INFO] [stdout] test eval_ptr::tests::test_at_end ... ok
[INFO] [stdout] test eval_ptr::tests::test_at_end_of_command ... ok
[INFO] [stdout] test macros::tests::test_molt_err ... ok
[INFO] [stdout] test eval_ptr::tests::test_next_is_line_white ... ok
[INFO] [stdout] test parser::tests::test_parse ... ok
[INFO] [stdout] test parser::tests::test_parse_bare_word ... ok
[INFO] [stdout] test interp::tests::test_expr_int ... ok
[INFO] [stdout] test interp::tests::context_forgotten_2_commands ... ok
[INFO] [stdout] test interp::tests::test_recursion_limit ... ok
[INFO] [stdout] test scope::tests::test_array_size ... ok
[INFO] [stdout] test parser::tests::test_parse_next_word ... ok
[INFO] [stdout] test parser::tests::test_parse_quoted_word ... ok
[INFO] [stdout] test scope::tests::test_new ... ok
[INFO] [stdout] test parser::tests::test_parse_varname_literal ... ok
[INFO] [stdout] test scope::tests::test_array_get ... ok
[INFO] [stdout] test scope::tests::test_exists ... ok
[INFO] [stdout] test scope::tests::test_array_indices ... ok
[INFO] [stdout] test eval_ptr::tests::test_skip_line_white ... ok
[INFO] [stdout] test scope::tests::test_global ... ok
[INFO] [stdout] test scope::tests::test_current ... ok
[INFO] [stdout] test parser::tests::test_tokens ... ok
[INFO] [stdout] test eval_ptr::tests::test_skip_block_white ... ok
[INFO] [stdout] test interp::tests::test_new ... ok
[INFO] [stdout] test scope::tests::test_array_set ... ok
[INFO] [stdout] test scope::tests::test_pop ... ok
[INFO] [stdout] test scope::tests::test_set_get_basic ... ok
[INFO] [stdout] test scope::tests::test_set_get_elem ... ok
[INFO] [stdout] test scope::tests::test_set_get_global ... ok
[INFO] [stdout] test scope::tests::test_push ... ok
[INFO] [stdout] test scope::tests::test_unset_basic ... ok
[INFO] [stdout] test scope::tests::test_unset_element ... ok
[INFO] [stdout] test scope::tests::test_unset_upvar ... ok
[INFO] [stdout] test scope::tests::test_unset_levels ... ok
[INFO] [stdout] test scope::tests::test_vars_in_local_scope ... ok
[INFO] [stdout] test scope::tests::test_vars_in_scope ... ok
[INFO] [stdout] test tokenizer::tests::test_backslash_subst_hex4 ... ok
[INFO] [stdout] test tokenizer::tests::test_backslash_subst_hex8 ... ok
[INFO] [stdout] test tests::test_check_args ... ok
[INFO] [stdout] test tokenizer::tests::test_backslash_subst_other ... ok
[INFO] [stdout] test tokenizer::tests::test_has ... ok
[INFO] [stdout] test tokenizer::tests::test_backslash_subst_octal ... ok
[INFO] [stdout] test tokenizer::tests::test_backslash_subst_single ... ok
[INFO] [stdout] test tokenizer::tests::test_next ... ok
[INFO] [stdout] test tokenizer::tests::test_basics ... ok
[INFO] [stdout] test tokenizer::tests::test_is ... ok
[INFO] [stdout] test scope::tests::test_set_get_upvar ... ok
[INFO] [stdout] test tokenizer::tests::test_backslash_subst_hex2 ... ok
[INFO] [stdout] test tokenizer::tests::test_peek ... ok
[INFO] [stdout] test scope::tests::test_set_levels ... ok
[INFO] [stdout] test tokenizer::tests::test_skip ... ok
[INFO] [stdout] test tokenizer::tests::test_skip_while ... ok
[INFO] [stdout] test tokenizer::tests::test_skip_over ... ok
[INFO] [stdout] test scope::tests::test_vars_in_global_scope ... ok
[INFO] [stdout] test tokenizer::tests::test_token ... ok
[INFO] [stdout] test tokenizer::tests::test_reset_to ... ok
[INFO] [stdout] test types::tests::test_error_data_new ... ok
[INFO] [stdout] test types::tests::test_error_data_add_info ... ok
[INFO] [stdout] test types::tests::test_exception_molt_continue ... ok
[INFO] [stdout] test types::tests::test_exception_molt_err ... ok
[INFO] [stdout] test types::tests::test_exception_molt_err2 ... ok
[INFO] [stdout] test types::tests::test_exception_molt_return ... ok
[INFO] [stdout] test types::tests::test_result_code_as_int ... ok
[INFO] [stdout] test types::tests::test_error_data_rethrow ... ok
[INFO] [stdout] test types::tests::test_exception_molt_break ... ok
[INFO] [stdout] test types::tests::test_exception_molt_return_err_level0 ... ok
[INFO] [stdout] test types::tests::test_exception_molt_return_err_level2 ... ok
[INFO] [stdout] test types::tests::test_result_code_from_value ... ok
[INFO] [stdout] test value::tests::already_number ... ok
[INFO] [stdout] test value::tests::as_bool ... ok
[INFO] [stdout] test value::tests::as_str ... ok
[INFO] [stdout] test util::tests::test_util_read_float ... ok
[INFO] [stdout] test value::tests::as_var_name ... ok
[INFO] [stdout] test util::tests::test_util_read_int ... ok
[INFO] [stdout] test value::tests::as_script ... ok
[INFO] [stdout] test value::tests::compare ... ok
[INFO] [stdout] test value::tests::clone_string ... ok
[INFO] [stdout] test types::tests::test_exception_molt_return_ext ... ok
[INFO] [stdout] test value::tests::from_as_float ... ok
[INFO] [stdout] test value::tests::from_as_dict ... ok
[INFO] [stdout] test value::tests::from_as_int ... ok
[INFO] [stdout] test value::tests::from_bool ... ok
[INFO] [stdout] test value::tests::from_str_ref ... ok
[INFO] [stdout] test value::tests::from_as_list ... ok
[INFO] [stdout] test value::tests::from_string ... ok
[INFO] [stdout] test value::tests::from_to_flavor ... ok
[INFO] [stdout] test value::tests::get_bool ... ok
[INFO] [stdout] test value::tests::get_float ... ok
[INFO] [stdout] test value::tests::from_value_slice ... ok
[INFO] [stdout] test value::tests::get_int ... ok
[INFO] [stdout] test value::tests::to_dict ... ok
[INFO] [stdout] test value::tests::to_list ... ok
[INFO] [stdout] test types::tests::test_result_code_as_string ... ok
[INFO] [stdout] test scope::tests::test_pop_global_scope - should panic ... ok
[INFO] [stdout] test types::tests::text_exception_add_error_info - should panic ... ok
[INFO] [stdout] 
[INFO] [stdout] test result: ok. 116 passed; 0 failed; 0 ignored; 0 measured; 0 filtered out; finished in 0.08s
[INFO] [stdout] 
[INFO] [stderr]      Running tests/tcl_tests.rs (/opt/rustwide/target/debug/deps/tcl_tests-d9d311190448d8c0)
[INFO] [stdout] 
[INFO] [stdout] running 1 test
[INFO] [stdout] test test_tcl_tests ... FAILED
[INFO] [stderr] error: test failed, to rerun pass `--test tcl_tests`
[INFO] [stdout] 
[INFO] [stdout] failures:
[INFO] [stdout] 
[INFO] [stdout] ---- test_tcl_tests stdout ----
[INFO] [stdout] Molt 0.4.5 -- Test Harness
[INFO] [stdout] 
[INFO] [stdout] *** FAILED info-1.2 info errors
[INFO] [stdout] Expected -error <unknown or ambiguous subcommand "nonesuch": must be args, body, cmdtype, commands, complete, default, exists, globals, locals, procs, or vars>
[INFO] [stdout] Received -error <unknown or ambiguous subcommand "nonesuch", must be:
[INFO] [stdout] args, body, cmdtype, commands, complete, default, exists, globals, locals, procs or vars.>
[INFO] [stdout] 
[INFO] [stdout] *** FAILED rename-2.1 rename command to ""
[INFO] [stdout] Expected -error <invalid command name "hello">
[INFO] [stdout] Received -error <unknown command "hello", valid commands:
[INFO] [stdout] tcl:
[INFO] [stdout]   append, array, assert_eq, break, catch, continue, dict, error, expr, for, foreach, global, if, incr, info, join, lappend, lindex, list, llength, proc, puts, rename, return, set, string, throw, time, unset, while, source, exit, parse, pdump, pclear
[INFO] [stdout] :
[INFO] [stdout]   test  
[INFO] [stdout]   help  [-all]
[INFO] [stdout] procedure:
[INFO] [stdout]   lexpr, doit>
[INFO] [stdout] 
[INFO] [stdout] 405 tests, 403 passed, 2 failed, 0 errors
[INFO] [stdout] thread 'test_tcl_tests' panicked at tests/tcl_tests.rs:35:5:
[INFO] [stdout] assertion failed: test_harness(&mut interp, &args).is_ok()
[INFO] [stdout] stack backtrace:
[INFO] [stdout]    0:     0x56a2174f0e1a - std::backtrace_rs::backtrace::libunwind::trace::h5a5b8284f2d0c266
[INFO] [stdout]                                at /rustc/90b35a6239c3d8bdabc530a6a0816f7ff89a0aaf/library/std/src/../../backtrace/src/backtrace/libunwind.rs:116:5
[INFO] [stdout]    1:     0x56a2174f0e1a - std::backtrace_rs::backtrace::trace_unsynchronized::h76d4f1c9b0b875e3
[INFO] [stdout]                                at /rustc/90b35a6239c3d8bdabc530a6a0816f7ff89a0aaf/library/std/src/../../backtrace/src/backtrace/mod.rs:66:5
[INFO] [stdout]    2:     0x56a2174f0e1a - std::sys::backtrace::_print_fmt::hc4546b8364a537c6
[INFO] [stdout]                                at /rustc/90b35a6239c3d8bdabc530a6a0816f7ff89a0aaf/library/std/src/sys/backtrace.rs:66:9
[INFO] [stdout]    3:     0x56a2174f0e1a - <std::sys::backtrace::BacktraceLock::print::DisplayBacktrace as core::fmt::Display>::fmt::h5b6bd5631a6d1f6b
[INFO] [stdout]                                at /rustc/90b35a6239c3d8bdabc530a6a0816f7ff89a0aaf/library/std/src/sys/backtrace.rs:39:26
[INFO] [stdout]    4:     0x56a217518d63 - core::fmt::rt::Argument::fmt::h270f6602a2b96f62
[INFO] [stdout]                                at /rustc/90b35a6239c3d8bdabc530a6a0816f7ff89a0aaf/library/core/src/fmt/rt.rs:177:76
[INFO] [stdout]    5:     0x56a217518d63 - core::fmt::write::h7550c97b06c86515
[INFO] [stdout]                                at /rustc/90b35a6239c3d8bdabc530a6a0816f7ff89a0aaf/library/core/src/fmt/mod.rs:1186:21
[INFO] [stdout]    6:     0x56a2174edf63 - std::io::Write::write_fmt::h509ff860e5956e5e
[INFO] [stdout]                                at /rustc/90b35a6239c3d8bdabc530a6a0816f7ff89a0aaf/library/std/src/io/mod.rs:1839:15
[INFO] [stdout]    7:     0x56a2174f0c62 - std::sys::backtrace::BacktraceLock::print::h2395ccd2c84ba3aa
[INFO] [stdout]                                at /rustc/90b35a6239c3d8bdabc530a6a0816f7ff89a0aaf/library/std/src/sys/backtrace.rs:42:9
[INFO] [stdout]    8:     0x56a2174f227a - std::panicking::default_hook::{{closure}}::he19d4c7230e07961
[INFO] [stdout]                                at /rustc/90b35a6239c3d8bdabc530a6a0816f7ff89a0aaf/library/std/src/panicking.rs:268:22
[INFO] [stdout]    9:     0x56a2174f2084 - std::panicking::default_hook::hf614597d3c67bbdb
[INFO] [stdout]                                at /rustc/90b35a6239c3d8bdabc530a6a0816f7ff89a0aaf/library/std/src/panicking.rs:292:9
[INFO] [stdout]   10:     0x56a21746ba99 - <alloc::boxed::Box<F,A> as core::ops::function::Fn<Args>>::call::h39b51ce4599c23d1
[INFO] [stdout]                                at /rustc/90b35a6239c3d8bdabc530a6a0816f7ff89a0aaf/library/alloc/src/boxed.rs:2468:9
[INFO] [stdout]   11:     0x56a21746ba99 - test::test_main::{{closure}}::he977ae839a582784
[INFO] [stdout]                                at /rustc/90b35a6239c3d8bdabc530a6a0816f7ff89a0aaf/library/test/src/lib.rs:133:21
[INFO] [stdout]   12:     0x56a2174f2918 - <alloc::boxed::Box<F,A> as core::ops::function::Fn<Args>>::call::h9455091b6b06f9fb
[INFO] [stdout]                                at /rustc/90b35a6239c3d8bdabc530a6a0816f7ff89a0aaf/library/alloc/src/boxed.rs:2468:9
[INFO] [stdout]   13:     0x56a2174f2918 - std::panicking::rust_panic_with_hook::h8942133a8b252070
[INFO] [stdout]                                at /rustc/90b35a6239c3d8bdabc530a6a0816f7ff89a0aaf/library/std/src/panicking.rs:809:13
[INFO] [stdout]   14:     0x56a2174f26a6 - std::panicking::begin_panic_handler::{{closure}}::hb5f5963570096b29
[INFO] [stdout]                                at /rustc/90b35a6239c3d8bdabc530a6a0816f7ff89a0aaf/library/std/src/panicking.rs:667:13
[INFO] [stdout]   15:     0x56a2174f12f9 - std::sys::backtrace::__rust_end_short_backtrace::h6208cedc1922feda
[INFO] [stdout]                                at /rustc/90b35a6239c3d8bdabc530a6a0816f7ff89a0aaf/library/std/src/sys/backtrace.rs:170:18
[INFO] [stdout]   16:     0x56a2174f236c - rust_begin_unwind
[INFO] [stdout]                                at /rustc/90b35a6239c3d8bdabc530a6a0816f7ff89a0aaf/library/std/src/panicking.rs:665:5
[INFO] [stdout]   17:     0x56a217403b50 - core::panicking::panic_fmt::h0c3082644d1bf418
[INFO] [stdout]                                at /rustc/90b35a6239c3d8bdabc530a6a0816f7ff89a0aaf/library/core/src/panicking.rs:74:14
[INFO] [stdout]   18:     0x56a217403bdc - core::panicking::panic::h957f98c65a3b3074
[INFO] [stdout]                                at /rustc/90b35a6239c3d8bdabc530a6a0816f7ff89a0aaf/library/core/src/panicking.rs:148:5
[INFO] [stdout]   19:     0x56a2174313c8 - tcl_tests::test_tcl_tests::h395f80c5f71fa12b
[INFO] [stdout]                                at /opt/rustwide/workdir/tests/tcl_tests.rs:35:5
[INFO] [stdout]   20:     0x56a217431157 - tcl_tests::test_tcl_tests::{{closure}}::h6d17160093c1c1f7
[INFO] [stdout]                                at /opt/rustwide/workdir/tests/tcl_tests.rs:3:20
[INFO] [stdout]   21:     0x56a217423c06 - core::ops::function::FnOnce::call_once::heda2fa9b96269e8f
[INFO] [stdout]                                at /rustc/90b35a6239c3d8bdabc530a6a0816f7ff89a0aaf/library/core/src/ops/function.rs:250:5
[INFO] [stdout]   22:     0x56a21747045b - core::ops::function::FnOnce::call_once::h109cf8051a59b34e
[INFO] [stdout]                                at /rustc/90b35a6239c3d8bdabc530a6a0816f7ff89a0aaf/library/core/src/ops/function.rs:250:5
[INFO] [stdout]   23:     0x56a21747045b - test::__rust_begin_short_backtrace::hf4fff89d377446ba
[INFO] [stdout]                                at /rustc/90b35a6239c3d8bdabc530a6a0816f7ff89a0aaf/library/test/src/lib.rs:621:18
[INFO] [stdout]   24:     0x56a21746fc97 - test::run_test_in_process::{{closure}}::h0e39181dd7ee5a43
[INFO] [stdout]                                at /rustc/90b35a6239c3d8bdabc530a6a0816f7ff89a0aaf/library/test/src/lib.rs:644:60
[INFO] [stdout]   25:     0x56a21746fc97 - <core::panic::unwind_safe::AssertUnwindSafe<F> as core::ops::function::FnOnce<()>>::call_once::hc5a66a30f0bdfd1f
[INFO] [stdout]                                at /rustc/90b35a6239c3d8bdabc530a6a0816f7ff89a0aaf/library/core/src/panic/unwind_safe.rs:272:9
[INFO] [stdout]   26:     0x56a21746fc97 - std::panicking::try::do_call::h873b7cf639554a5e
[INFO] [stdout]                                at /rustc/90b35a6239c3d8bdabc530a6a0816f7ff89a0aaf/library/std/src/panicking.rs:557:40
[INFO] [stdout]   27:     0x56a21746fc97 - std::panicking::try::hdb19862fad9c8bd1
[INFO] [stdout]                                at /rustc/90b35a6239c3d8bdabc530a6a0816f7ff89a0aaf/library/std/src/panicking.rs:520:19
[INFO] [stdout]   28:     0x56a21746fc97 - std::panic::catch_unwind::h281fe732d236d260
[INFO] [stdout]                                at /rustc/90b35a6239c3d8bdabc530a6a0816f7ff89a0aaf/library/std/src/panic.rs:358:14
[INFO] [stdout]   29:     0x56a21746fc97 - test::run_test_in_process::h949b6df8457ed338
[INFO] [stdout]                                at /rustc/90b35a6239c3d8bdabc530a6a0816f7ff89a0aaf/library/test/src/lib.rs:644:27
[INFO] [stdout]   30:     0x56a21746fc97 - test::run_test::{{closure}}::h52c556a6d4740e10
[INFO] [stdout]                                at /rustc/90b35a6239c3d8bdabc530a6a0816f7ff89a0aaf/library/test/src/lib.rs:565:43
[INFO] [stdout]   31:     0x56a217434f74 - test::run_test::{{closure}}::h4237f6381c45ccb9
[INFO] [stdout]                                at /rustc/90b35a6239c3d8bdabc530a6a0816f7ff89a0aaf/library/test/src/lib.rs:595:41
[INFO] [stdout]   32:     0x56a217434f74 - std::sys::backtrace::__rust_begin_short_backtrace::h505c97a579eca628
[INFO] [stdout]                                at /rustc/90b35a6239c3d8bdabc530a6a0816f7ff89a0aaf/library/std/src/sys/backtrace.rs:154:18
[INFO] [stdout]   33:     0x56a21743863e - std::thread::Builder::spawn_unchecked_::{{closure}}::{{closure}}::h9e86b2e2bc107ea3
[INFO] [stdout]                                at /rustc/90b35a6239c3d8bdabc530a6a0816f7ff89a0aaf/library/std/src/thread/mod.rs:538:17
[INFO] [stdout]   34:     0x56a21743863e - <core::panic::unwind_safe::AssertUnwindSafe<F> as core::ops::function::FnOnce<()>>::call_once::h8b06ddb275ff4a25
[INFO] [stdout]                                at /rustc/90b35a6239c3d8bdabc530a6a0816f7ff89a0aaf/library/core/src/panic/unwind_safe.rs:272:9
[INFO] [stdout]   35:     0x56a21743863e - std::panicking::try::do_call::hb26ecd7cd9a9355d
[INFO] [stdout]                                at /rustc/90b35a6239c3d8bdabc530a6a0816f7ff89a0aaf/library/std/src/panicking.rs:557:40
[INFO] [stdout]   36:     0x56a21743863e - std::panicking::try::h8ddeca9d705f9069
[INFO] [stdout]                                at /rustc/90b35a6239c3d8bdabc530a6a0816f7ff89a0aaf/library/std/src/panicking.rs:520:19
[INFO] [stdout]   37:     0x56a21743863e - std::panic::catch_unwind::h49e1c33078844c46
[INFO] [stdout]                                at /rustc/90b35a6239c3d8bdabc530a6a0816f7ff89a0aaf/library/std/src/panic.rs:358:14
[INFO] [stdout]   38:     0x56a21743863e - std::thread::Builder::spawn_unchecked_::{{closure}}::h6073db6ff56ad35d
[INFO] [stdout]                                at /rustc/90b35a6239c3d8bdabc530a6a0816f7ff89a0aaf/library/std/src/thread/mod.rs:537:30
[INFO] [stdout]   39:     0x56a21743863e - core::ops::function::FnOnce::call_once{{vtable.shim}}::h2c5a5f3779c774f1
[INFO] [stdout]                                at /rustc/90b35a6239c3d8bdabc530a6a0816f7ff89a0aaf/library/core/src/ops/function.rs:250:5
[INFO] [stdout]   40:     0x56a2174f672b - <alloc::boxed::Box<F,A> as core::ops::function::FnOnce<Args>>::call_once::hf75717d9f28faebf
[INFO] [stdout]                                at /rustc/90b35a6239c3d8bdabc530a6a0816f7ff89a0aaf/library/alloc/src/boxed.rs:2454:9
[INFO] [stdout]   41:     0x56a2174f672b - <alloc::boxed::Box<F,A> as core::ops::function::FnOnce<Args>>::call_once::h7bd883a5f3c5f3c1
[INFO] [stdout]                                at /rustc/90b35a6239c3d8bdabc530a6a0816f7ff89a0aaf/library/alloc/src/boxed.rs:2454:9
[INFO] [stdout]   42:     0x56a2174f672b - std::sys::pal::unix::thread::Thread::new::thread_start::hcc78f3943333fa94
[INFO] [stdout]                                at /rustc/90b35a6239c3d8bdabc530a6a0816f7ff89a0aaf/library/std/src/sys/pal/unix/thread.rs:105:17
[INFO] [stdout]   43:     0x790a6c458ac3 - <unknown>
[INFO] [stdout]   44:     0x790a6c4e9a04 - clone
[INFO] [stdout]   45:                0x0 - <unknown>
[INFO] [stdout] 
[INFO] [stdout] 
[INFO] [stdout] failures:
[INFO] [stdout]     test_tcl_tests
[INFO] [stdout] 
[INFO] [stdout] test result: FAILED. 0 passed; 1 failed; 0 ignored; 0 measured; 0 filtered out; finished in 0.19s
[INFO] [stdout] 
[INFO] running `Command { std: "docker" "inspect" "39ad38e265577212cad5237f993ac2547b60619c7c14ff7a59805a8cbef86289", kill_on_drop: false }`
[INFO] running `Command { std: "docker" "rm" "-f" "39ad38e265577212cad5237f993ac2547b60619c7c14ff7a59805a8cbef86289", kill_on_drop: false }`
[INFO] [stdout] 39ad38e265577212cad5237f993ac2547b60619c7c14ff7a59805a8cbef86289
