[INFO] fetching crate moggers_nan 0.1.1...
[INFO] testing moggers_nan-0.1.1 against beta-2024-12-08 for beta-1.84.0-4-retry
[INFO] extracting crate moggers_nan 0.1.1 into /workspace/builds/worker-2-tc2/source
[INFO] validating manifest of crates.io crate moggers_nan 0.1.1 on toolchain beta-2024-12-08
[INFO] running `Command { std: CARGO_HOME="/workspace/cargo-home" RUSTUP_HOME="/workspace/rustup-home" "/workspace/cargo-home/bin/cargo" "+beta-2024-12-08" "metadata" "--manifest-path" "Cargo.toml" "--no-deps", kill_on_drop: false }`
[INFO] started tweaking crates.io crate moggers_nan 0.1.1
[INFO] finished tweaking crates.io crate moggers_nan 0.1.1
[INFO] tweaked toml for crates.io crate moggers_nan 0.1.1 written to /workspace/builds/worker-2-tc2/source/Cargo.toml
[INFO] running `Command { std: CARGO_HOME="/workspace/cargo-home" RUSTUP_HOME="/workspace/rustup-home" "/workspace/cargo-home/bin/cargo" "+beta-2024-12-08" "generate-lockfile" "--manifest-path" "Cargo.toml", kill_on_drop: false }`
[INFO] running `Command { std: CARGO_HOME="/workspace/cargo-home" RUSTUP_HOME="/workspace/rustup-home" "/workspace/cargo-home/bin/cargo" "+beta-2024-12-08" "fetch" "--manifest-path" "Cargo.toml", kill_on_drop: false }`
[INFO] running `Command { std: "docker" "create" "-v" "/var/lib/crater-agent-workspace/builds/worker-2-tc2/target:/opt/rustwide/target:rw,Z" "-v" "/var/lib/crater-agent-workspace/builds/worker-2-tc2/source:/opt/rustwide/workdir:ro,Z" "-v" "/var/lib/crater-agent-workspace/cargo-home:/opt/rustwide/cargo-home:ro,Z" "-v" "/var/lib/crater-agent-workspace/rustup-home:/opt/rustwide/rustup-home:ro,Z" "-e" "SOURCE_DIR=/opt/rustwide/workdir" "-e" "CARGO_TARGET_DIR=/opt/rustwide/target" "-e" "CARGO_HOME=/opt/rustwide/cargo-home" "-e" "RUSTUP_HOME=/opt/rustwide/rustup-home" "-w" "/opt/rustwide/workdir" "-m" "1610612736" "--user" "0:0" "--network" "none" "ghcr.io/rust-lang/crates-build-env/linux@sha256:f3a9d4ad9d972b27faf3965f35b62e55ba32bbce8f20bc8fe909558a86702fde" "/opt/rustwide/cargo-home/bin/cargo" "+beta-2024-12-08" "metadata" "--no-deps" "--format-version=1", kill_on_drop: false }`
[INFO] [stdout] aeafc29b74521fd21303c97133ee9f998ab419ed1c60769572b74a7329b174bd
[INFO] running `Command { std: "docker" "start" "-a" "aeafc29b74521fd21303c97133ee9f998ab419ed1c60769572b74a7329b174bd", kill_on_drop: false }`
[INFO] running `Command { std: "docker" "inspect" "aeafc29b74521fd21303c97133ee9f998ab419ed1c60769572b74a7329b174bd", kill_on_drop: false }`
[INFO] running `Command { std: "docker" "rm" "-f" "aeafc29b74521fd21303c97133ee9f998ab419ed1c60769572b74a7329b174bd", kill_on_drop: false }`
[INFO] [stdout] aeafc29b74521fd21303c97133ee9f998ab419ed1c60769572b74a7329b174bd
[INFO] running `Command { std: "docker" "create" "-v" "/var/lib/crater-agent-workspace/builds/worker-2-tc2/target:/opt/rustwide/target:rw,Z" "-v" "/var/lib/crater-agent-workspace/builds/worker-2-tc2/source:/opt/rustwide/workdir:ro,Z" "-v" "/var/lib/crater-agent-workspace/cargo-home:/opt/rustwide/cargo-home:ro,Z" "-v" "/var/lib/crater-agent-workspace/rustup-home:/opt/rustwide/rustup-home:ro,Z" "-e" "SOURCE_DIR=/opt/rustwide/workdir" "-e" "CARGO_TARGET_DIR=/opt/rustwide/target" "-e" "CARGO_INCREMENTAL=0" "-e" "RUST_BACKTRACE=full" "-e" "RUSTFLAGS=--cap-lints=warn" "-e" "RUSTDOCFLAGS=--cap-lints=warn" "-e" "CARGO_HOME=/opt/rustwide/cargo-home" "-e" "RUSTUP_HOME=/opt/rustwide/rustup-home" "-w" "/opt/rustwide/workdir" "-m" "1610612736" "--user" "0:0" "--network" "none" "ghcr.io/rust-lang/crates-build-env/linux@sha256:f3a9d4ad9d972b27faf3965f35b62e55ba32bbce8f20bc8fe909558a86702fde" "/opt/rustwide/cargo-home/bin/cargo" "+beta-2024-12-08" "build" "--frozen" "--message-format=json", kill_on_drop: false }`
[INFO] [stdout] 403645e5ab1b527f51d15c553194ceee95d9dcd88a718f8a00bf76a053de8262
[INFO] running `Command { std: "docker" "start" "-a" "403645e5ab1b527f51d15c553194ceee95d9dcd88a718f8a00bf76a053de8262", kill_on_drop: false }`
[INFO] [stderr]    Compiling moggers_nan v0.1.1 (/opt/rustwide/workdir)
[INFO] [stderr]     Finished `dev` profile [unoptimized + debuginfo] target(s) in 0.16s
[INFO] running `Command { std: "docker" "inspect" "403645e5ab1b527f51d15c553194ceee95d9dcd88a718f8a00bf76a053de8262", kill_on_drop: false }`
[INFO] running `Command { std: "docker" "rm" "-f" "403645e5ab1b527f51d15c553194ceee95d9dcd88a718f8a00bf76a053de8262", kill_on_drop: false }`
[INFO] [stdout] 403645e5ab1b527f51d15c553194ceee95d9dcd88a718f8a00bf76a053de8262
[INFO] running `Command { std: "docker" "create" "-v" "/var/lib/crater-agent-workspace/builds/worker-2-tc2/target:/opt/rustwide/target:rw,Z" "-v" "/var/lib/crater-agent-workspace/builds/worker-2-tc2/source:/opt/rustwide/workdir:ro,Z" "-v" "/var/lib/crater-agent-workspace/cargo-home:/opt/rustwide/cargo-home:ro,Z" "-v" "/var/lib/crater-agent-workspace/rustup-home:/opt/rustwide/rustup-home:ro,Z" "-e" "SOURCE_DIR=/opt/rustwide/workdir" "-e" "CARGO_TARGET_DIR=/opt/rustwide/target" "-e" "CARGO_INCREMENTAL=0" "-e" "RUST_BACKTRACE=full" "-e" "RUSTFLAGS=--cap-lints=warn" "-e" "RUSTDOCFLAGS=--cap-lints=warn" "-e" "CARGO_HOME=/opt/rustwide/cargo-home" "-e" "RUSTUP_HOME=/opt/rustwide/rustup-home" "-w" "/opt/rustwide/workdir" "-m" "1610612736" "--user" "0:0" "--network" "none" "ghcr.io/rust-lang/crates-build-env/linux@sha256:f3a9d4ad9d972b27faf3965f35b62e55ba32bbce8f20bc8fe909558a86702fde" "/opt/rustwide/cargo-home/bin/cargo" "+beta-2024-12-08" "test" "--frozen" "--no-run" "--message-format=json", kill_on_drop: false }`
[INFO] [stdout] ba86ddc88583dd46bd413bcb81bee6aaf18746a61d024bbffd05c6b00483a616
[INFO] running `Command { std: "docker" "start" "-a" "ba86ddc88583dd46bd413bcb81bee6aaf18746a61d024bbffd05c6b00483a616", kill_on_drop: false }`
[INFO] [stderr]    Compiling moggers_nan v0.1.1 (/opt/rustwide/workdir)
[INFO] [stderr]     Finished `test` profile [unoptimized + debuginfo] target(s) in 0.50s
[INFO] running `Command { std: "docker" "inspect" "ba86ddc88583dd46bd413bcb81bee6aaf18746a61d024bbffd05c6b00483a616", kill_on_drop: false }`
[INFO] running `Command { std: "docker" "rm" "-f" "ba86ddc88583dd46bd413bcb81bee6aaf18746a61d024bbffd05c6b00483a616", kill_on_drop: false }`
[INFO] [stdout] ba86ddc88583dd46bd413bcb81bee6aaf18746a61d024bbffd05c6b00483a616
[INFO] running `Command { std: "docker" "create" "-v" "/var/lib/crater-agent-workspace/builds/worker-2-tc2/target:/opt/rustwide/target:rw,Z" "-v" "/var/lib/crater-agent-workspace/builds/worker-2-tc2/source:/opt/rustwide/workdir:ro,Z" "-v" "/var/lib/crater-agent-workspace/cargo-home:/opt/rustwide/cargo-home:ro,Z" "-v" "/var/lib/crater-agent-workspace/rustup-home:/opt/rustwide/rustup-home:ro,Z" "-e" "SOURCE_DIR=/opt/rustwide/workdir" "-e" "CARGO_TARGET_DIR=/opt/rustwide/target" "-e" "CARGO_INCREMENTAL=0" "-e" "RUST_BACKTRACE=full" "-e" "RUSTFLAGS=--cap-lints=warn" "-e" "RUSTDOCFLAGS=--cap-lints=warn" "-e" "CARGO_HOME=/opt/rustwide/cargo-home" "-e" "RUSTUP_HOME=/opt/rustwide/rustup-home" "-w" "/opt/rustwide/workdir" "-m" "1610612736" "--user" "0:0" "--network" "none" "ghcr.io/rust-lang/crates-build-env/linux@sha256:f3a9d4ad9d972b27faf3965f35b62e55ba32bbce8f20bc8fe909558a86702fde" "/opt/rustwide/cargo-home/bin/cargo" "+beta-2024-12-08" "test" "--frozen", kill_on_drop: false }`
[INFO] [stdout] 8849a7f13dbad9c7567b7f56c15628c309abf53e4cf0b55eb60a6eb8fd557949
[INFO] running `Command { std: "docker" "start" "-a" "8849a7f13dbad9c7567b7f56c15628c309abf53e4cf0b55eb60a6eb8fd557949", kill_on_drop: false }`
[INFO] [stderr]     Finished `test` profile [unoptimized + debuginfo] target(s) in 0.01s
[INFO] [stderr]      Running unittests src/lib.rs (/opt/rustwide/target/debug/deps/moggers_nan-e112a0310105665e)
[INFO] [stdout] 
[INFO] [stdout] running 1 test
[INFO] [stdout] test tests::it_works ... ok
[INFO] [stdout] 
[INFO] [stdout] test result: ok. 1 passed; 0 failed; 0 ignored; 0 measured; 0 filtered out; finished in 0.00s
[INFO] [stdout] 
[INFO] [stderr]    Doc-tests moggers_nan
[INFO] [stdout] 
[INFO] [stdout] running 1 test
[INFO] [stdout] test src/lib.rs - add (line 9) ... FAILED
[INFO] [stdout] 
[INFO] [stdout] failures:
[INFO] [stdout] 
[INFO] [stdout] ---- src/lib.rs - add (line 9) stdout ----
[INFO] [stdout] error[E0433]: failed to resolve: use of undeclared crate or module `my_crate`
[INFO] [stdout]  --> src/lib.rs:10:14
[INFO] [stdout]   |
[INFO] [stdout] 3 | let answer = my_crate::add(1, 2);
[INFO] [stdout]   |              ^^^^^^^^ use of undeclared crate or module `my_crate`
[INFO] [stdout] 
[INFO] [stdout] error: aborting due to 1 previous error
[INFO] [stdout] 
[INFO] [stdout] For more information about this error, try `rustc --explain E0433`.
[INFO] [stdout] Couldn't compile the test.
[INFO] [stdout] 
[INFO] [stdout] failures:
[INFO] [stdout]     src/lib.rs - add (line 9)
[INFO] [stdout] 
[INFO] [stdout] test result: FAILED. 0 passed; 1 failed; 0 ignored; 0 measured; 0 filtered out; finished in 0.09s
[INFO] [stdout] 
[INFO] [stderr] error: doctest failed, to rerun pass `--doc`
[INFO] running `Command { std: "docker" "inspect" "8849a7f13dbad9c7567b7f56c15628c309abf53e4cf0b55eb60a6eb8fd557949", kill_on_drop: false }`
[INFO] running `Command { std: "docker" "rm" "-f" "8849a7f13dbad9c7567b7f56c15628c309abf53e4cf0b55eb60a6eb8fd557949", kill_on_drop: false }`
[INFO] [stdout] 8849a7f13dbad9c7567b7f56c15628c309abf53e4cf0b55eb60a6eb8fd557949
