[INFO] fetching crate mit-lint 3.2.9...
[INFO] testing mit-lint-3.2.9 against 1.83.0 for beta-1.84.0-4-retry
[INFO] extracting crate mit-lint 3.2.9 into /workspace/builds/worker-0-tc1/source
[INFO] validating manifest of crates.io crate mit-lint 3.2.9 on toolchain 1.83.0
[INFO] running `Command { std: CARGO_HOME="/workspace/cargo-home" RUSTUP_HOME="/workspace/rustup-home" "/workspace/cargo-home/bin/cargo" "+1.83.0" "metadata" "--manifest-path" "Cargo.toml" "--no-deps", kill_on_drop: false }`
[INFO] started tweaking crates.io crate mit-lint 3.2.9
[INFO] finished tweaking crates.io crate mit-lint 3.2.9
[INFO] tweaked toml for crates.io crate mit-lint 3.2.9 written to /workspace/builds/worker-0-tc1/source/Cargo.toml
[INFO] running `Command { std: CARGO_HOME="/workspace/cargo-home" RUSTUP_HOME="/workspace/rustup-home" "/workspace/cargo-home/bin/cargo" "+1.83.0" "generate-lockfile" "--manifest-path" "Cargo.toml", kill_on_drop: false }`
[INFO] [stderr]     Updating crates.io index
[INFO] [stderr]      Locking 143 packages to latest compatible versions
[INFO] [stderr]       Adding thiserror v1.0.69 (available: v2.0.7)
[INFO] running `Command { std: CARGO_HOME="/workspace/cargo-home" RUSTUP_HOME="/workspace/rustup-home" "/workspace/cargo-home/bin/cargo" "+1.83.0" "fetch" "--manifest-path" "Cargo.toml", kill_on_drop: false }`
[INFO] [stderr]  Downloading crates ...
[INFO] [stderr]   Downloaded mit-commit v3.2.1
[INFO] running `Command { std: "docker" "create" "-v" "/var/lib/crater-agent-workspace/builds/worker-0-tc1/target:/opt/rustwide/target:rw,Z" "-v" "/var/lib/crater-agent-workspace/builds/worker-0-tc1/source:/opt/rustwide/workdir:ro,Z" "-v" "/var/lib/crater-agent-workspace/cargo-home:/opt/rustwide/cargo-home:ro,Z" "-v" "/var/lib/crater-agent-workspace/rustup-home:/opt/rustwide/rustup-home:ro,Z" "-e" "SOURCE_DIR=/opt/rustwide/workdir" "-e" "CARGO_TARGET_DIR=/opt/rustwide/target" "-e" "CARGO_HOME=/opt/rustwide/cargo-home" "-e" "RUSTUP_HOME=/opt/rustwide/rustup-home" "-w" "/opt/rustwide/workdir" "-m" "1610612736" "--user" "0:0" "--network" "none" "ghcr.io/rust-lang/crates-build-env/linux@sha256:f3a9d4ad9d972b27faf3965f35b62e55ba32bbce8f20bc8fe909558a86702fde" "/opt/rustwide/cargo-home/bin/cargo" "+1.83.0" "metadata" "--no-deps" "--format-version=1", kill_on_drop: false }`
[INFO] [stdout] 42e4f21658e7ea948ad98a012b3e1d57c0afecd03d70bd1b18cc935afe805141
[INFO] running `Command { std: "docker" "start" "-a" "42e4f21658e7ea948ad98a012b3e1d57c0afecd03d70bd1b18cc935afe805141", kill_on_drop: false }`
[INFO] running `Command { std: "docker" "inspect" "42e4f21658e7ea948ad98a012b3e1d57c0afecd03d70bd1b18cc935afe805141", kill_on_drop: false }`
[INFO] running `Command { std: "docker" "rm" "-f" "42e4f21658e7ea948ad98a012b3e1d57c0afecd03d70bd1b18cc935afe805141", kill_on_drop: false }`
[INFO] [stdout] 42e4f21658e7ea948ad98a012b3e1d57c0afecd03d70bd1b18cc935afe805141
[INFO] running `Command { std: "docker" "create" "-v" "/var/lib/crater-agent-workspace/builds/worker-0-tc1/target:/opt/rustwide/target:rw,Z" "-v" "/var/lib/crater-agent-workspace/builds/worker-0-tc1/source:/opt/rustwide/workdir:ro,Z" "-v" "/var/lib/crater-agent-workspace/cargo-home:/opt/rustwide/cargo-home:ro,Z" "-v" "/var/lib/crater-agent-workspace/rustup-home:/opt/rustwide/rustup-home:ro,Z" "-e" "SOURCE_DIR=/opt/rustwide/workdir" "-e" "CARGO_TARGET_DIR=/opt/rustwide/target" "-e" "CARGO_INCREMENTAL=0" "-e" "RUST_BACKTRACE=full" "-e" "RUSTFLAGS=--cap-lints=warn" "-e" "RUSTDOCFLAGS=--cap-lints=warn" "-e" "CARGO_HOME=/opt/rustwide/cargo-home" "-e" "RUSTUP_HOME=/opt/rustwide/rustup-home" "-w" "/opt/rustwide/workdir" "-m" "1610612736" "--user" "0:0" "--network" "none" "ghcr.io/rust-lang/crates-build-env/linux@sha256:f3a9d4ad9d972b27faf3965f35b62e55ba32bbce8f20bc8fe909558a86702fde" "/opt/rustwide/cargo-home/bin/cargo" "+1.83.0" "build" "--frozen" "--message-format=json", kill_on_drop: false }`
[INFO] [stdout] 078e21a4da0aea940d3a705e2d41e91b05d7224b6087426b487f985f770939cf
[INFO] running `Command { std: "docker" "start" "-a" "078e21a4da0aea940d3a705e2d41e91b05d7224b6087426b487f985f770939cf", kill_on_drop: false }`
[INFO] [stderr]    Compiling proc-macro2 v1.0.92
[INFO] [stderr]    Compiling unicode-ident v1.0.14
[INFO] [stderr]    Compiling memchr v2.7.4
[INFO] [stderr]    Compiling libc v0.2.168
[INFO] [stderr]    Compiling cfg-if v1.0.0
[INFO] [stderr]    Compiling autocfg v1.4.0
[INFO] [stderr]    Compiling serde v1.0.216
[INFO] [stderr]    Compiling gimli v0.31.1
[INFO] [stderr]    Compiling regex-syntax v0.8.5
[INFO] [stderr]    Compiling rustix v0.38.42
[INFO] [stderr]    Compiling adler2 v2.0.0
[INFO] [stderr]    Compiling bitflags v2.6.0
[INFO] [stderr]    Compiling thiserror v1.0.69
[INFO] [stderr]    Compiling futures-sink v0.3.31
[INFO] [stderr]    Compiling futures-core v0.3.31
[INFO] [stderr]    Compiling linux-raw-sys v0.4.14
[INFO] [stderr]    Compiling rustc-demangle v0.1.24
[INFO] [stderr]    Compiling rustversion v1.0.18
[INFO] [stderr]    Compiling miniz_oxide v0.8.0
[INFO] [stderr]    Compiling owo-colors v4.1.0
[INFO] [stderr]    Compiling futures-channel v0.3.31
[INFO] [stderr]    Compiling pin-project-lite v0.2.15
[INFO] [stderr]    Compiling equivalent v1.0.1
[INFO] [stderr]    Compiling is_ci v1.2.0
[INFO] [stderr]    Compiling hashbrown v0.15.2
[INFO] [stderr]    Compiling futures-task v0.3.31
[INFO] [stderr]    Compiling pin-utils v0.1.0
[INFO] [stderr]    Compiling futures-io v0.3.31
[INFO] [stderr]    Compiling unicode-linebreak v0.1.5
[INFO] [stderr]    Compiling unicode-width v0.1.14
[INFO] [stderr]    Compiling slab v0.4.9
[INFO] [stderr]    Compiling supports-color v3.0.2
[INFO] [stderr]    Compiling supports-unicode v3.0.0
[INFO] [stderr]    Compiling minimal-lexical v0.2.1
[INFO] [stderr]    Compiling winnow v0.6.20
[INFO] [stderr]    Compiling supports-hyperlinks v3.1.0
[INFO] [stderr]    Compiling heck v0.5.0
[INFO] [stderr]    Compiling aho-corasick v1.1.3
[INFO] [stderr]    Compiling object v0.36.5
[INFO] [stderr]    Compiling textwrap v0.16.1
[INFO] [stderr]    Compiling log v0.4.22
[INFO] [stderr]    Compiling nom v7.1.3
[INFO] [stderr]    Compiling quote v1.0.37
[INFO] [stderr]    Compiling indexmap v2.7.0
[INFO] [stderr]    Compiling syn v2.0.90
[INFO] [stderr]    Compiling terminal_size v0.4.1
[INFO] [stderr]    Compiling indoc v2.0.5
[INFO] [stderr]    Compiling lazy_static v1.5.0
[INFO] [stderr]    Compiling addr2line v0.24.2
[INFO] [stderr]    Compiling regex-automata v0.4.9
[INFO] [stderr]    Compiling getrandom v0.2.15
[INFO] [stderr]    Compiling rand_core v0.6.4
[INFO] [stderr]    Compiling rand v0.8.5
[INFO] [stderr]    Compiling backtrace v0.3.74
[INFO] [stderr]    Compiling backtrace-ext v0.2.1
[INFO] [stderr]    Compiling regex v1.11.1
[INFO] [stderr]    Compiling env_logger v0.8.4
[INFO] [stderr]    Compiling serde_derive v1.0.216
[INFO] [stderr]    Compiling thiserror-impl v1.0.69
[INFO] [stderr]    Compiling futures-macro v0.3.31
[INFO] [stderr]    Compiling miette-derive v7.4.0
[INFO] [stderr]    Compiling strum_macros v0.26.4
[INFO] [stderr]    Compiling quickcheck v1.0.3
[INFO] [stderr]    Compiling futures-util v0.3.31
[INFO] [stderr]    Compiling miette v7.4.0
[INFO] [stderr]    Compiling strum v0.26.3
[INFO] [stderr]    Compiling mit-commit v3.2.1
[INFO] [stderr]    Compiling futures-executor v0.3.31
[INFO] [stderr]    Compiling futures v0.3.31
[INFO] [stderr]    Compiling toml_datetime v0.6.8
[INFO] [stderr]    Compiling serde_spanned v0.6.8
[INFO] [stderr]    Compiling toml_edit v0.22.22
[INFO] [stderr]    Compiling toml v0.8.19
[INFO] [stderr]    Compiling mit-lint v3.2.9 (/opt/rustwide/workdir)
[INFO] [stderr]     Finished `dev` profile [unoptimized + debuginfo] target(s) in 26.49s
[INFO] running `Command { std: "docker" "inspect" "078e21a4da0aea940d3a705e2d41e91b05d7224b6087426b487f985f770939cf", kill_on_drop: false }`
[INFO] running `Command { std: "docker" "rm" "-f" "078e21a4da0aea940d3a705e2d41e91b05d7224b6087426b487f985f770939cf", kill_on_drop: false }`
[INFO] [stdout] 078e21a4da0aea940d3a705e2d41e91b05d7224b6087426b487f985f770939cf
[INFO] running `Command { std: "docker" "create" "-v" "/var/lib/crater-agent-workspace/builds/worker-0-tc1/target:/opt/rustwide/target:rw,Z" "-v" "/var/lib/crater-agent-workspace/builds/worker-0-tc1/source:/opt/rustwide/workdir:ro,Z" "-v" "/var/lib/crater-agent-workspace/cargo-home:/opt/rustwide/cargo-home:ro,Z" "-v" "/var/lib/crater-agent-workspace/rustup-home:/opt/rustwide/rustup-home:ro,Z" "-e" "SOURCE_DIR=/opt/rustwide/workdir" "-e" "CARGO_TARGET_DIR=/opt/rustwide/target" "-e" "CARGO_INCREMENTAL=0" "-e" "RUST_BACKTRACE=full" "-e" "RUSTFLAGS=--cap-lints=warn" "-e" "RUSTDOCFLAGS=--cap-lints=warn" "-e" "CARGO_HOME=/opt/rustwide/cargo-home" "-e" "RUSTUP_HOME=/opt/rustwide/rustup-home" "-w" "/opt/rustwide/workdir" "-m" "1610612736" "--user" "0:0" "--network" "none" "ghcr.io/rust-lang/crates-build-env/linux@sha256:f3a9d4ad9d972b27faf3965f35b62e55ba32bbce8f20bc8fe909558a86702fde" "/opt/rustwide/cargo-home/bin/cargo" "+1.83.0" "test" "--frozen" "--no-run" "--message-format=json", kill_on_drop: false }`
[INFO] [stdout] 3c9d2d8977ed33a2849eed3b7761a802f7fa483d3d9c9db182e67403695426a7
[INFO] running `Command { std: "docker" "start" "-a" "3c9d2d8977ed33a2849eed3b7761a802f7fa483d3d9c9db182e67403695426a7", kill_on_drop: false }`
[INFO] [stderr]    Compiling crossbeam-utils v0.8.20
[INFO] [stderr]    Compiling lock_api v0.4.12
[INFO] [stderr]    Compiling parking_lot_core v0.9.10
[INFO] [stderr]    Compiling num-traits v0.2.19
[INFO] [stderr]    Compiling either v1.13.0
[INFO] [stderr]    Compiling serde_json v1.0.133
[INFO] [stderr]    Compiling rayon-core v1.12.1
[INFO] [stderr]    Compiling smallvec v1.13.2
[INFO] [stderr]    Compiling scopeguard v1.2.0
[INFO] [stderr]    Compiling half v2.4.1
[INFO] [stderr]    Compiling ciborium-io v0.2.2
[INFO] [stderr]    Compiling syn v1.0.109
[INFO] [stderr]    Compiling anstyle v1.0.10
[INFO] [stderr]    Compiling itoa v1.0.14
[INFO] [stderr]    Compiling ryu v1.0.18
[INFO] [stderr]    Compiling clap_lex v0.7.4
[INFO] [stderr]    Compiling plotters-backend v0.3.7
[INFO] [stderr]    Compiling tokio-macros v2.4.0
[INFO] [stderr]    Compiling signal-hook-registry v1.4.2
[INFO] [stderr]    Compiling itertools v0.10.5
[INFO] [stderr]    Compiling clap_builder v4.5.23
[INFO] [stderr]    Compiling mio v1.0.3
[INFO] [stderr]    Compiling socket2 v0.5.8
[INFO] [stderr]    Compiling plotters-svg v0.3.7
[INFO] [stderr]    Compiling bytes v1.9.0
[INFO] [stderr]    Compiling cast v0.3.0
[INFO] [stderr]    Compiling same-file v1.0.6
[INFO] [stderr]    Compiling ciborium-ll v0.2.2
[INFO] [stderr]    Compiling walkdir v2.5.0
[INFO] [stderr]    Compiling is-terminal v0.4.13
[INFO] [stderr]    Compiling once_cell v1.20.2
[INFO] [stderr]    Compiling ciborium v0.2.2
[INFO] [stderr]    Compiling crossbeam-epoch v0.9.18
[INFO] [stderr]    Compiling oorandom v11.1.4
[INFO] [stderr]    Compiling anes v0.1.6
[INFO] [stderr]    Compiling parking_lot v0.12.3
[INFO] [stderr]    Compiling crossbeam-deque v0.8.5
[INFO] [stderr]    Compiling tokio v1.42.0
[INFO] [stderr]    Compiling plotters v0.3.7
[INFO] [stderr]    Compiling rayon v1.10.0
[INFO] [stderr]    Compiling tinytemplate v1.2.1
[INFO] [stderr]    Compiling criterion-plot v0.5.0
[INFO] [stderr]    Compiling clap v4.5.23
[INFO] [stderr]    Compiling quickcheck_macros v1.0.0
[INFO] [stderr]    Compiling criterion v0.5.1
[INFO] [stderr]    Compiling mit-lint v3.2.9 (/opt/rustwide/workdir)
[INFO] [stderr]     Finished `test` profile [unoptimized + debuginfo] target(s) in 27.26s
[INFO] running `Command { std: "docker" "inspect" "3c9d2d8977ed33a2849eed3b7761a802f7fa483d3d9c9db182e67403695426a7", kill_on_drop: false }`
[INFO] running `Command { std: "docker" "rm" "-f" "3c9d2d8977ed33a2849eed3b7761a802f7fa483d3d9c9db182e67403695426a7", kill_on_drop: false }`
[INFO] [stdout] 3c9d2d8977ed33a2849eed3b7761a802f7fa483d3d9c9db182e67403695426a7
[INFO] running `Command { std: "docker" "create" "-v" "/var/lib/crater-agent-workspace/builds/worker-0-tc1/target:/opt/rustwide/target:rw,Z" "-v" "/var/lib/crater-agent-workspace/builds/worker-0-tc1/source:/opt/rustwide/workdir:ro,Z" "-v" "/var/lib/crater-agent-workspace/cargo-home:/opt/rustwide/cargo-home:ro,Z" "-v" "/var/lib/crater-agent-workspace/rustup-home:/opt/rustwide/rustup-home:ro,Z" "-e" "SOURCE_DIR=/opt/rustwide/workdir" "-e" "CARGO_TARGET_DIR=/opt/rustwide/target" "-e" "CARGO_INCREMENTAL=0" "-e" "RUST_BACKTRACE=full" "-e" "RUSTFLAGS=--cap-lints=warn" "-e" "RUSTDOCFLAGS=--cap-lints=warn" "-e" "CARGO_HOME=/opt/rustwide/cargo-home" "-e" "RUSTUP_HOME=/opt/rustwide/rustup-home" "-w" "/opt/rustwide/workdir" "-m" "1610612736" "--user" "0:0" "--network" "none" "ghcr.io/rust-lang/crates-build-env/linux@sha256:f3a9d4ad9d972b27faf3965f35b62e55ba32bbce8f20bc8fe909558a86702fde" "/opt/rustwide/cargo-home/bin/cargo" "+1.83.0" "test" "--frozen", kill_on_drop: false }`
[INFO] [stdout] 661e32d17ec994c43f2c235656b05b0e91e62d83a845128fa2d85ca98e32980c
[INFO] running `Command { std: "docker" "start" "-a" "661e32d17ec994c43f2c235656b05b0e91e62d83a845128fa2d85ca98e32980c", kill_on_drop: false }`
[INFO] [stderr]     Finished `test` profile [unoptimized + debuginfo] target(s) in 0.17s
[INFO] [stderr]      Running unittests src/lib.rs (/opt/rustwide/target/debug/deps/mit_lint-b32e5b4ca3572203)
[INFO] [stdout] 
[INFO] [stdout] running 200 tests
[INFO] [stdout] test checks::body_wider_than_72_characters_test::body_ok_but_comments_longer_than_72 ... ok
[INFO] [stdout] test checks::body_wider_than_72_characters_test::comments_are_not_included_in_highlights ... ok
[INFO] [stdout] test checks::body_wider_than_72_characters_test::lines_after_scissors_and_comments_are_not_included ... ok
[INFO] [stdout] test checks::body_wider_than_72_characters_test::formatting ... ok
[INFO] [stdout] test checks::body_wider_than_72_characters_test::lines_after_scissors_and_comments_are_not_included_in_highlights ... ok
[INFO] [stdout] test checks::body_wider_than_72_characters_test::first_line_ok_but_second_line_too_long ... ok
[INFO] [stdout] test checks::body_wider_than_72_characters_test::no_body ... ok
[INFO] [stdout] test checks::body_wider_than_72_characters_test::longer_than_72_characters ... ok
[INFO] [stdout] test checks::body_wider_than_72_characters_test::longer_than_73_still_fails ... ok
[INFO] [stdout] test checks::body_wider_than_72_characters_test::multiple_long_lines_fails ... ok
[INFO] [stdout] test checks::body_wider_than_72_characters_test::last_line_included ... ok
[INFO] [stdout] test checks::duplicate_trailers_test::co_authored_by ... ok
[INFO] [stdout] test checks::body_wider_than_72_characters_test::narrower_than_72_characters ... ok
[INFO] [stdout] test checks::duplicate_trailers_test::other_trailers ... ok
[INFO] [stdout] test checks::duplicate_trailers_test::relates_to ... ok
[INFO] [stdout] test checks::duplicate_trailers_test::commit_without_trailers ... ok
[INFO] [stdout] test checks::body_wider_than_72_characters_test::success_check ... ok
[INFO] [stdout] test checks::duplicate_trailers_test::signed_off_by ... ok
[INFO] [stdout] test checks::duplicate_trailers_test::success_check ... ok
[INFO] [stdout] test checks::duplicate_trailers_test::trailer_like_duplicates_in_the_scissors_section ... ok
[INFO] [stdout] test checks::missing_github_id::tests_has_missing_github_id::gh_id_variant ... ok
[INFO] [stdout] test checks::missing_github_id::tests_has_missing_github_id::id_missing ... ok
[INFO] [stdout] test checks::missing_github_id::tests_has_missing_github_id::long_variant ... ok
[INFO] [stdout] test checks::missing_github_id::tests_has_missing_github_id::id_and_close ... ok
[INFO] [stdout] test checks::missing_github_id_test::hash_alone_variant ... ok
[INFO] [stdout] test checks::missing_github_id_test::id_and_resolve ... ok
[INFO] [stdout] test checks::missing_github_id::tests_has_missing_github_id::id_and_resolve ... ok
[INFO] [stdout] test checks::missing_github_id_test::id_and_fix ... ok
[INFO] [stdout] test checks::missing_github_id_test::formatting ... ok
[INFO] [stdout] test checks::missing_github_id_test::id_and_close ... ok
[INFO] [stdout] test checks::duplicate_trailers_test::two_duplicates ... ok
[INFO] [stdout] test checks::missing_github_id::tests_has_missing_github_id::id_and_fix ... ok
[INFO] [stdout] test checks::missing_github_id::tests_has_missing_github_id::id_malformed ... ok
[INFO] [stdout] test checks::missing_github_id::tests_has_missing_github_id::formatting ... ok
[INFO] [stdout] test checks::missing_github_id::tests_has_missing_github_id::issue ... ok
[INFO] [stdout] test checks::missing_github_id_test::id_malformed ... ok
[INFO] [stdout] test checks::missing_github_id::tests_has_missing_github_id::hash_alone_variant ... ok
[INFO] [stdout] test checks::missing_github_id_test::gh_id_variant ... ok
[INFO] [stdout] test checks::missing_github_id_test::id_missing ... ok
[INFO] [stdout] test checks::missing_github_id_test::long_variant ... ok
[INFO] [stdout] test checks::missing_github_id_test::issue ... ok
[INFO] [stdout] test checks::missing_jira_issue_key_test::id_present ... ok
[INFO] [stdout] test checks::missing_github_id_test::success_with_gh_key_check ... ok
[INFO] [stdout] test checks::missing_jira_issue_key_test::id_missing ... ok
[INFO] [stdout] test checks::missing_pivotal_tracker_id_test::id_with_delivered_state_change ... ok
[INFO] [stdout] test checks::missing_pivotal_tracker_id_test::id_with_complete_state_change ... ok
[INFO] [stdout] test checks::missing_pivotal_tracker_id_test::id_with_prefixed_text ... ok
[INFO] [stdout] test checks::missing_pivotal_tracker_id_test::id_with_state_change_and_multiple_ids ... ok
[INFO] [stdout] test checks::missing_pivotal_tracker_id_test::invalid_state_change ... ok
[INFO] [stdout] test checks::missing_pivotal_tracker_id_test::id_with_fixed_state_change ... ok
[INFO] [stdout] test checks::missing_pivotal_tracker_id_test::id_with_finished_state_change ... ok
[INFO] [stdout] test checks::missing_pivotal_tracker_id_test::multiple_ids ... ok
[INFO] [stdout] test checks::missing_pivotal_tracker_id_test::missing_id_with_square_brackets ... ok
[INFO] [stdout] test checks::missing_github_id_test::success_with_id_key_check ... ok
[INFO] [stdout] test checks::missing_jira_issue_key_test::fail_check ... ok
[INFO] [stdout] test checks::missing_pivotal_tracker_id_test::fail_check ... ok
[INFO] [stdout] test checks::missing_pivotal_tracker_id_test::with_id ... ok
[INFO] [stdout] test checks::duplicate_trailers_test::formatting ... FAILED
[INFO] [stdout] test checks::missing_github_id_test::fail_check ... FAILED
[INFO] [stdout] test checks::missing_jira_issue_key_test::formatting ... FAILED
[INFO] [stdout] test checks::missing_pivotal_tracker_id_test::formatting ... FAILED
[INFO] [stdout] test checks::not_conventional_commit::tests::commit_message_with_bang_to_draw_attention_to_breaking_change ... ok
[INFO] [stdout] test checks::not_conventional_commit::tests::commit_message_with_no_body ... ok
[INFO] [stdout] test checks::not_conventional_commit::tests::missing_bracket ... ok
[INFO] [stdout] test checks::not_conventional_commit::tests::missing_space ... ok
[INFO] [stdout] test checks::not_conventional_commit::tests::non_conventional ... ok
[INFO] [stdout] test checks::not_conventional_commit::tests::revert_example ... ok
[INFO] [stdout] test checks::not_conventional_commit::tests::commit_message_with_description_and_breaking_change_footer ... ok
[INFO] [stdout] test checks::not_conventional_commit_test::commit_message_with_description_and_breaking_change_footer ... ok
[INFO] [stdout] test checks::not_conventional_commit_test::commit_message_with_multi_paragraph_body_and_multiple_footers ... ok
[INFO] [stdout] test checks::not_conventional_commit::tests::commit_message_with_scope ... ok
[INFO] [stdout] test checks::not_conventional_commit_test::commit_message_with_no_body ... ok
[INFO] [stdout] test checks::not_conventional_commit_test::commit_message_with_both_bang_and_breaking_change_footer ... ok
[INFO] [stdout] test checks::not_conventional_commit_test::formatting ... FAILED
[INFO] [stdout] test checks::not_conventional_commit::tests::commit_message_with_multi_paragraph_body_and_multiple_footers ... ok
[INFO] [stdout] test checks::not_conventional_commit::tests::formatting ... FAILED
[INFO] [stdout] test checks::not_conventional_commit_test::commit_message_with_bang_to_draw_attention_to_breaking_change ... ok
[INFO] [stdout] test checks::not_conventional_commit_test::commit_message_with_scope ... ok
[INFO] [stdout] test checks::not_conventional_commit_test::missing_bracket ... ok
[INFO] [stdout] test checks::not_conventional_commit_test::missing_space ... ok
[INFO] [stdout] test checks::not_conventional_commit_test::revert_example ... ok
[INFO] [stdout] test checks::not_emoji_log_test::docs ... ok
[INFO] [stdout] test checks::not_emoji_log_test::emoji_log_prefixes_breaking ... ok
[INFO] [stdout] test checks::not_emoji_log_test::emoji_log_prefixes_docs ... ok
[INFO] [stdout] test checks::not_emoji_log_test::emoji_log_prefixes_fix ... ok
[INFO] [stdout] test checks::not_emoji_log_test::emoji_log_prefixes_improve ... ok
[INFO] [stdout] test checks::not_conventional_commit_test::non_conventional ... ok
[INFO] [stdout] test checks::not_emoji_log_test::emoji_log_prefixes_release ... ok
[INFO] [stdout] test checks::not_emoji_log_test::emoji_log_prefixes_test ... ok
[INFO] [stdout] test checks::not_emoji_log_test::emoji_log_prefixes_new ... ok
[INFO] [stdout] test checks::not_emoji_log_test::bc ... ok
[INFO] [stdout] test checks::not_conventional_commit_test::fail_check ... ok
[INFO] [stdout] test checks::not_conventional_commit::tests::commit_message_with_both_bang_and_breaking_change_footer ... ok
[INFO] [stdout] test checks::not_emoji_log_test::get_prefixes ... ok
[INFO] [stdout] test checks::not_emoji_log_test::formatting ... FAILED
[INFO] [stdout] test checks::not_emoji_log_test::improve ... ok
[INFO] [stdout] test checks::not_emoji_log_test::unknown_emoji ... ok
[INFO] [stdout] test checks::not_emoji_log_test::new ... ok
[INFO] [stdout] test checks::subject_line_ends_with_period_test::subject_does_not_end_with_period ... ok
[INFO] [stdout] test checks::subject_line_ends_with_period_test::formatting ... FAILED
[INFO] [stdout] test checks::not_emoji_log_test::no_gap ... ok
[INFO] [stdout] test checks::subject_line_ends_with_period_test::subject_has_multiple_periods ... ok
[INFO] [stdout] test checks::not_emoji_log_test::fix ... ok
[INFO] [stdout] test checks::not_emoji_log_test::not_emoji ... ok
[INFO] [stdout] test checks::not_emoji_log_test::release ... ok
[INFO] [stdout] test checks::subject_line_ends_with_period_test::subject_has_period_then_whitespace ... ok
[INFO] [stdout] test checks::not_emoji_log_test::test ... ok
[INFO] [stdout] test checks::not_emoji_log_test::fail_check ... ok
[INFO] [stdout] test checks::subject_line_ends_with_period_test::subject_ends_with_period ... ok
[INFO] [stdout] test checks::missing_pivotal_tracker_id_test::success_check ... ok
[INFO] [stdout] test checks::subject_longer_than_72_characters::tests::longer_than_72_characters ... ok
[INFO] [stdout] test checks::subject_longer_than_72_characters::tests::longer_than_72_characters_and_a_body ... ok
[INFO] [stdout] test checks::subject_line_ends_with_period_test::subject_is_just_a_period ... ok
[INFO] [stdout] test checks::subject_longer_than_72_characters::tests::shorter_than_72_characters_with_a_new_line ... ok
[INFO] [stdout] test checks::subject_longer_than_72_characters::tests::shorter_than_72_characters_with_a_new_line_then_characters_directly_afterwards ... ok
[INFO] [stdout] test checks::subject_longer_than_72_characters::tests::longer_than_72_characters_with_realistic_tail ... ok
[INFO] [stdout] test checks::subject_longer_than_72_characters::tests::formatting ... ok
[INFO] [stdout] test checks::subject_longer_than_72_characters::tests::longer_than_72_characters_and_a_trailer_right_next_to_the_subject ... ok
[INFO] [stdout] test checks::subject_longer_than_72_characters::tests::longer_than_72_characters_and_a_newline ... ok
[INFO] [stdout] test checks::subject_longer_than_72_characters::tests::shorter_than_72_characters_with_realistic_trailer_and_a_body ... ok
[INFO] [stdout] test checks::subject_longer_than_72_characters::tests::shorter_than_72_characters ... ok
[INFO] [stdout] test checks::subject_longer_than_72_characters_test::formatting ... ok
[INFO] [stdout] test checks::subject_longer_than_72_characters::tests::shorter_than_72_characters_with_realistic_trailer ... ok
[INFO] [stdout] test checks::subject_longer_than_72_characters_test::longer_than_72_characters_with_realistic_tail ... ok
[INFO] [stdout] test checks::subject_longer_than_72_characters_test::shorter_than_72_characters_with_realistic_trailer ... ok
[INFO] [stdout] test checks::subject_longer_than_72_characters_test::longer_than_72_characters_and_a_body ... ok
[INFO] [stdout] test checks::subject_longer_than_72_characters_test::longer_than_72_characters ... ok
[INFO] [stdout] test checks::subject_longer_than_72_characters_test::longer_than_72_characters_and_a_newline ... ok
[INFO] [stdout] test checks::subject_not_capitalized_test::capitalised ... ok
[INFO] [stdout] test checks::subject_not_capitalized_test::formatting ... ok
[INFO] [stdout] test checks::subject_longer_than_72_characters_test::shorter_than_72_characters ... ok
[INFO] [stdout] test checks::subject_not_capitalized_test::lower_case ... ok
[INFO] [stdout] test checks::subject_not_capitalized_test::numbers_are_fine ... ok
[INFO] [stdout] test checks::subject_not_capitalized_test::space_first ... ok
[INFO] [stdout] test checks::subject_not_separate_from_body_test::formatting ... ok
[INFO] [stdout] test checks::subject_longer_than_72_characters_test::shorter_than_72_characters_with_a_new_line ... ok
[INFO] [stdout] test checks::subject_not_separate_from_body_test::gutter_missing ... ok
[INFO] [stdout] test checks::subject_not_separate_from_body_test::single_line ... ok
[INFO] [stdout] test checks::subject_not_separate_from_body_test::single_line_with_long_comments ... ok
[INFO] [stdout] test checks::subject_not_separate_from_body_test::single_line_with_trailing_newline ... ok
[INFO] [stdout] test checks::not_emoji_log_test::success_check ... ok
[INFO] [stdout] test checks::subject_line_ends_with_period_test::success_check ... ok
[INFO] [stdout] test checks::subject_not_separate_from_body_test::with_gutter ... ok
[INFO] [stdout] test model::lint_test::example_i_can_get_if_a_lint_is_enabled_by_default ... ok
[INFO] [stdout] test model::lint_test::example_it_is_convertible_to_string ... ok
[INFO] [stdout] test checks::subject_not_capitalized_test::success_check ... ok
[INFO] [stdout] test model::lint_test::example_it_is_printable ... ok
[INFO] [stdout] test model::lint_test::i_can_get_all_the_lints ... ok
[INFO] [stdout] test model::lint_test::it_is_convertible_to_string ... ok
[INFO] [stdout] test model::lint_test::it_is_creatable_from_string ... ok
[INFO] [stdout] test model::lint_test::it_can_be_created_from_string ... ok
[INFO] [stdout] test model::lints_test::can_get_all ... ok
[INFO] [stdout] test model::lints_test::example_can_get_all ... ok
[INFO] [stdout] test checks::subject_longer_than_72_characters_test::success_check ... ok
[INFO] [stdout] test model::lint_test::example_i_can_get_all_the_lints ... ok
[INFO] [stdout] test model::lint_test::it_is_printable ... ok
[INFO] [stdout] test model::lint_test::example_it_can_be_created_from_string ... ok
[INFO] [stdout] test model::lints_test::example_it_can_convert_into_a_vec ... ok
[INFO] [stdout] test model::lints_test::example_it_can_construct_itself_from_names ... ok
[INFO] [stdout] test model::lints_test::example_it_returns_an_error_if_one_of_the_names_is_wrong ... ok
[INFO] [stdout] test model::lints_test::example_two_sets_of_lints_can_be_merged ... ok
[INFO] [stdout] test model::lints_test::example_we_can_subtract_lints_from_the_lint_list ... ok
[INFO] [stdout] test model::lints_test::example_when_merging_overlapping_does_not_lead_to_duplication ... ok
[INFO] [stdout] test model::lints_test::example_it_can_give_me_an_into_iterator ... ok
[INFO] [stdout] test checks::subject_not_separate_from_body_test::success_check ... ok
[INFO] [stdout] test model::lints_test::example_it_can_give_me_the_names ... ok
[INFO] [stdout] test model::lints_test::example_it_can_give_me_the_config_keys ... ok
[INFO] [stdout] test model::lints_test::example_get_toml ... ok
[INFO] [stdout] test checks::subject_not_separate_from_body_test::failure_check ... ok
[INFO] [stdout] test model::lints_test::it_can_convert_into_a_vec ... ok
[INFO] [stdout] test checks::subject_longer_than_72_characters_test::shorter_than_72_characters_with_realistic_trailer_and_a_body ... ok
[INFO] [stdout] test model::lints_test::it_can_give_me_the_names ... ok
[INFO] [stdout] test model::lints_test::no_lint_segfaults ... ok
[INFO] [stdout] test model::problem_test::commit_message_is_none_when_it_is_empty ... ok
[INFO] [stdout] test model::problem_test::examples_has_error ... ok
[INFO] [stdout] test model::problem_test::examples_has_has_code ... ok
[INFO] [stdout] test model::problem_test::examples_has_has_tip ... ok
[INFO] [stdout] test model::problem_test::examples_it_contains_the_labels ... ok
[INFO] [stdout] test model::problem_test::examples_it_contains_the_triggering_message ... ok
[INFO] [stdout] test model::lints_test::it_can_give_me_the_config_keys ... ok
[INFO] [stdout] test model::problem_test::labels_are_none_if_commit_empty ... ok
[INFO] [stdout] test model::problem_test::test_has_error ... ok
[INFO] [stdout] test model::problem_test::test_has_has_tip ... ok
[INFO] [stdout] test model::lints_test::we_can_subtract_lints_from_the_lint_list ... ok
[INFO] [stdout] test model::problem_test::test_has_has_code ... ok
[INFO] [stdout] test model::lints_test::it_can_give_me_an_into_iterator ... ok
[INFO] [stdout] test model::problem_test::test_it_contains_the_labels ... ok
[INFO] [stdout] test checks::subject_longer_than_72_characters_test::failure_check ... ok
[INFO] [stdout] test model::lints_test::two_sets_of_lints_can_be_merged ... ok
[INFO] [stdout] test model::problem_test::test_it_contains_the_triggering_message ... ok
[INFO] [stdout] test checks::subject_not_capitalized_test::failure_check ... ok
[INFO] [stdout] test model::lints_test::it_can_construct_itself_from_names ... ok
[INFO] [stdout] test model::lints_test::get_toml ... ok
[INFO] [stdout] test model::lints_test::it_returns_an_error_if_one_of_the_names_is_wrong ... ok
[INFO] [stdout] test checks::body_wider_than_72_characters_test::fail_check ... ok
[INFO] [stdout] test checks::subject_line_ends_with_period_test::failure_check ... ok
[INFO] [stdout] test checks::duplicate_trailers_test::fail_check ... ok
[INFO] [stdout] test checks::missing_jira_issue_key_test::success_check ... ok
[INFO] [stdout] test checks::not_conventional_commit_test::success_check ... ok
[INFO] [stdout] test checks::missing_github_id_test::success_with_with_org_id_key_check ... ok
[INFO] [stdout] 
[INFO] [stdout] failures:
[INFO] [stdout] 
[INFO] [stdout] ---- checks::duplicate_trailers_test::formatting stdout ----
[INFO] [stdout] thread 'checks::duplicate_trailers_test::formatting' panicked at src/checks/duplicate_trailers_test.rs:235:5:
[INFO] [stdout] assertion `left == right` failed: Message "An example commit\n\nThis is an example commit without any duplicate trailers\n\nSigned-off-by: Billie Thompson <email@example.com>\nSigned-off-by: Billie Thompson <email@example.com>\nCo-authored-by: Billie Thompson <email@example.com>\nCo-authored-by: Billie Thompson <email@example.com>\n" should have returned "DuplicatedTrailers (https://git-scm.com/docs/githooks#_commit_msg)\n\n  x Your commit message has duplicated trailers\n   ,-[6:1]\n 5 | Signed-off-by: Billie Thompson <email@example.com>\n 6 | Signed-off-by: Billie Thompson <email@example.com>\n   : ^^^^^^^^^^^^^^^^^^^^^^^^^|^^^^^^^^^^^^^^^^^^^^^^^^\n   :                          `-- Duplicated `Signed-off-by`\n 7 | Co-authored-by: Billie Thompson <email@example.com>\n 8 | Co-authored-by: Billie Thompson <email@example.com>\n   : ^^^^^^^^^^^^^^^^^^^^^^^^^|^^^^^^^^^^^^^^^^^^^^^^^^^\n   :                          `-- Duplicated `Co-authored-by`\n   `----\n  help: These are normally added accidentally when you're rebasing or\n        amending to a commit, sometimes in the text editor, but often by\n        git hooks.\n        \n        You can fix this by deleting the duplicated \"Co-authored-by\",\n        \"Signed-off-by\" fields\n", found "DuplicatedTrailers (https://git-scm.com/docs/githooks#_commit_msg)\n\n  x Your commit message has duplicated trailers\n   ,-[6:1]\n 5 | Signed-off-by: Billie Thompson <email@example.com>\n 6 | Signed-off-by: Billie Thompson <email@example.com>\n   : ^^^^^^^^^^^^^^^^^^^^^^^^^|^^^^^^^^^^^^^^^^^^^^^^^^\n   :                          `-- Duplicated `Signed-off-by`\n 7 | Co-authored-by: Billie Thompson <email@example.com>\n 8 | Co-authored-by: Billie Thompson <email@example.com>\n   : ^^^^^^^^^^^^^^^^^^^^^^^^^|^^^^^^^^^^^^^^^^^^^^^^^^^\n   :                          `-- Duplicated `Co-authored-by`\n   `----\n  help: These are normally added accidentally when you're rebasing or amending\n        to a commit, sometimes in the text editor, but often by git hooks.\n        \n        You can fix this by deleting the duplicated \"Co-authored-by\", \"Signed-\n        off-by\" fields\n"
[INFO] [stdout]   left: "DuplicatedTrailers (https://git-scm.com/docs/githooks#_commit_msg)\n\n  x Your commit message has duplicated trailers\n   ,-[6:1]\n 5 | Signed-off-by: Billie Thompson <email@example.com>\n 6 | Signed-off-by: Billie Thompson <email@example.com>\n   : ^^^^^^^^^^^^^^^^^^^^^^^^^|^^^^^^^^^^^^^^^^^^^^^^^^\n   :                          `-- Duplicated `Signed-off-by`\n 7 | Co-authored-by: Billie Thompson <email@example.com>\n 8 | Co-authored-by: Billie Thompson <email@example.com>\n   : ^^^^^^^^^^^^^^^^^^^^^^^^^|^^^^^^^^^^^^^^^^^^^^^^^^^\n   :                          `-- Duplicated `Co-authored-by`\n   `----\n  help: These are normally added accidentally when you're rebasing or amending\n        to a commit, sometimes in the text editor, but often by git hooks.\n        \n        You can fix this by deleting the duplicated \"Co-authored-by\", \"Signed-\n        off-by\" fields\n"
[INFO] [stdout]  right: "DuplicatedTrailers (https://git-scm.com/docs/githooks#_commit_msg)\n\n  x Your commit message has duplicated trailers\n   ,-[6:1]\n 5 | Signed-off-by: Billie Thompson <email@example.com>\n 6 | Signed-off-by: Billie Thompson <email@example.com>\n   : ^^^^^^^^^^^^^^^^^^^^^^^^^|^^^^^^^^^^^^^^^^^^^^^^^^\n   :                          `-- Duplicated `Signed-off-by`\n 7 | Co-authored-by: Billie Thompson <email@example.com>\n 8 | Co-authored-by: Billie Thompson <email@example.com>\n   : ^^^^^^^^^^^^^^^^^^^^^^^^^|^^^^^^^^^^^^^^^^^^^^^^^^^\n   :                          `-- Duplicated `Co-authored-by`\n   `----\n  help: These are normally added accidentally when you're rebasing or\n        amending to a commit, sometimes in the text editor, but often by\n        git hooks.\n        \n        You can fix this by deleting the duplicated \"Co-authored-by\",\n        \"Signed-off-by\" fields\n"
[INFO] [stdout] stack backtrace:
[INFO] [stdout]    0:     0x557ab96ce7ba - std::backtrace_rs::backtrace::libunwind::trace::h5a5b8284f2d0c266
[INFO] [stdout]                                at /rustc/90b35a6239c3d8bdabc530a6a0816f7ff89a0aaf/library/std/src/../../backtrace/src/backtrace/libunwind.rs:116:5
[INFO] [stdout]    1:     0x557ab96ce7ba - std::backtrace_rs::backtrace::trace_unsynchronized::h76d4f1c9b0b875e3
[INFO] [stdout]                                at /rustc/90b35a6239c3d8bdabc530a6a0816f7ff89a0aaf/library/std/src/../../backtrace/src/backtrace/mod.rs:66:5
[INFO] [stdout]    2:     0x557ab96ce7ba - std::sys::backtrace::_print_fmt::hc4546b8364a537c6
[INFO] [stdout]                                at /rustc/90b35a6239c3d8bdabc530a6a0816f7ff89a0aaf/library/std/src/sys/backtrace.rs:66:9
[INFO] [stdout]    3:     0x557ab96ce7ba - <std::sys::backtrace::BacktraceLock::print::DisplayBacktrace as core::fmt::Display>::fmt::h5b6bd5631a6d1f6b
[INFO] [stdout]                                at /rustc/90b35a6239c3d8bdabc530a6a0816f7ff89a0aaf/library/std/src/sys/backtrace.rs:39:26
[INFO] [stdout]    4:     0x557ab96f5ee3 - core::fmt::rt::Argument::fmt::h270f6602a2b96f62
[INFO] [stdout]                                at /rustc/90b35a6239c3d8bdabc530a6a0816f7ff89a0aaf/library/core/src/fmt/rt.rs:177:76
[INFO] [stdout]    5:     0x557ab96f5ee3 - core::fmt::write::h7550c97b06c86515
[INFO] [stdout]                                at /rustc/90b35a6239c3d8bdabc530a6a0816f7ff89a0aaf/library/core/src/fmt/mod.rs:1186:21
[INFO] [stdout]    6:     0x557ab96cb903 - std::io::Write::write_fmt::h509ff860e5956e5e
[INFO] [stdout]                                at /rustc/90b35a6239c3d8bdabc530a6a0816f7ff89a0aaf/library/std/src/io/mod.rs:1839:15
[INFO] [stdout]    7:     0x557ab96ce602 - std::sys::backtrace::BacktraceLock::print::h2395ccd2c84ba3aa
[INFO] [stdout]                                at /rustc/90b35a6239c3d8bdabc530a6a0816f7ff89a0aaf/library/std/src/sys/backtrace.rs:42:9
[INFO] [stdout]    8:     0x557ab96cfc1a - std::panicking::default_hook::{{closure}}::he19d4c7230e07961
[INFO] [stdout]                                at /rustc/90b35a6239c3d8bdabc530a6a0816f7ff89a0aaf/library/std/src/panicking.rs:268:22
[INFO] [stdout]    9:     0x557ab96cfa24 - std::panicking::default_hook::hf614597d3c67bbdb
[INFO] [stdout]                                at /rustc/90b35a6239c3d8bdabc530a6a0816f7ff89a0aaf/library/std/src/panicking.rs:292:9
[INFO] [stdout]   10:     0x557ab93380c9 - <alloc::boxed::Box<F,A> as core::ops::function::Fn<Args>>::call::h39b51ce4599c23d1
[INFO] [stdout]                                at /rustc/90b35a6239c3d8bdabc530a6a0816f7ff89a0aaf/library/alloc/src/boxed.rs:2468:9
[INFO] [stdout]   11:     0x557ab93380c9 - test::test_main::{{closure}}::he977ae839a582784
[INFO] [stdout]                                at /rustc/90b35a6239c3d8bdabc530a6a0816f7ff89a0aaf/library/test/src/lib.rs:133:21
[INFO] [stdout]   12:     0x557ab96d02b8 - <alloc::boxed::Box<F,A> as core::ops::function::Fn<Args>>::call::h9455091b6b06f9fb
[INFO] [stdout]                                at /rustc/90b35a6239c3d8bdabc530a6a0816f7ff89a0aaf/library/alloc/src/boxed.rs:2468:9
[INFO] [stdout]   13:     0x557ab96d02b8 - std::panicking::rust_panic_with_hook::h8942133a8b252070
[INFO] [stdout]                                at /rustc/90b35a6239c3d8bdabc530a6a0816f7ff89a0aaf/library/std/src/panicking.rs:809:13
[INFO] [stdout]   14:     0x557ab96d007a - std::panicking::begin_panic_handler::{{closure}}::hb5f5963570096b29
[INFO] [stdout]                                at /rustc/90b35a6239c3d8bdabc530a6a0816f7ff89a0aaf/library/std/src/panicking.rs:674:13
[INFO] [stdout]   15:     0x557ab96cec99 - std::sys::backtrace::__rust_end_short_backtrace::h6208cedc1922feda
[INFO] [stdout]                                at /rustc/90b35a6239c3d8bdabc530a6a0816f7ff89a0aaf/library/std/src/sys/backtrace.rs:170:18
[INFO] [stdout]   16:     0x557ab96cfd0c - rust_begin_unwind
[INFO] [stdout]                                at /rustc/90b35a6239c3d8bdabc530a6a0816f7ff89a0aaf/library/std/src/panicking.rs:665:5
[INFO] [stdout]   17:     0x557ab90d8180 - core::panicking::panic_fmt::h0c3082644d1bf418
[INFO] [stdout]                                at /rustc/90b35a6239c3d8bdabc530a6a0816f7ff89a0aaf/library/core/src/panicking.rs:74:14
[INFO] [stdout]   18:     0x557ab90d8584 - core::panicking::assert_failed_inner::h2ddf1fcc067fa858
[INFO] [stdout]   19:     0x557ab91cf32c - core::panicking::assert_failed::h391b736eb00219e4
[INFO] [stdout]                                at /rustc/90b35a6239c3d8bdabc530a6a0816f7ff89a0aaf/library/core/src/panicking.rs:367:5
[INFO] [stdout]   20:     0x557ab91a22f2 - mit_lint::checks::duplicate_trailers_test::formatting::he27897d1814891fd
[INFO] [stdout]                                at /opt/rustwide/workdir/src/checks/duplicate_trailers_test.rs:235:5
[INFO] [stdout]   21:     0x557ab91a1e67 - mit_lint::checks::duplicate_trailers_test::formatting::{{closure}}::h8e5d863bdc9459f8
[INFO] [stdout]                                at /opt/rustwide/workdir/src/checks/duplicate_trailers_test.rs:202:16
[INFO] [stdout]   22:     0x557ab91ba216 - core::ops::function::FnOnce::call_once::h854f7f22d2935fde
[INFO] [stdout]                                at /rustc/90b35a6239c3d8bdabc530a6a0816f7ff89a0aaf/library/core/src/ops/function.rs:250:5
[INFO] [stdout]   23:     0x557ab933ca8b - core::ops::function::FnOnce::call_once::h109cf8051a59b34e
[INFO] [stdout]                                at /rustc/90b35a6239c3d8bdabc530a6a0816f7ff89a0aaf/library/core/src/ops/function.rs:250:5
[INFO] [stdout]   24:     0x557ab933ca8b - test::__rust_begin_short_backtrace::hf4fff89d377446ba
[INFO] [stdout]                                at /rustc/90b35a6239c3d8bdabc530a6a0816f7ff89a0aaf/library/test/src/lib.rs:621:18
[INFO] [stdout]   25:     0x557ab933c2c7 - test::run_test_in_process::{{closure}}::h0e39181dd7ee5a43
[INFO] [stdout]                                at /rustc/90b35a6239c3d8bdabc530a6a0816f7ff89a0aaf/library/test/src/lib.rs:644:60
[INFO] [stdout]   26:     0x557ab933c2c7 - <core::panic::unwind_safe::AssertUnwindSafe<F> as core::ops::function::FnOnce<()>>::call_once::hc5a66a30f0bdfd1f
[INFO] [stdout]                                at /rustc/90b35a6239c3d8bdabc530a6a0816f7ff89a0aaf/library/core/src/panic/unwind_safe.rs:272:9
[INFO] [stdout]   27:     0x557ab933c2c7 - std::panicking::try::do_call::h873b7cf639554a5e
[INFO] [stdout]                                at /rustc/90b35a6239c3d8bdabc530a6a0816f7ff89a0aaf/library/std/src/panicking.rs:557:40
[INFO] [stdout]   28:     0x557ab933c2c7 - std::panicking::try::hdb19862fad9c8bd1
[INFO] [stdout]                                at /rustc/90b35a6239c3d8bdabc530a6a0816f7ff89a0aaf/library/std/src/panicking.rs:520:19
[INFO] [stdout]   29:     0x557ab933c2c7 - std::panic::catch_unwind::h281fe732d236d260
[INFO] [stdout]                                at /rustc/90b35a6239c3d8bdabc530a6a0816f7ff89a0aaf/library/std/src/panic.rs:358:14
[INFO] [stdout]   30:     0x557ab933c2c7 - test::run_test_in_process::h949b6df8457ed338
[INFO] [stdout]                                at /rustc/90b35a6239c3d8bdabc530a6a0816f7ff89a0aaf/library/test/src/lib.rs:644:27
[INFO] [stdout]   31:     0x557ab933c2c7 - test::run_test::{{closure}}::h52c556a6d4740e10
[INFO] [stdout]                                at /rustc/90b35a6239c3d8bdabc530a6a0816f7ff89a0aaf/library/test/src/lib.rs:565:43
[INFO] [stdout]   32:     0x557ab93015a4 - test::run_test::{{closure}}::h4237f6381c45ccb9
[INFO] [stdout]                                at /rustc/90b35a6239c3d8bdabc530a6a0816f7ff89a0aaf/library/test/src/lib.rs:595:41
[INFO] [stdout]   33:     0x557ab93015a4 - std::sys::backtrace::__rust_begin_short_backtrace::h505c97a579eca628
[INFO] [stdout]                                at /rustc/90b35a6239c3d8bdabc530a6a0816f7ff89a0aaf/library/std/src/sys/backtrace.rs:154:18
[INFO] [stdout]   34:     0x557ab9304c6e - std::thread::Builder::spawn_unchecked_::{{closure}}::{{closure}}::h9e86b2e2bc107ea3
[INFO] [stdout]                                at /rustc/90b35a6239c3d8bdabc530a6a0816f7ff89a0aaf/library/std/src/thread/mod.rs:538:17
[INFO] [stdout]   35:     0x557ab9304c6e - <core::panic::unwind_safe::AssertUnwindSafe<F> as core::ops::function::FnOnce<()>>::call_once::h8b06ddb275ff4a25
[INFO] [stdout]                                at /rustc/90b35a6239c3d8bdabc530a6a0816f7ff89a0aaf/library/core/src/panic/unwind_safe.rs:272:9
[INFO] [stdout]   36:     0x557ab9304c6e - std::panicking::try::do_call::hb26ecd7cd9a9355d
[INFO] [stdout]                                at /rustc/90b35a6239c3d8bdabc530a6a0816f7ff89a0aaf/library/std/src/panicking.rs:557:40
[INFO] [stdout]   37:     0x557ab9304c6e - std::panicking::try::h8ddeca9d705f9069
[INFO] [stdout]                                at /rustc/90b35a6239c3d8bdabc530a6a0816f7ff89a0aaf/library/std/src/panicking.rs:520:19
[INFO] [stdout]   38:     0x557ab9304c6e - std::panic::catch_unwind::h49e1c33078844c46
[INFO] [stdout]                                at /rustc/90b35a6239c3d8bdabc530a6a0816f7ff89a0aaf/library/std/src/panic.rs:358:14
[INFO] [stdout]   39:     0x557ab9304c6e - std::thread::Builder::spawn_unchecked_::{{closure}}::h6073db6ff56ad35d
[INFO] [stdout]                                at /rustc/90b35a6239c3d8bdabc530a6a0816f7ff89a0aaf/library/std/src/thread/mod.rs:537:30
[INFO] [stdout]   40:     0x557ab9304c6e - core::ops::function::FnOnce::call_once{{vtable.shim}}::h2c5a5f3779c774f1
[INFO] [stdout]                                at /rustc/90b35a6239c3d8bdabc530a6a0816f7ff89a0aaf/library/core/src/ops/function.rs:250:5
[INFO] [stdout]   41:     0x557ab96d400b - <alloc::boxed::Box<F,A> as core::ops::function::FnOnce<Args>>::call_once::hf75717d9f28faebf
[INFO] [stdout]                                at /rustc/90b35a6239c3d8bdabc530a6a0816f7ff89a0aaf/library/alloc/src/boxed.rs:2454:9
[INFO] [stdout]   42:     0x557ab96d400b - <alloc::boxed::Box<F,A> as core::ops::function::FnOnce<Args>>::call_once::h7bd883a5f3c5f3c1
[INFO] [stdout]                                at /rustc/90b35a6239c3d8bdabc530a6a0816f7ff89a0aaf/library/alloc/src/boxed.rs:2454:9
[INFO] [stdout]   43:     0x557ab96d400b - std::sys::pal::unix::thread::Thread::new::thread_start::hcc78f3943333fa94
[INFO] [stdout]                                at /rustc/90b35a6239c3d8bdabc530a6a0816f7ff89a0aaf/library/std/src/sys/pal/unix/thread.rs:105:17
[INFO] [stdout]   44:     0x74071403fac3 - <unknown>
[INFO] [stdout]   45:     0x7407140d0a04 - clone
[INFO] [stdout]   46:                0x0 - <unknown>
[INFO] [stdout] 
[INFO] [stdout] ---- checks::missing_github_id_test::fail_check stdout ----
[INFO] [stdout] thread 'checks::missing_github_id_test::fail_check' panicked at /opt/rustwide/cargo-home/registry/src/index.crates.io-6f17d22bba15001f/quickcheck-1.0.3/src/tester.rs:165:28:
[INFO] [stdout] [quickcheck] TEST FAILED. Arguments: (" #0")
[INFO] [stdout] stack backtrace:
[INFO] [stdout]    0:     0x557ab96ce7ba - std::backtrace_rs::backtrace::libunwind::trace::h5a5b8284f2d0c266
[INFO] [stdout]                                at /rustc/90b35a6239c3d8bdabc530a6a0816f7ff89a0aaf/library/std/src/../../backtrace/src/backtrace/libunwind.rs:116:5
[INFO] [stdout]    1:     0x557ab96ce7ba - std::backtrace_rs::backtrace::trace_unsynchronized::h76d4f1c9b0b875e3
[INFO] [stdout]                                at /rustc/90b35a6239c3d8bdabc530a6a0816f7ff89a0aaf/library/std/src/../../backtrace/src/backtrace/mod.rs:66:5
[INFO] [stdout]    2:     0x557ab96ce7ba - std::sys::backtrace::_print_fmt::hc4546b8364a537c6
[INFO] [stdout]                                at /rustc/90b35a6239c3d8bdabc530a6a0816f7ff89a0aaf/library/std/src/sys/backtrace.rs:66:9
[INFO] [stdout]    3:     0x557ab96ce7ba - <std::sys::backtrace::BacktraceLock::print::DisplayBacktrace as core::fmt::Display>::fmt::h5b6bd5631a6d1f6b
[INFO] [stdout]                                at /rustc/90b35a6239c3d8bdabc530a6a0816f7ff89a0aaf/library/std/src/sys/backtrace.rs:39:26
[INFO] [stdout]    4:     0x557ab96f5ee3 - core::fmt::rt::Argument::fmt::h270f6602a2b96f62
[INFO] [stdout]                                at /rustc/90b35a6239c3d8bdabc530a6a0816f7ff89a0aaf/library/core/src/fmt/rt.rs:177:76
[INFO] [stdout]    5:     0x557ab96f5ee3 - core::fmt::write::h7550c97b06c86515
[INFO] [stdout]                                at /rustc/90b35a6239c3d8bdabc530a6a0816f7ff89a0aaf/library/core/src/fmt/mod.rs:1186:21
[INFO] [stdout]    6:     0x557ab96cb903 - std::io::Write::write_fmt::h509ff860e5956e5e
[INFO] [stdout]                                at /rustc/90b35a6239c3d8bdabc530a6a0816f7ff89a0aaf/library/std/src/io/mod.rs:1839:15
[INFO] [stdout]    7:     0x557ab96ce602 - std::sys::backtrace::BacktraceLock::print::h2395ccd2c84ba3aa
[INFO] [stdout]                                at /rustc/90b35a6239c3d8bdabc530a6a0816f7ff89a0aaf/library/std/src/sys/backtrace.rs:42:9
[INFO] [stdout]    8:     0x557ab96cfc1a - std::panicking::default_hook::{{closure}}::he19d4c7230e07961
[INFO] [stdout]                                at /rustc/90b35a6239c3d8bdabc530a6a0816f7ff89a0aaf/library/std/src/panicking.rs:268:22
[INFO] [stdout]    9:     0x557ab96cfa24 - std::panicking::default_hook::hf614597d3c67bbdb
[INFO] [stdout]                                at /rustc/90b35a6239c3d8bdabc530a6a0816f7ff89a0aaf/library/std/src/panicking.rs:292:9
[INFO] [stdout]   10:     0x557ab93380c9 - <alloc::boxed::Box<F,A> as core::ops::function::Fn<Args>>::call::h39b51ce4599c23d1
[INFO] [stdout]                                at /rustc/90b35a6239c3d8bdabc530a6a0816f7ff89a0aaf/library/alloc/src/boxed.rs:2468:9
[INFO] [stdout]   11:     0x557ab93380c9 - test::test_main::{{closure}}::he977ae839a582784
[INFO] [stdout]                                at /rustc/90b35a6239c3d8bdabc530a6a0816f7ff89a0aaf/library/test/src/lib.rs:133:21
[INFO] [stdout]   12:     0x557ab96d02b8 - <alloc::boxed::Box<F,A> as core::ops::function::Fn<Args>>::call::h9455091b6b06f9fb
[INFO] [stdout]                                at /rustc/90b35a6239c3d8bdabc530a6a0816f7ff89a0aaf/library/alloc/src/boxed.rs:2468:9
[INFO] [stdout]   13:     0x557ab96d02b8 - std::panicking::rust_panic_with_hook::h8942133a8b252070
[INFO] [stdout]                                at /rustc/90b35a6239c3d8bdabc530a6a0816f7ff89a0aaf/library/std/src/panicking.rs:809:13
[INFO] [stdout]   14:     0x557ab915348b - std::panicking::begin_panic::{{closure}}::h15fb158569453e94
[INFO] [stdout]                                at /rustc/90b35a6239c3d8bdabc530a6a0816f7ff89a0aaf/library/std/src/panicking.rs:738:9
[INFO] [stdout]   15:     0x557ab91533d6 - std::sys::backtrace::__rust_end_short_backtrace::h4eaaa24422c61b62
[INFO] [stdout]                                at /rustc/90b35a6239c3d8bdabc530a6a0816f7ff89a0aaf/library/std/src/sys/backtrace.rs:170:18
[INFO] [stdout]   16:     0x557ab9153423 - std::panicking::begin_panic::hafdd5d9b69ea0ae6
[INFO] [stdout]                                at /rustc/90b35a6239c3d8bdabc530a6a0816f7ff89a0aaf/library/std/src/panicking.rs:737:5
[INFO] [stdout]   17:     0x557ab913573f - quickcheck::tester::QuickCheck::quickcheck::h0a9cee9d19b5334d
[INFO] [stdout]                                at /opt/rustwide/cargo-home/registry/src/index.crates.io-6f17d22bba15001f/quickcheck-1.0.3/src/tester.rs:165:28
[INFO] [stdout]   18:     0x557ab913d9b3 - quickcheck::tester::quickcheck::hdc7022da6fd0b767
[INFO] [stdout]                                at /opt/rustwide/cargo-home/registry/src/index.crates.io-6f17d22bba15001f/quickcheck-1.0.3/src/tester.rs:183:5
[INFO] [stdout]   19:     0x557ab91c8c0d - mit_lint::checks::missing_github_id_test::fail_check::hd37f9fade21a643b
[INFO] [stdout]                                at /opt/rustwide/workdir/src/checks/missing_github_id_test.rs:289:1
[INFO] [stdout]   20:     0x557ab91c8be7 - mit_lint::checks::missing_github_id_test::fail_check::{{closure}}::hbc7aba08bf04ecfc
[INFO] [stdout]                                at /opt/rustwide/workdir/src/checks/missing_github_id_test.rs:289:14
[INFO] [stdout]   21:     0x557ab91bb7a6 - core::ops::function::FnOnce::call_once::hd9463de29ecebb1a
[INFO] [stdout]                                at /rustc/90b35a6239c3d8bdabc530a6a0816f7ff89a0aaf/library/core/src/ops/function.rs:250:5
[INFO] [stdout]   22:     0x557ab933ca8b - core::ops::function::FnOnce::call_once::h109cf8051a59b34e
[INFO] [stdout]                                at /rustc/90b35a6239c3d8bdabc530a6a0816f7ff89a0aaf/library/core/src/ops/function.rs:250:5
[INFO] [stdout]   23:     0x557ab933ca8b - test::__rust_begin_short_backtrace::hf4fff89d377446ba
[INFO] [stdout]                                at /rustc/90b35a6239c3d8bdabc530a6a0816f7ff89a0aaf/library/test/src/lib.rs:621:18
[INFO] [stdout]   24:     0x557ab933c2c7 - test::run_test_in_process::{{closure}}::h0e39181dd7ee5a43
[INFO] [stdout]                                at /rustc/90b35a6239c3d8bdabc530a6a0816f7ff89a0aaf/library/test/src/lib.rs:644:60
[INFO] [stdout]   25:     0x557ab933c2c7 - <core::panic::unwind_safe::AssertUnwindSafe<F> as core::ops::function::FnOnce<()>>::call_once::hc5a66a30f0bdfd1f
[INFO] [stdout]                                at /rustc/90b35a6239c3d8bdabc530a6a0816f7ff89a0aaf/library/core/src/panic/unwind_safe.rs:272:9
[INFO] [stdout]   26:     0x557ab933c2c7 - std::panicking::try::do_call::h873b7cf639554a5e
[INFO] [stdout]                                at /rustc/90b35a6239c3d8bdabc530a6a0816f7ff89a0aaf/library/std/src/panicking.rs:557:40
[INFO] [stdout]   27:     0x557ab933c2c7 - std::panicking::try::hdb19862fad9c8bd1
[INFO] [stdout]                                at /rustc/90b35a6239c3d8bdabc530a6a0816f7ff89a0aaf/library/std/src/panicking.rs:520:19
[INFO] [stdout]   28:     0x557ab933c2c7 - std::panic::catch_unwind::h281fe732d236d260
[INFO] [stdout]                                at /rustc/90b35a6239c3d8bdabc530a6a0816f7ff89a0aaf/library/std/src/panic.rs:358:14
[INFO] [stdout]   29:     0x557ab933c2c7 - test::run_test_in_process::h949b6df8457ed338
[INFO] [stdout]                                at /rustc/90b35a6239c3d8bdabc530a6a0816f7ff89a0aaf/library/test/src/lib.rs:644:27
[INFO] [stdout]   30:     0x557ab933c2c7 - test::run_test::{{closure}}::h52c556a6d4740e10
[INFO] [stdout]                                at /rustc/90b35a6239c3d8bdabc530a6a0816f7ff89a0aaf/library/test/src/lib.rs:565:43
[INFO] [stdout]   31:     0x557ab93015a4 - test::run_test::{{closure}}::h4237f6381c45ccb9
[INFO] [stdout]                                at /rustc/90b35a6239c3d8bdabc530a6a0816f7ff89a0aaf/library/test/src/lib.rs:595:41
[INFO] [stdout]   32:     0x557ab93015a4 - std::sys::backtrace::__rust_begin_short_backtrace::h505c97a579eca628
[INFO] [stdout]                                at /rustc/90b35a6239c3d8bdabc530a6a0816f7ff89a0aaf/library/std/src/sys/backtrace.rs:154:18
[INFO] [stdout]   33:     0x557ab9304c6e - std::thread::Builder::spawn_unchecked_::{{closure}}::{{closure}}::h9e86b2e2bc107ea3
[INFO] [stdout]                                at /rustc/90b35a6239c3d8bdabc530a6a0816f7ff89a0aaf/library/std/src/thread/mod.rs:538:17
[INFO] [stdout]   34:     0x557ab9304c6e - <core::panic::unwind_safe::AssertUnwindSafe<F> as core::ops::function::FnOnce<()>>::call_once::h8b06ddb275ff4a25
[INFO] [stdout]                                at /rustc/90b35a6239c3d8bdabc530a6a0816f7ff89a0aaf/library/core/src/panic/unwind_safe.rs:272:9
[INFO] [stdout]   35:     0x557ab9304c6e - std::panicking::try::do_call::hb26ecd7cd9a9355d
[INFO] [stdout]                                at /rustc/90b35a6239c3d8bdabc530a6a0816f7ff89a0aaf/library/std/src/panicking.rs:557:40
[INFO] [stdout]   36:     0x557ab9304c6e - std::panicking::try::h8ddeca9d705f9069
[INFO] [stdout]                                at /rustc/90b35a6239c3d8bdabc530a6a0816f7ff89a0aaf/library/std/src/panicking.rs:520:19
[INFO] [stdout]   37:     0x557ab9304c6e - std::panic::catch_unwind::h49e1c33078844c46
[INFO] [stdout]                                at /rustc/90b35a6239c3d8bdabc530a6a0816f7ff89a0aaf/library/std/src/panic.rs:358:14
[INFO] [stdout]   38:     0x557ab9304c6e - std::thread::Builder::spawn_unchecked_::{{closure}}::h6073db6ff56ad35d
[INFO] [stdout]                                at /rustc/90b35a6239c3d8bdabc530a6a0816f7ff89a0aaf/library/std/src/thread/mod.rs:537:30
[INFO] [stdout]   39:     0x557ab9304c6e - core::ops::function::FnOnce::call_once{{vtable.shim}}::h2c5a5f3779c774f1
[INFO] [stdout]                                at /rustc/90b35a6239c3d8bdabc530a6a0816f7ff89a0aaf/library/core/src/ops/function.rs:250:5
[INFO] [stdout]   40:     0x557ab96d400b - <alloc::boxed::Box<F,A> as core::ops::function::FnOnce<Args>>::call_once::hf75717d9f28faebf
[INFO] [stdout]                                at /rustc/90b35a6239c3d8bdabc530a6a0816f7ff89a0aaf/library/alloc/src/boxed.rs:2454:9
[INFO] [stdout]   41:     0x557ab96d400b - <alloc::boxed::Box<F,A> as core::ops::function::FnOnce<Args>>::call_once::h7bd883a5f3c5f3c1
[INFO] [stdout]                                at /rustc/90b35a6239c3d8bdabc530a6a0816f7ff89a0aaf/library/alloc/src/boxed.rs:2454:9
[INFO] [stdout]   42:     0x557ab96d400b - std::sys::pal::unix::thread::Thread::new::thread_start::hcc78f3943333fa94
[INFO] [stdout]                                at /rustc/90b35a6239c3d8bdabc530a6a0816f7ff89a0aaf/library/std/src/sys/pal/unix/thread.rs:105:17
[INFO] [stdout]   43:     0x74071403fac3 - <unknown>
[INFO] [stdout]   44:     0x7407140d0a04 - clone
[INFO] [stdout]   45:                0x0 - <unknown>
[INFO] [stdout] 
[INFO] [stdout] ---- checks::missing_jira_issue_key_test::formatting stdout ----
[INFO] [stdout] thread 'checks::missing_jira_issue_key_test::formatting' panicked at src/checks/missing_jira_issue_key_test.rs:157:5:
[INFO] [stdout] assertion `left == right` failed: Message "An example commit\n\nThis is an example commit\n" should have returned "JiraIssueKeyMissing (https://support.atlassian.com/jira-software-cloud/docs/what-is-an-issue/#Workingwithissues-Projectkeys)\n\n  x Your commit message is missing a JIRA Issue Key\n   ,-[3:1]\n 2 | \n 3 | This is an example commit\n   : ^^^^^^^^^^^^|^^^^^^^^^^^^\n   :             `-- No JIRA Issue Key\n   `----\n  help: It's important to add the issue key because it allows us to link\n        code back to the motivations for doing it, and in some cases provide\n        an audit trail for compliance purposes.\n        \n        You can fix this by adding a key like `JRA-123` to the commit\n        message\n", found "JiraIssueKeyMissing (https://support.atlassian.com/jira-software-cloud/docs/what-is-an-issue/#Workingwithissues-Projectkeys)\n\n  x Your commit message is missing a JIRA Issue Key\n   ,-[3:1]\n 2 | \n 3 | This is an example commit\n   : ^^^^^^^^^^^^|^^^^^^^^^^^^\n   :             `-- No JIRA Issue Key\n   `----\n  help: It's important to add the issue key because it allows us to link code\n        back to the motivations for doing it, and in some cases provide an\n        audit trail for compliance purposes.\n        \n        You can fix this by adding a key like `JRA-123` to the commit message\n"
[INFO] [stdout]   left: "JiraIssueKeyMissing (https://support.atlassian.com/jira-software-cloud/docs/what-is-an-issue/#Workingwithissues-Projectkeys)\n\n  x Your commit message is missing a JIRA Issue Key\n   ,-[3:1]\n 2 | \n 3 | This is an example commit\n   : ^^^^^^^^^^^^|^^^^^^^^^^^^\n   :             `-- No JIRA Issue Key\n   `----\n  help: It's important to add the issue key because it allows us to link code\n        back to the motivations for doing it, and in some cases provide an\n        audit trail for compliance purposes.\n        \n        You can fix this by adding a key like `JRA-123` to the commit message\n"
[INFO] [stdout]  right: "JiraIssueKeyMissing (https://support.atlassian.com/jira-software-cloud/docs/what-is-an-issue/#Workingwithissues-Projectkeys)\n\n  x Your commit message is missing a JIRA Issue Key\n   ,-[3:1]\n 2 | \n 3 | This is an example commit\n   : ^^^^^^^^^^^^|^^^^^^^^^^^^\n   :             `-- No JIRA Issue Key\n   `----\n  help: It's important to add the issue key because it allows us to link\n        code back to the motivations for doing it, and in some cases provide\n        an audit trail for compliance purposes.\n        \n        You can fix this by adding a key like `JRA-123` to the commit\n        message\n"
[INFO] [stdout] stack backtrace:
[INFO] [stdout]    0:     0x557ab96ce7ba - std::backtrace_rs::backtrace::libunwind::trace::h5a5b8284f2d0c266
[INFO] [stdout]                                at /rustc/90b35a6239c3d8bdabc530a6a0816f7ff89a0aaf/library/std/src/../../backtrace/src/backtrace/libunwind.rs:116:5
[INFO] [stdout]    1:     0x557ab96ce7ba - std::backtrace_rs::backtrace::trace_unsynchronized::h76d4f1c9b0b875e3
[INFO] [stdout]                                at /rustc/90b35a6239c3d8bdabc530a6a0816f7ff89a0aaf/library/std/src/../../backtrace/src/backtrace/mod.rs:66:5
[INFO] [stdout]    2:     0x557ab96ce7ba - std::sys::backtrace::_print_fmt::hc4546b8364a537c6
[INFO] [stdout]                                at /rustc/90b35a6239c3d8bdabc530a6a0816f7ff89a0aaf/library/std/src/sys/backtrace.rs:66:9
[INFO] [stdout]    3:     0x557ab96ce7ba - <std::sys::backtrace::BacktraceLock::print::DisplayBacktrace as core::fmt::Display>::fmt::h5b6bd5631a6d1f6b
[INFO] [stdout]                                at /rustc/90b35a6239c3d8bdabc530a6a0816f7ff89a0aaf/library/std/src/sys/backtrace.rs:39:26
[INFO] [stdout]    4:     0x557ab96f5ee3 - core::fmt::rt::Argument::fmt::h270f6602a2b96f62
[INFO] [stdout]                                at /rustc/90b35a6239c3d8bdabc530a6a0816f7ff89a0aaf/library/core/src/fmt/rt.rs:177:76
[INFO] [stdout]    5:     0x557ab96f5ee3 - core::fmt::write::h7550c97b06c86515
[INFO] [stdout]                                at /rustc/90b35a6239c3d8bdabc530a6a0816f7ff89a0aaf/library/core/src/fmt/mod.rs:1186:21
[INFO] [stdout]    6:     0x557ab96cb903 - std::io::Write::write_fmt::h509ff860e5956e5e
[INFO] [stdout]                                at /rustc/90b35a6239c3d8bdabc530a6a0816f7ff89a0aaf/library/std/src/io/mod.rs:1839:15
[INFO] [stdout]    7:     0x557ab96ce602 - std::sys::backtrace::BacktraceLock::print::h2395ccd2c84ba3aa
[INFO] [stdout]                                at /rustc/90b35a6239c3d8bdabc530a6a0816f7ff89a0aaf/library/std/src/sys/backtrace.rs:42:9
[INFO] [stdout]    8:     0x557ab96cfc1a - std::panicking::default_hook::{{closure}}::he19d4c7230e07961
[INFO] [stdout]                                at /rustc/90b35a6239c3d8bdabc530a6a0816f7ff89a0aaf/library/std/src/panicking.rs:268:22
[INFO] [stdout]    9:     0x557ab96cfa24 - std::panicking::default_hook::hf614597d3c67bbdb
[INFO] [stdout]                                at /rustc/90b35a6239c3d8bdabc530a6a0816f7ff89a0aaf/library/std/src/panicking.rs:292:9
[INFO] [stdout]   10:     0x557ab93380c9 - <alloc::boxed::Box<F,A> as core::ops::function::Fn<Args>>::call::h39b51ce4599c23d1
[INFO] [stdout]                                at /rustc/90b35a6239c3d8bdabc530a6a0816f7ff89a0aaf/library/alloc/src/boxed.rs:2468:9
[INFO] [stdout]   11:     0x557ab93380c9 - test::test_main::{{closure}}::he977ae839a582784
[INFO] [stdout]                                at /rustc/90b35a6239c3d8bdabc530a6a0816f7ff89a0aaf/library/test/src/lib.rs:133:21
[INFO] [stdout]   12:     0x557ab96d02b8 - <alloc::boxed::Box<F,A> as core::ops::function::Fn<Args>>::call::h9455091b6b06f9fb
[INFO] [stdout]                                at /rustc/90b35a6239c3d8bdabc530a6a0816f7ff89a0aaf/library/alloc/src/boxed.rs:2468:9
[INFO] [stdout]   13:     0x557ab96d02b8 - std::panicking::rust_panic_with_hook::h8942133a8b252070
[INFO] [stdout]                                at /rustc/90b35a6239c3d8bdabc530a6a0816f7ff89a0aaf/library/std/src/panicking.rs:809:13
[INFO] [stdout]   14:     0x557ab96d007a - std::panicking::begin_panic_handler::{{closure}}::hb5f5963570096b29
[INFO] [stdout]                                at /rustc/90b35a6239c3d8bdabc530a6a0816f7ff89a0aaf/library/std/src/panicking.rs:674:13
[INFO] [stdout]   15:     0x557ab96cec99 - std::sys::backtrace::__rust_end_short_backtrace::h6208cedc1922feda
[INFO] [stdout]                                at /rustc/90b35a6239c3d8bdabc530a6a0816f7ff89a0aaf/library/std/src/sys/backtrace.rs:170:18
[INFO] [stdout]   16:     0x557ab96cfd0c - rust_begin_unwind
[INFO] [stdout]                                at /rustc/90b35a6239c3d8bdabc530a6a0816f7ff89a0aaf/library/std/src/panicking.rs:665:5
[INFO] [stdout]   17:     0x557ab90d8180 - core::panicking::panic_fmt::h0c3082644d1bf418
[INFO] [stdout]                                at /rustc/90b35a6239c3d8bdabc530a6a0816f7ff89a0aaf/library/core/src/panicking.rs:74:14
[INFO] [stdout]   18:     0x557ab90d8584 - core::panicking::assert_failed_inner::h2ddf1fcc067fa858
[INFO] [stdout]   19:     0x557ab91cf32c - core::panicking::assert_failed::h391b736eb00219e4
[INFO] [stdout]                                at /rustc/90b35a6239c3d8bdabc530a6a0816f7ff89a0aaf/library/core/src/panicking.rs:367:5
[INFO] [stdout]   20:     0x557ab91cc002 - mit_lint::checks::missing_jira_issue_key_test::formatting::h917bf350406cd323
[INFO] [stdout]                                at /opt/rustwide/workdir/src/checks/missing_jira_issue_key_test.rs:157:5
[INFO] [stdout]   21:     0x557ab91cbb77 - mit_lint::checks::missing_jira_issue_key_test::formatting::{{closure}}::he9bb9c363d013c02
[INFO] [stdout]                                at /opt/rustwide/workdir/src/checks/missing_jira_issue_key_test.rs:134:16
[INFO] [stdout]   22:     0x557ab91b9926 - core::ops::function::FnOnce::call_once::h6683ff6d0e2e5eb6
[INFO] [stdout]                                at /rustc/90b35a6239c3d8bdabc530a6a0816f7ff89a0aaf/library/core/src/ops/function.rs:250:5
[INFO] [stdout]   23:     0x557ab933ca8b - core::ops::function::FnOnce::call_once::h109cf8051a59b34e
[INFO] [stdout]                                at /rustc/90b35a6239c3d8bdabc530a6a0816f7ff89a0aaf/library/core/src/ops/function.rs:250:5
[INFO] [stdout]   24:     0x557ab933ca8b - test::__rust_begin_short_backtrace::hf4fff89d377446ba
[INFO] [stdout]                                at /rustc/90b35a6239c3d8bdabc530a6a0816f7ff89a0aaf/library/test/src/lib.rs:621:18
[INFO] [stdout]   25:     0x557ab933c2c7 - test::run_test_in_process::{{closure}}::h0e39181dd7ee5a43
[INFO] [stdout]                                at /rustc/90b35a6239c3d8bdabc530a6a0816f7ff89a0aaf/library/test/src/lib.rs:644:60
[INFO] [stdout]   26:     0x557ab933c2c7 - <core::panic::unwind_safe::AssertUnwindSafe<F> as core::ops::function::FnOnce<()>>::call_once::hc5a66a30f0bdfd1f
[INFO] [stdout]                                at /rustc/90b35a6239c3d8bdabc530a6a0816f7ff89a0aaf/library/core/src/panic/unwind_safe.rs:272:9
[INFO] [stdout]   27:     0x557ab933c2c7 - std::panicking::try::do_call::h873b7cf639554a5e
[INFO] [stdout]                                at /rustc/90b35a6239c3d8bdabc530a6a0816f7ff89a0aaf/library/std/src/panicking.rs:557:40
[INFO] [stdout]   28:     0x557ab933c2c7 - std::panicking::try::hdb19862fad9c8bd1
[INFO] [stdout]                                at /rustc/90b35a6239c3d8bdabc530a6a0816f7ff89a0aaf/library/std/src/panicking.rs:520:19
[INFO] [stdout]   29:     0x557ab933c2c7 - std::panic::catch_unwind::h281fe732d236d260
[INFO] [stdout]                                at /rustc/90b35a6239c3d8bdabc530a6a0816f7ff89a0aaf/library/std/src/panic.rs:358:14
[INFO] [stdout]   30:     0x557ab933c2c7 - test::run_test_in_process::h949b6df8457ed338
[INFO] [stdout]                                at /rustc/90b35a6239c3d8bdabc530a6a0816f7ff89a0aaf/library/test/src/lib.rs:644:27
[INFO] [stdout]   31:     0x557ab933c2c7 - test::run_test::{{closure}}::h52c556a6d4740e10
[INFO] [stdout]                                at /rustc/90b35a6239c3d8bdabc530a6a0816f7ff89a0aaf/library/test/src/lib.rs:565:43
[INFO] [stdout]   32:     0x557ab93015a4 - test::run_test::{{closure}}::h4237f6381c45ccb9
[INFO] [stdout]                                at /rustc/90b35a6239c3d8bdabc530a6a0816f7ff89a0aaf/library/test/src/lib.rs:595:41
[INFO] [stdout]   33:     0x557ab93015a4 - std::sys::backtrace::__rust_begin_short_backtrace::h505c97a579eca628
[INFO] [stdout]                                at /rustc/90b35a6239c3d8bdabc530a6a0816f7ff89a0aaf/library/std/src/sys/backtrace.rs:154:18
[INFO] [stdout]   34:     0x557ab9304c6e - std::thread::Builder::spawn_unchecked_::{{closure}}::{{closure}}::h9e86b2e2bc107ea3
[INFO] [stdout]                                at /rustc/90b35a6239c3d8bdabc530a6a0816f7ff89a0aaf/library/std/src/thread/mod.rs:538:17
[INFO] [stdout]   35:     0x557ab9304c6e - <core::panic::unwind_safe::AssertUnwindSafe<F> as core::ops::function::FnOnce<()>>::call_once::h8b06ddb275ff4a25
[INFO] [stdout]                                at /rustc/90b35a6239c3d8bdabc530a6a0816f7ff89a0aaf/library/core/src/panic/unwind_safe.rs:272:9
[INFO] [stdout]   36:     0x557ab9304c6e - std::panicking::try::do_call::hb26ecd7cd9a9355d
[INFO] [stdout]                                at /rustc/90b35a6239c3d8bdabc530a6a0816f7ff89a0aaf/library/std/src/panicking.rs:557:40
[INFO] [stdout]   37:     0x557ab9304c6e - std::panicking::try::h8ddeca9d705f9069
[INFO] [stdout]                                at /rustc/90b35a6239c3d8bdabc530a6a0816f7ff89a0aaf/library/std/src/panicking.rs:520:19
[INFO] [stdout]   38:     0x557ab9304c6e - std::panic::catch_unwind::h49e1c33078844c46
[INFO] [stdout]                                at /rustc/90b35a6239c3d8bdabc530a6a0816f7ff89a0aaf/library/std/src/panic.rs:358:14
[INFO] [stdout]   39:     0x557ab9304c6e - std::thread::Builder::spawn_unchecked_::{{closure}}::h6073db6ff56ad35d
[INFO] [stdout]                                at /rustc/90b35a6239c3d8bdabc530a6a0816f7ff89a0aaf/library/std/src/thread/mod.rs:537:30
[INFO] [stdout]   40:     0x557ab9304c6e - core::ops::function::FnOnce::call_once{{vtable.shim}}::h2c5a5f3779c774f1
[INFO] [stdout]                                at /rustc/90b35a6239c3d8bdabc530a6a0816f7ff89a0aaf/library/core/src/ops/function.rs:250:5
[INFO] [stdout]   41:     0x557ab96d400b - <alloc::boxed::Box<F,A> as core::ops::function::FnOnce<Args>>::call_once::hf75717d9f28faebf
[INFO] [stdout]                                at /rustc/90b35a6239c3d8bdabc530a6a0816f7ff89a0aaf/library/alloc/src/boxed.rs:2454:9
[INFO] [stdout]   42:     0x557ab96d400b - <alloc::boxed::Box<F,A> as core::ops::function::FnOnce<Args>>::call_once::h7bd883a5f3c5f3c1
[INFO] [stdout]                                at /rustc/90b35a6239c3d8bdabc530a6a0816f7ff89a0aaf/library/alloc/src/boxed.rs:2454:9
[INFO] [stdout]   43:     0x557ab96d400b - std::sys::pal::unix::thread::Thread::new::thread_start::hcc78f3943333fa94
[INFO] [stdout]                                at /rustc/90b35a6239c3d8bdabc530a6a0816f7ff89a0aaf/library/std/src/sys/pal/unix/thread.rs:105:17
[INFO] [stdout]   44:     0x74071403fac3 - <unknown>
[INFO] [stdout]   45:     0x7407140d0a04 - clone
[INFO] [stdout]   46:                0x0 - <unknown>
[INFO] [stdout] 
[INFO] [stdout] ---- checks::missing_pivotal_tracker_id_test::formatting stdout ----
[INFO] [stdout] thread 'checks::missing_pivotal_tracker_id_test::formatting' panicked at src/checks/missing_pivotal_tracker_id_test.rs:358:5:
[INFO] [stdout] assertion `left == right` failed: Message "An example commit\n\nThis is an example commit\n" should have returned "PivotalTrackerIdMissing (https://www.pivotaltracker.com/help/api?version=v5#Tracker_Updates_in_SCM_Post_Commit_Hooks)\n\n  x Your commit message is missing a Pivotal Tracker ID\n   ,-[3:1]\n 2 | \n 3 | This is an example commit\n   : ^^^^^^^^^^^^|^^^^^^^^^^^^\n   :             `-- No Pivotal Tracker ID\n   `----\n  help: It's important to add the ID because it allows code to be linked\n        back to the stories it was done for, it can provide a chain\n        of custody for code for audit purposes, and it can give future\n        explorers of the codebase insight into the wider organisational need\n        behind the change. We may also use it for automation purposes, like\n        generating changelogs or notification emails.\n        \n        You can fix this by adding the Id in one of the styles below to the\n        commit message\n        [Delivers #12345678]\n        [fixes #12345678]\n        [finishes #12345678]\n        [#12345884 #12345678]\n        [#12345884,#12345678]\n        [#12345678],[#12345884]\n        This will address [#12345884]\n", found "PivotalTrackerIdMissing (https://www.pivotaltracker.com/help/api?version=v5#Tracker_Updates_in_SCM_Post_Commit_Hooks)\n\n  x Your commit message is missing a Pivotal Tracker ID\n   ,-[3:1]\n 2 | \n 3 | This is an example commit\n   : ^^^^^^^^^^^^|^^^^^^^^^^^^\n   :             `-- No Pivotal Tracker ID\n   `----\n  help: It's important to add the ID because it allows code to be linked back\n        to the stories it was done for, it can provide a chain of custody for\n        code for audit purposes, and it can give future explorers of the\n        codebase insight into the wider organisational need behind the change.\n        We may also use it for automation purposes, like generating changelogs\n        or notification emails.\n        \n        You can fix this by adding the Id in one of the styles below to the\n        commit message\n        [Delivers #12345678]\n        [fixes #12345678]\n        [finishes #12345678]\n        [#12345884 #12345678]\n        [#12345884,#12345678]\n        [#12345678],[#12345884]\n        This will address [#12345884]\n"
[INFO] [stdout]   left: "PivotalTrackerIdMissing (https://www.pivotaltracker.com/help/api?version=v5#Tracker_Updates_in_SCM_Post_Commit_Hooks)\n\n  x Your commit message is missing a Pivotal Tracker ID\n   ,-[3:1]\n 2 | \n 3 | This is an example commit\n   : ^^^^^^^^^^^^|^^^^^^^^^^^^\n   :             `-- No Pivotal Tracker ID\n   `----\n  help: It's important to add the ID because it allows code to be linked back\n        to the stories it was done for, it can provide a chain of custody for\n        code for audit purposes, and it can give future explorers of the\n        codebase insight into the wider organisational need behind the change.\n        We may also use it for automation purposes, like generating changelogs\n        or notification emails.\n        \n        You can fix this by adding the Id in one of the styles below to the\n        commit message\n        [Delivers #12345678]\n        [fixes #12345678]\n        [finishes #12345678]\n        [#12345884 #12345678]\n        [#12345884,#12345678]\n        [#12345678],[#12345884]\n        This will address [#12345884]\n"
[INFO] [stdout]  right: "PivotalTrackerIdMissing (https://www.pivotaltracker.com/help/api?version=v5#Tracker_Updates_in_SCM_Post_Commit_Hooks)\n\n  x Your commit message is missing a Pivotal Tracker ID\n   ,-[3:1]\n 2 | \n 3 | This is an example commit\n   : ^^^^^^^^^^^^|^^^^^^^^^^^^\n   :             `-- No Pivotal Tracker ID\n   `----\n  help: It's important to add the ID because it allows code to be linked\n        back to the stories it was done for, it can provide a chain\n        of custody for code for audit purposes, and it can give future\n        explorers of the codebase insight into the wider organisational need\n        behind the change. We may also use it for automation purposes, like\n        generating changelogs or notification emails.\n        \n        You can fix this by adding the Id in one of the styles below to the\n        commit message\n        [Delivers #12345678]\n        [fixes #12345678]\n        [finishes #12345678]\n        [#12345884 #12345678]\n        [#12345884,#12345678]\n        [#12345678],[#12345884]\n        This will address [#12345884]\n"
[INFO] [stdout] stack backtrace:
[INFO] [stdout]    0:     0x557ab96ce7ba - std::backtrace_rs::backtrace::libunwind::trace::h5a5b8284f2d0c266
[INFO] [stdout]                                at /rustc/90b35a6239c3d8bdabc530a6a0816f7ff89a0aaf/library/std/src/../../backtrace/src/backtrace/libunwind.rs:116:5
[INFO] [stdout]    1:     0x557ab96ce7ba - std::backtrace_rs::backtrace::trace_unsynchronized::h76d4f1c9b0b875e3
[INFO] [stdout]                                at /rustc/90b35a6239c3d8bdabc530a6a0816f7ff89a0aaf/library/std/src/../../backtrace/src/backtrace/mod.rs:66:5
[INFO] [stdout]    2:     0x557ab96ce7ba - std::sys::backtrace::_print_fmt::hc4546b8364a537c6
[INFO] [stdout]                                at /rustc/90b35a6239c3d8bdabc530a6a0816f7ff89a0aaf/library/std/src/sys/backtrace.rs:66:9
[INFO] [stdout]    3:     0x557ab96ce7ba - <std::sys::backtrace::BacktraceLock::print::DisplayBacktrace as core::fmt::Display>::fmt::h5b6bd5631a6d1f6b
[INFO] [stdout]                                at /rustc/90b35a6239c3d8bdabc530a6a0816f7ff89a0aaf/library/std/src/sys/backtrace.rs:39:26
[INFO] [stdout]    4:     0x557ab96f5ee3 - core::fmt::rt::Argument::fmt::h270f6602a2b96f62
[INFO] [stdout]                                at /rustc/90b35a6239c3d8bdabc530a6a0816f7ff89a0aaf/library/core/src/fmt/rt.rs:177:76
[INFO] [stdout]    5:     0x557ab96f5ee3 - core::fmt::write::h7550c97b06c86515
[INFO] [stdout]                                at /rustc/90b35a6239c3d8bdabc530a6a0816f7ff89a0aaf/library/core/src/fmt/mod.rs:1186:21
[INFO] [stdout]    6:     0x557ab96cb903 - std::io::Write::write_fmt::h509ff860e5956e5e
[INFO] [stdout]                                at /rustc/90b35a6239c3d8bdabc530a6a0816f7ff89a0aaf/library/std/src/io/mod.rs:1839:15
[INFO] [stdout]    7:     0x557ab96ce602 - std::sys::backtrace::BacktraceLock::print::h2395ccd2c84ba3aa
[INFO] [stdout]                                at /rustc/90b35a6239c3d8bdabc530a6a0816f7ff89a0aaf/library/std/src/sys/backtrace.rs:42:9
[INFO] [stdout]    8:     0x557ab96cfc1a - std::panicking::default_hook::{{closure}}::he19d4c7230e07961
[INFO] [stdout]                                at /rustc/90b35a6239c3d8bdabc530a6a0816f7ff89a0aaf/library/std/src/panicking.rs:268:22
[INFO] [stdout]    9:     0x557ab96cfa24 - std::panicking::default_hook::hf614597d3c67bbdb
[INFO] [stdout]                                at /rustc/90b35a6239c3d8bdabc530a6a0816f7ff89a0aaf/library/std/src/panicking.rs:292:9
[INFO] [stdout]   10:     0x557ab93380c9 - <alloc::boxed::Box<F,A> as core::ops::function::Fn<Args>>::call::h39b51ce4599c23d1
[INFO] [stdout]                                at /rustc/90b35a6239c3d8bdabc530a6a0816f7ff89a0aaf/library/alloc/src/boxed.rs:2468:9
[INFO] [stdout]   11:     0x557ab93380c9 - test::test_main::{{closure}}::he977ae839a582784
[INFO] [stdout]                                at /rustc/90b35a6239c3d8bdabc530a6a0816f7ff89a0aaf/library/test/src/lib.rs:133:21
[INFO] [stdout]   12:     0x557ab96d02b8 - <alloc::boxed::Box<F,A> as core::ops::function::Fn<Args>>::call::h9455091b6b06f9fb
[INFO] [stdout]                                at /rustc/90b35a6239c3d8bdabc530a6a0816f7ff89a0aaf/library/alloc/src/boxed.rs:2468:9
[INFO] [stdout]   13:     0x557ab96d02b8 - std::panicking::rust_panic_with_hook::h8942133a8b252070
[INFO] [stdout]                                at /rustc/90b35a6239c3d8bdabc530a6a0816f7ff89a0aaf/library/std/src/panicking.rs:809:13
[INFO] [stdout]   14:     0x557ab96d007a - std::panicking::begin_panic_handler::{{closure}}::hb5f5963570096b29
[INFO] [stdout]                                at /rustc/90b35a6239c3d8bdabc530a6a0816f7ff89a0aaf/library/std/src/panicking.rs:674:13
[INFO] [stdout]   15:     0x557ab96cec99 - std::sys::backtrace::__rust_end_short_backtrace::h6208cedc1922feda
[INFO] [stdout]                                at /rustc/90b35a6239c3d8bdabc530a6a0816f7ff89a0aaf/library/std/src/sys/backtrace.rs:170:18
[INFO] [stdout]   16:     0x557ab96cfd0c - rust_begin_unwind
[INFO] [stdout]                                at /rustc/90b35a6239c3d8bdabc530a6a0816f7ff89a0aaf/library/std/src/panicking.rs:665:5
[INFO] [stdout]   17:     0x557ab90d8180 - core::panicking::panic_fmt::h0c3082644d1bf418
[INFO] [stdout]                                at /rustc/90b35a6239c3d8bdabc530a6a0816f7ff89a0aaf/library/core/src/panicking.rs:74:14
[INFO] [stdout]   18:     0x557ab90d8584 - core::panicking::assert_failed_inner::h2ddf1fcc067fa858
[INFO] [stdout]   19:     0x557ab91cf32c - core::panicking::assert_failed::h391b736eb00219e4
[INFO] [stdout]                                at /rustc/90b35a6239c3d8bdabc530a6a0816f7ff89a0aaf/library/core/src/panicking.rs:367:5
[INFO] [stdout]   20:     0x557ab91ae4d2 - mit_lint::checks::missing_pivotal_tracker_id_test::formatting::h9ec8c0520caa1ac3
[INFO] [stdout]                                at /opt/rustwide/workdir/src/checks/missing_pivotal_tracker_id_test.rs:358:5
[INFO] [stdout]   21:     0x557ab91ae047 - mit_lint::checks::missing_pivotal_tracker_id_test::formatting::{{closure}}::h89a418b52c061d88
[INFO] [stdout]                                at /opt/rustwide/workdir/src/checks/missing_pivotal_tracker_id_test.rs:325:16
[INFO] [stdout]   22:     0x557ab91bb076 - core::ops::function::FnOnce::call_once::hb9e868680d8d0cbf
[INFO] [stdout]                                at /rustc/90b35a6239c3d8bdabc530a6a0816f7ff89a0aaf/library/core/src/ops/function.rs:250:5
[INFO] [stdout]   23:     0x557ab933ca8b - core::ops::function::FnOnce::call_once::h109cf8051a59b34e
[INFO] [stdout]                                at /rustc/90b35a6239c3d8bdabc530a6a0816f7ff89a0aaf/library/core/src/ops/function.rs:250:5
[INFO] [stdout]   24:     0x557ab933ca8b - test::__rust_begin_short_backtrace::hf4fff89d377446ba
[INFO] [stdout]                                at /rustc/90b35a6239c3d8bdabc530a6a0816f7ff89a0aaf/library/test/src/lib.rs:621:18
[INFO] [stdout]   25:     0x557ab933c2c7 - test::run_test_in_process::{{closure}}::h0e39181dd7ee5a43
[INFO] [stdout]                                at /rustc/90b35a6239c3d8bdabc530a6a0816f7ff89a0aaf/library/test/src/lib.rs:644:60
[INFO] [stdout]   26:     0x557ab933c2c7 - <core::panic::unwind_safe::AssertUnwindSafe<F> as core::ops::function::FnOnce<()>>::call_once::hc5a66a30f0bdfd1f
[INFO] [stdout]                                at /rustc/90b35a6239c3d8bdabc530a6a0816f7ff89a0aaf/library/core/src/panic/unwind_safe.rs:272:9
[INFO] [stdout]   27:     0x557ab933c2c7 - std::panicking::try::do_call::h873b7cf639554a5e
[INFO] [stdout]                                at /rustc/90b35a6239c3d8bdabc530a6a0816f7ff89a0aaf/library/std/src/panicking.rs:557:40
[INFO] [stdout]   28:     0x557ab933c2c7 - std::panicking::try::hdb19862fad9c8bd1
[INFO] [stdout]                                at /rustc/90b35a6239c3d8bdabc530a6a0816f7ff89a0aaf/library/std/src/panicking.rs:520:19
[INFO] [stdout]   29:     0x557ab933c2c7 - std::panic::catch_unwind::h281fe732d236d260
[INFO] [stdout]                                at /rustc/90b35a6239c3d8bdabc530a6a0816f7ff89a0aaf/library/std/src/panic.rs:358:14
[INFO] [stdout]   30:     0x557ab933c2c7 - test::run_test_in_process::h949b6df8457ed338
[INFO] [stdout]                                at /rustc/90b35a6239c3d8bdabc530a6a0816f7ff89a0aaf/library/test/src/lib.rs:644:27
[INFO] [stdout]   31:     0x557ab933c2c7 - test::run_test::{{closure}}::h52c556a6d4740e10
[INFO] [stdout]                                at /rustc/90b35a6239c3d8bdabc530a6a0816f7ff89a0aaf/library/test/src/lib.rs:565:43
[INFO] [stdout]   32:     0x557ab93015a4 - test::run_test::{{closure}}::h4237f6381c45ccb9
[INFO] [stdout]                                at /rustc/90b35a6239c3d8bdabc530a6a0816f7ff89a0aaf/library/test/src/lib.rs:595:41
[INFO] [stdout]   33:     0x557ab93015a4 - std::sys::backtrace::__rust_begin_short_backtrace::h505c97a579eca628
[INFO] [stdout]                                at /rustc/90b35a6239c3d8bdabc530a6a0816f7ff89a0aaf/library/std/src/sys/backtrace.rs:154:18
[INFO] [stdout]   34:     0x557ab9304c6e - std::thread::Builder::spawn_unchecked_::{{closure}}::{{closure}}::h9e86b2e2bc107ea3
[INFO] [stdout]                                at /rustc/90b35a6239c3d8bdabc530a6a0816f7ff89a0aaf/library/std/src/thread/mod.rs:538:17
[INFO] [stdout]   35:     0x557ab9304c6e - <core::panic::unwind_safe::AssertUnwindSafe<F> as core::ops::function::FnOnce<()>>::call_once::h8b06ddb275ff4a25
[INFO] [stdout]                                at /rustc/90b35a6239c3d8bdabc530a6a0816f7ff89a0aaf/library/core/src/panic/unwind_safe.rs:272:9
[INFO] [stdout]   36:     0x557ab9304c6e - std::panicking::try::do_call::hb26ecd7cd9a9355d
[INFO] [stdout]                                at /rustc/90b35a6239c3d8bdabc530a6a0816f7ff89a0aaf/library/std/src/panicking.rs:557:40
[INFO] [stdout]   37:     0x557ab9304c6e - std::panicking::try::h8ddeca9d705f9069
[INFO] [stdout]                                at /rustc/90b35a6239c3d8bdabc530a6a0816f7ff89a0aaf/library/std/src/panicking.rs:520:19
[INFO] [stdout]   38:     0x557ab9304c6e - std::panic::catch_unwind::h49e1c33078844c46
[INFO] [stdout]                                at /rustc/90b35a6239c3d8bdabc530a6a0816f7ff89a0aaf/library/std/src/panic.rs:358:14
[INFO] [stdout]   39:     0x557ab9304c6e - std::thread::Builder::spawn_unchecked_::{{closure}}::h6073db6ff56ad35d
[INFO] [stdout]                                at /rustc/90b35a6239c3d8bdabc530a6a0816f7ff89a0aaf/library/std/src/thread/mod.rs:537:30
[INFO] [stdout]   40:     0x557ab9304c6e - core::ops::function::FnOnce::call_once{{vtable.shim}}::h2c5a5f3779c774f1
[INFO] [stdout]                                at /rustc/90b35a6239c3d8bdabc530a6a0816f7ff89a0aaf/library/core/src/ops/function.rs:250:5
[INFO] [stdout]   41:     0x557ab96d400b - <alloc::boxed::Box<F,A> as core::ops::function::FnOnce<Args>>::call_once::hf75717d9f28faebf
[INFO] [stdout]                                at /rustc/90b35a6239c3d8bdabc530a6a0816f7ff89a0aaf/library/alloc/src/boxed.rs:2454:9
[INFO] [stdout]   42:     0x557ab96d400b - <alloc::boxed::Box<F,A> as core::ops::function::FnOnce<Args>>::call_once::h7bd883a5f3c5f3c1
[INFO] [stdout]                                at /rustc/90b35a6239c3d8bdabc530a6a0816f7ff89a0aaf/library/alloc/src/boxed.rs:2454:9
[INFO] [stdout]   43:     0x557ab96d400b - std::sys::pal::unix::thread::Thread::new::thread_start::hcc78f3943333fa94
[INFO] [stdout]                                at /rustc/90b35a6239c3d8bdabc530a6a0816f7ff89a0aaf/library/std/src/sys/pal/unix/thread.rs:105:17
[INFO] [stdout]   44:     0x74071403fac3 - <unknown>
[INFO] [stdout]   45:     0x7407140d0a04 - clone
[INFO] [stdout]   46:                0x0 - <unknown>
[INFO] [stdout] 
[INFO] [stdout] ---- checks::not_conventional_commit_test::formatting stdout ----
[INFO] [stdout] thread 'checks::not_conventional_commit_test::formatting' panicked at src/checks/not_conventional_commit_test.rs:186:5:
[INFO] [stdout] assertion `left == right` failed: Message "An example commit\n\nThis is an example commit\n" should have returned "NotConventionalCommit (https://www.conventionalcommits.org/)\n\n  x Your commit message isn't in conventional style\n   ,-[1:1]\n 1 | An example commit\n   : ^^^^^^^^|^^^^^^^^\n   :         `-- Not conventional\n 2 | \n   `----\n  help: It's important to follow the conventional commit style when creating\n        your commit message. By using this style we can automatically\n        calculate the version of software using deployment pipelines, and\n        also generate changelogs and other useful information without human\n        interaction.\n        \n        You can fix it by following style\n        \n        <type>[optional scope]: <description>\n        \n        [optional body]\n        \n        [optional footer(s)]\n", found "NotConventionalCommit (https://www.conventionalcommits.org/)\n\n  x Your commit message isn't in conventional style\n   ,-[1:1]\n 1 | An example commit\n   : ^^^^^^^^|^^^^^^^^\n   :         `-- Not conventional\n 2 | \n   `----\n  help: It's important to follow the conventional commit style when creating\n        your commit message. By using this style we can automatically\n        calculate the version of software using deployment pipelines, and also\n        generate changelogs and other useful information without human\n        interaction.\n        \n        You can fix it by following style\n        \n        <type>[optional scope]: <description>\n        \n        [optional body]\n        \n        [optional footer(s)]\n"
[INFO] [stdout]   left: "NotConventionalCommit (https://www.conventionalcommits.org/)\n\n  x Your commit message isn't in conventional style\n   ,-[1:1]\n 1 | An example commit\n   : ^^^^^^^^|^^^^^^^^\n   :         `-- Not conventional\n 2 | \n   `----\n  help: It's important to follow the conventional commit style when creating\n        your commit message. By using this style we can automatically\n        calculate the version of software using deployment pipelines, and also\n        generate changelogs and other useful information without human\n        interaction.\n        \n        You can fix it by following style\n        \n        <type>[optional scope]: <description>\n        \n        [optional body]\n        \n        [optional footer(s)]\n"
[INFO] [stdout]  right: "NotConventionalCommit (https://www.conventionalcommits.org/)\n\n  x Your commit message isn't in conventional style\n   ,-[1:1]\n 1 | An example commit\n   : ^^^^^^^^|^^^^^^^^\n   :         `-- Not conventional\n 2 | \n   `----\n  help: It's important to follow the conventional commit style when creating\n        your commit message. By using this style we can automatically\n        calculate the version of software using deployment pipelines, and\n        also generate changelogs and other useful information without human\n        interaction.\n        \n        You can fix it by following style\n        \n        <type>[optional scope]: <description>\n        \n        [optional body]\n        \n        [optional footer(s)]\n"
[INFO] [stdout] stack backtrace:
[INFO] [stdout]    0:     0x557ab96ce7ba - std::backtrace_rs::backtrace::libunwind::trace::h5a5b8284f2d0c266
[INFO] [stdout]                                at /rustc/90b35a6239c3d8bdabc530a6a0816f7ff89a0aaf/library/std/src/../../backtrace/src/backtrace/libunwind.rs:116:5
[INFO] [stdout]    1:     0x557ab96ce7ba - std::backtrace_rs::backtrace::trace_unsynchronized::h76d4f1c9b0b875e3
[INFO] [stdout]                                at /rustc/90b35a6239c3d8bdabc530a6a0816f7ff89a0aaf/library/std/src/../../backtrace/src/backtrace/mod.rs:66:5
[INFO] [stdout]    2:     0x557ab96ce7ba - std::sys::backtrace::_print_fmt::hc4546b8364a537c6
[INFO] [stdout]                                at /rustc/90b35a6239c3d8bdabc530a6a0816f7ff89a0aaf/library/std/src/sys/backtrace.rs:66:9
[INFO] [stdout]    3:     0x557ab96ce7ba - <std::sys::backtrace::BacktraceLock::print::DisplayBacktrace as core::fmt::Display>::fmt::h5b6bd5631a6d1f6b
[INFO] [stdout]                                at /rustc/90b35a6239c3d8bdabc530a6a0816f7ff89a0aaf/library/std/src/sys/backtrace.rs:39:26
[INFO] [stdout]    4:     0x557ab96f5ee3 - core::fmt::rt::Argument::fmt::h270f6602a2b96f62
[INFO] [stdout]                                at /rustc/90b35a6239c3d8bdabc530a6a0816f7ff89a0aaf/library/core/src/fmt/rt.rs:177:76
[INFO] [stdout]    5:     0x557ab96f5ee3 - core::fmt::write::h7550c97b06c86515
[INFO] [stdout]                                at /rustc/90b35a6239c3d8bdabc530a6a0816f7ff89a0aaf/library/core/src/fmt/mod.rs:1186:21
[INFO] [stdout]    6:     0x557ab96cb903 - std::io::Write::write_fmt::h509ff860e5956e5e
[INFO] [stdout]                                at /rustc/90b35a6239c3d8bdabc530a6a0816f7ff89a0aaf/library/std/src/io/mod.rs:1839:15
[INFO] [stdout]    7:     0x557ab96ce602 - std::sys::backtrace::BacktraceLock::print::h2395ccd2c84ba3aa
[INFO] [stdout]                                at /rustc/90b35a6239c3d8bdabc530a6a0816f7ff89a0aaf/library/std/src/sys/backtrace.rs:42:9
[INFO] [stdout]    8:     0x557ab96cfc1a - std::panicking::default_hook::{{closure}}::he19d4c7230e07961
[INFO] [stdout]                                at /rustc/90b35a6239c3d8bdabc530a6a0816f7ff89a0aaf/library/std/src/panicking.rs:268:22
[INFO] [stdout]    9:     0x557ab96cfa24 - std::panicking::default_hook::hf614597d3c67bbdb
[INFO] [stdout]                                at /rustc/90b35a6239c3d8bdabc530a6a0816f7ff89a0aaf/library/std/src/panicking.rs:292:9
[INFO] [stdout]   10:     0x557ab93380c9 - <alloc::boxed::Box<F,A> as core::ops::function::Fn<Args>>::call::h39b51ce4599c23d1
[INFO] [stdout]                                at /rustc/90b35a6239c3d8bdabc530a6a0816f7ff89a0aaf/library/alloc/src/boxed.rs:2468:9
[INFO] [stdout]   11:     0x557ab93380c9 - test::test_main::{{closure}}::he977ae839a582784
[INFO] [stdout]                                at /rustc/90b35a6239c3d8bdabc530a6a0816f7ff89a0aaf/library/test/src/lib.rs:133:21
[INFO] [stdout]   12:     0x557ab96d02b8 - <alloc::boxed::Box<F,A> as core::ops::function::Fn<Args>>::call::h9455091b6b06f9fb
[INFO] [stdout]                                at /rustc/90b35a6239c3d8bdabc530a6a0816f7ff89a0aaf/library/alloc/src/boxed.rs:2468:9
[INFO] [stdout]   13:     0x557ab96d02b8 - std::panicking::rust_panic_with_hook::h8942133a8b252070
[INFO] [stdout]                                at /rustc/90b35a6239c3d8bdabc530a6a0816f7ff89a0aaf/library/std/src/panicking.rs:809:13
[INFO] [stdout]   14:     0x557ab96d007a - std::panicking::begin_panic_handler::{{closure}}::hb5f5963570096b29
[INFO] [stdout]                                at /rustc/90b35a6239c3d8bdabc530a6a0816f7ff89a0aaf/library/std/src/panicking.rs:674:13
[INFO] [stdout]   15:     0x557ab96cec99 - std::sys::backtrace::__rust_end_short_backtrace::h6208cedc1922feda
[INFO] [stdout]                                at /rustc/90b35a6239c3d8bdabc530a6a0816f7ff89a0aaf/library/std/src/sys/backtrace.rs:170:18
[INFO] [stdout]   16:     0x557ab96cfd0c - rust_begin_unwind
[INFO] [stdout]                                at /rustc/90b35a6239c3d8bdabc530a6a0816f7ff89a0aaf/library/std/src/panicking.rs:665:5
[INFO] [stdout]   17:     0x557ab90d8180 - core::panicking::panic_fmt::h0c3082644d1bf418
[INFO] [stdout]                                at /rustc/90b35a6239c3d8bdabc530a6a0816f7ff89a0aaf/library/core/src/panicking.rs:74:14
[INFO] [stdout]   18:     0x557ab90d8584 - core::panicking::assert_failed_inner::h2ddf1fcc067fa858
[INFO] [stdout]   19:     0x557ab91cf32c - core::panicking::assert_failed::h391b736eb00219e4
[INFO] [stdout]                                at /rustc/90b35a6239c3d8bdabc530a6a0816f7ff89a0aaf/library/core/src/panicking.rs:367:5
[INFO] [stdout]   20:     0x557ab9192912 - mit_lint::checks::not_conventional_commit_test::formatting::h91795309054324cf
[INFO] [stdout]                                at /opt/rustwide/workdir/src/checks/not_conventional_commit_test.rs:186:5
[INFO] [stdout]   21:     0x557ab9192487 - mit_lint::checks::not_conventional_commit_test::formatting::{{closure}}::h8280ca5fcfe3fa9c
[INFO] [stdout]                                at /opt/rustwide/workdir/src/checks/not_conventional_commit_test.rs:155:16
[INFO] [stdout]   22:     0x557ab91b98e6 - core::ops::function::FnOnce::call_once::h65a6da912117aa71
[INFO] [stdout]                                at /rustc/90b35a6239c3d8bdabc530a6a0816f7ff89a0aaf/library/core/src/ops/function.rs:250:5
[INFO] [stdout]   23:     0x557ab933ca8b - core::ops::function::FnOnce::call_once::h109cf8051a59b34e
[INFO] [stdout]                                at /rustc/90b35a6239c3d8bdabc530a6a0816f7ff89a0aaf/library/core/src/ops/function.rs:250:5
[INFO] [stdout]   24:     0x557ab933ca8b - test::__rust_begin_short_backtrace::hf4fff89d377446ba
[INFO] [stdout]                                at /rustc/90b35a6239c3d8bdabc530a6a0816f7ff89a0aaf/library/test/src/lib.rs:621:18
[INFO] [stdout]   25:     0x557ab933c2c7 - test::run_test_in_process::{{closure}}::h0e39181dd7ee5a43
[INFO] [stdout]                                at /rustc/90b35a6239c3d8bdabc530a6a0816f7ff89a0aaf/library/test/src/lib.rs:644:60
[INFO] [stdout]   26:     0x557ab933c2c7 - <core::panic::unwind_safe::AssertUnwindSafe<F> as core::ops::function::FnOnce<()>>::call_once::hc5a66a30f0bdfd1f
[INFO] [stdout]                                at /rustc/90b35a6239c3d8bdabc530a6a0816f7ff89a0aaf/library/core/src/panic/unwind_safe.rs:272:9
[INFO] [stdout]   27:     0x557ab933c2c7 - std::panicking::try::do_call::h873b7cf639554a5e
[INFO] [stdout]                                at /rustc/90b35a6239c3d8bdabc530a6a0816f7ff89a0aaf/library/std/src/panicking.rs:557:40
[INFO] [stdout]   28:     0x557ab933c2c7 - std::panicking::try::hdb19862fad9c8bd1
[INFO] [stdout]                                at /rustc/90b35a6239c3d8bdabc530a6a0816f7ff89a0aaf/library/std/src/panicking.rs:520:19
[INFO] [stdout]   29:     0x557ab933c2c7 - std::panic::catch_unwind::h281fe732d236d260
[INFO] [stdout]                                at /rustc/90b35a6239c3d8bdabc530a6a0816f7ff89a0aaf/library/std/src/panic.rs:358:14
[INFO] [stdout]   30:     0x557ab933c2c7 - test::run_test_in_process::h949b6df8457ed338
[INFO] [stdout]                                at /rustc/90b35a6239c3d8bdabc530a6a0816f7ff89a0aaf/library/test/src/lib.rs:644:27
[INFO] [stdout]   31:     0x557ab933c2c7 - test::run_test::{{closure}}::h52c556a6d4740e10
[INFO] [stdout]                                at /rustc/90b35a6239c3d8bdabc530a6a0816f7ff89a0aaf/library/test/src/lib.rs:565:43
[INFO] [stdout]   32:     0x557ab93015a4 - test::run_test::{{closure}}::h4237f6381c45ccb9
[INFO] [stdout]                                at /rustc/90b35a6239c3d8bdabc530a6a0816f7ff89a0aaf/library/test/src/lib.rs:595:41
[INFO] [stdout]   33:     0x557ab93015a4 - std::sys::backtrace::__rust_begin_short_backtrace::h505c97a579eca628
[INFO] [stdout]                                at /rustc/90b35a6239c3d8bdabc530a6a0816f7ff89a0aaf/library/std/src/sys/backtrace.rs:154:18
[INFO] [stdout]   34:     0x557ab9304c6e - std::thread::Builder::spawn_unchecked_::{{closure}}::{{closure}}::h9e86b2e2bc107ea3
[INFO] [stdout]                                at /rustc/90b35a6239c3d8bdabc530a6a0816f7ff89a0aaf/library/std/src/thread/mod.rs:538:17
[INFO] [stdout]   35:     0x557ab9304c6e - <core::panic::unwind_safe::AssertUnwindSafe<F> as core::ops::function::FnOnce<()>>::call_once::h8b06ddb275ff4a25
[INFO] [stdout]                                at /rustc/90b35a6239c3d8bdabc530a6a0816f7ff89a0aaf/library/core/src/panic/unwind_safe.rs:272:9
[INFO] [stdout]   36:     0x557ab9304c6e - std::panicking::try::do_call::hb26ecd7cd9a9355d
[INFO] [stdout]                                at /rustc/90b35a6239c3d8bdabc530a6a0816f7ff89a0aaf/library/std/src/panicking.rs:557:40
[INFO] [stdout]   37:     0x557ab9304c6e - std::panicking::try::h8ddeca9d705f9069
[INFO] [stdout]                                at /rustc/90b35a6239c3d8bdabc530a6a0816f7ff89a0aaf/library/std/src/panicking.rs:520:19
[INFO] [stdout]   38:     0x557ab9304c6e - std::panic::catch_unwind::h49e1c33078844c46
[INFO] [stdout]                                at /rustc/90b35a6239c3d8bdabc530a6a0816f7ff89a0aaf/library/std/src/panic.rs:358:14
[INFO] [stdout]   39:     0x557ab9304c6e - std::thread::Builder::spawn_unchecked_::{{closure}}::h6073db6ff56ad35d
[INFO] [stdout]                                at /rustc/90b35a6239c3d8bdabc530a6a0816f7ff89a0aaf/library/std/src/thread/mod.rs:537:30
[INFO] [stdout]   40:     0x557ab9304c6e - core::ops::function::FnOnce::call_once{{vtable.shim}}::h2c5a5f3779c774f1
[INFO] [stdout]                                at /rustc/90b35a6239c3d8bdabc530a6a0816f7ff89a0aaf/library/core/src/ops/function.rs:250:5
[INFO] [stdout]   41:     0x557ab96d400b - <alloc::boxed::Box<F,A> as core::ops::function::FnOnce<Args>>::call_once::hf75717d9f28faebf
[INFO] [stdout]                                at /rustc/90b35a6239c3d8bdabc530a6a0816f7ff89a0aaf/library/alloc/src/boxed.rs:2454:9
[INFO] [stdout]   42:     0x557ab96d400b - <alloc::boxed::Box<F,A> as core::ops::function::FnOnce<Args>>::call_once::h7bd883a5f3c5f3c1
[INFO] [stdout]                                at /rustc/90b35a6239c3d8bdabc530a6a0816f7ff89a0aaf/library/alloc/src/boxed.rs:2454:9
[INFO] [stdout]   43:     0x557ab96d400b - std::sys::pal::unix::thread::Thread::new::thread_start::hcc78f3943333fa94
[INFO] [stdout]                                at /rustc/90b35a6239c3d8bdabc530a6a0816f7ff89a0aaf/library/std/src/sys/pal/unix/thread.rs:105:17
[INFO] [stdout]   44:     0x74071403fac3 - <unknown>
[INFO] [stdout]   45:     0x7407140d0a04 - clone
[INFO] [stdout]   46:                0x0 - <unknown>
[INFO] [stdout] 
[INFO] [stdout] ---- checks::not_conventional_commit::tests::formatting stdout ----
[INFO] [stdout] thread 'checks::not_conventional_commit::tests::formatting' panicked at src/checks/not_conventional_commit.rs:243:9:
[INFO] [stdout] assertion `left == right` failed: Message "An example commit\n\nThis is an example commit\n" should have returned "NotConventionalCommit (https://www.conventionalcommits.org/)\n\n  x Your commit message isn't in conventional style\n   ,-[1:1]\n 1 | An example commit\n   : ^^^^^^^^|^^^^^^^^\n   :         `-- Not conventional\n 2 | \n   `----\n  help: It's important to follow the conventional commit style when creating\n        your commit message. By using this style we can automatically\n        calculate the version of software using deployment pipelines, and\n        also generate changelogs and other useful information without human\n        interaction.\n        \n        You can fix it by following style\n        \n        <type>[optional scope]: <description>\n        \n        [optional body]\n        \n        [optional footer(s)]\n", found "NotConventionalCommit (https://www.conventionalcommits.org/)\n\n  x Your commit message isn't in conventional style\n   ,-[1:1]\n 1 | An example commit\n   : ^^^^^^^^|^^^^^^^^\n   :         `-- Not conventional\n 2 | \n   `----\n  help: It's important to follow the conventional commit style when creating\n        your commit message. By using this style we can automatically\n        calculate the version of software using deployment pipelines, and also\n        generate changelogs and other useful information without human\n        interaction.\n        \n        You can fix it by following style\n        \n        <type>[optional scope]: <description>\n        \n        [optional body]\n        \n        [optional footer(s)]\n"
[INFO] [stdout]   left: "NotConventionalCommit (https://www.conventionalcommits.org/)\n\n  x Your commit message isn't in conventional style\n   ,-[1:1]\n 1 | An example commit\n   : ^^^^^^^^|^^^^^^^^\n   :         `-- Not conventional\n 2 | \n   `----\n  help: It's important to follow the conventional commit style when creating\n        your commit message. By using this style we can automatically\n        calculate the version of software using deployment pipelines, and also\n        generate changelogs and other useful information without human\n        interaction.\n        \n        You can fix it by following style\n        \n        <type>[optional scope]: <description>\n        \n        [optional body]\n        \n        [optional footer(s)]\n"
[INFO] [stdout]  right: "NotConventionalCommit (https://www.conventionalcommits.org/)\n\n  x Your commit message isn't in conventional style\n   ,-[1:1]\n 1 | An example commit\n   : ^^^^^^^^|^^^^^^^^\n   :         `-- Not conventional\n 2 | \n   `----\n  help: It's important to follow the conventional commit style when creating\n        your commit message. By using this style we can automatically\n        calculate the version of software using deployment pipelines, and\n        also generate changelogs and other useful information without human\n        interaction.\n        \n        You can fix it by following style\n        \n        <type>[optional scope]: <description>\n        \n        [optional body]\n        \n        [optional footer(s)]\n"
[INFO] [stdout] stack backtrace:
[INFO] [stdout]    0:     0x557ab96ce7ba - std::backtrace_rs::backtrace::libunwind::trace::h5a5b8284f2d0c266
[INFO] [stdout]                                at /rustc/90b35a6239c3d8bdabc530a6a0816f7ff89a0aaf/library/std/src/../../backtrace/src/backtrace/libunwind.rs:116:5
[INFO] [stdout]    1:     0x557ab96ce7ba - std::backtrace_rs::backtrace::trace_unsynchronized::h76d4f1c9b0b875e3
[INFO] [stdout]                                at /rustc/90b35a6239c3d8bdabc530a6a0816f7ff89a0aaf/library/std/src/../../backtrace/src/backtrace/mod.rs:66:5
[INFO] [stdout]    2:     0x557ab96ce7ba - std::sys::backtrace::_print_fmt::hc4546b8364a537c6
[INFO] [stdout]                                at /rustc/90b35a6239c3d8bdabc530a6a0816f7ff89a0aaf/library/std/src/sys/backtrace.rs:66:9
[INFO] [stdout]    3:     0x557ab96ce7ba - <std::sys::backtrace::BacktraceLock::print::DisplayBacktrace as core::fmt::Display>::fmt::h5b6bd5631a6d1f6b
[INFO] [stdout]                                at /rustc/90b35a6239c3d8bdabc530a6a0816f7ff89a0aaf/library/std/src/sys/backtrace.rs:39:26
[INFO] [stdout]    4:     0x557ab96f5ee3 - core::fmt::rt::Argument::fmt::h270f6602a2b96f62
[INFO] [stdout]                                at /rustc/90b35a6239c3d8bdabc530a6a0816f7ff89a0aaf/library/core/src/fmt/rt.rs:177:76
[INFO] [stdout]    5:     0x557ab96f5ee3 - core::fmt::write::h7550c97b06c86515
[INFO] [stdout]                                at /rustc/90b35a6239c3d8bdabc530a6a0816f7ff89a0aaf/library/core/src/fmt/mod.rs:1186:21
[INFO] [stdout]    6:     0x557ab96cb903 - std::io::Write::write_fmt::h509ff860e5956e5e
[INFO] [stdout]                                at /rustc/90b35a6239c3d8bdabc530a6a0816f7ff89a0aaf/library/std/src/io/mod.rs:1839:15
[INFO] [stdout]    7:     0x557ab96ce602 - std::sys::backtrace::BacktraceLock::print::h2395ccd2c84ba3aa
[INFO] [stdout]                                at /rustc/90b35a6239c3d8bdabc530a6a0816f7ff89a0aaf/library/std/src/sys/backtrace.rs:42:9
[INFO] [stdout]    8:     0x557ab96cfc1a - std::panicking::default_hook::{{closure}}::he19d4c7230e07961
[INFO] [stdout]                                at /rustc/90b35a6239c3d8bdabc530a6a0816f7ff89a0aaf/library/std/src/panicking.rs:268:22
[INFO] [stdout]    9:     0x557ab96cfa24 - std::panicking::default_hook::hf614597d3c67bbdb
[INFO] [stdout]                                at /rustc/90b35a6239c3d8bdabc530a6a0816f7ff89a0aaf/library/std/src/panicking.rs:292:9
[INFO] [stdout]   10:     0x557ab93380c9 - <alloc::boxed::Box<F,A> as core::ops::function::Fn<Args>>::call::h39b51ce4599c23d1
[INFO] [stdout]                                at /rustc/90b35a6239c3d8bdabc530a6a0816f7ff89a0aaf/library/alloc/src/boxed.rs:2468:9
[INFO] [stdout]   11:     0x557ab93380c9 - test::test_main::{{closure}}::he977ae839a582784
[INFO] [stdout]                                at /rustc/90b35a6239c3d8bdabc530a6a0816f7ff89a0aaf/library/test/src/lib.rs:133:21
[INFO] [stdout]   12:     0x557ab96d02b8 - <alloc::boxed::Box<F,A> as core::ops::function::Fn<Args>>::call::h9455091b6b06f9fb
[INFO] [stdout]                                at /rustc/90b35a6239c3d8bdabc530a6a0816f7ff89a0aaf/library/alloc/src/boxed.rs:2468:9
[INFO] [stdout]   13:     0x557ab96d02b8 - std::panicking::rust_panic_with_hook::h8942133a8b252070
[INFO] [stdout]                                at /rustc/90b35a6239c3d8bdabc530a6a0816f7ff89a0aaf/library/std/src/panicking.rs:809:13
[INFO] [stdout]   14:     0x557ab96d007a - std::panicking::begin_panic_handler::{{closure}}::hb5f5963570096b29
[INFO] [stdout]                                at /rustc/90b35a6239c3d8bdabc530a6a0816f7ff89a0aaf/library/std/src/panicking.rs:674:13
[INFO] [stdout]   15:     0x557ab96cec99 - std::sys::backtrace::__rust_end_short_backtrace::h6208cedc1922feda
[INFO] [stdout]                                at /rustc/90b35a6239c3d8bdabc530a6a0816f7ff89a0aaf/library/std/src/sys/backtrace.rs:170:18
[INFO] [stdout]   16:     0x557ab96cfd0c - rust_begin_unwind
[INFO] [stdout]                                at /rustc/90b35a6239c3d8bdabc530a6a0816f7ff89a0aaf/library/std/src/panicking.rs:665:5
[INFO] [stdout]   17:     0x557ab90d8180 - core::panicking::panic_fmt::h0c3082644d1bf418
[INFO] [stdout]                                at /rustc/90b35a6239c3d8bdabc530a6a0816f7ff89a0aaf/library/core/src/panicking.rs:74:14
[INFO] [stdout]   18:     0x557ab90d8584 - core::panicking::assert_failed_inner::h2ddf1fcc067fa858
[INFO] [stdout]   19:     0x557ab91cf32c - core::panicking::assert_failed::h391b736eb00219e4
[INFO] [stdout]                                at /rustc/90b35a6239c3d8bdabc530a6a0816f7ff89a0aaf/library/core/src/panicking.rs:367:5
[INFO] [stdout]   20:     0x557ab9191292 - mit_lint::checks::not_conventional_commit::tests::formatting::hf43ebead36fd1933
[INFO] [stdout]                                at /opt/rustwide/workdir/src/checks/not_conventional_commit.rs:243:9
[INFO] [stdout]   21:     0x557ab9190e07 - mit_lint::checks::not_conventional_commit::tests::formatting::{{closure}}::hb179814def617cd6
[INFO] [stdout]                                at /opt/rustwide/workdir/src/checks/not_conventional_commit.rs:212:20
[INFO] [stdout]   22:     0x557ab91b9746 - core::ops::function::FnOnce::call_once::h619309f2edf9e631
[INFO] [stdout]                                at /rustc/90b35a6239c3d8bdabc530a6a0816f7ff89a0aaf/library/core/src/ops/function.rs:250:5
[INFO] [stdout]   23:     0x557ab933ca8b - core::ops::function::FnOnce::call_once::h109cf8051a59b34e
[INFO] [stdout]                                at /rustc/90b35a6239c3d8bdabc530a6a0816f7ff89a0aaf/library/core/src/ops/function.rs:250:5
[INFO] [stdout]   24:     0x557ab933ca8b - test::__rust_begin_short_backtrace::hf4fff89d377446ba
[INFO] [stdout]                                at /rustc/90b35a6239c3d8bdabc530a6a0816f7ff89a0aaf/library/test/src/lib.rs:621:18
[INFO] [stdout]   25:     0x557ab933c2c7 - test::run_test_in_process::{{closure}}::h0e39181dd7ee5a43
[INFO] [stdout]                                at /rustc/90b35a6239c3d8bdabc530a6a0816f7ff89a0aaf/library/test/src/lib.rs:644:60
[INFO] [stdout]   26:     0x557ab933c2c7 - <core::panic::unwind_safe::AssertUnwindSafe<F> as core::ops::function::FnOnce<()>>::call_once::hc5a66a30f0bdfd1f
[INFO] [stdout]                                at /rustc/90b35a6239c3d8bdabc530a6a0816f7ff89a0aaf/library/core/src/panic/unwind_safe.rs:272:9
[INFO] [stdout]   27:     0x557ab933c2c7 - std::panicking::try::do_call::h873b7cf639554a5e
[INFO] [stdout]                                at /rustc/90b35a6239c3d8bdabc530a6a0816f7ff89a0aaf/library/std/src/panicking.rs:557:40
[INFO] [stdout]   28:     0x557ab933c2c7 - std::panicking::try::hdb19862fad9c8bd1
[INFO] [stdout]                                at /rustc/90b35a6239c3d8bdabc530a6a0816f7ff89a0aaf/library/std/src/panicking.rs:520:19
[INFO] [stdout]   29:     0x557ab933c2c7 - std::panic::catch_unwind::h281fe732d236d260
[INFO] [stdout]                                at /rustc/90b35a6239c3d8bdabc530a6a0816f7ff89a0aaf/library/std/src/panic.rs:358:14
[INFO] [stdout]   30:     0x557ab933c2c7 - test::run_test_in_process::h949b6df8457ed338
[INFO] [stdout]                                at /rustc/90b35a6239c3d8bdabc530a6a0816f7ff89a0aaf/library/test/src/lib.rs:644:27
[INFO] [stdout]   31:     0x557ab933c2c7 - test::run_test::{{closure}}::h52c556a6d4740e10
[INFO] [stdout]                                at /rustc/90b35a6239c3d8bdabc530a6a0816f7ff89a0aaf/library/test/src/lib.rs:565:43
[INFO] [stdout]   32:     0x557ab93015a4 - test::run_test::{{closure}}::h4237f6381c45ccb9
[INFO] [stdout]                                at /rustc/90b35a6239c3d8bdabc530a6a0816f7ff89a0aaf/library/test/src/lib.rs:595:41
[INFO] [stdout]   33:     0x557ab93015a4 - std::sys::backtrace::__rust_begin_short_backtrace::h505c97a579eca628
[INFO] [stdout]                                at /rustc/90b35a6239c3d8bdabc530a6a0816f7ff89a0aaf/library/std/src/sys/backtrace.rs:154:18
[INFO] [stdout]   34:     0x557ab9304c6e - std::thread::Builder::spawn_unchecked_::{{closure}}::{{closure}}::h9e86b2e2bc107ea3
[INFO] [stdout]                                at /rustc/90b35a6239c3d8bdabc530a6a0816f7ff89a0aaf/library/std/src/thread/mod.rs:538:17
[INFO] [stdout]   35:     0x557ab9304c6e - <core::panic::unwind_safe::AssertUnwindSafe<F> as core::ops::function::FnOnce<()>>::call_once::h8b06ddb275ff4a25
[INFO] [stdout]                                at /rustc/90b35a6239c3d8bdabc530a6a0816f7ff89a0aaf/library/core/src/panic/unwind_safe.rs:272:9
[INFO] [stdout]   36:     0x557ab9304c6e - std::panicking::try::do_call::hb26ecd7cd9a9355d
[INFO] [stdout]                                at /rustc/90b35a6239c3d8bdabc530a6a0816f7ff89a0aaf/library/std/src/panicking.rs:557:40
[INFO] [stdout]   37:     0x557ab9304c6e - std::panicking::try::h8ddeca9d705f9069
[INFO] [stdout]                                at /rustc/90b35a6239c3d8bdabc530a6a0816f7ff89a0aaf/library/std/src/panicking.rs:520:19
[INFO] [stdout]   38:     0x557ab9304c6e - std::panic::catch_unwind::h49e1c33078844c46
[INFO] [stdout]                                at /rustc/90b35a6239c3d8bdabc530a6a0816f7ff89a0aaf/library/std/src/panic.rs:358:14
[INFO] [stdout]   39:     0x557ab9304c6e - std::thread::Builder::spawn_unchecked_::{{closure}}::h6073db6ff56ad35d
[INFO] [stdout]                                at /rustc/90b35a6239c3d8bdabc530a6a0816f7ff89a0aaf/library/std/src/thread/mod.rs:537:30
[INFO] [stdout]   40:     0x557ab9304c6e - core::ops::function::FnOnce::call_once{{vtable.shim}}::h2c5a5f3779c774f1
[INFO] [stdout]                                at /rustc/90b35a6239c3d8bdabc530a6a0816f7ff89a0aaf/library/core/src/ops/function.rs:250:5
[INFO] [stdout]   41:     0x557ab96d400b - <alloc::boxed::Box<F,A> as core::ops::function::FnOnce<Args>>::call_once::hf75717d9f28faebf
[INFO] [stdout]                                at /rustc/90b35a6239c3d8bdabc530a6a0816f7ff89a0aaf/library/alloc/src/boxed.rs:2454:9
[INFO] [stdout]   42:     0x557ab96d400b - <alloc::boxed::Box<F,A> as core::ops::function::FnOnce<Args>>::call_once::h7bd883a5f3c5f3c1
[INFO] [stdout]                                at /rustc/90b35a6239c3d8bdabc530a6a0816f7ff89a0aaf/library/alloc/src/boxed.rs:2454:9
[INFO] [stdout]   43:     0x557ab96d400b - std::sys::pal::unix::thread::Thread::new::thread_start::hcc78f3943333fa94
[INFO] [stdout]                                at /rustc/90b35a6239c3d8bdabc530a6a0816f7ff89a0aaf/library/std/src/sys/pal/unix/thread.rs:105:17
[INFO] [stdout]   44:     0x74071403fac3 - <unknown>
[INFO] [stdout]   45:     0x7407140d0a04 - clone
[INFO] [stdout]   46:                0x0 - <unknown>
[INFO] [stdout] 
[INFO] [stdout] ---- checks::not_emoji_log_test::formatting stdout ----
[INFO] [stdout] thread 'checks::not_emoji_log_test::formatting' panicked at src/checks/not_emoji_log_test.rs:181:5:
[INFO] [stdout] assertion `left == right` failed: Message "An example commit\n\nThis is an example commit\n" should have returned "NotEmojiLog (https://github.com/ahmadawais/Emoji-Log)\n\n  x Your commit message isn't in emoji log style\n   ,-[1:1]\n 1 | An example commit\n   : ^^^^^^^^|^^^^^^^^\n   :         `-- Not emoji log\n 2 | \n   `----\n  help: It's important to follow the emoji log style when creating your\n        commit message. By using this style we can automatically generate\n        changelogs.\n        \n        You can fix it using one of the prefixes:\n        \n        \n        📦 NEW:\n        👌 IMPROVE:\n        🐛 FIX:\n        📖 DOC:\n        🚀 RELEASE:\n        🤖 TEST:\n        ‼\u{fe0f} BREAKING:\n", found "NotEmojiLog (https://github.com/ahmadawais/Emoji-Log)\n\n  x Your commit message isn't in emoji log style\n   ,-[1:1]\n 1 | An example commit\n   : ^^^^^^^^|^^^^^^^^\n   :         `-- Not emoji log\n 2 | \n   `----\n  help: It's important to follow the emoji log style when creating your commit\n        message. By using this style we can automatically generate changelogs.\n        \n        You can fix it using one of the prefixes:\n        \n        \n        📦 NEW:\n        👌 IMPROVE:\n        🐛 FIX:\n        📖 DOC:\n        🚀 RELEASE:\n        🤖 TEST:\n        ‼\u{fe0f} BREAKING:\n"
[INFO] [stdout]   left: "NotEmojiLog (https://github.com/ahmadawais/Emoji-Log)\n\n  x Your commit message isn't in emoji log style\n   ,-[1:1]\n 1 | An example commit\n   : ^^^^^^^^|^^^^^^^^\n   :         `-- Not emoji log\n 2 | \n   `----\n  help: It's important to follow the emoji log style when creating your commit\n        message. By using this style we can automatically generate changelogs.\n        \n        You can fix it using one of the prefixes:\n        \n        \n        📦 NEW:\n        👌 IMPROVE:\n        🐛 FIX:\n        📖 DOC:\n        🚀 RELEASE:\n        🤖 TEST:\n        ‼\u{fe0f} BREAKING:\n"
[INFO] [stdout]  right: "NotEmojiLog (https://github.com/ahmadawais/Emoji-Log)\n\n  x Your commit message isn't in emoji log style\n   ,-[1:1]\n 1 | An example commit\n   : ^^^^^^^^|^^^^^^^^\n   :         `-- Not emoji log\n 2 | \n   `----\n  help: It's important to follow the emoji log style when creating your\n        commit message. By using this style we can automatically generate\n        changelogs.\n        \n        You can fix it using one of the prefixes:\n        \n        \n        📦 NEW:\n        👌 IMPROVE:\n        🐛 FIX:\n        📖 DOC:\n        🚀 RELEASE:\n        🤖 TEST:\n        ‼\u{fe0f} BREAKING:\n"
[INFO] [stdout] stack backtrace:
[INFO] [stdout]    0:     0x557ab96ce7ba - std::backtrace_rs::backtrace::libunwind::trace::h5a5b8284f2d0c266
[INFO] [stdout]                                at /rustc/90b35a6239c3d8bdabc530a6a0816f7ff89a0aaf/library/std/src/../../backtrace/src/backtrace/libunwind.rs:116:5
[INFO] [stdout]    1:     0x557ab96ce7ba - std::backtrace_rs::backtrace::trace_unsynchronized::h76d4f1c9b0b875e3
[INFO] [stdout]                                at /rustc/90b35a6239c3d8bdabc530a6a0816f7ff89a0aaf/library/std/src/../../backtrace/src/backtrace/mod.rs:66:5
[INFO] [stdout]    2:     0x557ab96ce7ba - std::sys::backtrace::_print_fmt::hc4546b8364a537c6
[INFO] [stdout]                                at /rustc/90b35a6239c3d8bdabc530a6a0816f7ff89a0aaf/library/std/src/sys/backtrace.rs:66:9
[INFO] [stdout]    3:     0x557ab96ce7ba - <std::sys::backtrace::BacktraceLock::print::DisplayBacktrace as core::fmt::Display>::fmt::h5b6bd5631a6d1f6b
[INFO] [stdout]                                at /rustc/90b35a6239c3d8bdabc530a6a0816f7ff89a0aaf/library/std/src/sys/backtrace.rs:39:26
[INFO] [stdout]    4:     0x557ab96f5ee3 - core::fmt::rt::Argument::fmt::h270f6602a2b96f62
[INFO] [stdout]                                at /rustc/90b35a6239c3d8bdabc530a6a0816f7ff89a0aaf/library/core/src/fmt/rt.rs:177:76
[INFO] [stdout]    5:     0x557ab96f5ee3 - core::fmt::write::h7550c97b06c86515
[INFO] [stdout]                                at /rustc/90b35a6239c3d8bdabc530a6a0816f7ff89a0aaf/library/core/src/fmt/mod.rs:1186:21
[INFO] [stdout]    6:     0x557ab96cb903 - std::io::Write::write_fmt::h509ff860e5956e5e
[INFO] [stdout]                                at /rustc/90b35a6239c3d8bdabc530a6a0816f7ff89a0aaf/library/std/src/io/mod.rs:1839:15
[INFO] [stdout]    7:     0x557ab96ce602 - std::sys::backtrace::BacktraceLock::print::h2395ccd2c84ba3aa
[INFO] [stdout]                                at /rustc/90b35a6239c3d8bdabc530a6a0816f7ff89a0aaf/library/std/src/sys/backtrace.rs:42:9
[INFO] [stdout]    8:     0x557ab96cfc1a - std::panicking::default_hook::{{closure}}::he19d4c7230e07961
[INFO] [stdout]                                at /rustc/90b35a6239c3d8bdabc530a6a0816f7ff89a0aaf/library/std/src/panicking.rs:268:22
[INFO] [stdout]    9:     0x557ab96cfa24 - std::panicking::default_hook::hf614597d3c67bbdb
[INFO] [stdout]                                at /rustc/90b35a6239c3d8bdabc530a6a0816f7ff89a0aaf/library/std/src/panicking.rs:292:9
[INFO] [stdout]   10:     0x557ab93380c9 - <alloc::boxed::Box<F,A> as core::ops::function::Fn<Args>>::call::h39b51ce4599c23d1
[INFO] [stdout]                                at /rustc/90b35a6239c3d8bdabc530a6a0816f7ff89a0aaf/library/alloc/src/boxed.rs:2468:9
[INFO] [stdout]   11:     0x557ab93380c9 - test::test_main::{{closure}}::he977ae839a582784
[INFO] [stdout]                                at /rustc/90b35a6239c3d8bdabc530a6a0816f7ff89a0aaf/library/test/src/lib.rs:133:21
[INFO] [stdout]   12:     0x557ab96d02b8 - <alloc::boxed::Box<F,A> as core::ops::function::Fn<Args>>::call::h9455091b6b06f9fb
[INFO] [stdout]                                at /rustc/90b35a6239c3d8bdabc530a6a0816f7ff89a0aaf/library/alloc/src/boxed.rs:2468:9
[INFO] [stdout]   13:     0x557ab96d02b8 - std::panicking::rust_panic_with_hook::h8942133a8b252070
[INFO] [stdout]                                at /rustc/90b35a6239c3d8bdabc530a6a0816f7ff89a0aaf/library/std/src/panicking.rs:809:13
[INFO] [stdout]   14:     0x557ab96d007a - std::panicking::begin_panic_handler::{{closure}}::hb5f5963570096b29
[INFO] [stdout]                                at /rustc/90b35a6239c3d8bdabc530a6a0816f7ff89a0aaf/library/std/src/panicking.rs:674:13
[INFO] [stdout]   15:     0x557ab96cec99 - std::sys::backtrace::__rust_end_short_backtrace::h6208cedc1922feda
[INFO] [stdout]                                at /rustc/90b35a6239c3d8bdabc530a6a0816f7ff89a0aaf/library/std/src/sys/backtrace.rs:170:18
[INFO] [stdout]   16:     0x557ab96cfd0c - rust_begin_unwind
[INFO] [stdout]                                at /rustc/90b35a6239c3d8bdabc530a6a0816f7ff89a0aaf/library/std/src/panicking.rs:665:5
[INFO] [stdout]   17:     0x557ab90d8180 - core::panicking::panic_fmt::h0c3082644d1bf418
[INFO] [stdout]                                at /rustc/90b35a6239c3d8bdabc530a6a0816f7ff89a0aaf/library/core/src/panicking.rs:74:14
[INFO] [stdout]   18:     0x557ab90d8584 - core::panicking::assert_failed_inner::h2ddf1fcc067fa858
[INFO] [stdout]   19:     0x557ab91cf32c - core::panicking::assert_failed::h391b736eb00219e4
[INFO] [stdout]                                at /rustc/90b35a6239c3d8bdabc530a6a0816f7ff89a0aaf/library/core/src/panicking.rs:367:5
[INFO] [stdout]   20:     0x557ab9180212 - mit_lint::checks::not_emoji_log_test::formatting::h29758293d9957db5
[INFO] [stdout]                                at /opt/rustwide/workdir/src/checks/not_emoji_log_test.rs:181:5
[INFO] [stdout]   21:     0x557ab917fd87 - mit_lint::checks::not_emoji_log_test::formatting::{{closure}}::ha9c6f4d499528de7
[INFO] [stdout]                                at /opt/rustwide/workdir/src/checks/not_emoji_log_test.rs:149:16
[INFO] [stdout]   22:     0x557ab91bb8a6 - core::ops::function::FnOnce::call_once::hde3a4d0672b8623c
[INFO] [stdout]                                at /rustc/90b35a6239c3d8bdabc530a6a0816f7ff89a0aaf/library/core/src/ops/function.rs:250:5
[INFO] [stdout]   23:     0x557ab933ca8b - core::ops::function::FnOnce::call_once::h109cf8051a59b34e
[INFO] [stdout]                                at /rustc/90b35a6239c3d8bdabc530a6a0816f7ff89a0aaf/library/core/src/ops/function.rs:250:5
[INFO] [stdout]   24:     0x557ab933ca8b - test::__rust_begin_short_backtrace::hf4fff89d377446ba
[INFO] [stdout]                                at /rustc/90b35a6239c3d8bdabc530a6a0816f7ff89a0aaf/library/test/src/lib.rs:621:18
[INFO] [stdout]   25:     0x557ab933c2c7 - test::run_test_in_process::{{closure}}::h0e39181dd7ee5a43
[INFO] [stdout]                                at /rustc/90b35a6239c3d8bdabc530a6a0816f7ff89a0aaf/library/test/src/lib.rs:644:60
[INFO] [stdout]   26:     0x557ab933c2c7 - <core::panic::unwind_safe::AssertUnwindSafe<F> as core::ops::function::FnOnce<()>>::call_once::hc5a66a30f0bdfd1f
[INFO] [stdout]                                at /rustc/90b35a6239c3d8bdabc530a6a0816f7ff89a0aaf/library/core/src/panic/unwind_safe.rs:272:9
[INFO] [stdout]   27:     0x557ab933c2c7 - std::panicking::try::do_call::h873b7cf639554a5e
[INFO] [stdout]                                at /rustc/90b35a6239c3d8bdabc530a6a0816f7ff89a0aaf/library/std/src/panicking.rs:557:40
[INFO] [stdout]   28:     0x557ab933c2c7 - std::panicking::try::hdb19862fad9c8bd1
[INFO] [stdout]                                at /rustc/90b35a6239c3d8bdabc530a6a0816f7ff89a0aaf/library/std/src/panicking.rs:520:19
[INFO] [stdout]   29:     0x557ab933c2c7 - std::panic::catch_unwind::h281fe732d236d260
[INFO] [stdout]                                at /rustc/90b35a6239c3d8bdabc530a6a0816f7ff89a0aaf/library/std/src/panic.rs:358:14
[INFO] [stdout]   30:     0x557ab933c2c7 - test::run_test_in_process::h949b6df8457ed338
[INFO] [stdout]                                at /rustc/90b35a6239c3d8bdabc530a6a0816f7ff89a0aaf/library/test/src/lib.rs:644:27
[INFO] [stdout]   31:     0x557ab933c2c7 - test::run_test::{{closure}}::h52c556a6d4740e10
[INFO] [stdout]                                at /rustc/90b35a6239c3d8bdabc530a6a0816f7ff89a0aaf/library/test/src/lib.rs:565:43
[INFO] [stdout]   32:     0x557ab93015a4 - test::run_test::{{closure}}::h4237f6381c45ccb9
[INFO] [stdout]                                at /rustc/90b35a6239c3d8bdabc530a6a0816f7ff89a0aaf/library/test/src/lib.rs:595:41
[INFO] [stdout]   33:     0x557ab93015a4 - std::sys::backtrace::__rust_begin_short_backtrace::h505c97a579eca628
[INFO] [stdout]                                at /rustc/90b35a6239c3d8bdabc530a6a0816f7ff89a0aaf/library/std/src/sys/backtrace.rs:154:18
[INFO] [stdout]   34:     0x557ab9304c6e - std::thread::Builder::spawn_unchecked_::{{closure}}::{{closure}}::h9e86b2e2bc107ea3
[INFO] [stdout]                                at /rustc/90b35a6239c3d8bdabc530a6a0816f7ff89a0aaf/library/std/src/thread/mod.rs:538:17
[INFO] [stdout]   35:     0x557ab9304c6e - <core::panic::unwind_safe::AssertUnwindSafe<F> as core::ops::function::FnOnce<()>>::call_once::h8b06ddb275ff4a25
[INFO] [stdout]                                at /rustc/90b35a6239c3d8bdabc530a6a0816f7ff89a0aaf/library/core/src/panic/unwind_safe.rs:272:9
[INFO] [stdout]   36:     0x557ab9304c6e - std::panicking::try::do_call::hb26ecd7cd9a9355d
[INFO] [stdout]                                at /rustc/90b35a6239c3d8bdabc530a6a0816f7ff89a0aaf/library/std/src/panicking.rs:557:40
[INFO] [stdout]   37:     0x557ab9304c6e - std::panicking::try::h8ddeca9d705f9069
[INFO] [stderr] error: test failed, to rerun pass `--lib`
[INFO] [stdout]                                at /rustc/90b35a6239c3d8bdabc530a6a0816f7ff89a0aaf/library/std/src/panicking.rs:520:19
[INFO] [stdout]   38:     0x557ab9304c6e - std::panic::catch_unwind::h49e1c33078844c46
[INFO] [stdout]                                at /rustc/90b35a6239c3d8bdabc530a6a0816f7ff89a0aaf/library/std/src/panic.rs:358:14
[INFO] [stdout]   39:     0x557ab9304c6e - std::thread::Builder::spawn_unchecked_::{{closure}}::h6073db6ff56ad35d
[INFO] [stdout]                                at /rustc/90b35a6239c3d8bdabc530a6a0816f7ff89a0aaf/library/std/src/thread/mod.rs:537:30
[INFO] [stdout]   40:     0x557ab9304c6e - core::ops::function::FnOnce::call_once{{vtable.shim}}::h2c5a5f3779c774f1
[INFO] [stdout]                                at /rustc/90b35a6239c3d8bdabc530a6a0816f7ff89a0aaf/library/core/src/ops/function.rs:250:5
[INFO] [stdout]   41:     0x557ab96d400b - <alloc::boxed::Box<F,A> as core::ops::function::FnOnce<Args>>::call_once::hf75717d9f28faebf
[INFO] [stdout]                                at /rustc/90b35a6239c3d8bdabc530a6a0816f7ff89a0aaf/library/alloc/src/boxed.rs:2454:9
[INFO] [stdout]   42:     0x557ab96d400b - <alloc::boxed::Box<F,A> as core::ops::function::FnOnce<Args>>::call_once::h7bd883a5f3c5f3c1
[INFO] [stdout]                                at /rustc/90b35a6239c3d8bdabc530a6a0816f7ff89a0aaf/library/alloc/src/boxed.rs:2454:9
[INFO] [stdout]   43:     0x557ab96d400b - std::sys::pal::unix::thread::Thread::new::thread_start::hcc78f3943333fa94
[INFO] [stdout]                                at /rustc/90b35a6239c3d8bdabc530a6a0816f7ff89a0aaf/library/std/src/sys/pal/unix/thread.rs:105:17
[INFO] [stdout]   44:     0x74071403fac3 - <unknown>
[INFO] [stdout]   45:     0x7407140d0a04 - clone
[INFO] [stdout]   46:                0x0 - <unknown>
[INFO] [stdout] 
[INFO] [stdout] ---- checks::subject_line_ends_with_period_test::formatting stdout ----
[INFO] [stdout] thread 'checks::subject_line_ends_with_period_test::formatting' panicked at src/checks/subject_line_ends_with_period_test.rs:110:5:
[INFO] [stdout] assertion `left == right` failed: Message "An example commit... \n\nThis is an example commit\n" should have returned "SubjectEndsWithPeriod (https://git-scm.com/book/en/v2/Distributed-Git-Contributing-to-a-Project#_commit_guidelines)\n\n  x Your commit message ends with a period\n   ,-[1:18]\n 1 | An example commit... \n   :                  ^|^\n   :                   `-- Unneeded period\n 2 | \n   `----\n  help: It's important to keep your commits short, because we only have a\n        limited number of characters to use (72) before the subject line\n        is truncated. Full stops aren't normally in subject lines, and take\n        up an extra character, so we shouldn't use them in commit message\n        subjects.\n        \n        You can fix this by removing the period\n", found "SubjectEndsWithPeriod (https://git-scm.com/book/en/v2/Distributed-Git-Contributing-to-a-Project#_commit_guidelines)\n\n  x Your commit message ends with a period\n   ,-[1:18]\n 1 | An example commit... \n   :                  ^|^\n   :                   `-- Unneeded period\n 2 | \n   `----\n  help: It's important to keep your commits short, because we only have a\n        limited number of characters to use (72) before the subject line is\n        truncated. Full stops aren't normally in subject lines, and take up an\n        extra character, so we shouldn't use them in commit message subjects.\n        \n        You can fix this by removing the period\n"
[INFO] [stdout]   left: "SubjectEndsWithPeriod (https://git-scm.com/book/en/v2/Distributed-Git-Contributing-to-a-Project#_commit_guidelines)\n\n  x Your commit message ends with a period\n   ,-[1:18]\n 1 | An example commit... \n   :                  ^|^\n   :                   `-- Unneeded period\n 2 | \n   `----\n  help: It's important to keep your commits short, because we only have a\n        limited number of characters to use (72) before the subject line is\n        truncated. Full stops aren't normally in subject lines, and take up an\n        extra character, so we shouldn't use them in commit message subjects.\n        \n        You can fix this by removing the period\n"
[INFO] [stdout]  right: "SubjectEndsWithPeriod (https://git-scm.com/book/en/v2/Distributed-Git-Contributing-to-a-Project#_commit_guidelines)\n\n  x Your commit message ends with a period\n   ,-[1:18]\n 1 | An example commit... \n   :                  ^|^\n   :                   `-- Unneeded period\n 2 | \n   `----\n  help: It's important to keep your commits short, because we only have a\n        limited number of characters to use (72) before the subject line\n        is truncated. Full stops aren't normally in subject lines, and take\n        up an extra character, so we shouldn't use them in commit message\n        subjects.\n        \n        You can fix this by removing the period\n"
[INFO] [stdout] stack backtrace:
[INFO] [stdout]    0:     0x557ab96ce7ba - std::backtrace_rs::backtrace::libunwind::trace::h5a5b8284f2d0c266
[INFO] [stdout]                                at /rustc/90b35a6239c3d8bdabc530a6a0816f7ff89a0aaf/library/std/src/../../backtrace/src/backtrace/libunwind.rs:116:5
[INFO] [stdout]    1:     0x557ab96ce7ba - std::backtrace_rs::backtrace::trace_unsynchronized::h76d4f1c9b0b875e3
[INFO] [stdout]                                at /rustc/90b35a6239c3d8bdabc530a6a0816f7ff89a0aaf/library/std/src/../../backtrace/src/backtrace/mod.rs:66:5
[INFO] [stdout]    2:     0x557ab96ce7ba - std::sys::backtrace::_print_fmt::hc4546b8364a537c6
[INFO] [stdout]                                at /rustc/90b35a6239c3d8bdabc530a6a0816f7ff89a0aaf/library/std/src/sys/backtrace.rs:66:9
[INFO] [stdout]    3:     0x557ab96ce7ba - <std::sys::backtrace::BacktraceLock::print::DisplayBacktrace as core::fmt::Display>::fmt::h5b6bd5631a6d1f6b
[INFO] [stdout]                                at /rustc/90b35a6239c3d8bdabc530a6a0816f7ff89a0aaf/library/std/src/sys/backtrace.rs:39:26
[INFO] [stdout]    4:     0x557ab96f5ee3 - core::fmt::rt::Argument::fmt::h270f6602a2b96f62
[INFO] [stdout]                                at /rustc/90b35a6239c3d8bdabc530a6a0816f7ff89a0aaf/library/core/src/fmt/rt.rs:177:76
[INFO] [stdout]    5:     0x557ab96f5ee3 - core::fmt::write::h7550c97b06c86515
[INFO] [stdout]                                at /rustc/90b35a6239c3d8bdabc530a6a0816f7ff89a0aaf/library/core/src/fmt/mod.rs:1186:21
[INFO] [stdout]    6:     0x557ab96cb903 - std::io::Write::write_fmt::h509ff860e5956e5e
[INFO] [stdout]                                at /rustc/90b35a6239c3d8bdabc530a6a0816f7ff89a0aaf/library/std/src/io/mod.rs:1839:15
[INFO] [stdout]    7:     0x557ab96ce602 - std::sys::backtrace::BacktraceLock::print::h2395ccd2c84ba3aa
[INFO] [stdout]                                at /rustc/90b35a6239c3d8bdabc530a6a0816f7ff89a0aaf/library/std/src/sys/backtrace.rs:42:9
[INFO] [stdout]    8:     0x557ab96cfc1a - std::panicking::default_hook::{{closure}}::he19d4c7230e07961
[INFO] [stdout]                                at /rustc/90b35a6239c3d8bdabc530a6a0816f7ff89a0aaf/library/std/src/panicking.rs:268:22
[INFO] [stdout]    9:     0x557ab96cfa24 - std::panicking::default_hook::hf614597d3c67bbdb
[INFO] [stdout]                                at /rustc/90b35a6239c3d8bdabc530a6a0816f7ff89a0aaf/library/std/src/panicking.rs:292:9
[INFO] [stdout]   10:     0x557ab93380c9 - <alloc::boxed::Box<F,A> as core::ops::function::Fn<Args>>::call::h39b51ce4599c23d1
[INFO] [stdout]                                at /rustc/90b35a6239c3d8bdabc530a6a0816f7ff89a0aaf/library/alloc/src/boxed.rs:2468:9
[INFO] [stdout]   11:     0x557ab93380c9 - test::test_main::{{closure}}::he977ae839a582784
[INFO] [stdout]                                at /rustc/90b35a6239c3d8bdabc530a6a0816f7ff89a0aaf/library/test/src/lib.rs:133:21
[INFO] [stdout]   12:     0x557ab96d02b8 - <alloc::boxed::Box<F,A> as core::ops::function::Fn<Args>>::call::h9455091b6b06f9fb
[INFO] [stdout]                                at /rustc/90b35a6239c3d8bdabc530a6a0816f7ff89a0aaf/library/alloc/src/boxed.rs:2468:9
[INFO] [stdout]   13:     0x557ab96d02b8 - std::panicking::rust_panic_with_hook::h8942133a8b252070
[INFO] [stdout]                                at /rustc/90b35a6239c3d8bdabc530a6a0816f7ff89a0aaf/library/std/src/panicking.rs:809:13
[INFO] [stdout]   14:     0x557ab96d007a - std::panicking::begin_panic_handler::{{closure}}::hb5f5963570096b29
[INFO] [stdout]                                at /rustc/90b35a6239c3d8bdabc530a6a0816f7ff89a0aaf/library/std/src/panicking.rs:674:13
[INFO] [stdout]   15:     0x557ab96cec99 - std::sys::backtrace::__rust_end_short_backtrace::h6208cedc1922feda
[INFO] [stdout]                                at /rustc/90b35a6239c3d8bdabc530a6a0816f7ff89a0aaf/library/std/src/sys/backtrace.rs:170:18
[INFO] [stdout]   16:     0x557ab96cfd0c - rust_begin_unwind
[INFO] [stdout]                                at /rustc/90b35a6239c3d8bdabc530a6a0816f7ff89a0aaf/library/std/src/panicking.rs:665:5
[INFO] [stdout]   17:     0x557ab90d8180 - core::panicking::panic_fmt::h0c3082644d1bf418
[INFO] [stdout]                                at /rustc/90b35a6239c3d8bdabc530a6a0816f7ff89a0aaf/library/core/src/panicking.rs:74:14
[INFO] [stdout]   18:     0x557ab90d8584 - core::panicking::assert_failed_inner::h2ddf1fcc067fa858
[INFO] [stdout]   19:     0x557ab91cf32c - core::panicking::assert_failed::h391b736eb00219e4
[INFO] [stdout]                                at /rustc/90b35a6239c3d8bdabc530a6a0816f7ff89a0aaf/library/core/src/panicking.rs:367:5
[INFO] [stdout]   20:     0x557ab91ffb42 - mit_lint::checks::subject_line_ends_with_period_test::formatting::hffe779d32596cda2
[INFO] [stdout]                                at /opt/rustwide/workdir/src/checks/subject_line_ends_with_period_test.rs:110:5
[INFO] [stdout]   21:     0x557ab91ff6b7 - mit_lint::checks::subject_line_ends_with_period_test::formatting::{{closure}}::hb87d2bfdfd464ef2
[INFO] [stdout]                                at /opt/rustwide/workdir/src/checks/subject_line_ends_with_period_test.rs:85:16
[INFO] [stdout]   22:     0x557ab91b92c6 - core::ops::function::FnOnce::call_once::h4d7987e13b235f73
[INFO] [stdout]                                at /rustc/90b35a6239c3d8bdabc530a6a0816f7ff89a0aaf/library/core/src/ops/function.rs:250:5
[INFO] [stdout]   23:     0x557ab933ca8b - core::ops::function::FnOnce::call_once::h109cf8051a59b34e
[INFO] [stdout]                                at /rustc/90b35a6239c3d8bdabc530a6a0816f7ff89a0aaf/library/core/src/ops/function.rs:250:5
[INFO] [stdout]   24:     0x557ab933ca8b - test::__rust_begin_short_backtrace::hf4fff89d377446ba
[INFO] [stdout]                                at /rustc/90b35a6239c3d8bdabc530a6a0816f7ff89a0aaf/library/test/src/lib.rs:621:18
[INFO] [stdout]   25:     0x557ab933c2c7 - test::run_test_in_process::{{closure}}::h0e39181dd7ee5a43
[INFO] [stdout]                                at /rustc/90b35a6239c3d8bdabc530a6a0816f7ff89a0aaf/library/test/src/lib.rs:644:60
[INFO] [stdout]   26:     0x557ab933c2c7 - <core::panic::unwind_safe::AssertUnwindSafe<F> as core::ops::function::FnOnce<()>>::call_once::hc5a66a30f0bdfd1f
[INFO] [stdout]                                at /rustc/90b35a6239c3d8bdabc530a6a0816f7ff89a0aaf/library/core/src/panic/unwind_safe.rs:272:9
[INFO] [stdout]   27:     0x557ab933c2c7 - std::panicking::try::do_call::h873b7cf639554a5e
[INFO] [stdout]                                at /rustc/90b35a6239c3d8bdabc530a6a0816f7ff89a0aaf/library/std/src/panicking.rs:557:40
[INFO] [stdout]   28:     0x557ab933c2c7 - std::panicking::try::hdb19862fad9c8bd1
[INFO] [stdout]                                at /rustc/90b35a6239c3d8bdabc530a6a0816f7ff89a0aaf/library/std/src/panicking.rs:520:19
[INFO] [stdout]   29:     0x557ab933c2c7 - std::panic::catch_unwind::h281fe732d236d260
[INFO] [stdout]                                at /rustc/90b35a6239c3d8bdabc530a6a0816f7ff89a0aaf/library/std/src/panic.rs:358:14
[INFO] [stdout]   30:     0x557ab933c2c7 - test::run_test_in_process::h949b6df8457ed338
[INFO] [stdout]                                at /rustc/90b35a6239c3d8bdabc530a6a0816f7ff89a0aaf/library/test/src/lib.rs:644:27
[INFO] [stdout]   31:     0x557ab933c2c7 - test::run_test::{{closure}}::h52c556a6d4740e10
[INFO] [stdout]                                at /rustc/90b35a6239c3d8bdabc530a6a0816f7ff89a0aaf/library/test/src/lib.rs:565:43
[INFO] [stdout]   32:     0x557ab93015a4 - test::run_test::{{closure}}::h4237f6381c45ccb9
[INFO] [stdout]                                at /rustc/90b35a6239c3d8bdabc530a6a0816f7ff89a0aaf/library/test/src/lib.rs:595:41
[INFO] [stdout]   33:     0x557ab93015a4 - std::sys::backtrace::__rust_begin_short_backtrace::h505c97a579eca628
[INFO] [stdout]                                at /rustc/90b35a6239c3d8bdabc530a6a0816f7ff89a0aaf/library/std/src/sys/backtrace.rs:154:18
[INFO] [stdout]   34:     0x557ab9304c6e - std::thread::Builder::spawn_unchecked_::{{closure}}::{{closure}}::h9e86b2e2bc107ea3
[INFO] [stdout]                                at /rustc/90b35a6239c3d8bdabc530a6a0816f7ff89a0aaf/library/std/src/thread/mod.rs:538:17
[INFO] [stdout]   35:     0x557ab9304c6e - <core::panic::unwind_safe::AssertUnwindSafe<F> as core::ops::function::FnOnce<()>>::call_once::h8b06ddb275ff4a25
[INFO] [stdout]                                at /rustc/90b35a6239c3d8bdabc530a6a0816f7ff89a0aaf/library/core/src/panic/unwind_safe.rs:272:9
[INFO] [stdout]   36:     0x557ab9304c6e - std::panicking::try::do_call::hb26ecd7cd9a9355d
[INFO] [stdout]                                at /rustc/90b35a6239c3d8bdabc530a6a0816f7ff89a0aaf/library/std/src/panicking.rs:557:40
[INFO] [stdout]   37:     0x557ab9304c6e - std::panicking::try::h8ddeca9d705f9069
[INFO] [stdout]                                at /rustc/90b35a6239c3d8bdabc530a6a0816f7ff89a0aaf/library/std/src/panicking.rs:520:19
[INFO] [stdout]   38:     0x557ab9304c6e - std::panic::catch_unwind::h49e1c33078844c46
[INFO] [stdout]                                at /rustc/90b35a6239c3d8bdabc530a6a0816f7ff89a0aaf/library/std/src/panic.rs:358:14
[INFO] [stdout]   39:     0x557ab9304c6e - std::thread::Builder::spawn_unchecked_::{{closure}}::h6073db6ff56ad35d
[INFO] [stdout]                                at /rustc/90b35a6239c3d8bdabc530a6a0816f7ff89a0aaf/library/std/src/thread/mod.rs:537:30
[INFO] [stdout]   40:     0x557ab9304c6e - core::ops::function::FnOnce::call_once{{vtable.shim}}::h2c5a5f3779c774f1
[INFO] [stdout]                                at /rustc/90b35a6239c3d8bdabc530a6a0816f7ff89a0aaf/library/core/src/ops/function.rs:250:5
[INFO] [stdout]   41:     0x557ab96d400b - <alloc::boxed::Box<F,A> as core::ops::function::FnOnce<Args>>::call_once::hf75717d9f28faebf
[INFO] [stdout]                                at /rustc/90b35a6239c3d8bdabc530a6a0816f7ff89a0aaf/library/alloc/src/boxed.rs:2454:9
[INFO] [stdout]   42:     0x557ab96d400b - <alloc::boxed::Box<F,A> as core::ops::function::FnOnce<Args>>::call_once::h7bd883a5f3c5f3c1
[INFO] [stdout]                                at /rustc/90b35a6239c3d8bdabc530a6a0816f7ff89a0aaf/library/alloc/src/boxed.rs:2454:9
[INFO] [stdout]   43:     0x557ab96d400b - std::sys::pal::unix::thread::Thread::new::thread_start::hcc78f3943333fa94
[INFO] [stdout]                                at /rustc/90b35a6239c3d8bdabc530a6a0816f7ff89a0aaf/library/std/src/sys/pal/unix/thread.rs:105:17
[INFO] [stdout]   44:     0x74071403fac3 - <unknown>
[INFO] [stdout]   45:     0x7407140d0a04 - clone
[INFO] [stdout]   46:                0x0 - <unknown>
[INFO] [stdout] 
[INFO] [stdout] 
[INFO] [stdout] failures:
[INFO] [stdout]     checks::duplicate_trailers_test::formatting
[INFO] [stdout]     checks::missing_github_id_test::fail_check
[INFO] [stdout]     checks::missing_jira_issue_key_test::formatting
[INFO] [stdout]     checks::missing_pivotal_tracker_id_test::formatting
[INFO] [stdout]     checks::not_conventional_commit::tests::formatting
[INFO] [stdout]     checks::not_conventional_commit_test::formatting
[INFO] [stdout]     checks::not_emoji_log_test::formatting
[INFO] [stdout]     checks::subject_line_ends_with_period_test::formatting
[INFO] [stdout] 
[INFO] [stdout] test result: FAILED. 192 passed; 8 failed; 0 ignored; 0 measured; 0 filtered out; finished in 1.19s
[INFO] [stdout] 
[INFO] running `Command { std: "docker" "inspect" "661e32d17ec994c43f2c235656b05b0e91e62d83a845128fa2d85ca98e32980c", kill_on_drop: false }`
[INFO] running `Command { std: "docker" "rm" "-f" "661e32d17ec994c43f2c235656b05b0e91e62d83a845128fa2d85ca98e32980c", kill_on_drop: false }`
[INFO] [stdout] 661e32d17ec994c43f2c235656b05b0e91e62d83a845128fa2d85ca98e32980c
