[INFO] fetching crate minreq 2.13.0...
[INFO] testing minreq-2.13.0 against 1.83.0 for beta-1.84.0-4-retry
[INFO] extracting crate minreq 2.13.0 into /workspace/builds/worker-2-tc1/source
[INFO] validating manifest of crates.io crate minreq 2.13.0 on toolchain 1.83.0
[INFO] running `Command { std: CARGO_HOME="/workspace/cargo-home" RUSTUP_HOME="/workspace/rustup-home" "/workspace/cargo-home/bin/cargo" "+1.83.0" "metadata" "--manifest-path" "Cargo.toml" "--no-deps", kill_on_drop: false }`
[INFO] started tweaking crates.io crate minreq 2.13.0
[INFO] removed 0 missing examples
[INFO] removed 0 missing tests
[INFO] finished tweaking crates.io crate minreq 2.13.0
[INFO] tweaked toml for crates.io crate minreq 2.13.0 written to /workspace/builds/worker-2-tc1/source/Cargo.toml
[INFO] crate crates.io crate minreq 2.13.0 already has a lockfile, it will not be regenerated
[INFO] running `Command { std: CARGO_HOME="/workspace/cargo-home" RUSTUP_HOME="/workspace/rustup-home" "/workspace/cargo-home/bin/cargo" "+1.83.0" "fetch" "--manifest-path" "Cargo.toml", kill_on_drop: false }`
[INFO] [stderr]  Downloading crates ...
[INFO] [stderr]   Downloaded cc v1.1.1
[INFO] [stderr]   Downloaded syn v2.0.56
[INFO] [stderr]   Downloaded rustix v0.38.9
[INFO] [stderr]   Downloaded libc v0.2.163
[INFO] running `Command { std: "docker" "create" "-v" "/var/lib/crater-agent-workspace/builds/worker-2-tc1/target:/opt/rustwide/target:rw,Z" "-v" "/var/lib/crater-agent-workspace/builds/worker-2-tc1/source:/opt/rustwide/workdir:ro,Z" "-v" "/var/lib/crater-agent-workspace/cargo-home:/opt/rustwide/cargo-home:ro,Z" "-v" "/var/lib/crater-agent-workspace/rustup-home:/opt/rustwide/rustup-home:ro,Z" "-e" "SOURCE_DIR=/opt/rustwide/workdir" "-e" "CARGO_TARGET_DIR=/opt/rustwide/target" "-e" "CARGO_HOME=/opt/rustwide/cargo-home" "-e" "RUSTUP_HOME=/opt/rustwide/rustup-home" "-w" "/opt/rustwide/workdir" "-m" "1610612736" "--user" "0:0" "--network" "none" "ghcr.io/rust-lang/crates-build-env/linux@sha256:f3a9d4ad9d972b27faf3965f35b62e55ba32bbce8f20bc8fe909558a86702fde" "/opt/rustwide/cargo-home/bin/cargo" "+1.83.0" "metadata" "--no-deps" "--format-version=1", kill_on_drop: false }`
[INFO] [stdout] 04229b50825689b60d18dbc9d58d7faaa968cf00c29353b250af37f3b8be2fcf
[INFO] running `Command { std: "docker" "start" "-a" "04229b50825689b60d18dbc9d58d7faaa968cf00c29353b250af37f3b8be2fcf", kill_on_drop: false }`
[INFO] running `Command { std: "docker" "inspect" "04229b50825689b60d18dbc9d58d7faaa968cf00c29353b250af37f3b8be2fcf", kill_on_drop: false }`
[INFO] running `Command { std: "docker" "rm" "-f" "04229b50825689b60d18dbc9d58d7faaa968cf00c29353b250af37f3b8be2fcf", kill_on_drop: false }`
[INFO] [stdout] 04229b50825689b60d18dbc9d58d7faaa968cf00c29353b250af37f3b8be2fcf
[INFO] running `Command { std: "docker" "create" "-v" "/var/lib/crater-agent-workspace/builds/worker-2-tc1/target:/opt/rustwide/target:rw,Z" "-v" "/var/lib/crater-agent-workspace/builds/worker-2-tc1/source:/opt/rustwide/workdir:ro,Z" "-v" "/var/lib/crater-agent-workspace/cargo-home:/opt/rustwide/cargo-home:ro,Z" "-v" "/var/lib/crater-agent-workspace/rustup-home:/opt/rustwide/rustup-home:ro,Z" "-e" "SOURCE_DIR=/opt/rustwide/workdir" "-e" "CARGO_TARGET_DIR=/opt/rustwide/target" "-e" "CARGO_INCREMENTAL=0" "-e" "RUST_BACKTRACE=full" "-e" "RUSTFLAGS=--cap-lints=warn" "-e" "RUSTDOCFLAGS=--cap-lints=warn" "-e" "CARGO_HOME=/opt/rustwide/cargo-home" "-e" "RUSTUP_HOME=/opt/rustwide/rustup-home" "-w" "/opt/rustwide/workdir" "-m" "1610612736" "--user" "0:0" "--network" "none" "ghcr.io/rust-lang/crates-build-env/linux@sha256:f3a9d4ad9d972b27faf3965f35b62e55ba32bbce8f20bc8fe909558a86702fde" "/opt/rustwide/cargo-home/bin/cargo" "+1.83.0" "build" "--frozen" "--message-format=json", kill_on_drop: false }`
[INFO] [stdout] 64ba7c383291fb0578341f13b35fba56df08b1c8cbd0568817c3d14930e672cd
[INFO] running `Command { std: "docker" "start" "-a" "64ba7c383291fb0578341f13b35fba56df08b1c8cbd0568817c3d14930e672cd", kill_on_drop: false }`
[INFO] [stderr]    Compiling log v0.4.18
[INFO] [stderr]    Compiling minreq v2.13.0 (/opt/rustwide/workdir)
[INFO] [stderr]     Finished `dev` profile [unoptimized + debuginfo] target(s) in 1.37s
[INFO] running `Command { std: "docker" "inspect" "64ba7c383291fb0578341f13b35fba56df08b1c8cbd0568817c3d14930e672cd", kill_on_drop: false }`
[INFO] running `Command { std: "docker" "rm" "-f" "64ba7c383291fb0578341f13b35fba56df08b1c8cbd0568817c3d14930e672cd", kill_on_drop: false }`
[INFO] [stdout] 64ba7c383291fb0578341f13b35fba56df08b1c8cbd0568817c3d14930e672cd
[INFO] running `Command { std: "docker" "create" "-v" "/var/lib/crater-agent-workspace/builds/worker-2-tc1/target:/opt/rustwide/target:rw,Z" "-v" "/var/lib/crater-agent-workspace/builds/worker-2-tc1/source:/opt/rustwide/workdir:ro,Z" "-v" "/var/lib/crater-agent-workspace/cargo-home:/opt/rustwide/cargo-home:ro,Z" "-v" "/var/lib/crater-agent-workspace/rustup-home:/opt/rustwide/rustup-home:ro,Z" "-e" "SOURCE_DIR=/opt/rustwide/workdir" "-e" "CARGO_TARGET_DIR=/opt/rustwide/target" "-e" "CARGO_INCREMENTAL=0" "-e" "RUST_BACKTRACE=full" "-e" "RUSTFLAGS=--cap-lints=warn" "-e" "RUSTDOCFLAGS=--cap-lints=warn" "-e" "CARGO_HOME=/opt/rustwide/cargo-home" "-e" "RUSTUP_HOME=/opt/rustwide/rustup-home" "-w" "/opt/rustwide/workdir" "-m" "1610612736" "--user" "0:0" "--network" "none" "ghcr.io/rust-lang/crates-build-env/linux@sha256:f3a9d4ad9d972b27faf3965f35b62e55ba32bbce8f20bc8fe909558a86702fde" "/opt/rustwide/cargo-home/bin/cargo" "+1.83.0" "test" "--frozen" "--no-run" "--message-format=json", kill_on_drop: false }`
[INFO] [stdout] aa74bba60251c86bc82cd801944e16ecb3f892c03c52db358c6c965c66ec993e
[INFO] running `Command { std: "docker" "start" "-a" "aa74bba60251c86bc82cd801944e16ecb3f892c03c52db358c6c965c66ec993e", kill_on_drop: false }`
[INFO] [stderr]    Compiling autocfg v1.3.0
[INFO] [stderr]    Compiling libc v0.2.163
[INFO] [stderr]    Compiling chunked_transfer v1.5.0
[INFO] [stderr]    Compiling iana-time-zone v0.1.60
[INFO] [stderr]    Compiling ascii v1.1.0
[INFO] [stderr]    Compiling httpdate v1.0.2
[INFO] [stderr]    Compiling num-traits v0.2.18
[INFO] [stderr]    Compiling tiny_http v0.12.0
[INFO] [stderr]    Compiling time v0.1.45
[INFO] [stderr]    Compiling num-integer v0.1.46
[INFO] [stderr]    Compiling chrono v0.4.23
[INFO] [stderr]    Compiling minreq v2.13.0 (/opt/rustwide/workdir)
[INFO] [stderr]     Finished `test` profile [unoptimized + debuginfo] target(s) in 6.84s
[INFO] running `Command { std: "docker" "inspect" "aa74bba60251c86bc82cd801944e16ecb3f892c03c52db358c6c965c66ec993e", kill_on_drop: false }`
[INFO] running `Command { std: "docker" "rm" "-f" "aa74bba60251c86bc82cd801944e16ecb3f892c03c52db358c6c965c66ec993e", kill_on_drop: false }`
[INFO] [stdout] aa74bba60251c86bc82cd801944e16ecb3f892c03c52db358c6c965c66ec993e
[INFO] running `Command { std: "docker" "create" "-v" "/var/lib/crater-agent-workspace/builds/worker-2-tc1/target:/opt/rustwide/target:rw,Z" "-v" "/var/lib/crater-agent-workspace/builds/worker-2-tc1/source:/opt/rustwide/workdir:ro,Z" "-v" "/var/lib/crater-agent-workspace/cargo-home:/opt/rustwide/cargo-home:ro,Z" "-v" "/var/lib/crater-agent-workspace/rustup-home:/opt/rustwide/rustup-home:ro,Z" "-e" "SOURCE_DIR=/opt/rustwide/workdir" "-e" "CARGO_TARGET_DIR=/opt/rustwide/target" "-e" "CARGO_INCREMENTAL=0" "-e" "RUST_BACKTRACE=full" "-e" "RUSTFLAGS=--cap-lints=warn" "-e" "RUSTDOCFLAGS=--cap-lints=warn" "-e" "CARGO_HOME=/opt/rustwide/cargo-home" "-e" "RUSTUP_HOME=/opt/rustwide/rustup-home" "-w" "/opt/rustwide/workdir" "-m" "1610612736" "--user" "0:0" "--network" "none" "ghcr.io/rust-lang/crates-build-env/linux@sha256:f3a9d4ad9d972b27faf3965f35b62e55ba32bbce8f20bc8fe909558a86702fde" "/opt/rustwide/cargo-home/bin/cargo" "+1.83.0" "test" "--frozen", kill_on_drop: false }`
[INFO] [stdout] 81683b54d8767f2e07342372f904905b4ba2e88a1ee59655fb9278b116a76f4b
[INFO] running `Command { std: "docker" "start" "-a" "81683b54d8767f2e07342372f904905b4ba2e88a1ee59655fb9278b116a76f4b", kill_on_drop: false }`
[INFO] [stderr]     Finished `test` profile [unoptimized + debuginfo] target(s) in 0.05s
[INFO] [stderr]      Running unittests src/lib.rs (/opt/rustwide/target/debug/deps/minreq-5a0bae98de8da8ed)
[INFO] [stderr]      Running tests/main.rs (/opt/rustwide/target/debug/deps/main-e7fc9773d42128e8)
[INFO] [stdout] 
[INFO] [stdout] running 4 tests
[INFO] [stdout] test request::parsing_tests::test_domain ... ok
[INFO] [stdout] test request::parsing_tests::test_multiple_params ... ok
[INFO] [stdout] test request::parsing_tests::test_protocol ... ok
[INFO] [stdout] test request::parsing_tests::test_headers ... ok
[INFO] [stdout] 
[INFO] [stdout] test result: ok. 4 passed; 0 failed; 0 ignored; 0 measured; 0 filtered out; finished in 0.00s
[INFO] [stdout] 
[INFO] [stdout] 
[INFO] [stdout] running 23 tests
[INFO] [stdout] test test_headers ... ok
[INFO] [stdout] test test_options ... ok
[INFO] [stdout] test test_post ... ok
[INFO] [stdout] test test_put ... ok
[INFO] [stdout] test test_connect ... ok
[INFO] [stdout] test test_patch ... ok
[INFO] [stdout] test test_delete ... ok
[INFO] [stdout] test test_redirect_post ... ok
[INFO] [stdout] test test_custom_method ... ok
[INFO] [stdout] test test_trace ... ok
[INFO] [stdout] test test_infinite_redirect ... ok
[INFO] [stdout] test test_get ... ok
[INFO] [stdout] test test_status_line_cap ... ok
[INFO] [stdout] test test_head ... ok
[INFO] [stdout] test test_redirect_with_overridden_fragment ... ok
[INFO] [stdout] test test_relative_redirect_get ... ok
[INFO] [stdout] test test_redirect_with_fragment ... ok
[INFO] [stdout] test test_header_cap ... ok
[INFO] [stdout] test test_redirect_get ... ok
[INFO] [stdout] test test_massive_content_length ... ok
[INFO] [stdout] test tcp_connect_timeout ... ok
[INFO] [stdout] test test_timeout_too_low ... ok
[INFO] [stdout] test test_timeout_high_enough ... ok
[INFO] [stdout] 
[INFO] [stdout] test result: ok. 23 passed; 0 failed; 0 ignored; 0 measured; 0 filtered out; finished in 2.02s
[INFO] [stdout] 
[INFO] [stderr]      Running tests/setup.rs (/opt/rustwide/target/debug/deps/setup-bf2ef18c3b82a040)
[INFO] [stdout] 
[INFO] [stdout] running 0 tests
[INFO] [stdout] 
[INFO] [stdout] test result: ok. 0 passed; 0 failed; 0 ignored; 0 measured; 0 filtered out; finished in 0.00s
[INFO] [stdout] 
[INFO] [stderr]    Doc-tests minreq
[INFO] [stdout] 
[INFO] [stdout] running 14 tests
[INFO] [stdout] test src/lib.rs - (line 174) - compile ... ok
[INFO] [stdout] test src/response.rs - response::Response (line 15) - compile ... ok
[INFO] [stdout] test src/lib.rs - (line 191) - compile ... ok
[INFO] [stdout] test src/response.rs - response::Response::into_bytes (line 117) - compile ... ok
[INFO] [stdout] test src/response.rs - response::ResponseLazy (line 192) - compile ... ok
[INFO] [stdout] test src/response.rs - response::Response::as_str (line 78) - compile ... ok
[INFO] [stdout] test src/response.rs - response::Response::as_bytes (line 99) - compile ... ok
[INFO] [stdout] test src/request.rs - request::Request (line 65) ... ok
[INFO] [stdout] test src/lib.rs - (line 222) ... ok
[INFO] [stdout] test src/lib.rs - (line 160) ... FAILED
[INFO] [stdout] test src/lib.rs - (line 143) ... FAILED
[INFO] [stdout] test src/lib.rs - (line 130) ... FAILED
[INFO] [stdout] test src/lib.rs - (line 112) ... FAILED
[INFO] [stdout] test src/lib.rs - (line 211) ... ok
[INFO] [stdout] 
[INFO] [stdout] failures:
[INFO] [stdout] 
[INFO] [stdout] ---- src/lib.rs - (line 160) stdout ----
[INFO] [stdout] Test executable failed (exit status: 1).
[INFO] [stdout] 
[INFO] [stdout] stderr:
[INFO] [stdout] Error: IoError(Custom { kind: Uncategorized, error: "failed to lookup address information: Temporary failure in name resolution" })
[INFO] [stdout] 
[INFO] [stdout] 
[INFO] [stdout] ---- src/lib.rs - (line 143) stdout ----
[INFO] [stdout] Test executable failed (exit status: 1).
[INFO] [stdout] 
[INFO] [stdout] stderr:
[INFO] [stdout] Error: IoError(Custom { kind: Uncategorized, error: "failed to lookup address information: Temporary failure in name resolution" })
[INFO] [stdout] 
[INFO] [stdout] 
[INFO] [stdout] ---- src/lib.rs - (line 130) stdout ----
[INFO] [stdout] Test executable failed (exit status: 1).
[INFO] [stdout] 
[INFO] [stdout] stderr:
[INFO] [stdout] Error: IoError(Custom { kind: Uncategorized, error: "failed to lookup address information: Temporary failure in name resolution" })
[INFO] [stdout] 
[INFO] [stdout] 
[INFO] [stdout] ---- src/lib.rs - (line 112) stdout ----
[INFO] [stdout] Test executable failed (exit status: 1).
[INFO] [stdout] 
[INFO] [stdout] stderr:
[INFO] [stdout] Error: IoError(Custom { kind: Uncategorized, error: "failed to lookup address information: Temporary failure in name resolution" })
[INFO] [stdout] 
[INFO] [stdout] 
[INFO] [stdout] 
[INFO] [stdout] failures:
[INFO] [stdout]     src/lib.rs - (line 112)
[INFO] [stdout]     src/lib.rs - (line 130)
[INFO] [stdout]     src/lib.rs - (line 143)
[INFO] [stdout]     src/lib.rs - (line 160)
[INFO] [stdout] 
[INFO] [stdout] test result: FAILED. 10 passed; 4 failed; 0 ignored; 0 measured; 0 filtered out; finished in 1.25s
[INFO] [stdout] 
[INFO] [stderr] error: doctest failed, to rerun pass `--doc`
[INFO] running `Command { std: "docker" "inspect" "81683b54d8767f2e07342372f904905b4ba2e88a1ee59655fb9278b116a76f4b", kill_on_drop: false }`
[INFO] running `Command { std: "docker" "rm" "-f" "81683b54d8767f2e07342372f904905b4ba2e88a1ee59655fb9278b116a76f4b", kill_on_drop: false }`
[INFO] [stdout] 81683b54d8767f2e07342372f904905b4ba2e88a1ee59655fb9278b116a76f4b
