[INFO] fetching crate minigrep_mxcln 0.1.0...
[INFO] testing minigrep_mxcln-0.1.0 against 1.83.0 for beta-1.84.0-4-retry
[INFO] extracting crate minigrep_mxcln 0.1.0 into /workspace/builds/worker-2-tc1/source
[INFO] validating manifest of crates.io crate minigrep_mxcln 0.1.0 on toolchain 1.83.0
[INFO] running `Command { std: CARGO_HOME="/workspace/cargo-home" RUSTUP_HOME="/workspace/rustup-home" "/workspace/cargo-home/bin/cargo" "+1.83.0" "metadata" "--manifest-path" "Cargo.toml" "--no-deps", kill_on_drop: false }`
[INFO] started tweaking crates.io crate minigrep_mxcln 0.1.0
[INFO] finished tweaking crates.io crate minigrep_mxcln 0.1.0
[INFO] tweaked toml for crates.io crate minigrep_mxcln 0.1.0 written to /workspace/builds/worker-2-tc1/source/Cargo.toml
[INFO] crate crates.io crate minigrep_mxcln 0.1.0 already has a lockfile, it will not be regenerated
[INFO] running `Command { std: CARGO_HOME="/workspace/cargo-home" RUSTUP_HOME="/workspace/rustup-home" "/workspace/cargo-home/bin/cargo" "+1.83.0" "fetch" "--manifest-path" "Cargo.toml", kill_on_drop: false }`
[INFO] running `Command { std: "docker" "create" "-v" "/var/lib/crater-agent-workspace/builds/worker-2-tc1/target:/opt/rustwide/target:rw,Z" "-v" "/var/lib/crater-agent-workspace/builds/worker-2-tc1/source:/opt/rustwide/workdir:ro,Z" "-v" "/var/lib/crater-agent-workspace/cargo-home:/opt/rustwide/cargo-home:ro,Z" "-v" "/var/lib/crater-agent-workspace/rustup-home:/opt/rustwide/rustup-home:ro,Z" "-e" "SOURCE_DIR=/opt/rustwide/workdir" "-e" "CARGO_TARGET_DIR=/opt/rustwide/target" "-e" "CARGO_HOME=/opt/rustwide/cargo-home" "-e" "RUSTUP_HOME=/opt/rustwide/rustup-home" "-w" "/opt/rustwide/workdir" "-m" "1610612736" "--user" "0:0" "--network" "none" "ghcr.io/rust-lang/crates-build-env/linux@sha256:f3a9d4ad9d972b27faf3965f35b62e55ba32bbce8f20bc8fe909558a86702fde" "/opt/rustwide/cargo-home/bin/cargo" "+1.83.0" "metadata" "--no-deps" "--format-version=1", kill_on_drop: false }`
[INFO] [stdout] bd0fce8b8f47d6f5d3d128f562159a6f95832c89341b5b0084b07c09e9306a09
[INFO] running `Command { std: "docker" "start" "-a" "bd0fce8b8f47d6f5d3d128f562159a6f95832c89341b5b0084b07c09e9306a09", kill_on_drop: false }`
[INFO] running `Command { std: "docker" "inspect" "bd0fce8b8f47d6f5d3d128f562159a6f95832c89341b5b0084b07c09e9306a09", kill_on_drop: false }`
[INFO] running `Command { std: "docker" "rm" "-f" "bd0fce8b8f47d6f5d3d128f562159a6f95832c89341b5b0084b07c09e9306a09", kill_on_drop: false }`
[INFO] [stdout] bd0fce8b8f47d6f5d3d128f562159a6f95832c89341b5b0084b07c09e9306a09
[INFO] running `Command { std: "docker" "create" "-v" "/var/lib/crater-agent-workspace/builds/worker-2-tc1/target:/opt/rustwide/target:rw,Z" "-v" "/var/lib/crater-agent-workspace/builds/worker-2-tc1/source:/opt/rustwide/workdir:ro,Z" "-v" "/var/lib/crater-agent-workspace/cargo-home:/opt/rustwide/cargo-home:ro,Z" "-v" "/var/lib/crater-agent-workspace/rustup-home:/opt/rustwide/rustup-home:ro,Z" "-e" "SOURCE_DIR=/opt/rustwide/workdir" "-e" "CARGO_TARGET_DIR=/opt/rustwide/target" "-e" "CARGO_INCREMENTAL=0" "-e" "RUST_BACKTRACE=full" "-e" "RUSTFLAGS=--cap-lints=warn" "-e" "RUSTDOCFLAGS=--cap-lints=warn" "-e" "CARGO_HOME=/opt/rustwide/cargo-home" "-e" "RUSTUP_HOME=/opt/rustwide/rustup-home" "-w" "/opt/rustwide/workdir" "-m" "1610612736" "--user" "0:0" "--network" "none" "ghcr.io/rust-lang/crates-build-env/linux@sha256:f3a9d4ad9d972b27faf3965f35b62e55ba32bbce8f20bc8fe909558a86702fde" "/opt/rustwide/cargo-home/bin/cargo" "+1.83.0" "build" "--frozen" "--message-format=json", kill_on_drop: false }`
[INFO] [stdout] 32f7b5d141950dcc63c7b2bcc7cfe846217fc13975390fb0aa26aa304b91e185
[INFO] running `Command { std: "docker" "start" "-a" "32f7b5d141950dcc63c7b2bcc7cfe846217fc13975390fb0aa26aa304b91e185", kill_on_drop: false }`
[INFO] [stderr]    Compiling minigrep_mxcln v0.1.0 (/opt/rustwide/workdir)
[INFO] [stderr]     Finished `dev` profile [unoptimized + debuginfo] target(s) in 0.59s
[INFO] running `Command { std: "docker" "inspect" "32f7b5d141950dcc63c7b2bcc7cfe846217fc13975390fb0aa26aa304b91e185", kill_on_drop: false }`
[INFO] running `Command { std: "docker" "rm" "-f" "32f7b5d141950dcc63c7b2bcc7cfe846217fc13975390fb0aa26aa304b91e185", kill_on_drop: false }`
[INFO] [stdout] 32f7b5d141950dcc63c7b2bcc7cfe846217fc13975390fb0aa26aa304b91e185
[INFO] running `Command { std: "docker" "create" "-v" "/var/lib/crater-agent-workspace/builds/worker-2-tc1/target:/opt/rustwide/target:rw,Z" "-v" "/var/lib/crater-agent-workspace/builds/worker-2-tc1/source:/opt/rustwide/workdir:ro,Z" "-v" "/var/lib/crater-agent-workspace/cargo-home:/opt/rustwide/cargo-home:ro,Z" "-v" "/var/lib/crater-agent-workspace/rustup-home:/opt/rustwide/rustup-home:ro,Z" "-e" "SOURCE_DIR=/opt/rustwide/workdir" "-e" "CARGO_TARGET_DIR=/opt/rustwide/target" "-e" "CARGO_INCREMENTAL=0" "-e" "RUST_BACKTRACE=full" "-e" "RUSTFLAGS=--cap-lints=warn" "-e" "RUSTDOCFLAGS=--cap-lints=warn" "-e" "CARGO_HOME=/opt/rustwide/cargo-home" "-e" "RUSTUP_HOME=/opt/rustwide/rustup-home" "-w" "/opt/rustwide/workdir" "-m" "1610612736" "--user" "0:0" "--network" "none" "ghcr.io/rust-lang/crates-build-env/linux@sha256:f3a9d4ad9d972b27faf3965f35b62e55ba32bbce8f20bc8fe909558a86702fde" "/opt/rustwide/cargo-home/bin/cargo" "+1.83.0" "test" "--frozen" "--no-run" "--message-format=json", kill_on_drop: false }`
[INFO] [stdout] a3f89a8d521d03109bc60a79c28d85530a305a6c87cff38db3b5ab3fa9bc3791
[INFO] running `Command { std: "docker" "start" "-a" "a3f89a8d521d03109bc60a79c28d85530a305a6c87cff38db3b5ab3fa9bc3791", kill_on_drop: false }`
[INFO] [stderr]    Compiling minigrep_mxcln v0.1.0 (/opt/rustwide/workdir)
[INFO] [stderr]     Finished `test` profile [unoptimized + debuginfo] target(s) in 0.63s
[INFO] running `Command { std: "docker" "inspect" "a3f89a8d521d03109bc60a79c28d85530a305a6c87cff38db3b5ab3fa9bc3791", kill_on_drop: false }`
[INFO] running `Command { std: "docker" "rm" "-f" "a3f89a8d521d03109bc60a79c28d85530a305a6c87cff38db3b5ab3fa9bc3791", kill_on_drop: false }`
[INFO] [stdout] a3f89a8d521d03109bc60a79c28d85530a305a6c87cff38db3b5ab3fa9bc3791
[INFO] running `Command { std: "docker" "create" "-v" "/var/lib/crater-agent-workspace/builds/worker-2-tc1/target:/opt/rustwide/target:rw,Z" "-v" "/var/lib/crater-agent-workspace/builds/worker-2-tc1/source:/opt/rustwide/workdir:ro,Z" "-v" "/var/lib/crater-agent-workspace/cargo-home:/opt/rustwide/cargo-home:ro,Z" "-v" "/var/lib/crater-agent-workspace/rustup-home:/opt/rustwide/rustup-home:ro,Z" "-e" "SOURCE_DIR=/opt/rustwide/workdir" "-e" "CARGO_TARGET_DIR=/opt/rustwide/target" "-e" "CARGO_INCREMENTAL=0" "-e" "RUST_BACKTRACE=full" "-e" "RUSTFLAGS=--cap-lints=warn" "-e" "RUSTDOCFLAGS=--cap-lints=warn" "-e" "CARGO_HOME=/opt/rustwide/cargo-home" "-e" "RUSTUP_HOME=/opt/rustwide/rustup-home" "-w" "/opt/rustwide/workdir" "-m" "1610612736" "--user" "0:0" "--network" "none" "ghcr.io/rust-lang/crates-build-env/linux@sha256:f3a9d4ad9d972b27faf3965f35b62e55ba32bbce8f20bc8fe909558a86702fde" "/opt/rustwide/cargo-home/bin/cargo" "+1.83.0" "test" "--frozen", kill_on_drop: false }`
[INFO] [stdout] 0b75fb02bd695ff8c84f73bc5014d9383fe74c7405bb0557514fe76850abe5bb
[INFO] running `Command { std: "docker" "start" "-a" "0b75fb02bd695ff8c84f73bc5014d9383fe74c7405bb0557514fe76850abe5bb", kill_on_drop: false }`
[INFO] [stderr]     Finished `test` profile [unoptimized + debuginfo] target(s) in 0.01s
[INFO] [stderr]      Running unittests src/lib.rs (/opt/rustwide/target/debug/deps/minigrep_mxcln-4f1513ddc08b4db3)
[INFO] [stdout] 
[INFO] [stdout] running 3 tests
[INFO] [stdout] test tests::one_result ... ok
[INFO] [stdout] test tests::case_insensitive ... ok
[INFO] [stderr]      Running unittests src/main.rs (/opt/rustwide/target/debug/deps/minigrep_mxcln-a689d816067ddac9)
[INFO] [stdout] test tests::case_sensitive ... ok
[INFO] [stderr]    Doc-tests minigrep_mxcln
[INFO] [stdout] 
[INFO] [stdout] test result: ok. 3 passed; 0 failed; 0 ignored; 0 measured; 0 filtered out; finished in 0.01s
[INFO] [stdout] 
[INFO] [stdout] 
[INFO] [stdout] running 0 tests
[INFO] [stdout] 
[INFO] [stdout] test result: ok. 0 passed; 0 failed; 0 ignored; 0 measured; 0 filtered out; finished in 0.00s
[INFO] [stdout] 
[INFO] [stdout] 
[INFO] [stdout] running 2 tests
[INFO] [stdout] test src/lib.rs - run (line 68) ... FAILED
[INFO] [stdout] test src/lib.rs - Config::build (line 21) ... FAILED
[INFO] [stdout] 
[INFO] [stdout] failures:
[INFO] [stdout] 
[INFO] [stdout] ---- src/lib.rs - run (line 68) stdout ----
[INFO] [stdout] error[E0425]: cannot find value `config` in this scope
[INFO] [stdout]  --> src/lib.rs:69:31
[INFO] [stdout]   |
[INFO] [stdout] 3 | if let Err(e) = minigrep::run(config) {
[INFO] [stdout]   |                               ^^^^^^ not found in this scope
[INFO] [stdout] 
[INFO] [stdout] error[E0433]: failed to resolve: use of undeclared crate or module `process`
[INFO] [stdout]  --> src/lib.rs:71:5
[INFO] [stdout]   |
[INFO] [stdout] 5 |     process::exit(1);
[INFO] [stdout]   |     ^^^^^^^ use of undeclared crate or module `process`
[INFO] [stdout]   |
[INFO] [stdout] help: consider importing this module
[INFO] [stdout]   |
[INFO] [stdout] 2 + use std::process;
[INFO] [stdout]   |
[INFO] [stdout] 
[INFO] [stdout] error[E0433]: failed to resolve: use of undeclared crate or module `minigrep`
[INFO] [stdout]  --> src/lib.rs:69:17
[INFO] [stdout]   |
[INFO] [stdout] 3 | if let Err(e) = minigrep::run(config) {
[INFO] [stdout]   |                 ^^^^^^^^ use of undeclared crate or module `minigrep`
[INFO] [stdout] 
[INFO] [stdout] error: aborting due to 3 previous errors
[INFO] [stdout] 
[INFO] [stdout] Some errors have detailed explanations: E0425, E0433.
[INFO] [stdout] For more information about an error, try `rustc --explain E0425`.
[INFO] [stdout] Couldn't compile the test.
[INFO] [stdout] ---- src/lib.rs - Config::build (line 21) stdout ----
[INFO] [stdout] error[E0433]: failed to resolve: use of undeclared type `Config`
[INFO] [stdout]  --> src/lib.rs:22:14
[INFO] [stdout]   |
[INFO] [stdout] 3 | let config = Config::build(std::env::args()).unwrap_or_else(|err| {
[INFO] [stdout]   |              ^^^^^^ use of undeclared type `Config`
[INFO] [stdout]   |
[INFO] [stdout] help: consider importing this struct
[INFO] [stdout]   |
[INFO] [stdout] 2 + use minigrep_mxcln::Config;
[INFO] [stdout]   |
[INFO] [stdout] 
[INFO] [stdout] error[E0433]: failed to resolve: use of undeclared crate or module `process`
[INFO] [stdout]  --> src/lib.rs:24:1
[INFO] [stdout]   |
[INFO] [stdout] 5 | process::exit(1);
[INFO] [stdout]   | ^^^^^^^ use of undeclared crate or module `process`
[INFO] [stdout]   |
[INFO] [stdout] help: consider importing this module
[INFO] [stdout]   |
[INFO] [stdout] 2 + use std::process;
[INFO] [stdout]   |
[INFO] [stdout] 
[INFO] [stdout] error: aborting due to 2 previous errors
[INFO] [stdout] 
[INFO] [stdout] For more information about this error, try `rustc --explain E0433`.
[INFO] [stdout] Couldn't compile the test.
[INFO] [stdout] 
[INFO] [stdout] failures:
[INFO] [stdout]     src/lib.rs - Config::build (line 21)
[INFO] [stdout]     src/lib.rs - run (line 68)
[INFO] [stdout] 
[INFO] [stdout] test result: FAILED. 0 passed; 2 failed; 0 ignored; 0 measured; 0 filtered out; finished in 0.13s
[INFO] [stdout] 
[INFO] [stderr] error: doctest failed, to rerun pass `--doc`
[INFO] running `Command { std: "docker" "inspect" "0b75fb02bd695ff8c84f73bc5014d9383fe74c7405bb0557514fe76850abe5bb", kill_on_drop: false }`
[INFO] running `Command { std: "docker" "rm" "-f" "0b75fb02bd695ff8c84f73bc5014d9383fe74c7405bb0557514fe76850abe5bb", kill_on_drop: false }`
[INFO] [stdout] 0b75fb02bd695ff8c84f73bc5014d9383fe74c7405bb0557514fe76850abe5bb
