[INFO] fetching crate micrortu_wasm_global_shared_data 0.5.0...
[INFO] testing micrortu_wasm_global_shared_data-0.5.0 against beta-2024-12-08 for beta-1.84.0-4-retry
[INFO] extracting crate micrortu_wasm_global_shared_data 0.5.0 into /workspace/builds/worker-1-tc2/source
[INFO] validating manifest of crates.io crate micrortu_wasm_global_shared_data 0.5.0 on toolchain beta-2024-12-08
[INFO] running `Command { std: CARGO_HOME="/workspace/cargo-home" RUSTUP_HOME="/workspace/rustup-home" "/workspace/cargo-home/bin/cargo" "+beta-2024-12-08" "metadata" "--manifest-path" "Cargo.toml" "--no-deps", kill_on_drop: false }`
[INFO] started tweaking crates.io crate micrortu_wasm_global_shared_data 0.5.0
[INFO] finished tweaking crates.io crate micrortu_wasm_global_shared_data 0.5.0
[INFO] tweaked toml for crates.io crate micrortu_wasm_global_shared_data 0.5.0 written to /workspace/builds/worker-1-tc2/source/Cargo.toml
[INFO] crate crates.io crate micrortu_wasm_global_shared_data 0.5.0 already has a lockfile, it will not be regenerated
[INFO] running `Command { std: CARGO_HOME="/workspace/cargo-home" RUSTUP_HOME="/workspace/rustup-home" "/workspace/cargo-home/bin/cargo" "+beta-2024-12-08" "fetch" "--manifest-path" "Cargo.toml", kill_on_drop: false }`
[INFO] running `Command { std: "docker" "create" "-v" "/var/lib/crater-agent-workspace/builds/worker-1-tc2/target:/opt/rustwide/target:rw,Z" "-v" "/var/lib/crater-agent-workspace/builds/worker-1-tc2/source:/opt/rustwide/workdir:ro,Z" "-v" "/var/lib/crater-agent-workspace/cargo-home:/opt/rustwide/cargo-home:ro,Z" "-v" "/var/lib/crater-agent-workspace/rustup-home:/opt/rustwide/rustup-home:ro,Z" "-e" "SOURCE_DIR=/opt/rustwide/workdir" "-e" "CARGO_TARGET_DIR=/opt/rustwide/target" "-e" "CARGO_HOME=/opt/rustwide/cargo-home" "-e" "RUSTUP_HOME=/opt/rustwide/rustup-home" "-w" "/opt/rustwide/workdir" "-m" "1610612736" "--user" "0:0" "--network" "none" "ghcr.io/rust-lang/crates-build-env/linux@sha256:f3a9d4ad9d972b27faf3965f35b62e55ba32bbce8f20bc8fe909558a86702fde" "/opt/rustwide/cargo-home/bin/cargo" "+beta-2024-12-08" "metadata" "--no-deps" "--format-version=1", kill_on_drop: false }`
[INFO] [stdout] c4383886f55a47aed75dc0936f41d269ff01a69311ff4bbae683d899227a29c1
[INFO] running `Command { std: "docker" "start" "-a" "c4383886f55a47aed75dc0936f41d269ff01a69311ff4bbae683d899227a29c1", kill_on_drop: false }`
[INFO] running `Command { std: "docker" "inspect" "c4383886f55a47aed75dc0936f41d269ff01a69311ff4bbae683d899227a29c1", kill_on_drop: false }`
[INFO] running `Command { std: "docker" "rm" "-f" "c4383886f55a47aed75dc0936f41d269ff01a69311ff4bbae683d899227a29c1", kill_on_drop: false }`
[INFO] [stdout] c4383886f55a47aed75dc0936f41d269ff01a69311ff4bbae683d899227a29c1
[INFO] running `Command { std: "docker" "create" "-v" "/var/lib/crater-agent-workspace/builds/worker-1-tc2/target:/opt/rustwide/target:rw,Z" "-v" "/var/lib/crater-agent-workspace/builds/worker-1-tc2/source:/opt/rustwide/workdir:ro,Z" "-v" "/var/lib/crater-agent-workspace/cargo-home:/opt/rustwide/cargo-home:ro,Z" "-v" "/var/lib/crater-agent-workspace/rustup-home:/opt/rustwide/rustup-home:ro,Z" "-e" "SOURCE_DIR=/opt/rustwide/workdir" "-e" "CARGO_TARGET_DIR=/opt/rustwide/target" "-e" "CARGO_INCREMENTAL=0" "-e" "RUST_BACKTRACE=full" "-e" "RUSTFLAGS=--cap-lints=warn" "-e" "RUSTDOCFLAGS=--cap-lints=warn" "-e" "CARGO_HOME=/opt/rustwide/cargo-home" "-e" "RUSTUP_HOME=/opt/rustwide/rustup-home" "-w" "/opt/rustwide/workdir" "-m" "1610612736" "--user" "0:0" "--network" "none" "ghcr.io/rust-lang/crates-build-env/linux@sha256:f3a9d4ad9d972b27faf3965f35b62e55ba32bbce8f20bc8fe909558a86702fde" "/opt/rustwide/cargo-home/bin/cargo" "+beta-2024-12-08" "build" "--frozen" "--message-format=json", kill_on_drop: false }`
[INFO] [stdout] 1ea345c6dad4bca934684ef7cfa355959e87de1fb7aeefc65d4333240cfd1c0c
[INFO] running `Command { std: "docker" "start" "-a" "1ea345c6dad4bca934684ef7cfa355959e87de1fb7aeefc65d4333240cfd1c0c", kill_on_drop: false }`
[INFO] [stderr]    Compiling proc-macro2 v1.0.81
[INFO] [stderr]    Compiling unicode-ident v1.0.12
[INFO] [stderr]    Compiling autocfg v1.1.0
[INFO] [stderr]    Compiling libm v0.2.8
[INFO] [stderr]    Compiling version_check v0.9.4
[INFO] [stderr]    Compiling syn v1.0.109
[INFO] [stderr]    Compiling equivalent v1.0.1
[INFO] [stderr]    Compiling hashbrown v0.14.3
[INFO] [stderr]    Compiling toml_datetime v0.6.5
[INFO] [stderr]    Compiling winnow v0.5.40
[INFO] [stderr]    Compiling once_cell v1.19.0
[INFO] [stderr]    Compiling yansi v1.0.1
[INFO] [stderr]    Compiling bitfield v0.14.0
[INFO] [stderr]    Compiling ufmt-write v0.1.0
[INFO] [stderr]    Compiling static_assertions v1.1.0
[INFO] [stderr]    Compiling proc-macro2-diagnostics v0.10.1
[INFO] [stderr]    Compiling int-enum v1.1.1
[INFO] [stderr]    Compiling num-traits v0.2.18
[INFO] [stderr]    Compiling num-rational v0.4.1
[INFO] [stderr]    Compiling indexmap v2.2.3
[INFO] [stderr]    Compiling quote v1.0.35
[INFO] [stderr]    Compiling syn v2.0.60
[INFO] [stderr]    Compiling num-integer v0.1.46
[INFO] [stderr]    Compiling num-complex v0.4.5
[INFO] [stderr]    Compiling toml_edit v0.19.15
[INFO] [stderr]    Compiling num-iter v0.1.44
[INFO] [stderr]    Compiling num v0.4.1
[INFO] [stderr]    Compiling zerocopy-derive v0.7.32
[INFO] [stderr]    Compiling proc-macro-crate v1.3.1
[INFO] [stderr]    Compiling ufmt-macros v0.3.0
[INFO] [stderr]    Compiling const-default-derive v0.2.0
[INFO] [stderr]    Compiling zerocopy v0.7.32
[INFO] [stderr]    Compiling ufmt v0.2.0
[INFO] [stderr]    Compiling const-default v1.0.0
[INFO] [stderr]    Compiling micrortu_ie_base v0.5.0
[INFO] [stderr]    Compiling micrortu_wasm_global_shared_data v0.5.0 (/opt/rustwide/workdir)
[INFO] [stderr]     Finished `dev` profile [unoptimized + debuginfo] target(s) in 7.00s
[INFO] running `Command { std: "docker" "inspect" "1ea345c6dad4bca934684ef7cfa355959e87de1fb7aeefc65d4333240cfd1c0c", kill_on_drop: false }`
[INFO] running `Command { std: "docker" "rm" "-f" "1ea345c6dad4bca934684ef7cfa355959e87de1fb7aeefc65d4333240cfd1c0c", kill_on_drop: false }`
[INFO] [stdout] 1ea345c6dad4bca934684ef7cfa355959e87de1fb7aeefc65d4333240cfd1c0c
[INFO] running `Command { std: "docker" "create" "-v" "/var/lib/crater-agent-workspace/builds/worker-1-tc2/target:/opt/rustwide/target:rw,Z" "-v" "/var/lib/crater-agent-workspace/builds/worker-1-tc2/source:/opt/rustwide/workdir:ro,Z" "-v" "/var/lib/crater-agent-workspace/cargo-home:/opt/rustwide/cargo-home:ro,Z" "-v" "/var/lib/crater-agent-workspace/rustup-home:/opt/rustwide/rustup-home:ro,Z" "-e" "SOURCE_DIR=/opt/rustwide/workdir" "-e" "CARGO_TARGET_DIR=/opt/rustwide/target" "-e" "CARGO_INCREMENTAL=0" "-e" "RUST_BACKTRACE=full" "-e" "RUSTFLAGS=--cap-lints=warn" "-e" "RUSTDOCFLAGS=--cap-lints=warn" "-e" "CARGO_HOME=/opt/rustwide/cargo-home" "-e" "RUSTUP_HOME=/opt/rustwide/rustup-home" "-w" "/opt/rustwide/workdir" "-m" "1610612736" "--user" "0:0" "--network" "none" "ghcr.io/rust-lang/crates-build-env/linux@sha256:f3a9d4ad9d972b27faf3965f35b62e55ba32bbce8f20bc8fe909558a86702fde" "/opt/rustwide/cargo-home/bin/cargo" "+beta-2024-12-08" "test" "--frozen" "--no-run" "--message-format=json", kill_on_drop: false }`
[INFO] [stdout] cc2391e7831f0b7abce13399c9f3db2ea08394d6f09482248bef304dc4b89482
[INFO] running `Command { std: "docker" "start" "-a" "cc2391e7831f0b7abce13399c9f3db2ea08394d6f09482248bef304dc4b89482", kill_on_drop: false }`
[INFO] [stderr]    Compiling micrortu_wasm_global_shared_data v0.5.0 (/opt/rustwide/workdir)
[INFO] [stderr]     Finished `test` profile [unoptimized + debuginfo] target(s) in 0.56s
[INFO] running `Command { std: "docker" "inspect" "cc2391e7831f0b7abce13399c9f3db2ea08394d6f09482248bef304dc4b89482", kill_on_drop: false }`
[INFO] running `Command { std: "docker" "rm" "-f" "cc2391e7831f0b7abce13399c9f3db2ea08394d6f09482248bef304dc4b89482", kill_on_drop: false }`
[INFO] [stdout] cc2391e7831f0b7abce13399c9f3db2ea08394d6f09482248bef304dc4b89482
[INFO] running `Command { std: "docker" "create" "-v" "/var/lib/crater-agent-workspace/builds/worker-1-tc2/target:/opt/rustwide/target:rw,Z" "-v" "/var/lib/crater-agent-workspace/builds/worker-1-tc2/source:/opt/rustwide/workdir:ro,Z" "-v" "/var/lib/crater-agent-workspace/cargo-home:/opt/rustwide/cargo-home:ro,Z" "-v" "/var/lib/crater-agent-workspace/rustup-home:/opt/rustwide/rustup-home:ro,Z" "-e" "SOURCE_DIR=/opt/rustwide/workdir" "-e" "CARGO_TARGET_DIR=/opt/rustwide/target" "-e" "CARGO_INCREMENTAL=0" "-e" "RUST_BACKTRACE=full" "-e" "RUSTFLAGS=--cap-lints=warn" "-e" "RUSTDOCFLAGS=--cap-lints=warn" "-e" "CARGO_HOME=/opt/rustwide/cargo-home" "-e" "RUSTUP_HOME=/opt/rustwide/rustup-home" "-w" "/opt/rustwide/workdir" "-m" "1610612736" "--user" "0:0" "--network" "none" "ghcr.io/rust-lang/crates-build-env/linux@sha256:f3a9d4ad9d972b27faf3965f35b62e55ba32bbce8f20bc8fe909558a86702fde" "/opt/rustwide/cargo-home/bin/cargo" "+beta-2024-12-08" "test" "--frozen", kill_on_drop: false }`
[INFO] [stdout] 83c9f7989ebb04a5067b5a68379476db112992eb1f7a863ad83bb178e8c2e54a
[INFO] running `Command { std: "docker" "start" "-a" "83c9f7989ebb04a5067b5a68379476db112992eb1f7a863ad83bb178e8c2e54a", kill_on_drop: false }`
[INFO] [stderr]     Finished `test` profile [unoptimized + debuginfo] target(s) in 0.05s
[INFO] [stderr]      Running unittests src/lib.rs (/opt/rustwide/target/debug/deps/micrortu_wasm_global_shared_data-eac5b72628fd842d)
[INFO] [stdout] 
[INFO] [stdout] running 1 test
[INFO] [stdout] test test::assert_shared_default_zeroed ... ok
[INFO] [stdout] 
[INFO] [stdout] test result: ok. 1 passed; 0 failed; 0 ignored; 0 measured; 0 filtered out; finished in 0.00s
[INFO] [stdout] 
[INFO] [stderr]    Doc-tests micrortu_wasm_global_shared_data
[INFO] [stdout] 
[INFO] [stdout] running 1 test
[INFO] [stdout] test src/lib.rs - BindingDefinition (line 92) ... FAILED
[INFO] [stdout] 
[INFO] [stdout] failures:
[INFO] [stdout] 
[INFO] [stdout] ---- src/lib.rs - BindingDefinition (line 92) stdout ----
[INFO] [stdout] error[E0063]: missing field `typ` in initializer of `BindingDefinition`
[INFO] [stdout]  --> src/lib.rs:97:11
[INFO] [stdout]   |
[INFO] [stdout] 8 | let def = BindingDefinition {
[INFO] [stdout]   |           ^^^^^^^^^^^^^^^^^ missing `typ`
[INFO] [stdout] 
[INFO] [stdout] error: aborting due to 1 previous error
[INFO] [stdout] 
[INFO] [stdout] For more information about this error, try `rustc --explain E0063`.
[INFO] [stdout] Couldn't compile the test.
[INFO] [stdout] 
[INFO] [stdout] failures:
[INFO] [stdout]     src/lib.rs - BindingDefinition (line 92)
[INFO] [stdout] 
[INFO] [stdout] test result: FAILED. 0 passed; 1 failed; 0 ignored; 0 measured; 0 filtered out; finished in 0.10s
[INFO] [stdout] 
[INFO] [stderr] error: doctest failed, to rerun pass `--doc`
[INFO] running `Command { std: "docker" "inspect" "83c9f7989ebb04a5067b5a68379476db112992eb1f7a863ad83bb178e8c2e54a", kill_on_drop: false }`
[INFO] running `Command { std: "docker" "rm" "-f" "83c9f7989ebb04a5067b5a68379476db112992eb1f7a863ad83bb178e8c2e54a", kill_on_drop: false }`
[INFO] [stdout] 83c9f7989ebb04a5067b5a68379476db112992eb1f7a863ad83bb178e8c2e54a
