[INFO] fetching crate may 0.3.47...
[INFO] testing may-0.3.47 against beta-2024-12-08 for beta-1.84.0-4-retry
[INFO] extracting crate may 0.3.47 into /workspace/builds/worker-0-tc2/source
[INFO] validating manifest of crates.io crate may 0.3.47 on toolchain beta-2024-12-08
[INFO] running `Command { std: CARGO_HOME="/workspace/cargo-home" RUSTUP_HOME="/workspace/rustup-home" "/workspace/cargo-home/bin/cargo" "+beta-2024-12-08" "metadata" "--manifest-path" "Cargo.toml" "--no-deps", kill_on_drop: false }`
[INFO] started tweaking crates.io crate may 0.3.47
[INFO] removed 0 missing examples
[INFO] removed 0 missing tests
[INFO] finished tweaking crates.io crate may 0.3.47
[INFO] tweaked toml for crates.io crate may 0.3.47 written to /workspace/builds/worker-0-tc2/source/Cargo.toml
[INFO] crate crates.io crate may 0.3.47 already has a lockfile, it will not be regenerated
[INFO] running `Command { std: CARGO_HOME="/workspace/cargo-home" RUSTUP_HOME="/workspace/rustup-home" "/workspace/cargo-home/bin/cargo" "+beta-2024-12-08" "fetch" "--manifest-path" "Cargo.toml", kill_on_drop: false }`
[INFO] running `Command { std: "docker" "create" "-v" "/var/lib/crater-agent-workspace/builds/worker-0-tc2/target:/opt/rustwide/target:rw,Z" "-v" "/var/lib/crater-agent-workspace/builds/worker-0-tc2/source:/opt/rustwide/workdir:ro,Z" "-v" "/var/lib/crater-agent-workspace/cargo-home:/opt/rustwide/cargo-home:ro,Z" "-v" "/var/lib/crater-agent-workspace/rustup-home:/opt/rustwide/rustup-home:ro,Z" "-e" "SOURCE_DIR=/opt/rustwide/workdir" "-e" "CARGO_TARGET_DIR=/opt/rustwide/target" "-e" "CARGO_HOME=/opt/rustwide/cargo-home" "-e" "RUSTUP_HOME=/opt/rustwide/rustup-home" "-w" "/opt/rustwide/workdir" "-m" "1610612736" "--user" "0:0" "--network" "none" "ghcr.io/rust-lang/crates-build-env/linux@sha256:f3a9d4ad9d972b27faf3965f35b62e55ba32bbce8f20bc8fe909558a86702fde" "/opt/rustwide/cargo-home/bin/cargo" "+beta-2024-12-08" "metadata" "--no-deps" "--format-version=1", kill_on_drop: false }`
[INFO] [stdout] 6422c8c7c3d98db6d6fddc30ca7007725cb323dcae794c77e1d2ab252f92515c
[INFO] running `Command { std: "docker" "start" "-a" "6422c8c7c3d98db6d6fddc30ca7007725cb323dcae794c77e1d2ab252f92515c", kill_on_drop: false }`
[INFO] running `Command { std: "docker" "inspect" "6422c8c7c3d98db6d6fddc30ca7007725cb323dcae794c77e1d2ab252f92515c", kill_on_drop: false }`
[INFO] running `Command { std: "docker" "rm" "-f" "6422c8c7c3d98db6d6fddc30ca7007725cb323dcae794c77e1d2ab252f92515c", kill_on_drop: false }`
[INFO] [stdout] 6422c8c7c3d98db6d6fddc30ca7007725cb323dcae794c77e1d2ab252f92515c
[INFO] running `Command { std: "docker" "create" "-v" "/var/lib/crater-agent-workspace/builds/worker-0-tc2/target:/opt/rustwide/target:rw,Z" "-v" "/var/lib/crater-agent-workspace/builds/worker-0-tc2/source:/opt/rustwide/workdir:ro,Z" "-v" "/var/lib/crater-agent-workspace/cargo-home:/opt/rustwide/cargo-home:ro,Z" "-v" "/var/lib/crater-agent-workspace/rustup-home:/opt/rustwide/rustup-home:ro,Z" "-e" "SOURCE_DIR=/opt/rustwide/workdir" "-e" "CARGO_TARGET_DIR=/opt/rustwide/target" "-e" "CARGO_INCREMENTAL=0" "-e" "RUST_BACKTRACE=full" "-e" "RUSTFLAGS=--cap-lints=warn" "-e" "RUSTDOCFLAGS=--cap-lints=warn" "-e" "CARGO_HOME=/opt/rustwide/cargo-home" "-e" "RUSTUP_HOME=/opt/rustwide/rustup-home" "-w" "/opt/rustwide/workdir" "-m" "1610612736" "--user" "0:0" "--network" "none" "ghcr.io/rust-lang/crates-build-env/linux@sha256:f3a9d4ad9d972b27faf3965f35b62e55ba32bbce8f20bc8fe909558a86702fde" "/opt/rustwide/cargo-home/bin/cargo" "+beta-2024-12-08" "build" "--frozen" "--message-format=json", kill_on_drop: false }`
[INFO] [stdout] 8ed7816f1baf66d77e294280b74f5242b3cda4e090b25f0e86f5ae00bd53e9b6
[INFO] running `Command { std: "docker" "start" "-a" "8ed7816f1baf66d77e294280b74f5242b3cda4e090b25f0e86f5ae00bd53e9b6", kill_on_drop: false }`
[INFO] [stderr]    Compiling rustversion v1.0.18
[INFO] [stderr]    Compiling libc v0.2.161
[INFO] [stderr]    Compiling crossbeam-utils v0.8.20
[INFO] [stderr]    Compiling autocfg v1.4.0
[INFO] [stderr]    Compiling cfg-if v1.0.0
[INFO] [stderr]    Compiling smallvec v1.13.2
[INFO] [stderr]    Compiling parking_lot_core v0.9.10
[INFO] [stderr]    Compiling cfg_aliases v0.2.1
[INFO] [stderr]    Compiling scopeguard v1.2.0
[INFO] [stderr]    Compiling bitflags v2.6.0
[INFO] [stderr]    Compiling log v0.4.22
[INFO] [stderr]    Compiling nix v0.29.0
[INFO] [stderr]    Compiling memoffset v0.9.1
[INFO] [stderr]    Compiling lock_api v0.4.12
[INFO] [stderr]    Compiling crossbeam-epoch v0.9.18
[INFO] [stderr]    Compiling crossbeam-channel v0.5.13
[INFO] [stderr]    Compiling crossbeam-queue v0.3.11
[INFO] [stderr]    Compiling generator v0.8.3
[INFO] [stderr]    Compiling may_queue v0.1.23
[INFO] [stderr]    Compiling may v0.3.47 (/opt/rustwide/workdir)
[INFO] [stderr]    Compiling crossbeam-deque v0.8.5
[INFO] [stderr]    Compiling crossbeam v0.8.4
[INFO] [stderr]    Compiling num_cpus v1.16.0
[INFO] [stderr]    Compiling socket2 v0.5.7
[INFO] [stderr]    Compiling core_affinity v0.8.1
[INFO] [stderr]    Compiling parking_lot v0.12.3
[INFO] [stderr]     Finished `dev` profile [unoptimized + debuginfo] target(s) in 8.36s
[INFO] running `Command { std: "docker" "inspect" "8ed7816f1baf66d77e294280b74f5242b3cda4e090b25f0e86f5ae00bd53e9b6", kill_on_drop: false }`
[INFO] running `Command { std: "docker" "rm" "-f" "8ed7816f1baf66d77e294280b74f5242b3cda4e090b25f0e86f5ae00bd53e9b6", kill_on_drop: false }`
[INFO] [stdout] 8ed7816f1baf66d77e294280b74f5242b3cda4e090b25f0e86f5ae00bd53e9b6
[INFO] running `Command { std: "docker" "create" "-v" "/var/lib/crater-agent-workspace/builds/worker-0-tc2/target:/opt/rustwide/target:rw,Z" "-v" "/var/lib/crater-agent-workspace/builds/worker-0-tc2/source:/opt/rustwide/workdir:ro,Z" "-v" "/var/lib/crater-agent-workspace/cargo-home:/opt/rustwide/cargo-home:ro,Z" "-v" "/var/lib/crater-agent-workspace/rustup-home:/opt/rustwide/rustup-home:ro,Z" "-e" "SOURCE_DIR=/opt/rustwide/workdir" "-e" "CARGO_TARGET_DIR=/opt/rustwide/target" "-e" "CARGO_INCREMENTAL=0" "-e" "RUST_BACKTRACE=full" "-e" "RUSTFLAGS=--cap-lints=warn" "-e" "RUSTDOCFLAGS=--cap-lints=warn" "-e" "CARGO_HOME=/opt/rustwide/cargo-home" "-e" "RUSTUP_HOME=/opt/rustwide/rustup-home" "-w" "/opt/rustwide/workdir" "-m" "1610612736" "--user" "0:0" "--network" "none" "ghcr.io/rust-lang/crates-build-env/linux@sha256:f3a9d4ad9d972b27faf3965f35b62e55ba32bbce8f20bc8fe909558a86702fde" "/opt/rustwide/cargo-home/bin/cargo" "+beta-2024-12-08" "test" "--frozen" "--no-run" "--message-format=json", kill_on_drop: false }`
[INFO] [stdout] c7c4a44355a00197099841e7abe085872cc924458b9fcc4b1d4e914c13a0abc5
[INFO] running `Command { std: "docker" "start" "-a" "c7c4a44355a00197099841e7abe085872cc924458b9fcc4b1d4e914c13a0abc5", kill_on_drop: false }`
[INFO] [stderr]    Compiling proc-macro2 v1.0.89
[INFO] [stderr]    Compiling unicode-ident v1.0.13
[INFO] [stderr]    Compiling typenum v1.17.0
[INFO] [stderr]    Compiling version_check v0.9.5
[INFO] [stderr]    Compiling shlex v1.3.0
[INFO] [stderr]    Compiling pkg-config v0.3.31
[INFO] [stderr]    Compiling vcpkg v0.2.15
[INFO] [stderr]    Compiling bitflags v2.6.0
[INFO] [stderr]    Compiling byteorder v1.5.0
[INFO] [stderr]    Compiling getrandom v0.2.15
[INFO] [stderr]    Compiling openssl v0.10.68
[INFO] [stderr]    Compiling foreign-types-shared v0.1.1
[INFO] [stderr]    Compiling rustix v0.38.37
[INFO] [stderr]    Compiling httparse v1.9.5
[INFO] [stderr]    Compiling serde v1.0.213
[INFO] [stderr]    Compiling once_cell v1.20.2
[INFO] [stderr]    Compiling thiserror v1.0.65
[INFO] [stderr]    Compiling regex-syntax v0.8.5
[INFO] [stderr]    Compiling rand_core v0.6.4
[INFO] [stderr]    Compiling cc v1.1.31
[INFO] [stderr]    Compiling foreign-types v0.3.2
[INFO] [stderr]    Compiling bytes v1.8.0
[INFO] [stderr]    Compiling native-tls v0.2.12
[INFO] [stderr]    Compiling linux-raw-sys v0.4.14
[INFO] [stderr]    Compiling fnv v1.0.7
[INFO] [stderr]    Compiling itoa v1.0.11
[INFO] [stderr]    Compiling generic-array v0.14.7
[INFO] [stderr]    Compiling cpufeatures v0.2.14
[INFO] [stderr]    Compiling nix v0.29.0
[INFO] [stderr]    Compiling utf-8 v0.7.6
[INFO] [stderr]    Compiling data-encoding v2.6.0
[INFO] [stderr]    Compiling openssl-probe v0.1.5
[INFO] [stderr]    Compiling strsim v0.10.0
[INFO] [stderr]    Compiling lazy_static v1.5.0
[INFO] [stderr]    Compiling http v1.1.0
[INFO] [stderr]    Compiling fastrand v2.1.1
[INFO] [stderr]    Compiling quote v1.0.37
[INFO] [stderr]    Compiling may v0.3.47 (/opt/rustwide/workdir)
[INFO] [stderr]    Compiling syn v2.0.85
[INFO] [stderr]    Compiling openssl-sys v0.9.104
[INFO] [stderr]    Compiling regex-automata v0.4.8
[INFO] [stderr]    Compiling tempfile v3.13.0
[INFO] [stderr]    Compiling crypto-common v0.1.6
[INFO] [stderr]    Compiling block-buffer v0.10.4
[INFO] [stderr]    Compiling digest v0.10.7
[INFO] [stderr]    Compiling regex v1.11.1
[INFO] [stderr]    Compiling sha1 v0.10.6
[INFO] [stderr]    Compiling zerocopy-derive v0.7.35
[INFO] [stderr]    Compiling openssl-macros v0.1.1
[INFO] [stderr]    Compiling serde_derive v1.0.213
[INFO] [stderr]    Compiling thiserror-impl v1.0.65
[INFO] [stderr]    Compiling zerocopy v0.7.35
[INFO] [stderr]    Compiling ppv-lite86 v0.2.20
[INFO] [stderr]    Compiling rand_chacha v0.3.1
[INFO] [stderr]    Compiling rand v0.8.5
[INFO] [stderr]    Compiling tungstenite v0.24.0
[INFO] [stderr]    Compiling docopt v1.1.1
[INFO] [stderr]     Finished `test` profile [unoptimized + debuginfo] target(s) in 36.08s
[INFO] running `Command { std: "docker" "inspect" "c7c4a44355a00197099841e7abe085872cc924458b9fcc4b1d4e914c13a0abc5", kill_on_drop: false }`
[INFO] running `Command { std: "docker" "rm" "-f" "c7c4a44355a00197099841e7abe085872cc924458b9fcc4b1d4e914c13a0abc5", kill_on_drop: false }`
[INFO] [stdout] c7c4a44355a00197099841e7abe085872cc924458b9fcc4b1d4e914c13a0abc5
[INFO] running `Command { std: "docker" "create" "-v" "/var/lib/crater-agent-workspace/builds/worker-0-tc2/target:/opt/rustwide/target:rw,Z" "-v" "/var/lib/crater-agent-workspace/builds/worker-0-tc2/source:/opt/rustwide/workdir:ro,Z" "-v" "/var/lib/crater-agent-workspace/cargo-home:/opt/rustwide/cargo-home:ro,Z" "-v" "/var/lib/crater-agent-workspace/rustup-home:/opt/rustwide/rustup-home:ro,Z" "-e" "SOURCE_DIR=/opt/rustwide/workdir" "-e" "CARGO_TARGET_DIR=/opt/rustwide/target" "-e" "CARGO_INCREMENTAL=0" "-e" "RUST_BACKTRACE=full" "-e" "RUSTFLAGS=--cap-lints=warn" "-e" "RUSTDOCFLAGS=--cap-lints=warn" "-e" "CARGO_HOME=/opt/rustwide/cargo-home" "-e" "RUSTUP_HOME=/opt/rustwide/rustup-home" "-w" "/opt/rustwide/workdir" "-m" "1610612736" "--user" "0:0" "--network" "none" "ghcr.io/rust-lang/crates-build-env/linux@sha256:f3a9d4ad9d972b27faf3965f35b62e55ba32bbce8f20bc8fe909558a86702fde" "/opt/rustwide/cargo-home/bin/cargo" "+beta-2024-12-08" "test" "--frozen", kill_on_drop: false }`
[INFO] [stdout] cf226278c17c78fa4153a0720c791abca12b766f75aaa93b8bd3f990d2c07871
[INFO] running `Command { std: "docker" "start" "-a" "cf226278c17c78fa4153a0720c791abca12b766f75aaa93b8bd3f990d2c07871", kill_on_drop: false }`
[INFO] [stderr]     Finished `test` profile [unoptimized + debuginfo] target(s) in 0.19s
[INFO] [stderr]      Running unittests src/lib.rs (/opt/rustwide/target/debug/deps/may-eb5183060a9818b6)
[INFO] [stdout] 
[INFO] [stdout] running 211 tests
[INFO] [stdout] test os::unix::net::test::long_path ... ok
[INFO] [stdout] test os::unix::net::test::abstract_namespace_not_allowed ... ok
[INFO] [stdout] test sync::condvar::tests::notify_one ... ok
[INFO] [stdout] test sync::condvar::tests::smoke ... ok
[INFO] [stdout] test sync::condvar::tests::notify_all ... ok
[INFO] [stdout] test os::unix::net::test::timeouts ... ok
[INFO] [stdout] test os::unix::net::test::socket_peek ... ok
[INFO] [stdout] test os::unix::net::test::test_unix_datagram ... ok
[INFO] [stdout] test os::unix::net::test::test_connect_unix_datagram ... ok
[INFO] [stdout] test os::unix::net::test::test_unnamed_unix_datagram ... ok
[INFO] [stdout] test sync::condvar::tests::wait_timeout ... ok
[INFO] [stdout] test sync::mpmc::tests::drop_full ... ok
[INFO] [stdout] test sync::mpmc::tests::drop_full_shared ... ok
[INFO] [stdout] test os::unix::net::test::test_unix_datagram_recv ... ok
[INFO] [stdout] test sync::mpmc::tests::oneshot_multi_thread_close_stress ... ok
[INFO] [stdout] test sync::mpmc::tests::destroy_upgraded_shared_port_when_sender_still_active ... ok
[INFO] [stdout] test sync::mpmc::tests::oneshot_multi_task_recv_then_send ... ok
[INFO] [stdout] test sync::mpmc::tests::oneshot_multi_thread_recv_close_stress ... ok
[INFO] [stdout] test sync::condvar::tests::two_mutex - should panic ... ok
[INFO] [stdout] test sync::mpmc::tests::oneshot_multi_thread_send_recv_stress ... ok
[INFO] [stdout] test sync::mpmc::tests::oneshot_single_thread_close_chan_first ... ok
[INFO] [stdout] test sync::mpmc::tests::oneshot_single_thread_close_port_first ... ok
[INFO] [stdout] test sync::mpmc::tests::oneshot_single_thread_peek_close ... ok
[INFO] [stdout] test sync::mpmc::tests::oneshot_single_thread_peek_data ... ok
[INFO] [stdout] test sync::mpmc::tests::oneshot_single_thread_peek_open ... ok
[INFO] [stdout] test sync::mpmc::tests::oneshot_single_thread_recv_timeout ... ok
[INFO] [stdout] test io::sys::co_io::tests::compile_co_io ... FAILED
[INFO] [stdout] test sync::mpmc::tests::oneshot_single_thread_send_port_close ... ok
[INFO] [stdout] test sync::mpmc::tests::chan_gone_concurrent ... ok
[INFO] [stdout] test sync::mpmc::tests::oneshot_single_thread_try_recv_closed ... ok
[INFO] [stdout] test os::unix::net::test::iter ... ok
[INFO] [stdout] test os::unix::net::test::pair ... ok
[INFO] [stdout] test sync::mpmc::tests::oneshot_single_thread_try_send_closed ... ok
[INFO] [stdout] test sync::mpmc::tests::oneshot_single_thread_try_recv_open ... ok
[INFO] [stdout] test sync::mpmc::tests::oneshot_single_thread_try_send_open ... ok
[INFO] [stdout] test sync::mpmc::tests::port_gone_concurrent ... ok
[INFO] [stdout] test sync::mpmc::tests::port_gone_concurrent1 ... ok
[INFO] [stdout] test sync::mpmc::tests::port_gone_concurrent_shared ... ok
[INFO] [stdout] test sync::mpmc::tests::oneshot_single_thread_send_then_recv ... ok
[INFO] [stdout] test sync::mpmc::tests::no_runtime ... ok
[INFO] [stdout] test sync::mpmc::tests::smoke ... ok
[INFO] [stdout] test os::unix::net::test::basic ... ok
[INFO] [stdout] test os::unix::net::test::try_clone ... ok
[INFO] [stdout] test sync::mpmc::tests::send_from_outside_runtime ... ok
[INFO] [stdout] test sync::mpmc::tests::smoke_chan_gone_shared ... ok
[INFO] [stdout] test sync::mpmc::tests::recv_timeout_upgrade ... ok
[INFO] [stdout] test sync::mpmc::tests::recv_from_outside_runtime ... ok
[INFO] [stdout] test os::unix::net::test::datagram_pair ... ok
[INFO] [stdout] test sync::mpmc::tests::smoke_port_gone ... ok
[INFO] [stdout] test sync::mpmc::tests::smoke_chan_gone ... ok
[INFO] [stdout] test sync::mpmc::tests::smoke_coroutine ... ok
[INFO] [stdout] test sync::mpmc::tests::smoke_shared_port_gone2 ... ok
[INFO] [stdout] test sync::mpmc::tests::recv_a_lot ... ok
[INFO] [stdout] test sync::mpmc::tests::smoke_shared ... ok
[INFO] [stdout] test sync::mpmc::tests::smoke_threads ... ok
[INFO] [stdout] test sync::mpmc::tests::stream_send_recv_stress ... ok
[INFO] [stdout] test sync::mpmc::tests::shared_recv_timeout ... ok
[INFO] [stdout] test sync::mpmc::tests::stress ... ok
[INFO] [stdout] test sync::mpmc::tests::test_recv_into_iter_borrowed ... ok
[INFO] [stdout] test sync::mpmc::tests::test_nested_recv_iter ... ok
[INFO] [stdout] test sync::mpmc::tests::test_recv_into_iter_owned ... ok
[INFO] [stdout] test sync::mpmc::tests::test_recv_iter_break ... ok
[INFO] [stdout] test sync::mpmc::tests::oneshot_multi_task_recv_then_close ... ok
[INFO] [stdout] test sync::mpsc::tests::drop_full_shared ... ok
[INFO] [stdout] test sync::mpmc::tests::try_recv_states ... ok
[INFO] [stdout] test sync::mpsc::tests::chan_gone_concurrent ... ok
[INFO] [stdout] test sync::mpsc::tests::oneshot_multi_task_recv_then_send ... ok
[INFO] [stdout] test sync::mpmc::tests::stress_multi_recv ... ok
[INFO] [stdout] test sync::mpsc::tests::no_runtime ... ok
[INFO] [stdout] test sync::mpsc::tests::drop_full ... ok
[INFO] [stdout] test sync::mpmc::tests::oneshot_single_thread_recv_chan_close ... ok
[INFO] [stdout] test sync::mpmc::tests::oneshot_multi_thread_send_close_stress ... ok
[INFO] [stdout] test sync::condvar::tests::test_condvar_canceled ... ok
[INFO] [stdout] test sync::mpsc::tests::destroy_upgraded_shared_port_when_sender_still_active ... ok
[INFO] [stdout] test sync::mpsc::tests::oneshot_multi_thread_close_stress ... ok
[INFO] [stdout] test sync::mpsc::tests::oneshot_multi_thread_recv_close_stress ... ok
[INFO] [stdout] test sync::mpsc::tests::oneshot_single_thread_close_chan_first ... ok
[INFO] [stdout] test sync::mpsc::tests::oneshot_multi_thread_send_close_stress ... ok
[INFO] [stdout] test sync::mpsc::tests::oneshot_multi_thread_send_recv_stress ... ok
[INFO] [stdout] test sync::mpsc::tests::oneshot_single_thread_close_port_first ... ok
[INFO] [stdout] test sync::mpmc::tests::test_recv_try_iter ... ok
[INFO] [stdout] test sync::mpsc::tests::oneshot_single_thread_peek_close ... ok
[INFO] [stdout] test sync::mpsc::tests::oneshot_single_thread_peek_data ... ok
[INFO] [stdout] test sync::mpsc::tests::oneshot_multi_task_recv_then_close ... ok
[INFO] [stdout] test sync::mpsc::tests::oneshot_single_thread_send_port_close ... ok
[INFO] [stdout] test sync::mpsc::tests::oneshot_single_thread_try_recv_closed ... ok
[INFO] [stdout] test sync::mpsc::tests::oneshot_single_thread_try_recv_open ... ok
[INFO] [stdout] test sync::mpsc::tests::oneshot_single_thread_peek_open ... ok
[INFO] [stdout] test sync::mpsc::tests::oneshot_single_thread_send_then_recv ... ok
[INFO] [stdout] test sync::mpsc::tests::oneshot_single_thread_try_send_closed ... ok
[INFO] [stdout] test sync::mpsc::tests::oneshot_single_thread_try_send_open ... ok
[INFO] [stdout] test sync::mpsc::tests::oneshot_single_thread_recv_timeout ... ok
[INFO] [stdout] test sync::mpsc::tests::recv_timeout_upgrade ... ok
[INFO] [stdout] test sync::mpsc::tests::oneshot_single_thread_recv_chan_close ... ok
[INFO] [stdout] test sync::mpsc::tests::smoke_chan_gone ... ok
[INFO] [stdout] test sync::mpsc::tests::smoke ... ok
[INFO] [stdout] test sync::mpsc::tests::smoke_coroutine ... ok
[INFO] [stdout] test sync::mpsc::tests::smoke_chan_gone_shared ... ok
[INFO] [stdout] test sync::mpsc::tests::port_gone_concurrent1 ... ok
[INFO] [stdout] test sync::mpsc::tests::smoke_port_gone ... ok
[INFO] [stdout] test sync::mpsc::tests::smoke_shared ... ok
[INFO] [stdout] test sync::mpsc::tests::smoke_shared_port_gone2 ... ok
[INFO] [stdout] test sync::mpsc::tests::port_gone_concurrent ... ok
[INFO] [stdout] test sync::mpsc::tests::port_gone_concurrent_shared ... ok
[INFO] [stdout] test sync::mpmc::tests::shared_chan_stress ... ok
[INFO] [stdout] test sync::mpsc::tests::smoke_threads ... ok
[INFO] [stdout] test sync::mpsc::tests::recv_from_outside_runtime ... ok
[INFO] [stdout] test sync::mpsc::tests::stream_send_recv_stress ... ok
[INFO] [stdout] test sync::mpsc::tests::recv_a_lot ... ok
[INFO] [stdout] test sync::mpsc::tests::send_from_outside_runtime ... ok
[INFO] [stdout] test sync::mpsc::tests::test_recv_into_iter_borrowed ... ok
[INFO] [stdout] test sync::mpsc::tests::shared_recv_timeout ... ok
[INFO] [stdout] test sync::mpsc::tests::test_nested_recv_iter ... ok
[INFO] [stdout] test sync::mpsc::tests::test_recv_iter_break ... ok
[INFO] [stdout] test sync::mpsc::tests::test_recv_into_iter_owned ... ok
[INFO] [stdout] test sync::mutex::tests::smoke ... ok
[INFO] [stdout] test sync::mpsc::tests::try_recv_states ... ok
[INFO] [stdout] test sync::mpmc::tests::stress_shared ... ok
[INFO] [stdout] test sync::mutex::tests::test_into_inner ... ok
[INFO] [stdout] test sync::mutex::tests::test_into_inner_drop ... ok
[INFO] [stdout] test sync::mutex::tests::test_into_inner_poison ... ok
[INFO] [stdout] test sync::mutex::tests::test_arc_condvar_poison ... ok
[INFO] [stdout] test sync::mutex::tests::test_get_mut ... ok
[INFO] [stdout] test sync::mpsc::tests::test_recv_try_iter ... ok
[INFO] [stdout] test sync::mutex::tests::test_mutex_arc_access_in_unwind ... ok
[INFO] [stdout] test sync::mutex::tests::test_get_mut_poison ... ok
[INFO] [stdout] test sync::mutex::tests::test_mutex_arc_condvar ... ok
[INFO] [stdout] test sync::mutex::tests::test_mutex_unsized ... ok
[INFO] [stdout] test sync::mutex::tests::test_mutex_arc_poison ... ok
[INFO] [stdout] test sync::rwlock::tests::smoke ... ok
[INFO] [stdout] test sync::rwlock::tests::test_get_mut ... ok
[INFO] [stdout] test sync::mpsc::tests::stress ... ok
[INFO] [stdout] test sync::rwlock::tests::test_into_inner ... ok
[INFO] [stdout] test sync::rwlock::tests::test_into_inner_drop ... ok
[INFO] [stdout] test sync::mutex::tests::test_mutex_arc_nested ... ok
[INFO] [stdout] test sync::rwlock::tests::test_into_inner_poison ... ok
[INFO] [stdout] test sync::rwlock::tests::test_rw_arc ... ok
[INFO] [stdout] test sync::rwlock::tests::test_get_mut_poison ... ok
[INFO] [stdout] test sync::rwlock::tests::test_rw_arc_access_in_unwind ... ok
[INFO] [stdout] test sync::rwlock::tests::test_rw_arc_no_poison_rr ... ok
[INFO] [stdout] test sync::mpmc::tests::stress_recv_timeout_two_threads ... ok
[INFO] [stdout] test sync::rwlock::tests::test_rw_arc_no_poison_rw ... ok
[INFO] [stdout] test sync::rwlock::tests::test_rwlock_try_write ... ok
[INFO] [stdout] test sync::rwlock::tests::test_rwlock_unsized ... ok
[INFO] [stdout] test sync::rwlock::tests::test_rwlock_read_canceled ... ok
[INFO] [stdout] test sync::rwlock::tests::test_rw_arc_poison_ww ... ok
[INFO] [stdout] test sync::semphore::tests::sanity_1 ... ok
[INFO] [stdout] test sync::mutex::tests::try_lock ... ok
[INFO] [stdout] test sync::rwlock::tests::test_rw_arc_poison_wr ... ok
[INFO] [stdout] test sync::mpsc::tests::shared_chan_stress ... ok
[INFO] [stdout] test sync::spsc::tests::chan_gone_concurrent ... ok
[INFO] [stdout] test sync::rwlock::tests::frob ... ok
[INFO] [stdout] test sync::semphore::tests::sanity_2 ... ok
[INFO] [stdout] test sync::spsc::tests::drop_full ... ok
[INFO] [stdout] test sync::spsc::tests::drop_full_shared ... ok
[INFO] [stdout] test sync::spsc::tests::oneshot_multi_task_recv_then_close ... ok
[INFO] [stdout] test sync::spsc::tests::oneshot_multi_task_recv_then_send ... ok
[INFO] [stdout] test sync::spsc::tests::oneshot_multi_thread_close_stress ... ok
[INFO] [stdout] test sync::spsc::tests::oneshot_multi_thread_recv_close_stress ... ok
[INFO] [stdout] test sync::spsc::tests::no_runtime ... ok
[INFO] [stdout] test sync::spsc::tests::oneshot_multi_thread_send_recv_stress ... ok
[INFO] [stdout] test sync::spsc::tests::oneshot_single_thread_close_chan_first ... ok
[INFO] [stdout] test sync::spsc::tests::oneshot_single_thread_close_port_first ... ok
[INFO] [stdout] test sync::spsc::tests::oneshot_multi_thread_send_close_stress ... ok
[INFO] [stdout] test sync::semphore::tests::test_semphore_thread_timeout ... ok
[INFO] [stdout] test sync::spsc::tests::oneshot_single_thread_peek_close ... ok
[INFO] [stdout] test sync::semphore::tests::test_semphore_co_timeout ... ok
[INFO] [stdout] test sync::mutex::tests::test_mutex_canceled ... ok
[INFO] [stdout] test sync::spsc::tests::oneshot_single_thread_peek_data ... ok
[INFO] [stdout] test sync::spsc::tests::oneshot_single_thread_peek_open ... ok
[INFO] [stdout] test sync::spsc::tests::oneshot_single_thread_send_then_recv ... ok
[INFO] [stdout] test sync::spsc::tests::oneshot_single_thread_try_recv_closed ... ok
[INFO] [stdout] test sync::spsc::tests::oneshot_single_thread_try_recv_open ... ok
[INFO] [stdout] test sync::spsc::tests::oneshot_single_thread_try_send_closed ... ok
[INFO] [stdout] test sync::spsc::tests::oneshot_single_thread_recv_chan_close ... ok
[INFO] [stdout] test sync::spsc::tests::oneshot_single_thread_send_port_close ... ok
[INFO] [stdout] test sync::spsc::tests::oneshot_single_thread_try_send_open ... ok
[INFO] [stdout] test sync::spsc::tests::port_gone_concurrent ... ok
[INFO] [stdout] test sync::spsc::tests::smoke ... ok
[INFO] [stdout] test sync::spsc::tests::send_from_outside_runtime ... ok
[INFO] [stdout] test sync::spsc::tests::recv_from_outside_runtime ... ok
[INFO] [stdout] test sync::spsc::tests::smoke_coroutine ... ok
[INFO] [stdout] test sync::spsc::tests::smoke_port_gone ... ok
[INFO] [stdout] test sync::spsc::tests::smoke_threads ... ok
[INFO] [stdout] test sync::spsc::tests::port_gone_concurrent1 ... ok
[INFO] [stdout] test sync::spsc::tests::stream_send_recv_stress ... ok
[INFO] [stdout] test sync::spsc::tests::smoke_chan_gone ... ok
[INFO] [stdout] test sync::spsc::tests::test_recv_into_iter_borrowed ... ok
[INFO] [stdout] test sync::spsc::tests::test_recv_into_iter_owned ... ok
[INFO] [stdout] test sync::spsc::tests::test_nested_recv_iter ... ok
[INFO] [stdout] test sync::spsc::tests::recv_a_lot ... ok
[INFO] [stdout] test sync::spsc::tests::test_recv_iter_break ... ok
[INFO] [stdout] test sync::spsc::tests::destroy_upgraded_shared_port_when_sender_still_active ... ok
[INFO] [stdout] test sync::spsc::tests::try_recv_states ... ok
[INFO] [stdout] test sync::spsc::tests::test_recv_try_iter ... ok
[INFO] [stdout] test sync::sync_flag::tests::sanity_test ... ok
[INFO] [stdout] test sync::mutex::tests::test_mutex_canceled_by_other_wait ... ok
[INFO] [stdout] test sync::mpsc::tests::stress_recv_timeout_two_threads ... ok
[INFO] [stdout] test sync::spsc::tests::stress ... ok
[INFO] [stdout] test sync::semphore::tests::test_semphore_canceled ... ok
[INFO] [stdout] test sync::sync_flag::tests::test_syncflag_co_timeout ... ok
[INFO] [stdout] test sync::sync_flag::tests::test_syncflag_thread_timeout ... ok
[INFO] [stdout] test sync::rwlock::tests::test_rwlock_write_canceled ... ok
[INFO] [stdout] test sync::mpsc::tests::stress_shared ... ok
[INFO] [stdout] test sync::sync_flag::tests::test_syncflag_canceled ... ok
[INFO] [stdout] test sync::mutex::tests::lots_and_lots ... ok
[INFO] [stdout] test os::unix::net::test::test_read_timeout ... ok
[INFO] [stdout] test os::unix::net::test::test_read_with_timeout ... ok
[INFO] [stdout] test sync::mpmc::tests::stress_recv_timeout_shared ... ok
[INFO] [stdout] test sync::mpsc::tests::stress_recv_timeout_shared ... ok
[INFO] [stdout] test timeout_list::tests::test_timeout_list ... ok
[INFO] [stdout] 
[INFO] [stdout] failures:
[INFO] [stdout] 
[INFO] [stdout] ---- io::sys::co_io::tests::compile_co_io stdout ----
[INFO] [stdout] thread 'io::sys::co_io::tests::compile_co_io' panicked at src/io/sys/unix/co_io.rs:287:35:
[INFO] [stdout] called `Result::unwrap()` on an `Err` value: Os { code: 1, kind: PermissionDenied, message: "Operation not permitted" }
[INFO] [stdout] stack backtrace:
[INFO] [stdout]    0:     0x60e58b00087a - std::backtrace_rs::backtrace::libunwind::trace::h8810477743020387
[INFO] [stdout]                                at /rustc/202008a1b8de96d2e5b6bc02d379db03a877d34d/library/std/src/../../backtrace/src/backtrace/libunwind.rs:116:5
[INFO] [stdout]    1:     0x60e58b00087a - std::backtrace_rs::backtrace::trace_unsynchronized::h3aa55355dd6c54a6
[INFO] [stdout]                                at /rustc/202008a1b8de96d2e5b6bc02d379db03a877d34d/library/std/src/../../backtrace/src/backtrace/mod.rs:66:5
[INFO] [stdout]    2:     0x60e58b00087a - std::sys::backtrace::_print_fmt::h8588b0f62410823f
[INFO] [stdout]                                at /rustc/202008a1b8de96d2e5b6bc02d379db03a877d34d/library/std/src/sys/backtrace.rs:66:9
[INFO] [stdout]    3:     0x60e58b00087a - <std::sys::backtrace::BacktraceLock::print::DisplayBacktrace as core::fmt::Display>::fmt::h98c26ac25ffe89bb
[INFO] [stdout]                                at /rustc/202008a1b8de96d2e5b6bc02d379db03a877d34d/library/std/src/sys/backtrace.rs:39:26
[INFO] [stdout]    4:     0x60e58b027043 - core::fmt::rt::Argument::fmt::hf95377f4aebd453b
[INFO] [stdout]                                at /rustc/202008a1b8de96d2e5b6bc02d379db03a877d34d/library/core/src/fmt/rt.rs:177:76
[INFO] [stdout]    5:     0x60e58b027043 - core::fmt::write::h0dd5f6e2238c7982
[INFO] [stdout]                                at /rustc/202008a1b8de96d2e5b6bc02d379db03a877d34d/library/core/src/fmt/mod.rs:1189:21
[INFO] [stdout]    6:     0x60e58affce53 - std::io::Write::write_fmt::h03bb0ca26e6faf8c
[INFO] [stdout]                                at /rustc/202008a1b8de96d2e5b6bc02d379db03a877d34d/library/std/src/io/mod.rs:1884:15
[INFO] [stdout]    7:     0x60e58b0006c2 - std::sys::backtrace::BacktraceLock::print::h5c19c1c038ee186d
[INFO] [stdout]                                at /rustc/202008a1b8de96d2e5b6bc02d379db03a877d34d/library/std/src/sys/backtrace.rs:42:9
[INFO] [stdout]    8:     0x60e58b001cfd - std::panicking::default_hook::{{closure}}::h77172f079a1fcb13
[INFO] [stdout]                                at /rustc/202008a1b8de96d2e5b6bc02d379db03a877d34d/library/std/src/panicking.rs:268:22
[INFO] [stdout]    9:     0x60e58b001b07 - std::panicking::default_hook::he5f8e3b203ccddba
[INFO] [stdout]                                at /rustc/202008a1b8de96d2e5b6bc02d379db03a877d34d/library/std/src/panicking.rs:292:9
[INFO] [stdout]   10:     0x60e58afa1697 - <alloc::boxed::Box<F,A> as core::ops::function::Fn<Args>>::call::h7a3c7b4a1ae77f2f
[INFO] [stdout]                                at /rustc/202008a1b8de96d2e5b6bc02d379db03a877d34d/library/alloc/src/boxed.rs:1986:9
[INFO] [stdout]   11:     0x60e58afa1697 - test::test_main::{{closure}}::hf0d3b69ae9b353d1
[INFO] [stdout]                                at /rustc/202008a1b8de96d2e5b6bc02d379db03a877d34d/library/test/src/lib.rs:134:21
[INFO] [stdout]   12:     0x60e58b0023a8 - <alloc::boxed::Box<F,A> as core::ops::function::Fn<Args>>::call::h6332e82e7b189abd
[INFO] [stdout]                                at /rustc/202008a1b8de96d2e5b6bc02d379db03a877d34d/library/alloc/src/boxed.rs:1986:9
[INFO] [stdout]   13:     0x60e58b0023a8 - std::panicking::rust_panic_with_hook::h53863d4e9018df39
[INFO] [stdout]                                at /rustc/202008a1b8de96d2e5b6bc02d379db03a877d34d/library/std/src/panicking.rs:809:13
[INFO] [stdout]   14:     0x60e58b00216a - std::panicking::begin_panic_handler::{{closure}}::h67280e6fa0757873
[INFO] [stdout]                                at /rustc/202008a1b8de96d2e5b6bc02d379db03a877d34d/library/std/src/panicking.rs:674:13
[INFO] [stdout]   15:     0x60e58b000d59 - std::sys::backtrace::__rust_end_short_backtrace::h1dac3f54d6fbbeb2
[INFO] [stdout]                                at /rustc/202008a1b8de96d2e5b6bc02d379db03a877d34d/library/std/src/sys/backtrace.rs:170:18
[INFO] [stdout]   16:     0x60e58b001dfc - rust_begin_unwind
[INFO] [stdout]                                at /rustc/202008a1b8de96d2e5b6bc02d379db03a877d34d/library/std/src/panicking.rs:665:5
[INFO] [stdout]   17:     0x60e58ad42ba0 - core::panicking::panic_fmt::h6792bd1b2bf01041
[INFO] [stdout]                                at /rustc/202008a1b8de96d2e5b6bc02d379db03a877d34d/library/core/src/panicking.rs:76:14
[INFO] [stdout]   18:     0x60e58ad43046 - core::result::unwrap_failed::h05e0602ed34287c5
[INFO] [stdout]                                at /rustc/202008a1b8de96d2e5b6bc02d379db03a877d34d/library/core/src/result.rs:1699:5
[INFO] [stdout]   19:     0x60e58af3e343 - core::result::Result<T,E>::unwrap::he0ba596070e2de2e
[INFO] [stdout]                                at /rustc/202008a1b8de96d2e5b6bc02d379db03a877d34d/library/core/src/result.rs:1104:23
[INFO] [stdout]   20:     0x60e58af3e343 - may::io::sys::co_io::tests::compile_co_io::h1384690f0486a8a8
[INFO] [stdout]                                at /opt/rustwide/workdir/src/io/sys/unix/co_io.rs:287:22
[INFO] [stdout]   21:     0x60e58af3e2c7 - may::io::sys::co_io::tests::compile_co_io::{{closure}}::h880c014ddcc7b963
[INFO] [stdout]                                at /opt/rustwide/workdir/src/io/sys/unix/co_io.rs:269:23
[INFO] [stdout]   22:     0x60e58ae4e026 - core::ops::function::FnOnce::call_once::hadeff9c717d54ecb
[INFO] [stdout]                                at /rustc/202008a1b8de96d2e5b6bc02d379db03a877d34d/library/core/src/ops/function.rs:250:5
[INFO] [stdout]   23:     0x60e58afa61bb - core::ops::function::FnOnce::call_once::h871bf86719ec9aa4
[INFO] [stdout]                                at /rustc/202008a1b8de96d2e5b6bc02d379db03a877d34d/library/core/src/ops/function.rs:250:5
[INFO] [stdout]   24:     0x60e58afa61bb - test::__rust_begin_short_backtrace::h2167df1e2b7d76fd
[INFO] [stdout]                                at /rustc/202008a1b8de96d2e5b6bc02d379db03a877d34d/library/test/src/lib.rs:632:18
[INFO] [stdout]   25:     0x60e58afa5ba8 - test::run_test_in_process::{{closure}}::h15d92f75a3adfb79
[INFO] [stdout]                                at /rustc/202008a1b8de96d2e5b6bc02d379db03a877d34d/library/test/src/lib.rs:655:60
[INFO] [stdout]   26:     0x60e58afa5ba8 - <core::panic::unwind_safe::AssertUnwindSafe<F> as core::ops::function::FnOnce<()>>::call_once::hb6c8955835a8dbbb
[INFO] [stdout]                                at /rustc/202008a1b8de96d2e5b6bc02d379db03a877d34d/library/core/src/panic/unwind_safe.rs:272:9
[INFO] [stdout]   27:     0x60e58afa5ba8 - std::panicking::try::do_call::hc79d0fc888a0bd30
[INFO] [stdout]                                at /rustc/202008a1b8de96d2e5b6bc02d379db03a877d34d/library/std/src/panicking.rs:557:40
[INFO] [stdout]   28:     0x60e58afa5ba8 - std::panicking::try::hb8a7878e3a8589d6
[INFO] [stdout]                                at /rustc/202008a1b8de96d2e5b6bc02d379db03a877d34d/library/std/src/panicking.rs:520:19
[INFO] [stdout]   29:     0x60e58afa5ba8 - std::panic::catch_unwind::hb8e4600ff0ff5cfa
[INFO] [stdout]                                at /rustc/202008a1b8de96d2e5b6bc02d379db03a877d34d/library/std/src/panic.rs:358:14
[INFO] [stdout]   30:     0x60e58afa5ba8 - test::run_test_in_process::hc2900b0b18688dd6
[INFO] [stdout]                                at /rustc/202008a1b8de96d2e5b6bc02d379db03a877d34d/library/test/src/lib.rs:655:27
[INFO] [stdout]   31:     0x60e58afa5ba8 - test::run_test::{{closure}}::hac2a9cb07be3d48d
[INFO] [stdout]                                at /rustc/202008a1b8de96d2e5b6bc02d379db03a877d34d/library/test/src/lib.rs:576:43
[INFO] [stdout]   32:     0x60e58af6964a - test::run_test::{{closure}}::h4a5b729e66a38cd8
[INFO] [stdout]                                at /rustc/202008a1b8de96d2e5b6bc02d379db03a877d34d/library/test/src/lib.rs:606:41
[INFO] [stdout]   33:     0x60e58af6964a - std::sys::backtrace::__rust_begin_short_backtrace::h0496fb742492f573
[INFO] [stdout]                                at /rustc/202008a1b8de96d2e5b6bc02d379db03a877d34d/library/std/src/sys/backtrace.rs:154:18
[INFO] [stdout]   34:     0x60e58af6cfc4 - std::thread::Builder::spawn_unchecked_::{{closure}}::{{closure}}::hbb6d257c550a54bd
[INFO] [stdout]                                at /rustc/202008a1b8de96d2e5b6bc02d379db03a877d34d/library/std/src/thread/mod.rs:561:17
[INFO] [stdout]   35:     0x60e58af6cfc4 - <core::panic::unwind_safe::AssertUnwindSafe<F> as core::ops::function::FnOnce<()>>::call_once::h46696fe4a6832328
[INFO] [stdout]                                at /rustc/202008a1b8de96d2e5b6bc02d379db03a877d34d/library/core/src/panic/unwind_safe.rs:272:9
[INFO] [stdout]   36:     0x60e58af6cfc4 - std::panicking::try::do_call::h2625a51b667bfb64
[INFO] [stdout]                                at /rustc/202008a1b8de96d2e5b6bc02d379db03a877d34d/library/std/src/panicking.rs:557:40
[INFO] [stdout]   37:     0x60e58af6cfc4 - std::panicking::try::hb956a59a1973aa4c
[INFO] [stdout]                                at /rustc/202008a1b8de96d2e5b6bc02d379db03a877d34d/library/std/src/panicking.rs:520:19
[INFO] [stdout]   38:     0x60e58af6cfc4 - std::panic::catch_unwind::h64f3b9d1067ef6a0
[INFO] [stdout]                                at /rustc/202008a1b8de96d2e5b6bc02d379db03a877d34d/library/std/src/panic.rs:358:14
[INFO] [stdout]   39:     0x60e58af6cfc4 - std::thread::Builder::spawn_unchecked_::{{closure}}::h42b2841295b6c0b2
[INFO] [stdout]                                at /rustc/202008a1b8de96d2e5b6bc02d379db03a877d34d/library/std/src/thread/mod.rs:559:30
[INFO] [stdout]   40:     0x60e58af6cfc4 - core::ops::function::FnOnce::call_once{{vtable.shim}}::h6127de71b8124639
[INFO] [stdout]                                at /rustc/202008a1b8de96d2e5b6bc02d379db03a877d34d/library/core/src/ops/function.rs:250:5
[INFO] [stdout]   41:     0x60e58b006e4b - <alloc::boxed::Box<F,A> as core::ops::function::FnOnce<Args>>::call_once::h42f0ba71002a1b2c
[INFO] [stdout]                                at /rustc/202008a1b8de96d2e5b6bc02d379db03a877d34d/library/alloc/src/boxed.rs:1972:9
[INFO] [stdout]   42:     0x60e58b006e4b - <alloc::boxed::Box<F,A> as core::ops::function::FnOnce<Args>>::call_once::had9e47d7a3dcecb8
[INFO] [stdout]                                at /rustc/202008a1b8de96d2e5b6bc02d379db03a877d34d/library/alloc/src/boxed.rs:1972:9
[INFO] [stdout]   43:     0x60e58b006e4b - std::sys::pal::unix::thread::Thread::new::thread_start::h48cf765408f6f5f2
[INFO] [stdout]                                at /rustc/202008a1b8de96d2e5b6bc02d379db03a877d34d/library/std/src/sys/pal/unix/thread.rs:105:17
[INFO] [stdout]   44:     0x79eeef685ac3 - <unknown>
[INFO] [stdout]   45:     0x79eeef716a04 - clone
[INFO] [stdout]   46:                0x0 - <unknown>
[INFO] [stdout] 
[INFO] [stdout] 
[INFO] [stdout] failures:
[INFO] [stdout]     io::sys::co_io::tests::compile_co_io
[INFO] [stdout] 
[INFO] [stdout] test result: FAILED. 210 passed; 1 failed; 0 ignored; 0 measured; 0 filtered out; finished in 2.04s
[INFO] [stdout] 
[INFO] [stderr] error: test failed, to rerun pass `--lib`
[INFO] running `Command { std: "docker" "inspect" "cf226278c17c78fa4153a0720c791abca12b766f75aaa93b8bd3f990d2c07871", kill_on_drop: false }`
[INFO] running `Command { std: "docker" "rm" "-f" "cf226278c17c78fa4153a0720c791abca12b766f75aaa93b8bd3f990d2c07871", kill_on_drop: false }`
[INFO] [stdout] cf226278c17c78fa4153a0720c791abca12b766f75aaa93b8bd3f990d2c07871
