[INFO] fetching crate mathbox 0.2.0...
[INFO] testing mathbox-0.2.0 against beta-2024-12-08 for beta-1.84.0-4-retry
[INFO] extracting crate mathbox 0.2.0 into /workspace/builds/worker-1-tc2/source
[INFO] validating manifest of crates.io crate mathbox 0.2.0 on toolchain beta-2024-12-08
[INFO] running `Command { std: CARGO_HOME="/workspace/cargo-home" RUSTUP_HOME="/workspace/rustup-home" "/workspace/cargo-home/bin/cargo" "+beta-2024-12-08" "metadata" "--manifest-path" "Cargo.toml" "--no-deps", kill_on_drop: false }`
[INFO] started tweaking crates.io crate mathbox 0.2.0
[INFO] finished tweaking crates.io crate mathbox 0.2.0
[INFO] tweaked toml for crates.io crate mathbox 0.2.0 written to /workspace/builds/worker-1-tc2/source/Cargo.toml
[INFO] crate crates.io crate mathbox 0.2.0 already has a lockfile, it will not be regenerated
[INFO] running `Command { std: CARGO_HOME="/workspace/cargo-home" RUSTUP_HOME="/workspace/rustup-home" "/workspace/cargo-home/bin/cargo" "+beta-2024-12-08" "fetch" "--manifest-path" "Cargo.toml", kill_on_drop: false }`
[INFO] [stderr]     Blocking waiting for file lock on package cache
[INFO] [stderr]     Blocking waiting for file lock on package cache
[INFO] running `Command { std: "docker" "create" "-v" "/var/lib/crater-agent-workspace/builds/worker-1-tc2/target:/opt/rustwide/target:rw,Z" "-v" "/var/lib/crater-agent-workspace/builds/worker-1-tc2/source:/opt/rustwide/workdir:ro,Z" "-v" "/var/lib/crater-agent-workspace/cargo-home:/opt/rustwide/cargo-home:ro,Z" "-v" "/var/lib/crater-agent-workspace/rustup-home:/opt/rustwide/rustup-home:ro,Z" "-e" "SOURCE_DIR=/opt/rustwide/workdir" "-e" "CARGO_TARGET_DIR=/opt/rustwide/target" "-e" "CARGO_HOME=/opt/rustwide/cargo-home" "-e" "RUSTUP_HOME=/opt/rustwide/rustup-home" "-w" "/opt/rustwide/workdir" "-m" "1610612736" "--user" "0:0" "--network" "none" "ghcr.io/rust-lang/crates-build-env/linux@sha256:f3a9d4ad9d972b27faf3965f35b62e55ba32bbce8f20bc8fe909558a86702fde" "/opt/rustwide/cargo-home/bin/cargo" "+beta-2024-12-08" "metadata" "--no-deps" "--format-version=1", kill_on_drop: false }`
[INFO] [stdout] 9ded70e848e3c87b2983fe458a4c789706114b29f99b0395a955acfb033a8a77
[INFO] running `Command { std: "docker" "start" "-a" "9ded70e848e3c87b2983fe458a4c789706114b29f99b0395a955acfb033a8a77", kill_on_drop: false }`
[INFO] running `Command { std: "docker" "inspect" "9ded70e848e3c87b2983fe458a4c789706114b29f99b0395a955acfb033a8a77", kill_on_drop: false }`
[INFO] running `Command { std: "docker" "rm" "-f" "9ded70e848e3c87b2983fe458a4c789706114b29f99b0395a955acfb033a8a77", kill_on_drop: false }`
[INFO] [stdout] 9ded70e848e3c87b2983fe458a4c789706114b29f99b0395a955acfb033a8a77
[INFO] running `Command { std: "docker" "create" "-v" "/var/lib/crater-agent-workspace/builds/worker-1-tc2/target:/opt/rustwide/target:rw,Z" "-v" "/var/lib/crater-agent-workspace/builds/worker-1-tc2/source:/opt/rustwide/workdir:ro,Z" "-v" "/var/lib/crater-agent-workspace/cargo-home:/opt/rustwide/cargo-home:ro,Z" "-v" "/var/lib/crater-agent-workspace/rustup-home:/opt/rustwide/rustup-home:ro,Z" "-e" "SOURCE_DIR=/opt/rustwide/workdir" "-e" "CARGO_TARGET_DIR=/opt/rustwide/target" "-e" "CARGO_INCREMENTAL=0" "-e" "RUST_BACKTRACE=full" "-e" "RUSTFLAGS=--cap-lints=warn" "-e" "RUSTDOCFLAGS=--cap-lints=warn" "-e" "CARGO_HOME=/opt/rustwide/cargo-home" "-e" "RUSTUP_HOME=/opt/rustwide/rustup-home" "-w" "/opt/rustwide/workdir" "-m" "1610612736" "--user" "0:0" "--network" "none" "ghcr.io/rust-lang/crates-build-env/linux@sha256:f3a9d4ad9d972b27faf3965f35b62e55ba32bbce8f20bc8fe909558a86702fde" "/opt/rustwide/cargo-home/bin/cargo" "+beta-2024-12-08" "build" "--frozen" "--message-format=json", kill_on_drop: false }`
[INFO] [stdout] ed908d5eb97e7c6ebdea051e1022dd37c476611181f9523291fa1936cb04fa47
[INFO] running `Command { std: "docker" "start" "-a" "ed908d5eb97e7c6ebdea051e1022dd37c476611181f9523291fa1936cb04fa47", kill_on_drop: false }`
[INFO] [stderr]    Compiling autocfg v1.0.1
[INFO] [stderr]    Compiling libc v0.2.112
[INFO] [stderr]    Compiling cfg-if v1.0.0
[INFO] [stderr]    Compiling ppv-lite86 v0.2.16
[INFO] [stderr]    Compiling find_peaks v0.1.2
[INFO] [stderr]    Compiling num-traits v0.2.14
[INFO] [stderr]    Compiling num-integer v0.1.44
[INFO] [stderr]    Compiling num-bigint v0.4.3
[INFO] [stderr]    Compiling num-iter v0.1.42
[INFO] [stderr]    Compiling num-rational v0.4.0
[INFO] [stderr]    Compiling getrandom v0.2.4
[INFO] [stderr]    Compiling rand_core v0.6.3
[INFO] [stderr]    Compiling rand_chacha v0.3.1
[INFO] [stderr]    Compiling rand v0.8.4
[INFO] [stderr]    Compiling num-complex v0.4.0
[INFO] [stderr]    Compiling num v0.4.0
[INFO] [stderr]    Compiling mathbox v0.2.0 (/opt/rustwide/workdir)
[INFO] [stderr]     Finished `dev` profile [unoptimized + debuginfo] target(s) in 9.80s
[INFO] running `Command { std: "docker" "inspect" "ed908d5eb97e7c6ebdea051e1022dd37c476611181f9523291fa1936cb04fa47", kill_on_drop: false }`
[INFO] running `Command { std: "docker" "rm" "-f" "ed908d5eb97e7c6ebdea051e1022dd37c476611181f9523291fa1936cb04fa47", kill_on_drop: false }`
[INFO] [stdout] ed908d5eb97e7c6ebdea051e1022dd37c476611181f9523291fa1936cb04fa47
[INFO] running `Command { std: "docker" "create" "-v" "/var/lib/crater-agent-workspace/builds/worker-1-tc2/target:/opt/rustwide/target:rw,Z" "-v" "/var/lib/crater-agent-workspace/builds/worker-1-tc2/source:/opt/rustwide/workdir:ro,Z" "-v" "/var/lib/crater-agent-workspace/cargo-home:/opt/rustwide/cargo-home:ro,Z" "-v" "/var/lib/crater-agent-workspace/rustup-home:/opt/rustwide/rustup-home:ro,Z" "-e" "SOURCE_DIR=/opt/rustwide/workdir" "-e" "CARGO_TARGET_DIR=/opt/rustwide/target" "-e" "CARGO_INCREMENTAL=0" "-e" "RUST_BACKTRACE=full" "-e" "RUSTFLAGS=--cap-lints=warn" "-e" "RUSTDOCFLAGS=--cap-lints=warn" "-e" "CARGO_HOME=/opt/rustwide/cargo-home" "-e" "RUSTUP_HOME=/opt/rustwide/rustup-home" "-w" "/opt/rustwide/workdir" "-m" "1610612736" "--user" "0:0" "--network" "none" "ghcr.io/rust-lang/crates-build-env/linux@sha256:f3a9d4ad9d972b27faf3965f35b62e55ba32bbce8f20bc8fe909558a86702fde" "/opt/rustwide/cargo-home/bin/cargo" "+beta-2024-12-08" "test" "--frozen" "--no-run" "--message-format=json", kill_on_drop: false }`
[INFO] [stdout] 6c692601b5a0785f29a49da5209dc20e5707a6da679d29d973597362658969c2
[INFO] running `Command { std: "docker" "start" "-a" "6c692601b5a0785f29a49da5209dc20e5707a6da679d29d973597362658969c2", kill_on_drop: false }`
[INFO] [stderr]    Compiling libc v0.2.112
[INFO] [stderr]    Compiling num-traits v0.2.14
[INFO] [stderr]    Compiling pkg-config v0.3.24
[INFO] [stderr]    Compiling cc v1.0.72
[INFO] [stderr]    Compiling ucd-trie v0.1.3
[INFO] [stderr]    Compiling proc-macro2 v1.0.36
[INFO] [stderr]    Compiling version_check v0.9.4
[INFO] [stderr]    Compiling num-iter v0.1.42
[INFO] [stderr]    Compiling pest v2.1.3
[INFO] [stderr]    Compiling unicode-xid v0.2.2
[INFO] [stderr]    Compiling memchr v2.4.1
[INFO] [stderr]    Compiling bitflags v1.3.2
[INFO] [stderr]    Compiling byteorder v1.4.3
[INFO] [stderr]    Compiling adler32 v1.2.0
[INFO] [stderr]    Compiling crc32fast v1.3.1
[INFO] [stderr]    Compiling cmake v0.1.48
[INFO] [stderr]    Compiling semver-parser v0.10.2
[INFO] [stderr]    Compiling num-integer v0.1.44
[INFO] [stderr]    Compiling quote v1.0.15
[INFO] [stderr]    Compiling servo-fontconfig-sys v5.1.0
[INFO] [stderr]    Compiling proc-macro-error-attr v1.0.4
[INFO] [stderr]    Compiling num-rational v0.3.2
[INFO] [stderr]    Compiling semver v0.11.0
[INFO] [stderr]    Compiling log v0.4.14
[INFO] [stderr]    Compiling freetype-sys v0.13.1
[INFO] [stderr]    Compiling expat-sys v2.1.6
[INFO] [stderr]    Compiling lazy_static v1.4.0
[INFO] [stderr]    Compiling syn v1.0.86
[INFO] [stderr]    Compiling rustc_version v0.3.3
[INFO] [stderr]    Compiling getrandom v0.2.4
[INFO] [stderr]    Compiling deflate v0.8.6
[INFO] [stderr]    Compiling miniz_oxide v0.3.7
[INFO] [stderr]    Compiling proc-macro-error v1.0.4
[INFO] [stderr]    Compiling serde v1.0.136
[INFO] [stderr]    Compiling color_quant v1.1.0
[INFO] [stderr]    Compiling pathfinder_simd v0.5.1
[INFO] [stderr]    Compiling rand_core v0.6.3
[INFO] [stderr]    Compiling num-bigint v0.4.3
[INFO] [stderr]    Compiling dirs-sys-next v0.1.2
[INFO] [stderr]    Compiling png v0.16.8
[INFO] [stderr]    Compiling indexmap v1.8.0
[INFO] [stderr]    Compiling jpeg-decoder v0.1.22
[INFO] [stderr]    Compiling plotters-backend v0.3.2
[INFO] [stderr]    Compiling bytemuck v1.7.3
[INFO] [stderr]    Compiling same-file v1.0.6
[INFO] [stderr]    Compiling weezl v0.1.5
[INFO] [stderr]    Compiling walkdir v2.3.2
[INFO] [stderr]    Compiling pathfinder_geometry v0.5.1
[INFO] [stderr]    Compiling rand_chacha v0.3.1
[INFO] [stderr]    Compiling gif v0.11.3
[INFO] [stderr]    Compiling image v0.23.14
[INFO] [stderr]    Compiling num-rational v0.4.0
[INFO] [stderr]    Compiling dirs-next v2.0.0
[INFO] [stderr]    Compiling servo-fontconfig v0.5.1
[INFO] [stderr]    Compiling freetype v0.7.0
[INFO] [stderr]    Compiling time v0.1.44
[INFO] [stderr]    Compiling num-complex v0.4.0
[INFO] [stderr]    Compiling float-ord v0.2.0
[INFO] [stderr]    Compiling heck v0.4.0
[INFO] [stderr]    Compiling regex-automata v0.1.10
[INFO] [stderr]    Compiling hashbrown v0.11.2
[INFO] [stderr]    Compiling font-kit v0.10.1
[INFO] [stderr]    Compiling chrono v0.4.19
[INFO] [stderr]    Compiling rand v0.8.4
[INFO] [stderr]    Compiling num v0.4.0
[INFO] [stderr]    Compiling plotters-svg v0.3.1
[INFO] [stderr]    Compiling csv-core v0.1.10
[INFO] [stderr]    Compiling os_str_bytes v6.0.0
[INFO] [stderr]    Compiling atty v0.2.14
[INFO] [stderr]    Compiling termcolor v1.1.2
[INFO] [stderr]    Compiling ttf-parser v0.12.3
[INFO] [stderr]    Compiling textwrap v0.14.2
[INFO] [stderr]    Compiling strsim v0.10.0
[INFO] [stderr]    Compiling plotters-bitmap v0.3.1
[INFO] [stderr]    Compiling ryu v1.0.9
[INFO] [stderr]    Compiling itoa v0.4.8
[INFO] [stderr]    Compiling approx v0.5.0
[INFO] [stderr]    Compiling mathbox v0.2.0 (/opt/rustwide/workdir)
[INFO] [stderr]    Compiling clap_derive v3.0.12
[INFO] [stderr]    Compiling bstr v0.2.17
[INFO] [stderr]    Compiling plotters v0.3.1
[INFO] [stderr]    Compiling csv v1.1.6
[INFO] [stderr]    Compiling clap v3.0.13
[INFO] [stderr]     Finished `test` profile [unoptimized + debuginfo] target(s) in 1m 03s
[INFO] running `Command { std: "docker" "inspect" "6c692601b5a0785f29a49da5209dc20e5707a6da679d29d973597362658969c2", kill_on_drop: false }`
[INFO] running `Command { std: "docker" "rm" "-f" "6c692601b5a0785f29a49da5209dc20e5707a6da679d29d973597362658969c2", kill_on_drop: false }`
[INFO] [stdout] 6c692601b5a0785f29a49da5209dc20e5707a6da679d29d973597362658969c2
[INFO] running `Command { std: "docker" "create" "-v" "/var/lib/crater-agent-workspace/builds/worker-1-tc2/target:/opt/rustwide/target:rw,Z" "-v" "/var/lib/crater-agent-workspace/builds/worker-1-tc2/source:/opt/rustwide/workdir:ro,Z" "-v" "/var/lib/crater-agent-workspace/cargo-home:/opt/rustwide/cargo-home:ro,Z" "-v" "/var/lib/crater-agent-workspace/rustup-home:/opt/rustwide/rustup-home:ro,Z" "-e" "SOURCE_DIR=/opt/rustwide/workdir" "-e" "CARGO_TARGET_DIR=/opt/rustwide/target" "-e" "CARGO_INCREMENTAL=0" "-e" "RUST_BACKTRACE=full" "-e" "RUSTFLAGS=--cap-lints=warn" "-e" "RUSTDOCFLAGS=--cap-lints=warn" "-e" "CARGO_HOME=/opt/rustwide/cargo-home" "-e" "RUSTUP_HOME=/opt/rustwide/rustup-home" "-w" "/opt/rustwide/workdir" "-m" "1610612736" "--user" "0:0" "--network" "none" "ghcr.io/rust-lang/crates-build-env/linux@sha256:f3a9d4ad9d972b27faf3965f35b62e55ba32bbce8f20bc8fe909558a86702fde" "/opt/rustwide/cargo-home/bin/cargo" "+beta-2024-12-08" "test" "--frozen", kill_on_drop: false }`
[INFO] [stdout] aef14cdd5e525c319e38b9f91c197678ddd0e30cdf8f0a063fc62d4a85558f21
[INFO] running `Command { std: "docker" "start" "-a" "aef14cdd5e525c319e38b9f91c197678ddd0e30cdf8f0a063fc62d4a85558f21", kill_on_drop: false }`
[INFO] [stderr]     Finished `test` profile [unoptimized + debuginfo] target(s) in 0.14s
[INFO] [stderr]      Running unittests src/lib.rs (/opt/rustwide/target/debug/deps/mathbox-26d43f0184ca1a73)
[INFO] [stdout] 
[INFO] [stdout] running 30 tests
[INFO] [stdout] test app::signal::change_points::tests::test_calculate_t_stats ... ok
[INFO] [stdout] test app::signal::transform::tests::test_dft1 ... ok
[INFO] [stdout] test app::signal::filter::tests::test_moving_median ... ok
[INFO] [stdout] test app::signal::outlier::tests::test_iqr_outlier ... ok
[INFO] [stdout] test app::signal::outlier::tests::test_normal_outlier ... ok
[INFO] [stdout] test app::signal::filter::tests::test_moving_average ... ok
[INFO] [stdout] test app::signal::transform::tests::test_dft ... ok
[INFO] [stdout] test app::signal::transform::tests::test_idft ... ok
[INFO] [stdout] test na::interpolation::tests::test_point_linear_interp ... ok
[INFO] [stdout] test na::interpolation::tests::test_series_linear_interp ... ok
[INFO] [stdout] test app::signal::transform::tests::test_rdft ... ok
[INFO] [stdout] test na::differentiation::tests::test_diff ... ok
[INFO] [stdout] test opt::utils::tests::test_argsort ... ok
[INFO] [stdout] test stats::estimator::tests::test_energy_distatns ... ok
[INFO] [stdout] test stats::estimator::tests::test_mean ... ok
[INFO] [stdout] test opt::utils::tests::test_argmax ... ok
[INFO] [stdout] test stats::estimator::tests::test_median ... ok
[INFO] [stdout] test stats::estimator::tests::test_pairwise_distance_sumavg ... ok
[INFO] [stdout] test stats::estimator::tests::test_pcc ... ok
[INFO] [stdout] test stats::estimator::tests::test_pearson_correlation_coefficient ... ok
[INFO] [stdout] test stats::estimator::tests::test_std ... ok
[INFO] [stdout] test stats::estimator::tests::test_var ... ok
[INFO] [stdout] test app::signal::transform::tests::test_dftfreq ... ok
[INFO] [stdout] test opt::utils::tests::test_local_max ... ok
[INFO] [stdout] test app::signal::transform::tests::test_irdft ... ok
[INFO] [stdout] test app::signal::change_points::tests::test_e_divisive ... ok
[INFO] [stdout] test app::signal::filter::tests::test_dft_filter_lowpass ... FAILED
[INFO] [stdout] test stats::estimator::tests::test_mean_panic - should panic ... ok
[INFO] [stdout] test stats::estimator::tests::test_var_panic - should panic ... ok
[INFO] [stdout] test stats::hypothesis_testing::tests::test_permutation_test ... ok
[INFO] [stdout] 
[INFO] [stdout] failures:
[INFO] [stdout] 
[INFO] [stdout] ---- app::signal::filter::tests::test_dft_filter_lowpass stdout ----
[INFO] [stdout] thread 'app::signal::filter::tests::test_dft_filter_lowpass' panicked at src/app/signal/filter.rs:166:13:
[INFO] [stdout] assert_relative_eq!(result[i], expected[i])
[INFO] [stdout] 
[INFO] [stdout]     left  = 3.4049979717345265
[INFO] [stdout]     right = 3.4049979717345273
[INFO] [stdout] 
[INFO] [stdout] 
[INFO] [stdout] stack backtrace:
[INFO] [stdout]    0:     0x61cb24b68f1a - std::backtrace_rs::backtrace::libunwind::trace::h8810477743020387
[INFO] [stdout]                                at /rustc/202008a1b8de96d2e5b6bc02d379db03a877d34d/library/std/src/../../backtrace/src/backtrace/libunwind.rs:116:5
[INFO] [stdout]    1:     0x61cb24b68f1a - std::backtrace_rs::backtrace::trace_unsynchronized::h3aa55355dd6c54a6
[INFO] [stdout]                                at /rustc/202008a1b8de96d2e5b6bc02d379db03a877d34d/library/std/src/../../backtrace/src/backtrace/mod.rs:66:5
[INFO] [stdout]    2:     0x61cb24b68f1a - std::sys::backtrace::_print_fmt::h8588b0f62410823f
[INFO] [stdout]                                at /rustc/202008a1b8de96d2e5b6bc02d379db03a877d34d/library/std/src/sys/backtrace.rs:66:9
[INFO] [stdout]    3:     0x61cb24b68f1a - <std::sys::backtrace::BacktraceLock::print::DisplayBacktrace as core::fmt::Display>::fmt::h98c26ac25ffe89bb
[INFO] [stdout]                                at /rustc/202008a1b8de96d2e5b6bc02d379db03a877d34d/library/std/src/sys/backtrace.rs:39:26
[INFO] [stdout]    4:     0x61cb24b8edd3 - core::fmt::rt::Argument::fmt::hf95377f4aebd453b
[INFO] [stdout]                                at /rustc/202008a1b8de96d2e5b6bc02d379db03a877d34d/library/core/src/fmt/rt.rs:177:76
[INFO] [stdout]    5:     0x61cb24b8edd3 - core::fmt::write::h0dd5f6e2238c7982
[INFO] [stdout]                                at /rustc/202008a1b8de96d2e5b6bc02d379db03a877d34d/library/core/src/fmt/mod.rs:1189:21
[INFO] [stdout]    6:     0x61cb24b660b3 - std::io::Write::write_fmt::h03bb0ca26e6faf8c
[INFO] [stdout]                                at /rustc/202008a1b8de96d2e5b6bc02d379db03a877d34d/library/std/src/io/mod.rs:1884:15
[INFO] [stdout]    7:     0x61cb24b68d62 - std::sys::backtrace::BacktraceLock::print::h5c19c1c038ee186d
[INFO] [stdout]                                at /rustc/202008a1b8de96d2e5b6bc02d379db03a877d34d/library/std/src/sys/backtrace.rs:42:9
[INFO] [stdout]    8:     0x61cb24b6a39d - std::panicking::default_hook::{{closure}}::h77172f079a1fcb13
[INFO] [stdout]                                at /rustc/202008a1b8de96d2e5b6bc02d379db03a877d34d/library/std/src/panicking.rs:268:22
[INFO] [stdout]    9:     0x61cb24b6a1a7 - std::panicking::default_hook::he5f8e3b203ccddba
[INFO] [stdout]                                at /rustc/202008a1b8de96d2e5b6bc02d379db03a877d34d/library/std/src/panicking.rs:292:9
[INFO] [stdout]   10:     0x61cb24af7a47 - <alloc::boxed::Box<F,A> as core::ops::function::Fn<Args>>::call::h7a3c7b4a1ae77f2f
[INFO] [stdout]                                at /rustc/202008a1b8de96d2e5b6bc02d379db03a877d34d/library/alloc/src/boxed.rs:1986:9
[INFO] [stdout]   11:     0x61cb24af7a47 - test::test_main::{{closure}}::hf0d3b69ae9b353d1
[INFO] [stdout]                                at /rustc/202008a1b8de96d2e5b6bc02d379db03a877d34d/library/test/src/lib.rs:134:21
[INFO] [stdout]   12:     0x61cb24b6aa48 - <alloc::boxed::Box<F,A> as core::ops::function::Fn<Args>>::call::h6332e82e7b189abd
[INFO] [stdout]                                at /rustc/202008a1b8de96d2e5b6bc02d379db03a877d34d/library/alloc/src/boxed.rs:1986:9
[INFO] [stdout]   13:     0x61cb24b6aa48 - std::panicking::rust_panic_with_hook::h53863d4e9018df39
[INFO] [stdout]                                at /rustc/202008a1b8de96d2e5b6bc02d379db03a877d34d/library/std/src/panicking.rs:809:13
[INFO] [stdout]   14:     0x61cb24b6a80a - std::panicking::begin_panic_handler::{{closure}}::h67280e6fa0757873
[INFO] [stdout]                                at /rustc/202008a1b8de96d2e5b6bc02d379db03a877d34d/library/std/src/panicking.rs:674:13
[INFO] [stdout]   15:     0x61cb24b693f9 - std::sys::backtrace::__rust_end_short_backtrace::h1dac3f54d6fbbeb2
[INFO] [stdout]                                at /rustc/202008a1b8de96d2e5b6bc02d379db03a877d34d/library/std/src/sys/backtrace.rs:170:18
[INFO] [stdout]   16:     0x61cb24b6a49c - rust_begin_unwind
[INFO] [stdout]                                at /rustc/202008a1b8de96d2e5b6bc02d379db03a877d34d/library/std/src/panicking.rs:665:5
[INFO] [stdout]   17:     0x61cb24a4e060 - core::panicking::panic_fmt::h6792bd1b2bf01041
[INFO] [stdout]                                at /rustc/202008a1b8de96d2e5b6bc02d379db03a877d34d/library/core/src/panicking.rs:76:14
[INFO] [stdout]   18:     0x61cb24ab289e - mathbox::app::signal::filter::tests::test_dft_filter_lowpass::h6b616aba83959479
[INFO] [stdout]                                at /opt/rustwide/workdir/src/app/signal/filter.rs:166:13
[INFO] [stdout]   19:     0x61cb24ab1697 - mathbox::app::signal::filter::tests::test_dft_filter_lowpass::{{closure}}::h192a3591d2bc5b66
[INFO] [stdout]                                at /opt/rustwide/workdir/src/app/signal/filter.rs:142:33
[INFO] [stdout]   20:     0x61cb24a902a6 - core::ops::function::FnOnce::call_once::hff3995ead1fde9c3
[INFO] [stdout]                                at /rustc/202008a1b8de96d2e5b6bc02d379db03a877d34d/library/core/src/ops/function.rs:250:5
[INFO] [stdout]   21:     0x61cb24afc56b - core::ops::function::FnOnce::call_once::h871bf86719ec9aa4
[INFO] [stdout]                                at /rustc/202008a1b8de96d2e5b6bc02d379db03a877d34d/library/core/src/ops/function.rs:250:5
[INFO] [stdout]   22:     0x61cb24afc56b - test::__rust_begin_short_backtrace::h2167df1e2b7d76fd
[INFO] [stdout]                                at /rustc/202008a1b8de96d2e5b6bc02d379db03a877d34d/library/test/src/lib.rs:632:18
[INFO] [stdout]   23:     0x61cb24afbf58 - test::run_test_in_process::{{closure}}::h15d92f75a3adfb79
[INFO] [stdout]                                at /rustc/202008a1b8de96d2e5b6bc02d379db03a877d34d/library/test/src/lib.rs:655:60
[INFO] [stdout]   24:     0x61cb24afbf58 - <core::panic::unwind_safe::AssertUnwindSafe<F> as core::ops::function::FnOnce<()>>::call_once::hb6c8955835a8dbbb
[INFO] [stdout]                                at /rustc/202008a1b8de96d2e5b6bc02d379db03a877d34d/library/core/src/panic/unwind_safe.rs:272:9
[INFO] [stdout]   25:     0x61cb24afbf58 - std::panicking::try::do_call::hc79d0fc888a0bd30
[INFO] [stdout]                                at /rustc/202008a1b8de96d2e5b6bc02d379db03a877d34d/library/std/src/panicking.rs:557:40
[INFO] [stdout]   26:     0x61cb24afbf58 - std::panicking::try::hb8a7878e3a8589d6
[INFO] [stdout]                                at /rustc/202008a1b8de96d2e5b6bc02d379db03a877d34d/library/std/src/panicking.rs:520:19
[INFO] [stdout]   27:     0x61cb24afbf58 - std::panic::catch_unwind::hb8e4600ff0ff5cfa
[INFO] [stdout]                                at /rustc/202008a1b8de96d2e5b6bc02d379db03a877d34d/library/std/src/panic.rs:358:14
[INFO] [stdout]   28:     0x61cb24afbf58 - test::run_test_in_process::hc2900b0b18688dd6
[INFO] [stdout]                                at /rustc/202008a1b8de96d2e5b6bc02d379db03a877d34d/library/test/src/lib.rs:655:27
[INFO] [stdout]   29:     0x61cb24afbf58 - test::run_test::{{closure}}::hac2a9cb07be3d48d
[INFO] [stdout]                                at /rustc/202008a1b8de96d2e5b6bc02d379db03a877d34d/library/test/src/lib.rs:576:43
[INFO] [stdout]   30:     0x61cb24abf9fa - test::run_test::{{closure}}::h4a5b729e66a38cd8
[INFO] [stdout]                                at /rustc/202008a1b8de96d2e5b6bc02d379db03a877d34d/library/test/src/lib.rs:606:41
[INFO] [stdout]   31:     0x61cb24abf9fa - std::sys::backtrace::__rust_begin_short_backtrace::h0496fb742492f573
[INFO] [stdout]                                at /rustc/202008a1b8de96d2e5b6bc02d379db03a877d34d/library/std/src/sys/backtrace.rs:154:18
[INFO] [stdout]   32:     0x61cb24ac3374 - std::thread::Builder::spawn_unchecked_::{{closure}}::{{closure}}::hbb6d257c550a54bd
[INFO] [stdout]                                at /rustc/202008a1b8de96d2e5b6bc02d379db03a877d34d/library/std/src/thread/mod.rs:561:17
[INFO] [stdout]   33:     0x61cb24ac3374 - <core::panic::unwind_safe::AssertUnwindSafe<F> as core::ops::function::FnOnce<()>>::call_once::h46696fe4a6832328
[INFO] [stdout]                                at /rustc/202008a1b8de96d2e5b6bc02d379db03a877d34d/library/core/src/panic/unwind_safe.rs:272:9
[INFO] [stdout]   34:     0x61cb24ac3374 - std::panicking::try::do_call::h2625a51b667bfb64
[INFO] [stdout]                                at /rustc/202008a1b8de96d2e5b6bc02d379db03a877d34d/library/std/src/panicking.rs:557:40
[INFO] [stdout]   35:     0x61cb24ac3374 - std::panicking::try::hb956a59a1973aa4c
[INFO] [stdout]                                at /rustc/202008a1b8de96d2e5b6bc02d379db03a877d34d/library/std/src/panicking.rs:520:19
[INFO] [stdout]   36:     0x61cb24ac3374 - std::panic::catch_unwind::h64f3b9d1067ef6a0
[INFO] [stdout]                                at /rustc/202008a1b8de96d2e5b6bc02d379db03a877d34d/library/std/src/panic.rs:358:14
[INFO] [stdout]   37:     0x61cb24ac3374 - std::thread::Builder::spawn_unchecked_::{{closure}}::h42b2841295b6c0b2
[INFO] [stdout]                                at /rustc/202008a1b8de96d2e5b6bc02d379db03a877d34d/library/std/src/thread/mod.rs:559:30
[INFO] [stdout]   38:     0x61cb24ac3374 - core::ops::function::FnOnce::call_once{{vtable.shim}}::h6127de71b8124639
[INFO] [stdout]                                at /rustc/202008a1b8de96d2e5b6bc02d379db03a877d34d/library/core/src/ops/function.rs:250:5
[INFO] [stdout]   39:     0x61cb24b6e98b - <alloc::boxed::Box<F,A> as core::ops::function::FnOnce<Args>>::call_once::h42f0ba71002a1b2c
[INFO] [stdout]                                at /rustc/202008a1b8de96d2e5b6bc02d379db03a877d34d/library/alloc/src/boxed.rs:1972:9
[INFO] [stdout]   40:     0x61cb24b6e98b - <alloc::boxed::Box<F,A> as core::ops::function::FnOnce<Args>>::call_once::had9e47d7a3dcecb8
[INFO] [stdout]                                at /rustc/202008a1b8de96d2e5b6bc02d379db03a877d34d/library/alloc/src/boxed.rs:1972:9
[INFO] [stdout]   41:     0x61cb24b6e98b - std::sys::pal::unix::thread::Thread::new::thread_start::h48cf765408f6f5f2
[INFO] [stdout]                                at /rustc/202008a1b8de96d2e5b6bc02d379db03a877d34d/library/std/src/sys/pal/unix/thread.rs:105:17
[INFO] [stdout]   42:     0x7fc5766a9ac3 - <unknown>
[INFO] [stdout]   43:     0x7fc57673aa04 - clone
[INFO] [stdout]   44:                0x0 - <unknown>
[INFO] [stdout] 
[INFO] [stdout] 
[INFO] [stdout] failures:
[INFO] [stdout]     app::signal::filter::tests::test_dft_filter_lowpass
[INFO] [stdout] 
[INFO] [stdout] test result: FAILED. 29 passed; 1 failed; 0 ignored; 0 measured; 0 filtered out; finished in 0.16s
[INFO] [stdout] 
[INFO] [stderr] error: test failed, to rerun pass `--lib`
[INFO] running `Command { std: "docker" "inspect" "aef14cdd5e525c319e38b9f91c197678ddd0e30cdf8f0a063fc62d4a85558f21", kill_on_drop: false }`
[INFO] running `Command { std: "docker" "rm" "-f" "aef14cdd5e525c319e38b9f91c197678ddd0e30cdf8f0a063fc62d4a85558f21", kill_on_drop: false }`
[INFO] [stdout] aef14cdd5e525c319e38b9f91c197678ddd0e30cdf8f0a063fc62d4a85558f21
