[INFO] fetching crate match_err 0.1.9...
[INFO] testing match_err-0.1.9 against 1.83.0 for beta-1.84.0-4-retry
[INFO] extracting crate match_err 0.1.9 into /workspace/builds/worker-2-tc1/source
[INFO] validating manifest of crates.io crate match_err 0.1.9 on toolchain 1.83.0
[INFO] running `Command { std: CARGO_HOME="/workspace/cargo-home" RUSTUP_HOME="/workspace/rustup-home" "/workspace/cargo-home/bin/cargo" "+1.83.0" "metadata" "--manifest-path" "Cargo.toml" "--no-deps", kill_on_drop: false }`
[INFO] started tweaking crates.io crate match_err 0.1.9
[INFO] finished tweaking crates.io crate match_err 0.1.9
[INFO] tweaked toml for crates.io crate match_err 0.1.9 written to /workspace/builds/worker-2-tc1/source/Cargo.toml
[INFO] running `Command { std: CARGO_HOME="/workspace/cargo-home" RUSTUP_HOME="/workspace/rustup-home" "/workspace/cargo-home/bin/cargo" "+1.83.0" "generate-lockfile" "--manifest-path" "Cargo.toml", kill_on_drop: false }`
[INFO] [stderr]     Updating crates.io index
[INFO] [stderr]      Locking 7 packages to latest compatible versions
[INFO] [stderr]       Adding thiserror v1.0.69 (available: v2.0.7)
[INFO] running `Command { std: CARGO_HOME="/workspace/cargo-home" RUSTUP_HOME="/workspace/rustup-home" "/workspace/cargo-home/bin/cargo" "+1.83.0" "fetch" "--manifest-path" "Cargo.toml", kill_on_drop: false }`
[INFO] running `Command { std: "docker" "create" "-v" "/var/lib/crater-agent-workspace/builds/worker-2-tc1/target:/opt/rustwide/target:rw,Z" "-v" "/var/lib/crater-agent-workspace/builds/worker-2-tc1/source:/opt/rustwide/workdir:ro,Z" "-v" "/var/lib/crater-agent-workspace/cargo-home:/opt/rustwide/cargo-home:ro,Z" "-v" "/var/lib/crater-agent-workspace/rustup-home:/opt/rustwide/rustup-home:ro,Z" "-e" "SOURCE_DIR=/opt/rustwide/workdir" "-e" "CARGO_TARGET_DIR=/opt/rustwide/target" "-e" "CARGO_HOME=/opt/rustwide/cargo-home" "-e" "RUSTUP_HOME=/opt/rustwide/rustup-home" "-w" "/opt/rustwide/workdir" "-m" "1610612736" "--user" "0:0" "--network" "none" "ghcr.io/rust-lang/crates-build-env/linux@sha256:f3a9d4ad9d972b27faf3965f35b62e55ba32bbce8f20bc8fe909558a86702fde" "/opt/rustwide/cargo-home/bin/cargo" "+1.83.0" "metadata" "--no-deps" "--format-version=1", kill_on_drop: false }`
[INFO] [stdout] f6af2d441ffe9127140acfa4e889e5f58cb10899682607a68ea9903b8e366146
[INFO] running `Command { std: "docker" "start" "-a" "f6af2d441ffe9127140acfa4e889e5f58cb10899682607a68ea9903b8e366146", kill_on_drop: false }`
[INFO] running `Command { std: "docker" "inspect" "f6af2d441ffe9127140acfa4e889e5f58cb10899682607a68ea9903b8e366146", kill_on_drop: false }`
[INFO] running `Command { std: "docker" "rm" "-f" "f6af2d441ffe9127140acfa4e889e5f58cb10899682607a68ea9903b8e366146", kill_on_drop: false }`
[INFO] [stdout] f6af2d441ffe9127140acfa4e889e5f58cb10899682607a68ea9903b8e366146
[INFO] running `Command { std: "docker" "create" "-v" "/var/lib/crater-agent-workspace/builds/worker-2-tc1/target:/opt/rustwide/target:rw,Z" "-v" "/var/lib/crater-agent-workspace/builds/worker-2-tc1/source:/opt/rustwide/workdir:ro,Z" "-v" "/var/lib/crater-agent-workspace/cargo-home:/opt/rustwide/cargo-home:ro,Z" "-v" "/var/lib/crater-agent-workspace/rustup-home:/opt/rustwide/rustup-home:ro,Z" "-e" "SOURCE_DIR=/opt/rustwide/workdir" "-e" "CARGO_TARGET_DIR=/opt/rustwide/target" "-e" "CARGO_INCREMENTAL=0" "-e" "RUST_BACKTRACE=full" "-e" "RUSTFLAGS=--cap-lints=warn" "-e" "RUSTDOCFLAGS=--cap-lints=warn" "-e" "CARGO_HOME=/opt/rustwide/cargo-home" "-e" "RUSTUP_HOME=/opt/rustwide/rustup-home" "-w" "/opt/rustwide/workdir" "-m" "1610612736" "--user" "0:0" "--network" "none" "ghcr.io/rust-lang/crates-build-env/linux@sha256:f3a9d4ad9d972b27faf3965f35b62e55ba32bbce8f20bc8fe909558a86702fde" "/opt/rustwide/cargo-home/bin/cargo" "+1.83.0" "build" "--frozen" "--message-format=json", kill_on_drop: false }`
[INFO] [stdout] 9f755dc65907196378450989c71407164f53a5c8224bddfb186146a2dc3b6eae
[INFO] running `Command { std: "docker" "start" "-a" "9f755dc65907196378450989c71407164f53a5c8224bddfb186146a2dc3b6eae", kill_on_drop: false }`
[INFO] [stderr]    Compiling match_err v0.1.9 (/opt/rustwide/workdir)
[INFO] [stderr]     Finished `dev` profile [unoptimized + debuginfo] target(s) in 0.23s
[INFO] running `Command { std: "docker" "inspect" "9f755dc65907196378450989c71407164f53a5c8224bddfb186146a2dc3b6eae", kill_on_drop: false }`
[INFO] running `Command { std: "docker" "rm" "-f" "9f755dc65907196378450989c71407164f53a5c8224bddfb186146a2dc3b6eae", kill_on_drop: false }`
[INFO] [stdout] 9f755dc65907196378450989c71407164f53a5c8224bddfb186146a2dc3b6eae
[INFO] running `Command { std: "docker" "create" "-v" "/var/lib/crater-agent-workspace/builds/worker-2-tc1/target:/opt/rustwide/target:rw,Z" "-v" "/var/lib/crater-agent-workspace/builds/worker-2-tc1/source:/opt/rustwide/workdir:ro,Z" "-v" "/var/lib/crater-agent-workspace/cargo-home:/opt/rustwide/cargo-home:ro,Z" "-v" "/var/lib/crater-agent-workspace/rustup-home:/opt/rustwide/rustup-home:ro,Z" "-e" "SOURCE_DIR=/opt/rustwide/workdir" "-e" "CARGO_TARGET_DIR=/opt/rustwide/target" "-e" "CARGO_INCREMENTAL=0" "-e" "RUST_BACKTRACE=full" "-e" "RUSTFLAGS=--cap-lints=warn" "-e" "RUSTDOCFLAGS=--cap-lints=warn" "-e" "CARGO_HOME=/opt/rustwide/cargo-home" "-e" "RUSTUP_HOME=/opt/rustwide/rustup-home" "-w" "/opt/rustwide/workdir" "-m" "1610612736" "--user" "0:0" "--network" "none" "ghcr.io/rust-lang/crates-build-env/linux@sha256:f3a9d4ad9d972b27faf3965f35b62e55ba32bbce8f20bc8fe909558a86702fde" "/opt/rustwide/cargo-home/bin/cargo" "+1.83.0" "test" "--frozen" "--no-run" "--message-format=json", kill_on_drop: false }`
[INFO] [stdout] ddd1a4d02b5f0a0373dd3be8a48751f979ea27f5fd5d2b76696e052ebd9b8d2e
[INFO] running `Command { std: "docker" "start" "-a" "ddd1a4d02b5f0a0373dd3be8a48751f979ea27f5fd5d2b76696e052ebd9b8d2e", kill_on_drop: false }`
[INFO] [stderr]    Compiling proc-macro2 v1.0.92
[INFO] [stderr]    Compiling unicode-ident v1.0.14
[INFO] [stderr]    Compiling anyhow v1.0.94
[INFO] [stderr]    Compiling thiserror v1.0.69
[INFO] [stderr]    Compiling quote v1.0.37
[INFO] [stderr]    Compiling syn v2.0.90
[INFO] [stderr]    Compiling thiserror-impl v1.0.69
[INFO] [stderr]    Compiling match_err v0.1.9 (/opt/rustwide/workdir)
[INFO] [stderr]     Finished `test` profile [unoptimized + debuginfo] target(s) in 6.89s
[INFO] running `Command { std: "docker" "inspect" "ddd1a4d02b5f0a0373dd3be8a48751f979ea27f5fd5d2b76696e052ebd9b8d2e", kill_on_drop: false }`
[INFO] running `Command { std: "docker" "rm" "-f" "ddd1a4d02b5f0a0373dd3be8a48751f979ea27f5fd5d2b76696e052ebd9b8d2e", kill_on_drop: false }`
[INFO] [stdout] ddd1a4d02b5f0a0373dd3be8a48751f979ea27f5fd5d2b76696e052ebd9b8d2e
[INFO] running `Command { std: "docker" "create" "-v" "/var/lib/crater-agent-workspace/builds/worker-2-tc1/target:/opt/rustwide/target:rw,Z" "-v" "/var/lib/crater-agent-workspace/builds/worker-2-tc1/source:/opt/rustwide/workdir:ro,Z" "-v" "/var/lib/crater-agent-workspace/cargo-home:/opt/rustwide/cargo-home:ro,Z" "-v" "/var/lib/crater-agent-workspace/rustup-home:/opt/rustwide/rustup-home:ro,Z" "-e" "SOURCE_DIR=/opt/rustwide/workdir" "-e" "CARGO_TARGET_DIR=/opt/rustwide/target" "-e" "CARGO_INCREMENTAL=0" "-e" "RUST_BACKTRACE=full" "-e" "RUSTFLAGS=--cap-lints=warn" "-e" "RUSTDOCFLAGS=--cap-lints=warn" "-e" "CARGO_HOME=/opt/rustwide/cargo-home" "-e" "RUSTUP_HOME=/opt/rustwide/rustup-home" "-w" "/opt/rustwide/workdir" "-m" "1610612736" "--user" "0:0" "--network" "none" "ghcr.io/rust-lang/crates-build-env/linux@sha256:f3a9d4ad9d972b27faf3965f35b62e55ba32bbce8f20bc8fe909558a86702fde" "/opt/rustwide/cargo-home/bin/cargo" "+1.83.0" "test" "--frozen", kill_on_drop: false }`
[INFO] [stdout] 4586140c359223e0907c890cff4cc72b1dcef52fb3a984520265370e2d876836
[INFO] running `Command { std: "docker" "start" "-a" "4586140c359223e0907c890cff4cc72b1dcef52fb3a984520265370e2d876836", kill_on_drop: false }`
[INFO] [stderr]     Finished `test` profile [unoptimized + debuginfo] target(s) in 0.02s
[INFO] [stderr]      Running unittests src/lib.rs (/opt/rustwide/target/debug/deps/match_err-f0804c86ebeabec6)
[INFO] [stdout] 
[INFO] [stdout] running 0 tests
[INFO] [stdout] 
[INFO] [stdout] test result: ok. 0 passed; 0 failed; 0 ignored; 0 measured; 0 filtered out; finished in 0.00s
[INFO] [stderr]    Doc-tests match_err
[INFO] [stdout] 
[INFO] [stdout] 
[INFO] [stdout] running 6 tests
[INFO] [stdout] test src/lib.rs - (line 6) ... FAILED
[INFO] [stdout] test src/lib.rs - assert_if_error (line 143) ... ok
[INFO] [stdout] test src/lib.rs - (line 18) ... ok
[INFO] [stdout] test src/lib.rs - match_err (line 43) ... ok
[INFO] [stdout] test src/lib.rs - match_if_err (line 95) ... ok
[INFO] [stderr] error: doctest failed, to rerun pass `--doc`
[INFO] [stdout] test src/lib.rs - assert_error (line 178) ... ok
[INFO] [stdout] 
[INFO] [stdout] failures:
[INFO] [stdout] 
[INFO] [stdout] ---- src/lib.rs - (line 6) stdout ----
[INFO] [stdout] error: unexpected `...`
[INFO] [stdout]  --> src/lib.rs:10:13
[INFO] [stdout]   |
[INFO] [stdout] 6 |             ...
[INFO] [stdout]   |             ^^^ not a valid pattern
[INFO] [stdout]   |
[INFO] [stdout] help: for a rest pattern, use `..` instead of `...`
[INFO] [stdout]   |
[INFO] [stdout] 6 -             ...
[INFO] [stdout] 6 +             ..
[INFO] [stdout]   |
[INFO] [stdout] 
[INFO] [stdout] error[E0425]: cannot find value `err` in this scope
[INFO] [stdout]  --> src/lib.rs:7:17
[INFO] [stdout]   |
[INFO] [stdout] 3 | if let Err(e) = err {
[INFO] [stdout]   |                 ^^^ help: a tuple variant with a similar name exists: `Err`
[INFO] [stdout]  --> /rustc/90b35a6239c3d8bdabc530a6a0816f7ff89a0aaf/library/core/src/result.rs:536:5
[INFO] [stdout]   |
[INFO] [stdout]   = note: similarly named tuple variant `Err` defined here
[INFO] [stdout] 
[INFO] [stdout] error[E0412]: cannot find type `Error` in this scope
[INFO] [stdout]  --> src/lib.rs:8:39
[INFO] [stdout]   |
[INFO] [stdout] 4 |     if let Some(e) = e.downcast_ref::<Error>() {
[INFO] [stdout]   |                                       ^^^^^ not found in this scope
[INFO] [stdout]   |
[INFO] [stdout] help: consider importing one of these items
[INFO] [stdout]   |
[INFO] [stdout] 2 + use std::error::Error;
[INFO] [stdout]   |
[INFO] [stdout] 2 + use std::fmt::Error;
[INFO] [stdout]   |
[INFO] [stdout] 2 + use std::io::Error;
[INFO] [stdout]   |
[INFO] [stdout] 2 + use core::error::Error;
[INFO] [stdout]   |
[INFO] [stdout]     and 2 other candidates
[INFO] [stdout] 
[INFO] [stdout] error: `match` arm with no body
[INFO] [stdout]  --> src/lib.rs:10:13
[INFO] [stdout]   |
[INFO] [stdout] 6 |             ...
[INFO] [stdout]   |             ^^^- help: add a body after the pattern: `=> todo!(),`
[INFO] [stdout] 
[INFO] [stdout] error: `..` patterns are not allowed here
[INFO] [stdout]  --> src/lib.rs:10:13
[INFO] [stdout]   |
[INFO] [stdout] 6 |             ...
[INFO] [stdout]   |             ^^^
[INFO] [stdout]   |
[INFO] [stdout]   = note: only allowed in tuple, tuple struct, and slice patterns
[INFO] [stdout] 
[INFO] [stdout] error: aborting due to 5 previous errors
[INFO] [stdout] 
[INFO] [stdout] Some errors have detailed explanations: E0412, E0425.
[INFO] [stdout] For more information about an error, try `rustc --explain E0412`.
[INFO] [stdout] Couldn't compile the test.
[INFO] [stdout] 
[INFO] [stdout] failures:
[INFO] [stdout]     src/lib.rs - (line 6)
[INFO] [stdout] 
[INFO] [stdout] test result: FAILED. 5 passed; 1 failed; 0 ignored; 0 measured; 0 filtered out; finished in 0.75s
[INFO] [stdout] 
[INFO] running `Command { std: "docker" "inspect" "4586140c359223e0907c890cff4cc72b1dcef52fb3a984520265370e2d876836", kill_on_drop: false }`
[INFO] running `Command { std: "docker" "rm" "-f" "4586140c359223e0907c890cff4cc72b1dcef52fb3a984520265370e2d876836", kill_on_drop: false }`
[INFO] [stdout] 4586140c359223e0907c890cff4cc72b1dcef52fb3a984520265370e2d876836
