[INFO] fetching crate markov_rope 0.1.0...
[INFO] testing markov_rope-0.1.0 against beta-2024-12-08 for beta-1.84.0-4-retry
[INFO] extracting crate markov_rope 0.1.0 into /workspace/builds/worker-0-tc2/source
[INFO] validating manifest of crates.io crate markov_rope 0.1.0 on toolchain beta-2024-12-08
[INFO] running `Command { std: CARGO_HOME="/workspace/cargo-home" RUSTUP_HOME="/workspace/rustup-home" "/workspace/cargo-home/bin/cargo" "+beta-2024-12-08" "metadata" "--manifest-path" "Cargo.toml" "--no-deps", kill_on_drop: false }`
[INFO] started tweaking crates.io crate markov_rope 0.1.0
[INFO] finished tweaking crates.io crate markov_rope 0.1.0
[INFO] tweaked toml for crates.io crate markov_rope 0.1.0 written to /workspace/builds/worker-0-tc2/source/Cargo.toml
[INFO] running `Command { std: CARGO_HOME="/workspace/cargo-home" RUSTUP_HOME="/workspace/rustup-home" "/workspace/cargo-home/bin/cargo" "+beta-2024-12-08" "generate-lockfile" "--manifest-path" "Cargo.toml", kill_on_drop: false }`
[INFO] [stderr]     Updating crates.io index
[INFO] [stderr]      Locking 15 packages to latest compatible versions
[INFO] running `Command { std: CARGO_HOME="/workspace/cargo-home" RUSTUP_HOME="/workspace/rustup-home" "/workspace/cargo-home/bin/cargo" "+beta-2024-12-08" "fetch" "--manifest-path" "Cargo.toml", kill_on_drop: false }`
[INFO] running `Command { std: "docker" "create" "-v" "/var/lib/crater-agent-workspace/builds/worker-0-tc2/target:/opt/rustwide/target:rw,Z" "-v" "/var/lib/crater-agent-workspace/builds/worker-0-tc2/source:/opt/rustwide/workdir:ro,Z" "-v" "/var/lib/crater-agent-workspace/cargo-home:/opt/rustwide/cargo-home:ro,Z" "-v" "/var/lib/crater-agent-workspace/rustup-home:/opt/rustwide/rustup-home:ro,Z" "-e" "SOURCE_DIR=/opt/rustwide/workdir" "-e" "CARGO_TARGET_DIR=/opt/rustwide/target" "-e" "CARGO_HOME=/opt/rustwide/cargo-home" "-e" "RUSTUP_HOME=/opt/rustwide/rustup-home" "-w" "/opt/rustwide/workdir" "-m" "1610612736" "--user" "0:0" "--network" "none" "ghcr.io/rust-lang/crates-build-env/linux@sha256:f3a9d4ad9d972b27faf3965f35b62e55ba32bbce8f20bc8fe909558a86702fde" "/opt/rustwide/cargo-home/bin/cargo" "+beta-2024-12-08" "metadata" "--no-deps" "--format-version=1", kill_on_drop: false }`
[INFO] [stdout] c90f9f5df74ffed00059cc39de0073e9cef540071da2d59355b46582be0e2097
[INFO] running `Command { std: "docker" "start" "-a" "c90f9f5df74ffed00059cc39de0073e9cef540071da2d59355b46582be0e2097", kill_on_drop: false }`
[INFO] running `Command { std: "docker" "inspect" "c90f9f5df74ffed00059cc39de0073e9cef540071da2d59355b46582be0e2097", kill_on_drop: false }`
[INFO] running `Command { std: "docker" "rm" "-f" "c90f9f5df74ffed00059cc39de0073e9cef540071da2d59355b46582be0e2097", kill_on_drop: false }`
[INFO] [stdout] c90f9f5df74ffed00059cc39de0073e9cef540071da2d59355b46582be0e2097
[INFO] running `Command { std: "docker" "create" "-v" "/var/lib/crater-agent-workspace/builds/worker-0-tc2/target:/opt/rustwide/target:rw,Z" "-v" "/var/lib/crater-agent-workspace/builds/worker-0-tc2/source:/opt/rustwide/workdir:ro,Z" "-v" "/var/lib/crater-agent-workspace/cargo-home:/opt/rustwide/cargo-home:ro,Z" "-v" "/var/lib/crater-agent-workspace/rustup-home:/opt/rustwide/rustup-home:ro,Z" "-e" "SOURCE_DIR=/opt/rustwide/workdir" "-e" "CARGO_TARGET_DIR=/opt/rustwide/target" "-e" "CARGO_INCREMENTAL=0" "-e" "RUST_BACKTRACE=full" "-e" "RUSTFLAGS=--cap-lints=warn" "-e" "RUSTDOCFLAGS=--cap-lints=warn" "-e" "CARGO_HOME=/opt/rustwide/cargo-home" "-e" "RUSTUP_HOME=/opt/rustwide/rustup-home" "-w" "/opt/rustwide/workdir" "-m" "1610612736" "--user" "0:0" "--network" "none" "ghcr.io/rust-lang/crates-build-env/linux@sha256:f3a9d4ad9d972b27faf3965f35b62e55ba32bbce8f20bc8fe909558a86702fde" "/opt/rustwide/cargo-home/bin/cargo" "+beta-2024-12-08" "build" "--frozen" "--message-format=json", kill_on_drop: false }`
[INFO] [stdout] ec4b60915027750eb0a8b1bf9ac772d0de0cbd39b27b54b1e59c7fd2179ec571
[INFO] running `Command { std: "docker" "start" "-a" "ec4b60915027750eb0a8b1bf9ac772d0de0cbd39b27b54b1e59c7fd2179ec571", kill_on_drop: false }`
[INFO] [stderr]    Compiling proc-macro2 v1.0.92
[INFO] [stderr]    Compiling unicode-ident v1.0.14
[INFO] [stderr]    Compiling libc v0.2.168
[INFO] [stderr]    Compiling cfg-if v1.0.0
[INFO] [stderr]    Compiling byteorder v1.5.0
[INFO] [stderr]    Compiling quote v1.0.37
[INFO] [stderr]    Compiling syn v2.0.90
[INFO] [stderr]    Compiling getrandom v0.2.15
[INFO] [stderr]    Compiling rand_core v0.6.4
[INFO] [stderr]    Compiling zerocopy-derive v0.7.35
[INFO] [stderr]    Compiling zerocopy v0.7.35
[INFO] [stderr]    Compiling ppv-lite86 v0.2.20
[INFO] [stderr]    Compiling rand_chacha v0.3.1
[INFO] [stderr]    Compiling rand v0.8.5
[INFO] [stderr]    Compiling markov_rope v0.1.0 (/opt/rustwide/workdir)
[INFO] [stderr]     Finished `dev` profile [unoptimized + debuginfo] target(s) in 9.06s
[INFO] running `Command { std: "docker" "inspect" "ec4b60915027750eb0a8b1bf9ac772d0de0cbd39b27b54b1e59c7fd2179ec571", kill_on_drop: false }`
[INFO] running `Command { std: "docker" "rm" "-f" "ec4b60915027750eb0a8b1bf9ac772d0de0cbd39b27b54b1e59c7fd2179ec571", kill_on_drop: false }`
[INFO] [stdout] ec4b60915027750eb0a8b1bf9ac772d0de0cbd39b27b54b1e59c7fd2179ec571
[INFO] running `Command { std: "docker" "create" "-v" "/var/lib/crater-agent-workspace/builds/worker-0-tc2/target:/opt/rustwide/target:rw,Z" "-v" "/var/lib/crater-agent-workspace/builds/worker-0-tc2/source:/opt/rustwide/workdir:ro,Z" "-v" "/var/lib/crater-agent-workspace/cargo-home:/opt/rustwide/cargo-home:ro,Z" "-v" "/var/lib/crater-agent-workspace/rustup-home:/opt/rustwide/rustup-home:ro,Z" "-e" "SOURCE_DIR=/opt/rustwide/workdir" "-e" "CARGO_TARGET_DIR=/opt/rustwide/target" "-e" "CARGO_INCREMENTAL=0" "-e" "RUST_BACKTRACE=full" "-e" "RUSTFLAGS=--cap-lints=warn" "-e" "RUSTDOCFLAGS=--cap-lints=warn" "-e" "CARGO_HOME=/opt/rustwide/cargo-home" "-e" "RUSTUP_HOME=/opt/rustwide/rustup-home" "-w" "/opt/rustwide/workdir" "-m" "1610612736" "--user" "0:0" "--network" "none" "ghcr.io/rust-lang/crates-build-env/linux@sha256:f3a9d4ad9d972b27faf3965f35b62e55ba32bbce8f20bc8fe909558a86702fde" "/opt/rustwide/cargo-home/bin/cargo" "+beta-2024-12-08" "test" "--frozen" "--no-run" "--message-format=json", kill_on_drop: false }`
[INFO] [stdout] aaf649da4c0be81af9fcdbd5c12bc3800013a4c8e3efc85c9cc7c3d26f68ad4d
[INFO] running `Command { std: "docker" "start" "-a" "aaf649da4c0be81af9fcdbd5c12bc3800013a4c8e3efc85c9cc7c3d26f68ad4d", kill_on_drop: false }`
[INFO] [stderr]    Compiling markov_rope v0.1.0 (/opt/rustwide/workdir)
[INFO] [stderr]     Finished `test` profile [unoptimized + debuginfo] target(s) in 0.73s
[INFO] running `Command { std: "docker" "inspect" "aaf649da4c0be81af9fcdbd5c12bc3800013a4c8e3efc85c9cc7c3d26f68ad4d", kill_on_drop: false }`
[INFO] running `Command { std: "docker" "rm" "-f" "aaf649da4c0be81af9fcdbd5c12bc3800013a4c8e3efc85c9cc7c3d26f68ad4d", kill_on_drop: false }`
[INFO] [stdout] aaf649da4c0be81af9fcdbd5c12bc3800013a4c8e3efc85c9cc7c3d26f68ad4d
[INFO] running `Command { std: "docker" "create" "-v" "/var/lib/crater-agent-workspace/builds/worker-0-tc2/target:/opt/rustwide/target:rw,Z" "-v" "/var/lib/crater-agent-workspace/builds/worker-0-tc2/source:/opt/rustwide/workdir:ro,Z" "-v" "/var/lib/crater-agent-workspace/cargo-home:/opt/rustwide/cargo-home:ro,Z" "-v" "/var/lib/crater-agent-workspace/rustup-home:/opt/rustwide/rustup-home:ro,Z" "-e" "SOURCE_DIR=/opt/rustwide/workdir" "-e" "CARGO_TARGET_DIR=/opt/rustwide/target" "-e" "CARGO_INCREMENTAL=0" "-e" "RUST_BACKTRACE=full" "-e" "RUSTFLAGS=--cap-lints=warn" "-e" "RUSTDOCFLAGS=--cap-lints=warn" "-e" "CARGO_HOME=/opt/rustwide/cargo-home" "-e" "RUSTUP_HOME=/opt/rustwide/rustup-home" "-w" "/opt/rustwide/workdir" "-m" "1610612736" "--user" "0:0" "--network" "none" "ghcr.io/rust-lang/crates-build-env/linux@sha256:f3a9d4ad9d972b27faf3965f35b62e55ba32bbce8f20bc8fe909558a86702fde" "/opt/rustwide/cargo-home/bin/cargo" "+beta-2024-12-08" "test" "--frozen", kill_on_drop: false }`
[INFO] [stdout] b636e6e5299bdf9d1b2382dd695d82930f8c6e76f90b49a400c951f6afd5697f
[INFO] running `Command { std: "docker" "start" "-a" "b636e6e5299bdf9d1b2382dd695d82930f8c6e76f90b49a400c951f6afd5697f", kill_on_drop: false }`
[INFO] [stderr]     Finished `test` profile [unoptimized + debuginfo] target(s) in 0.02s
[INFO] [stderr]      Running unittests src/lib.rs (/opt/rustwide/target/debug/deps/markov_rope-749ee608d048a50d)
[INFO] [stdout] 
[INFO] [stdout] running 2 tests
[INFO] [stdout] test test::test_for_no_map ... ok
[INFO] [stdout] test test::test_text_generation ... ok
[INFO] [stdout] 
[INFO] [stdout] test result: ok. 2 passed; 0 failed; 0 ignored; 0 measured; 0 filtered out; finished in 0.00s
[INFO] [stdout] 
[INFO] [stderr]    Doc-tests markov_rope
[INFO] [stdout] 
[INFO] [stdout] running 4 tests
[INFO] [stdout] test src/lib.rs - MarkovChain<'a>::default (line 43) ... FAILED
[INFO] [stdout] test src/lib.rs - MarkovChain<'a>::new (line 15) ... FAILED
[INFO] [stdout] test src/lib.rs - MarkovChain<'a>::from_string (line 28) ... FAILED
[INFO] [stdout] test src/lib.rs - MarkovChain<'a>::generate_text (line 140) ... FAILED
[INFO] [stdout] 
[INFO] [stdout] failures:
[INFO] [stdout] 
[INFO] [stdout] ---- src/lib.rs - MarkovChain<'a>::default (line 43) stdout ----
[INFO] [stdout] error[E0433]: failed to resolve: use of undeclared type `MarkovChain`
[INFO] [stdout]  --> src/lib.rs:44:13
[INFO] [stdout]   |
[INFO] [stdout] 3 | let chain = MarkovChain::default();
[INFO] [stdout]   |             ^^^^^^^^^^^ use of undeclared type `MarkovChain`
[INFO] [stdout]   |
[INFO] [stdout] help: consider importing this struct
[INFO] [stdout]   |
[INFO] [stdout] 2 + use markov_rope::MarkovChain;
[INFO] [stdout]   |
[INFO] [stdout] 
[INFO] [stdout] error: aborting due to 1 previous error
[INFO] [stdout] 
[INFO] [stdout] For more information about this error, try `rustc --explain E0433`.
[INFO] [stdout] Couldn't compile the test.
[INFO] [stdout] ---- src/lib.rs - MarkovChain<'a>::new (line 15) stdout ----
[INFO] [stdout] error[E0433]: failed to resolve: use of undeclared type `MarkovChain`
[INFO] [stdout]  --> src/lib.rs:16:17
[INFO] [stdout]   |
[INFO] [stdout] 3 | let mut chain = MarkovChain::new();
[INFO] [stdout]   |                 ^^^^^^^^^^^ use of undeclared type `MarkovChain`
[INFO] [stdout]   |
[INFO] [stdout] help: consider importing this struct
[INFO] [stdout]   |
[INFO] [stdout] 2 + use markov_rope::MarkovChain;
[INFO] [stdout]   |
[INFO] [stdout] 
[INFO] [stdout] error: aborting due to 1 previous error
[INFO] [stdout] 
[INFO] [stdout] For more information about this error, try `rustc --explain E0433`.
[INFO] [stdout] Couldn't compile the test.
[INFO] [stdout] ---- src/lib.rs - MarkovChain<'a>::from_string (line 28) stdout ----
[INFO] [stdout] error[E0433]: failed to resolve: use of undeclared type `MarkovChain`
[INFO] [stdout]  --> src/lib.rs:29:13
[INFO] [stdout]   |
[INFO] [stdout] 3 | let chain = MarkovChain::from_string("your string here");
[INFO] [stdout]   |             ^^^^^^^^^^^ use of undeclared type `MarkovChain`
[INFO] [stdout]   |
[INFO] [stdout] help: consider importing this struct
[INFO] [stdout]   |
[INFO] [stdout] 2 + use markov_rope::MarkovChain;
[INFO] [stdout]   |
[INFO] [stdout] 
[INFO] [stdout] error: aborting due to 1 previous error
[INFO] [stdout] 
[INFO] [stdout] For more information about this error, try `rustc --explain E0433`.
[INFO] [stdout] Couldn't compile the test.
[INFO] [stdout] ---- src/lib.rs - MarkovChain<'a>::generate_text (line 140) stdout ----
[INFO] [stdout] error[E0433]: failed to resolve: use of undeclared type `MarkovChain`
[INFO] [stdout]  --> src/lib.rs:141:13
[INFO] [stdout]   |
[INFO] [stdout] 3 | let chain = MarkovChain::from_string("your string here");
[INFO] [stdout]   |             ^^^^^^^^^^^ use of undeclared type `MarkovChain`
[INFO] [stdout]   |
[INFO] [stdout] help: consider importing this struct
[INFO] [stdout]   |
[INFO] [stdout] 2 + use markov_rope::MarkovChain;
[INFO] [stdout]   |
[INFO] [stdout] 
[INFO] [stdout] error: aborting due to 1 previous error
[INFO] [stdout] 
[INFO] [stdout] For more information about this error, try `rustc --explain E0433`.
[INFO] [stdout] Couldn't compile the test.
[INFO] [stdout] 
[INFO] [stdout] failures:
[INFO] [stdout]     src/lib.rs - MarkovChain<'a>::default (line 43)
[INFO] [stdout]     src/lib.rs - MarkovChain<'a>::from_string (line 28)
[INFO] [stdout]     src/lib.rs - MarkovChain<'a>::generate_text (line 140)
[INFO] [stdout]     src/lib.rs - MarkovChain<'a>::new (line 15)
[INFO] [stdout] 
[INFO] [stdout] test result: FAILED. 0 passed; 4 failed; 0 ignored; 0 measured; 0 filtered out; finished in 0.18s
[INFO] [stdout] 
[INFO] [stderr] error: doctest failed, to rerun pass `--doc`
[INFO] running `Command { std: "docker" "inspect" "b636e6e5299bdf9d1b2382dd695d82930f8c6e76f90b49a400c951f6afd5697f", kill_on_drop: false }`
[INFO] running `Command { std: "docker" "rm" "-f" "b636e6e5299bdf9d1b2382dd695d82930f8c6e76f90b49a400c951f6afd5697f", kill_on_drop: false }`
[INFO] [stdout] b636e6e5299bdf9d1b2382dd695d82930f8c6e76f90b49a400c951f6afd5697f
