[INFO] fetching crate margined-neutron-std 5.0.1...
[INFO] testing margined-neutron-std-5.0.1 against 1.83.0 for beta-1.84.0-4-retry
[INFO] extracting crate margined-neutron-std 5.0.1 into /workspace/builds/worker-2-tc1/source
[INFO] validating manifest of crates.io crate margined-neutron-std 5.0.1 on toolchain 1.83.0
[INFO] running `Command { std: CARGO_HOME="/workspace/cargo-home" RUSTUP_HOME="/workspace/rustup-home" "/workspace/cargo-home/bin/cargo" "+1.83.0" "metadata" "--manifest-path" "Cargo.toml" "--no-deps", kill_on_drop: false }`
[INFO] started tweaking crates.io crate margined-neutron-std 5.0.1
[INFO] finished tweaking crates.io crate margined-neutron-std 5.0.1
[INFO] tweaked toml for crates.io crate margined-neutron-std 5.0.1 written to /workspace/builds/worker-2-tc1/source/Cargo.toml
[INFO] running `Command { std: CARGO_HOME="/workspace/cargo-home" RUSTUP_HOME="/workspace/rustup-home" "/workspace/cargo-home/bin/cargo" "+1.83.0" "generate-lockfile" "--manifest-path" "Cargo.toml", kill_on_drop: false }`
[INFO] [stderr]     Blocking waiting for file lock on package cache
[INFO] [stderr]     Updating crates.io index
[INFO] [stderr]      Locking 113 packages to latest compatible versions
[INFO] running `Command { std: CARGO_HOME="/workspace/cargo-home" RUSTUP_HOME="/workspace/rustup-home" "/workspace/cargo-home/bin/cargo" "+1.83.0" "fetch" "--manifest-path" "Cargo.toml", kill_on_drop: false }`
[INFO] [stderr]  Downloading crates ...
[INFO] [stderr]   Downloaded osmosis-std-derive v0.26.0
[INFO] running `Command { std: "docker" "create" "-v" "/var/lib/crater-agent-workspace/builds/worker-2-tc1/target:/opt/rustwide/target:rw,Z" "-v" "/var/lib/crater-agent-workspace/builds/worker-2-tc1/source:/opt/rustwide/workdir:ro,Z" "-v" "/var/lib/crater-agent-workspace/cargo-home:/opt/rustwide/cargo-home:ro,Z" "-v" "/var/lib/crater-agent-workspace/rustup-home:/opt/rustwide/rustup-home:ro,Z" "-e" "SOURCE_DIR=/opt/rustwide/workdir" "-e" "CARGO_TARGET_DIR=/opt/rustwide/target" "-e" "CARGO_HOME=/opt/rustwide/cargo-home" "-e" "RUSTUP_HOME=/opt/rustwide/rustup-home" "-w" "/opt/rustwide/workdir" "-m" "1610612736" "--user" "0:0" "--network" "none" "ghcr.io/rust-lang/crates-build-env/linux@sha256:f3a9d4ad9d972b27faf3965f35b62e55ba32bbce8f20bc8fe909558a86702fde" "/opt/rustwide/cargo-home/bin/cargo" "+1.83.0" "metadata" "--no-deps" "--format-version=1", kill_on_drop: false }`
[INFO] [stdout] 3214f680bd35d2a11bc335642b53988b96e25ad4f3eea059182bef5d5dcce0fe
[INFO] running `Command { std: "docker" "start" "-a" "3214f680bd35d2a11bc335642b53988b96e25ad4f3eea059182bef5d5dcce0fe", kill_on_drop: false }`
[INFO] running `Command { std: "docker" "inspect" "3214f680bd35d2a11bc335642b53988b96e25ad4f3eea059182bef5d5dcce0fe", kill_on_drop: false }`
[INFO] running `Command { std: "docker" "rm" "-f" "3214f680bd35d2a11bc335642b53988b96e25ad4f3eea059182bef5d5dcce0fe", kill_on_drop: false }`
[INFO] [stdout] 3214f680bd35d2a11bc335642b53988b96e25ad4f3eea059182bef5d5dcce0fe
[INFO] running `Command { std: "docker" "create" "-v" "/var/lib/crater-agent-workspace/builds/worker-2-tc1/target:/opt/rustwide/target:rw,Z" "-v" "/var/lib/crater-agent-workspace/builds/worker-2-tc1/source:/opt/rustwide/workdir:ro,Z" "-v" "/var/lib/crater-agent-workspace/cargo-home:/opt/rustwide/cargo-home:ro,Z" "-v" "/var/lib/crater-agent-workspace/rustup-home:/opt/rustwide/rustup-home:ro,Z" "-e" "SOURCE_DIR=/opt/rustwide/workdir" "-e" "CARGO_TARGET_DIR=/opt/rustwide/target" "-e" "CARGO_INCREMENTAL=0" "-e" "RUST_BACKTRACE=full" "-e" "RUSTFLAGS=--cap-lints=warn" "-e" "RUSTDOCFLAGS=--cap-lints=warn" "-e" "CARGO_HOME=/opt/rustwide/cargo-home" "-e" "RUSTUP_HOME=/opt/rustwide/rustup-home" "-w" "/opt/rustwide/workdir" "-m" "1610612736" "--user" "0:0" "--network" "none" "ghcr.io/rust-lang/crates-build-env/linux@sha256:f3a9d4ad9d972b27faf3965f35b62e55ba32bbce8f20bc8fe909558a86702fde" "/opt/rustwide/cargo-home/bin/cargo" "+1.83.0" "build" "--frozen" "--message-format=json", kill_on_drop: false }`
[INFO] [stdout] 3abb297e8ba27c1c481dc12188668ad12bc45fc57ca03a20822639011ef6ca18
[INFO] running `Command { std: "docker" "start" "-a" "3abb297e8ba27c1c481dc12188668ad12bc45fc57ca03a20822639011ef6ca18", kill_on_drop: false }`
[INFO] [stderr]    Compiling version_check v0.9.5
[INFO] [stderr]    Compiling typenum v1.17.0
[INFO] [stderr]    Compiling subtle v2.6.1
[INFO] [stderr]    Compiling const-oid v0.9.6
[INFO] [stderr]    Compiling autocfg v1.4.0
[INFO] [stderr]    Compiling either v1.13.0
[INFO] [stderr]    Compiling syn v1.0.109
[INFO] [stderr]    Compiling crossbeam-utils v0.8.20
[INFO] [stderr]    Compiling rayon-core v1.12.1
[INFO] [stderr]    Compiling once_cell v1.20.2
[INFO] [stderr]    Compiling anyhow v1.0.94
[INFO] [stderr]    Compiling semver v1.0.24
[INFO] [stderr]    Compiling paste v1.0.15
[INFO] [stderr]    Compiling base16ct v0.2.0
[INFO] [stderr]    Compiling syn v2.0.90
[INFO] [stderr]    Compiling getrandom v0.2.15
[INFO] [stderr]    Compiling serde v1.0.216
[INFO] [stderr]    Compiling cpufeatures v0.2.16
[INFO] [stderr]    Compiling rand_core v0.6.4
[INFO] [stderr]    Compiling bytes v1.9.0
[INFO] [stderr]    Compiling allocator-api2 v0.2.21
[INFO] [stderr]    Compiling serde_json v1.0.133
[INFO] [stderr]    Compiling thiserror v1.0.69
[INFO] [stderr]    Compiling generic-array v0.14.7
[INFO] [stderr]    Compiling ahash v0.8.11
[INFO] [stderr]    Compiling ff v0.13.0
[INFO] [stderr]    Compiling group v0.13.0
[INFO] [stderr]    Compiling itertools v0.10.5
[INFO] [stderr]    Compiling num-traits v0.2.19
[INFO] [stderr]    Compiling itertools v0.13.0
[INFO] [stderr]    Compiling ryu v1.0.18
[INFO] [stderr]    Compiling itoa v1.0.14
[INFO] [stderr]    Compiling hex v0.4.3
[INFO] [stderr]    Compiling rustc_version v0.4.1
[INFO] [stderr]    Compiling schemars v0.8.21
[INFO] [stderr]    Compiling memchr v2.7.4
[INFO] [stderr]    Compiling unicode-xid v0.2.6
[INFO] [stderr]    Compiling dyn-clone v1.0.17
[INFO] [stderr]    Compiling cosmwasm-core v2.1.5
[INFO] [stderr]    Compiling static_assertions v1.1.0
[INFO] [stderr]    Compiling crossbeam-epoch v0.9.18
[INFO] [stderr]    Compiling bech32 v0.11.0
[INFO] [stderr]    Compiling base64 v0.22.1
[INFO] [stderr]    Compiling bnum v0.11.0
[INFO] [stderr]    Compiling curve25519-dalek v4.1.3
[INFO] [stderr]    Compiling crossbeam-deque v0.8.5
[INFO] [stderr]    Compiling num-integer v0.1.46
[INFO] [stderr]    Compiling chrono v0.4.39
[INFO] [stderr]    Compiling num-bigint v0.4.6
[INFO] [stderr]    Compiling rayon v1.10.0
[INFO] [stderr]    Compiling serde_derive_internals v0.29.1
[INFO] [stderr]    Compiling zeroize_derive v1.4.2
[INFO] [stderr]    Compiling zerocopy-derive v0.7.35
[INFO] [stderr]    Compiling serde_derive v1.0.216
[INFO] [stderr]    Compiling curve25519-dalek-derive v0.1.1
[INFO] [stderr]    Compiling thiserror-impl v1.0.69
[INFO] [stderr]    Compiling prost-derive v0.13.4
[INFO] [stderr]    Compiling derive_more-impl v1.0.0
[INFO] [stderr]    Compiling schemars_derive v0.8.21
[INFO] [stderr]    Compiling cosmwasm-derive v2.1.5
[INFO] [stderr]    Compiling ark-serialize-derive v0.4.2
[INFO] [stderr]    Compiling ark-ff-macros v0.4.2
[INFO] [stderr]    Compiling ark-ff-asm v0.4.2
[INFO] [stderr]    Compiling derivative v2.2.0
[INFO] [stderr]    Compiling prost-derive v0.11.9
[INFO] [stderr]    Compiling zeroize v1.8.1
[INFO] [stderr]    Compiling der v0.7.9
[INFO] [stderr]    Compiling zerocopy v0.7.35
[INFO] [stderr]    Compiling ppv-lite86 v0.2.20
[INFO] [stderr]    Compiling block-buffer v0.10.4
[INFO] [stderr]    Compiling crypto-common v0.1.6
[INFO] [stderr]    Compiling sec1 v0.7.3
[INFO] [stderr]    Compiling crypto-bigint v0.5.5
[INFO] [stderr]    Compiling derive_more v1.0.0
[INFO] [stderr]    Compiling hashbrown v0.13.2
[INFO] [stderr]    Compiling hashbrown v0.14.5
[INFO] [stderr]    Compiling digest v0.10.7
[INFO] [stderr]    Compiling prost v0.13.4
[INFO] [stderr]    Compiling rand_chacha v0.3.1
[INFO] [stderr]    Compiling prost v0.11.9
[INFO] [stderr]    Compiling signature v2.2.0
[INFO] [stderr]    Compiling hmac v0.12.1
[INFO] [stderr]    Compiling sha2 v0.10.8
[INFO] [stderr]    Compiling rand v0.8.5
[INFO] [stderr]    Compiling prost-types v0.11.9
[INFO] [stderr]    Compiling rfc6979 v0.4.0
[INFO] [stderr]    Compiling prost-types v0.13.4
[INFO] [stderr]    Compiling ed25519 v2.2.3
[INFO] [stderr]    Compiling elliptic-curve v0.13.8
[INFO] [stderr]    Compiling ark-std v0.4.0
[INFO] [stderr]    Compiling ark-serialize v0.4.2
[INFO] [stderr]    Compiling ark-ff v0.4.2
[INFO] [stderr]    Compiling ecdsa v0.16.9
[INFO] [stderr]    Compiling primeorder v0.13.6
[INFO] [stderr]    Compiling ed25519-zebra v4.0.3
[INFO] [stderr]    Compiling p256 v0.13.2
[INFO] [stderr]    Compiling k256 v0.13.4
[INFO] [stderr]    Compiling osmosis-std-derive v0.26.0
[INFO] [stderr]    Compiling serde-json-wasm v1.0.1
[INFO] [stderr]    Compiling serde-cw-value v0.7.0
[INFO] [stderr]    Compiling ark-poly v0.4.2
[INFO] [stderr]    Compiling ark-ec v0.4.2
[INFO] [stderr]    Compiling ark-bls12-381 v0.4.0
[INFO] [stderr]    Compiling cosmwasm-crypto v2.1.5
[INFO] [stderr]    Compiling cosmwasm-std v2.1.5
[INFO] [stderr]    Compiling margined-neutron-std v5.0.1 (/opt/rustwide/workdir)
[INFO] [stderr]     Finished `dev` profile [unoptimized + debuginfo] target(s) in 1m 22s
[INFO] running `Command { std: "docker" "inspect" "3abb297e8ba27c1c481dc12188668ad12bc45fc57ca03a20822639011ef6ca18", kill_on_drop: false }`
[INFO] running `Command { std: "docker" "rm" "-f" "3abb297e8ba27c1c481dc12188668ad12bc45fc57ca03a20822639011ef6ca18", kill_on_drop: false }`
[INFO] [stdout] 3abb297e8ba27c1c481dc12188668ad12bc45fc57ca03a20822639011ef6ca18
[INFO] running `Command { std: "docker" "create" "-v" "/var/lib/crater-agent-workspace/builds/worker-2-tc1/target:/opt/rustwide/target:rw,Z" "-v" "/var/lib/crater-agent-workspace/builds/worker-2-tc1/source:/opt/rustwide/workdir:ro,Z" "-v" "/var/lib/crater-agent-workspace/cargo-home:/opt/rustwide/cargo-home:ro,Z" "-v" "/var/lib/crater-agent-workspace/rustup-home:/opt/rustwide/rustup-home:ro,Z" "-e" "SOURCE_DIR=/opt/rustwide/workdir" "-e" "CARGO_TARGET_DIR=/opt/rustwide/target" "-e" "CARGO_INCREMENTAL=0" "-e" "RUST_BACKTRACE=full" "-e" "RUSTFLAGS=--cap-lints=warn" "-e" "RUSTDOCFLAGS=--cap-lints=warn" "-e" "CARGO_HOME=/opt/rustwide/cargo-home" "-e" "RUSTUP_HOME=/opt/rustwide/rustup-home" "-w" "/opt/rustwide/workdir" "-m" "1610612736" "--user" "0:0" "--network" "none" "ghcr.io/rust-lang/crates-build-env/linux@sha256:f3a9d4ad9d972b27faf3965f35b62e55ba32bbce8f20bc8fe909558a86702fde" "/opt/rustwide/cargo-home/bin/cargo" "+1.83.0" "test" "--frozen" "--no-run" "--message-format=json", kill_on_drop: false }`
[INFO] [stdout] cbf365adcd65619236becbdd2c60c60295b69334179cd2f6033a0c188f4c3069
[INFO] running `Command { std: "docker" "start" "-a" "cbf365adcd65619236becbdd2c60c60295b69334179cd2f6033a0c188f4c3069", kill_on_drop: false }`
[INFO] [stderr]    Compiling margined-neutron-std v5.0.1 (/opt/rustwide/workdir)
[INFO] [stderr]     Finished `test` profile [unoptimized + debuginfo] target(s) in 29.63s
[INFO] running `Command { std: "docker" "inspect" "cbf365adcd65619236becbdd2c60c60295b69334179cd2f6033a0c188f4c3069", kill_on_drop: false }`
[INFO] running `Command { std: "docker" "rm" "-f" "cbf365adcd65619236becbdd2c60c60295b69334179cd2f6033a0c188f4c3069", kill_on_drop: false }`
[INFO] [stdout] cbf365adcd65619236becbdd2c60c60295b69334179cd2f6033a0c188f4c3069
[INFO] running `Command { std: "docker" "create" "-v" "/var/lib/crater-agent-workspace/builds/worker-2-tc1/target:/opt/rustwide/target:rw,Z" "-v" "/var/lib/crater-agent-workspace/builds/worker-2-tc1/source:/opt/rustwide/workdir:ro,Z" "-v" "/var/lib/crater-agent-workspace/cargo-home:/opt/rustwide/cargo-home:ro,Z" "-v" "/var/lib/crater-agent-workspace/rustup-home:/opt/rustwide/rustup-home:ro,Z" "-e" "SOURCE_DIR=/opt/rustwide/workdir" "-e" "CARGO_TARGET_DIR=/opt/rustwide/target" "-e" "CARGO_INCREMENTAL=0" "-e" "RUST_BACKTRACE=full" "-e" "RUSTFLAGS=--cap-lints=warn" "-e" "RUSTDOCFLAGS=--cap-lints=warn" "-e" "CARGO_HOME=/opt/rustwide/cargo-home" "-e" "RUSTUP_HOME=/opt/rustwide/rustup-home" "-w" "/opt/rustwide/workdir" "-m" "1610612736" "--user" "0:0" "--network" "none" "ghcr.io/rust-lang/crates-build-env/linux@sha256:f3a9d4ad9d972b27faf3965f35b62e55ba32bbce8f20bc8fe909558a86702fde" "/opt/rustwide/cargo-home/bin/cargo" "+1.83.0" "test" "--frozen", kill_on_drop: false }`
[INFO] [stdout] 0aeabf25df90b3e3c6101a644537384f8c9e8b3a0b779dc8e9611a05ac39bebc
[INFO] running `Command { std: "docker" "start" "-a" "0aeabf25df90b3e3c6101a644537384f8c9e8b3a0b779dc8e9611a05ac39bebc", kill_on_drop: false }`
[INFO] [stderr]     Finished `test` profile [unoptimized + debuginfo] target(s) in 0.06s
[INFO] [stderr]      Running unittests src/lib.rs (/opt/rustwide/target/debug/deps/margined_neutron_std-b8e18ac0f1130cb1)
[INFO] [stdout] 
[INFO] [stdout] running 1 test
[INFO] [stdout] test shim::tests::test_coins_conversion ... ok
[INFO] [stdout] 
[INFO] [stdout] test result: ok. 1 passed; 0 failed; 0 ignored; 0 measured; 0 filtered out; finished in 0.00s
[INFO] [stdout] 
[INFO] [stderr]    Doc-tests margined_neutron_std
[INFO] [stdout] 
[INFO] [stdout] running 4 tests
[INFO] [stdout] test src/../README.md - (line 40) ... FAILED
[INFO] [stdout] test src/../README.md - (line 13) ... FAILED
[INFO] [stdout] test src/../README.md - (line 75) ... FAILED
[INFO] [stdout] test src/../README.md - (line 99) ... FAILED
[INFO] [stdout] 
[INFO] [stdout] failures:
[INFO] [stdout] 
[INFO] [stdout] ---- src/../README.md - (line 40) stdout ----
[INFO] [stdout] error[E0433]: failed to resolve: use of undeclared crate or module `neutron_std`
[INFO] [stdout]  --> src/../README.md:42:5
[INFO] [stdout]   |
[INFO] [stdout] 4 | use neutron_std::types::neutron::tokenfactory::v1beta1::{TokenfactoryQuerier, QueryDenomsFromCreatorResponse};
[INFO] [stdout]   |     ^^^^^^^^^^^ use of undeclared crate or module `neutron_std`
[INFO] [stdout] 
[INFO] [stdout] error: aborting due to 1 previous error
[INFO] [stdout] 
[INFO] [stdout] For more information about this error, try `rustc --explain E0433`.
[INFO] [stdout] Couldn't compile the test.
[INFO] [stdout] ---- src/../README.md - (line 13) stdout ----
[INFO] [stdout] error[E0433]: failed to resolve: use of undeclared crate or module `neutron_std`
[INFO] [stdout]  --> src/../README.md:15:5
[INFO] [stdout]   |
[INFO] [stdout] 4 | use neutron_std::types::neutron::tokenfactory::v1beta1::MsgCreateDenom;
[INFO] [stdout]   |     ^^^^^^^^^^^ use of undeclared crate or module `neutron_std`
[INFO] [stdout] 
[INFO] [stdout] error: aborting due to 1 previous error
[INFO] [stdout] 
[INFO] [stdout] For more information about this error, try `rustc --explain E0433`.
[INFO] [stdout] Couldn't compile the test.
[INFO] [stdout] ---- src/../README.md - (line 75) stdout ----
[INFO] [stdout] error[E0433]: failed to resolve: use of undeclared crate or module `neutron_std`
[INFO] [stdout]  --> src/../README.md:78:5
[INFO] [stdout]   |
[INFO] [stdout] 5 | use neutron_std::types::neutron::gamm::v1beta1::GammQuerier;
[INFO] [stdout]   |     ^^^^^^^^^^^ use of undeclared crate or module `neutron_std`
[INFO] [stdout] 
[INFO] [stdout] error[E0433]: failed to resolve: use of undeclared crate or module `neutron_std`
[INFO] [stdout]   --> src/../README.md:83:16
[INFO] [stdout]    |
[INFO] [stdout] 10 | ) -> StdResult<neutron_std::types::neutron::gamm::v1beta1::Pool> {
[INFO] [stdout]    |                ^^^^^^^^^^^ use of undeclared crate or module `neutron_std`
[INFO] [stdout]    |
[INFO] [stdout] help: consider importing this module
[INFO] [stdout]    |
[INFO] [stdout] 2  + use margined_neutron_std::types::cosmos::staking::v1beta1;
[INFO] [stdout]    |
[INFO] [stdout] help: if you import `v1beta1`, refer to it directly
[INFO] [stdout]    |
[INFO] [stdout] 10 - ) -> StdResult<neutron_std::types::neutron::gamm::v1beta1::Pool> {
[INFO] [stdout] 10 + ) -> StdResult<v1beta1::Pool> {
[INFO] [stdout]    |
[INFO] [stdout] 
[INFO] [stdout] error[E0063]: missing field `backtrace` in initializer of `StdError`
[INFO] [stdout]   --> src/../README.md:86:24
[INFO] [stdout]    |
[INFO] [stdout] 13 |         .ok_or_else(|| StdError::NotFound {
[INFO] [stdout]    |                        ^^^^^^^^^^^^^^^^^^ missing `backtrace`
[INFO] [stdout] 
[INFO] [stdout] error[E0063]: missing field `backtrace` in initializer of `StdError`
[INFO] [stdout]   --> src/../README.md:90:35
[INFO] [stdout]    |
[INFO] [stdout] 17 |         .map_err(|e: DecodeError| StdError::ParseErr {
[INFO] [stdout]    |                                   ^^^^^^^^^^^^^^^^^^ missing `backtrace`
[INFO] [stdout] 
[INFO] [stdout] error: aborting due to 4 previous errors
[INFO] [stdout] 
[INFO] [stdout] Some errors have detailed explanations: E0063, E0433.
[INFO] [stdout] For more information about an error, try `rustc --explain E0063`.
[INFO] [stdout] Couldn't compile the test.
[INFO] [stdout] ---- src/../README.md - (line 99) stdout ----
[INFO] [stdout] error[E0433]: failed to resolve: use of undeclared crate or module `neutron_std`
[INFO] [stdout]  --> src/../README.md:102:5
[INFO] [stdout]   |
[INFO] [stdout] 5 | use neutron_std::types::neutron::gamm::v1beta1::GammQuerier;
[INFO] [stdout]   |     ^^^^^^^^^^^ use of undeclared crate or module `neutron_std`
[INFO] [stdout] 
[INFO] [stdout] error[E0433]: failed to resolve: use of undeclared crate or module `neutron_std`
[INFO] [stdout]  --> src/../README.md:105:14
[INFO] [stdout]   |
[INFO] [stdout] 8 |     Balancer(neutron_std::types::neutron::gamm::v1beta1::Pool),
[INFO] [stdout]   |              ^^^^^^^^^^^ use of undeclared crate or module `neutron_std`
[INFO] [stdout]   |
[INFO] [stdout] help: consider importing this module
[INFO] [stdout]   |
[INFO] [stdout] 2 + use margined_neutron_std::types::cosmos::staking::v1beta1;
[INFO] [stdout]   |
[INFO] [stdout] help: if you import `v1beta1`, refer to it directly
[INFO] [stdout]   |
[INFO] [stdout] 8 -     Balancer(neutron_std::types::neutron::gamm::v1beta1::Pool),
[INFO] [stdout] 8 +     Balancer(v1beta1::Pool),
[INFO] [stdout]   |
[INFO] [stdout] 
[INFO] [stdout] error[E0433]: failed to resolve: use of undeclared crate or module `neutron_std`
[INFO] [stdout]  --> src/../README.md:106:16
[INFO] [stdout]   |
[INFO] [stdout] 9 |     StableSwap(neutron_std::types::neutron::gamm::poolmodels::stableswap::v1beta1::Pool),
[INFO] [stdout]   |                ^^^^^^^^^^^ use of undeclared crate or module `neutron_std`
[INFO] [stdout]   |
[INFO] [stdout] help: consider importing this module
[INFO] [stdout]   |
[INFO] [stdout] 2 + use margined_neutron_std::types::cosmos::staking::v1beta1;
[INFO] [stdout]   |
[INFO] [stdout] help: if you import `v1beta1`, refer to it directly
[INFO] [stdout]   |
[INFO] [stdout] 9 -     StableSwap(neutron_std::types::neutron::gamm::poolmodels::stableswap::v1beta1::Pool),
[INFO] [stdout] 9 +     StableSwap(v1beta1::Pool),
[INFO] [stdout]   |
[INFO] [stdout] 
[INFO] [stdout] error[E0433]: failed to resolve: use of undeclared crate or module `neutron_std`
[INFO] [stdout]   --> src/../README.md:109:14
[INFO] [stdout]    |
[INFO] [stdout] 12 | impl TryFrom<neutron_std::shim::Any> for Pool {
[INFO] [stdout]    |              ^^^^^^^^^^^ use of undeclared crate or module `neutron_std`
[INFO] [stdout]    |
[INFO] [stdout] help: consider importing this module
[INFO] [stdout]    |
[INFO] [stdout] 2  + use margined_neutron_std::shim;
[INFO] [stdout]    |
[INFO] [stdout] help: if you import `shim`, refer to it directly
[INFO] [stdout]    |
[INFO] [stdout] 12 - impl TryFrom<neutron_std::shim::Any> for Pool {
[INFO] [stdout] 12 + impl TryFrom<shim::Any> for Pool {
[INFO] [stdout]    |
[INFO] [stdout] 
[INFO] [stdout] error[E0433]: failed to resolve: use of undeclared crate or module `neutron_std`
[INFO] [stdout]   --> src/../README.md:112:24
[INFO] [stdout]    |
[INFO] [stdout] 15 |     fn try_from(value: neutron_std::shim::Any) -> Result<Self, Self::Error> {
[INFO] [stdout]    |                        ^^^^^^^^^^^ use of undeclared crate or module `neutron_std`
[INFO] [stdout]    |
[INFO] [stdout] help: consider importing this module
[INFO] [stdout]    |
[INFO] [stdout] 2  + use margined_neutron_std::shim;
[INFO] [stdout]    |
[INFO] [stdout] help: if you import `shim`, refer to it directly
[INFO] [stdout]    |
[INFO] [stdout] 15 -     fn try_from(value: neutron_std::shim::Any) -> Result<Self, Self::Error> {
[INFO] [stdout] 15 +     fn try_from(value: shim::Any) -> Result<Self, Self::Error> {
[INFO] [stdout]    |
[INFO] [stdout] 
[INFO] [stdout] error[E0433]: failed to resolve: use of undeclared crate or module `neutron_std`
[INFO] [stdout]   --> src/../README.md:113:27
[INFO] [stdout]    |
[INFO] [stdout] 16 |         if let Ok(pool) = neutron_std::types::neutron::gamm::v1beta1::Pool::decode(value.value.as_slice()) {
[INFO] [stdout]    |                           ^^^^^^^^^^^ use of undeclared crate or module `neutron_std`
[INFO] [stdout]    |
[INFO] [stdout] help: consider importing one of these structs
[INFO] [stdout]    |
[INFO] [stdout] 2  + use margined_neutron_std::types::cosmos::staking::v1beta1::Pool;
[INFO] [stdout]    |
[INFO] [stdout] 2  + use margined_neutron_std::types::neutron::dex::Pool;
[INFO] [stdout]    |
[INFO] [stdout] help: if you import `Pool`, refer to it directly
[INFO] [stdout]    |
[INFO] [stdout] 16 -         if let Ok(pool) = neutron_std::types::neutron::gamm::v1beta1::Pool::decode(value.value.as_slice()) {
[INFO] [stdout] 16 +         if let Ok(pool) = Pool::decode(value.value.as_slice()) {
[INFO] [stdout]    |
[INFO] [stdout] 
[INFO] [stdout] error[E0433]: failed to resolve: use of undeclared crate or module `neutron_std`
[INFO] [stdout]   --> src/../README.md:116:27
[INFO] [stdout]    |
[INFO] [stdout] 19 |         if let Ok(pool) = neutron_std::types::neutron::gamm::poolmodels::stableswap::v1beta1::Pool::decode(value.value.as_slice()) {
[INFO] [stdout]    |                           ^^^^^^^^^^^ use of undeclared crate or module `neutron_std`
[INFO] [stdout]    |
[INFO] [stdout] help: consider importing one of these structs
[INFO] [stdout]    |
[INFO] [stdout] 2  + use margined_neutron_std::types::cosmos::staking::v1beta1::Pool;
[INFO] [stdout]    |
[INFO] [stdout] 2  + use margined_neutron_std::types::neutron::dex::Pool;
[INFO] [stdout]    |
[INFO] [stdout] help: if you import `Pool`, refer to it directly
[INFO] [stdout]    |
[INFO] [stdout] 19 -         if let Ok(pool) = neutron_std::types::neutron::gamm::poolmodels::stableswap::v1beta1::Pool::decode(value.value.as_slice()) {
[INFO] [stdout] 19 +         if let Ok(pool) = Pool::decode(value.value.as_slice()) {
[INFO] [stdout]    |
[INFO] [stdout] 
[INFO] [stdout] error[E0063]: missing field `backtrace` in initializer of `StdError`
[INFO] [stdout]   --> src/../README.md:120:13
[INFO] [stdout]    |
[INFO] [stdout] 23 |         Err(StdError::ParseErr {
[INFO] [stdout]    |             ^^^^^^^^^^^^^^^^^^ missing `backtrace`
[INFO] [stdout] 
[INFO] [stdout] error[E0063]: missing field `backtrace` in initializer of `StdError`
[INFO] [stdout]   --> src/../README.md:133:24
[INFO] [stdout]    |
[INFO] [stdout] 36 |         .ok_or_else(|| StdError::NotFound {
[INFO] [stdout]    |                        ^^^^^^^^^^^^^^^^^^ missing `backtrace`
[INFO] [stdout] 
[INFO] [stdout] error: aborting due to 9 previous errors
[INFO] [stdout] 
[INFO] [stdout] Some errors have detailed explanations: E0063, E0433.
[INFO] [stdout] For more information about an error, try `rustc --explain E0063`.
[INFO] [stdout] Couldn't compile the test.
[INFO] [stdout] 
[INFO] [stdout] failures:
[INFO] [stdout]     src/../README.md - (line 13)
[INFO] [stdout]     src/../README.md - (line 40)
[INFO] [stdout]     src/../README.md - (line 75)
[INFO] [stdout]     src/../README.md - (line 99)
[INFO] [stdout] 
[INFO] [stdout] test result: FAILED. 0 passed; 4 failed; 0 ignored; 0 measured; 0 filtered out; finished in 0.12s
[INFO] [stdout] 
[INFO] [stderr] error: doctest failed, to rerun pass `--doc`
[INFO] running `Command { std: "docker" "inspect" "0aeabf25df90b3e3c6101a644537384f8c9e8b3a0b779dc8e9611a05ac39bebc", kill_on_drop: false }`
[INFO] running `Command { std: "docker" "rm" "-f" "0aeabf25df90b3e3c6101a644537384f8c9e8b3a0b779dc8e9611a05ac39bebc", kill_on_drop: false }`
[INFO] [stdout] 0aeabf25df90b3e3c6101a644537384f8c9e8b3a0b779dc8e9611a05ac39bebc
